String-UnicodeUTF8 v0.23 Perl 5 v5.12.1 x86_64-linux

Status
Fail
From
Chris Williams (BINGOS)
Dist
String-UnicodeUTF8 v0.23
Platform
Perl 5 v5.12.1 x86_64-linux
Date
2022-05-24 19:50:58
ID
d4cb27ce-db9a-11ec-8f4e-c962458f5e5b
This distribution has been tested as part of the CPAN Testers
project, supporting the Perl programming language.  See
http://wiki.cpantesters.org/ for more information or email
questions to cpan-testers-discuss@perl.org


--

Dear Daniel Muey,

This is a computer-generated error report created automatically by
CPANPLUS, version 0.9914. Testers personal comments may appear
at the end of this report.


Thank you for uploading your work to CPAN.  However, it appears that
there were some problems testing your distribution.

TEST RESULTS:

Below is the error stack from stage 'make test':

# Testing String::UnicodeUTF8 0.23
t/00.load.t ....... ok
# Testing String::UnicodeUTF8 0.23
Malformed UTF-8 character (unexpected continuation byte 0x99, with no preceding start byte) in pattern match (m//) at /home/cpan/pit/bare/conf/perl-5.12.1/.cpanplus/5.12.1/build/B5SoSTyE33/String-UnicodeUTF8-0.23/blib/lib/String/UnicodeUTF8.pm line 52.
Malformed UTF-8 character (unexpected continuation byte 0xa5, with no preceding start byte) in pattern match (m//) at /home/cpan/pit/bare/conf/perl-5.12.1/.cpanplus/5.12.1/build/B5SoSTyE33/String-UnicodeUTF8-0.23/blib/lib/String/UnicodeUTF8.pm line 52.
Malformed UTF-8 character (unexpected continuation byte 0x99, with no preceding start byte) in pattern match (m//) at /home/cpan/pit/bare/conf/perl-5.12.1/.cpanplus/5.12.1/build/B5SoSTyE33/String-UnicodeUTF8-0.23/blib/lib/String/UnicodeUTF8.pm line 52.

#   Failed test 'contains_nonhuman_characters(utf8_string) returns false when it does not contain non-human characters'
#   at t/01.functions.t line 200.
Malformed UTF-8 character (unexpected continuation byte 0x99, with no preceding start byte) in pattern match (m//) at /home/cpan/pit/bare/conf/perl-5.12.1/.cpanplus/5.12.1/build/B5SoSTyE33/String-UnicodeUTF8-0.23/blib/lib/String/UnicodeUTF8.pm line 52.
Malformed UTF-8 character (unexpected continuation byte 0xa5, with no preceding start byte) in pattern match (m//) at /home/cpan/pit/bare/conf/perl-5.12.1/.cpanplus/5.12.1/build/B5SoSTyE33/String-UnicodeUTF8-0.23/blib/lib/String/UnicodeUTF8.pm line 52.
Malformed UTF-8 character (unexpected continuation byte 0x99, with no preceding start byte) in pattern match (m//) at /home/cpan/pit/bare/conf/perl-5.12.1/.cpanplus/5.12.1/build/B5SoSTyE33/String-UnicodeUTF8-0.23/blib/lib/String/UnicodeUTF8.pm line 52.

#   Failed test 'contains_nonhuman_characters(unicode_string) returns false when it does not contain non-human characters'
#   at t/01.functions.t line 201.
Malformed UTF-8 character (unexpected continuation byte 0x99, with no preceding start byte) in pattern match (m//) at /home/cpan/pit/bare/conf/perl-5.12.1/.cpanplus/5.12.1/build/B5SoSTyE33/String-UnicodeUTF8-0.23/blib/lib/String/UnicodeUTF8.pm line 52.
Malformed UTF-8 character (unexpected continuation byte 0xa5, with no preceding start byte) in pattern match (m//) at /home/cpan/pit/bare/conf/perl-5.12.1/.cpanplus/5.12.1/build/B5SoSTyE33/String-UnicodeUTF8-0.23/blib/lib/String/UnicodeUTF8.pm line 52.
Malformed UTF-8 character (unexpected continuation byte 0x99, with no preceding start byte) in pattern match (m//) at /home/cpan/pit/bare/conf/perl-5.12.1/.cpanplus/5.12.1/build/B5SoSTyE33/String-UnicodeUTF8-0.23/blib/lib/String/UnicodeUTF8.pm line 52.

#   Failed test 'contains_nonhuman_characters(utf8_string) returns false when it contains NO-BREAK SPACE and NO-BREAK SPACE is in the allowed special characters hash'
#   at t/01.functions.t line 215.
Malformed UTF-8 character (unexpected continuation byte 0x99, with no preceding start byte) in pattern match (m//) at /home/cpan/pit/bare/conf/perl-5.12.1/.cpanplus/5.12.1/build/B5SoSTyE33/String-UnicodeUTF8-0.23/blib/lib/String/UnicodeUTF8.pm line 52.
Malformed UTF-8 character (unexpected continuation byte 0xa5, with no preceding start byte) in pattern match (m//) at /home/cpan/pit/bare/conf/perl-5.12.1/.cpanplus/5.12.1/build/B5SoSTyE33/String-UnicodeUTF8-0.23/blib/lib/String/UnicodeUTF8.pm line 52.
Malformed UTF-8 character (unexpected continuation byte 0x99, with no preceding start byte) in pattern match (m//) at /home/cpan/pit/bare/conf/perl-5.12.1/.cpanplus/5.12.1/build/B5SoSTyE33/String-UnicodeUTF8-0.23/blib/lib/String/UnicodeUTF8.pm line 52.

#   Failed test 'contains_nonhuman_characters(unicode_string) returns false when it contains NO-BREAK SPACE and NO-BREAK SPACE is in the allowed special characters hash'
#   at t/01.functions.t line 216.
Malformed UTF-8 character (unexpected continuation byte 0x99, with no preceding start byte) in pattern match (m//) at /home/cpan/pit/bare/conf/perl-5.12.1/.cpanplus/5.12.1/build/B5SoSTyE33/String-UnicodeUTF8-0.23/blib/lib/String/UnicodeUTF8.pm line 52.
Malformed UTF-8 character (unexpected continuation byte 0xa5, with no preceding start byte) in pattern match (m//) at /home/cpan/pit/bare/conf/perl-5.12.1/.cpanplus/5.12.1/build/B5SoSTyE33/String-UnicodeUTF8-0.23/blib/lib/String/UnicodeUTF8.pm line 52.
Malformed UTF-8 character (unexpected continuation byte 0x99, with no preceding start byte) in pattern match (m//) at /home/cpan/pit/bare/conf/perl-5.12.1/.cpanplus/5.12.1/build/B5SoSTyE33/String-UnicodeUTF8-0.23/blib/lib/String/UnicodeUTF8.pm line 52.

#   Failed test 'contains_nonhuman_characters(utf8_string) returns false when it contains LINE FEED (LF) and LINE FEED (LF) is in the allowed special characters hash'
#   at t/01.functions.t line 220.
Malformed UTF-8 character (unexpected continuation byte 0x99, with no preceding start byte) in pattern match (m//) at /home/cpan/pit/bare/conf/perl-5.12.1/.cpanplus/5.12.1/build/B5SoSTyE33/String-UnicodeUTF8-0.23/blib/lib/String/UnicodeUTF8.pm line 52.
Malformed UTF-8 character (unexpected continuation byte 0xa5, with no preceding start byte) in pattern match (m//) at /home/cpan/pit/bare/conf/perl-5.12.1/.cpanplus/5.12.1/build/B5SoSTyE33/String-UnicodeUTF8-0.23/blib/lib/String/UnicodeUTF8.pm line 52.
Malformed UTF-8 character (unexpected continuation byte 0x99, with no preceding start byte) in pattern match (m//) at /home/cpan/pit/bare/conf/perl-5.12.1/.cpanplus/5.12.1/build/B5SoSTyE33/String-UnicodeUTF8-0.23/blib/lib/String/UnicodeUTF8.pm line 52.

#   Failed test 'contains_nonhuman_characters(unicode_string) returns false when it contains LINE FEED (LF) and LINE FEED (LF) is in the allowed special characters hash'
#   at t/01.functions.t line 221.
Malformed UTF-8 character (unexpected continuation byte 0x99, with no preceding start byte) in pattern match (m//) at /home/cpan/pit/bare/conf/perl-5.12.1/.cpanplus/5.12.1/build/B5SoSTyE33/String-UnicodeUTF8-0.23/blib/lib/String/UnicodeUTF8.pm line 52.
Malformed UTF-8 character (unexpected continuation byte 0xa5, with no preceding start byte) in pattern match (m//) at /home/cpan/pit/bare/conf/perl-5.12.1/.cpanplus/5.12.1/build/B5SoSTyE33/String-UnicodeUTF8-0.23/blib/lib/String/UnicodeUTF8.pm line 52.
Malformed UTF-8 character (unexpected continuation byte 0x99, with no preceding start byte) in pattern match (m//) at /home/cpan/pit/bare/conf/perl-5.12.1/.cpanplus/5.12.1/build/B5SoSTyE33/String-UnicodeUTF8-0.23/blib/lib/String/UnicodeUTF8.pm line 52.

#   Failed test 'contains_nonhuman_characters(utf8_string) returns false when it contains CARRIAGE RETURN (CR) and CARRIAGE RETURN (CR) is in the allowed special characters hash'
#   at t/01.functions.t line 225.
Malformed UTF-8 character (unexpected continuation byte 0x99, with no preceding start byte) in pattern match (m//) at /home/cpan/pit/bare/conf/perl-5.12.1/.cpanplus/5.12.1/build/B5SoSTyE33/String-UnicodeUTF8-0.23/blib/lib/String/UnicodeUTF8.pm line 52.
Malformed UTF-8 character (unexpected continuation byte 0xa5, with no preceding start byte) in pattern match (m//) at /home/cpan/pit/bare/conf/perl-5.12.1/.cpanplus/5.12.1/build/B5SoSTyE33/String-UnicodeUTF8-0.23/blib/lib/String/UnicodeUTF8.pm line 52.
Malformed UTF-8 character (unexpected continuation byte 0x99, with no preceding start byte) in pattern match (m//) at /home/cpan/pit/bare/conf/perl-5.12.1/.cpanplus/5.12.1/build/B5SoSTyE33/String-UnicodeUTF8-0.23/blib/lib/String/UnicodeUTF8.pm line 52.

#   Failed test 'contains_nonhuman_characters(unicode_string) returns false when it contains CARRIAGE RETURN (CR) and CARRIAGE RETURN (CR) is in the allowed special characters hash'
#   at t/01.functions.t line 226.
Malformed UTF-8 character (unexpected continuation byte 0x99, with no preceding start byte) in pattern match (m//) at /home/cpan/pit/bare/conf/perl-5.12.1/.cpanplus/5.12.1/build/B5SoSTyE33/String-UnicodeUTF8-0.23/blib/lib/String/UnicodeUTF8.pm line 52.
Malformed UTF-8 character (unexpected continuation byte 0xa5, with no preceding start byte) in pattern match (m//) at /home/cpan/pit/bare/conf/perl-5.12.1/.cpanplus/5.12.1/build/B5SoSTyE33/String-UnicodeUTF8-0.23/blib/lib/String/UnicodeUTF8.pm line 52.
Malformed UTF-8 character (unexpected continuation byte 0x99, with no preceding start byte) in pattern match (m//) at /home/cpan/pit/bare/conf/perl-5.12.1/.cpanplus/5.12.1/build/B5SoSTyE33/String-UnicodeUTF8-0.23/blib/lib/String/UnicodeUTF8.pm line 52.

#   Failed test 'contains_nonhuman_characters(utf8_string) returns false when it contains CHARACTER TABULATION and CHARACTER TABULATION is in the allowed special characters hash'
#   at t/01.functions.t line 230.
Malformed UTF-8 character (unexpected continuation byte 0x99, with no preceding start byte) in pattern match (m//) at /home/cpan/pit/bare/conf/perl-5.12.1/.cpanplus/5.12.1/build/B5SoSTyE33/String-UnicodeUTF8-0.23/blib/lib/String/UnicodeUTF8.pm line 52.
Malformed UTF-8 character (unexpected continuation byte 0xa5, with no preceding start byte) in pattern match (m//) at /home/cpan/pit/bare/conf/perl-5.12.1/.cpanplus/5.12.1/build/B5SoSTyE33/String-UnicodeUTF8-0.23/blib/lib/String/UnicodeUTF8.pm line 52.
Malformed UTF-8 character (unexpected continuation byte 0x99, with no preceding start byte) in pattern match (m//) at /home/cpan/pit/bare/conf/perl-5.12.1/.cpanplus/5.12.1/build/B5SoSTyE33/String-UnicodeUTF8-0.23/blib/lib/String/UnicodeUTF8.pm line 52.

#   Failed test 'contains_nonhuman_characters(unicode_string) returns false when it contains CHARACTER TABULATION and CHARACTER TABULATION is in the allowed special characters hash'
#   at t/01.functions.t line 231.
# Looks like you failed 10 tests of 308.
t/01.functions.t .. 
Dubious, test returned 10 (wstat 2560, 0xa00)
Failed 10/308 subtests 
t/perlcritic.t .... skipped: Critic tests are only run in RELEASE_TESTING mode.
t/perltidy.t ...... skipped: PerlTidy tests are only run in RELEASE_TESTING mode.
t/pod-coverage.t .. skipped: POD tests are only run in RELEASE_TESTING mode.
t/pod.t ........... skipped: POD tests are only run in RELEASE_TESTING mode.

Test Summary Report
-------------------
t/01.functions.t (Wstat: 2560 Tests: 308 Failed: 10)
  Failed tests:  285-286, 295-296, 299-300, 303-304, 307-308
  Non-zero exit status: 10
Files=6, Tests=309,  1 wallclock secs ( 0.04 usr  0.02 sys +  0.26 cusr  0.08 csys =  0.40 CPU)
Result: FAIL
Failed 1/6 test programs. 10/309 subtests failed.


PREREQUISITES:

Here is a list of prerequisites you specified and versions we
managed to load:

	  Module Name                        Have     Want
	  B::Flags                           0.17        0
	  Module::Want                        0.6      0.6
	  String::Unquotemeta                 0.1        0
	  Test::More                     1.302190        0

Perl module toolchain versions installed:
	Module Name                        Have
	CPANPLUS                         0.9914
	CPANPLUS::Dist::Build              0.90
	Cwd                                3.75
	ExtUtils::CBuilder             0.280236
	ExtUtils::Command                  7.64
	ExtUtils::Install                  2.20
	ExtUtils::MakeMaker                7.64
	ExtUtils::Manifest                 1.73
	ExtUtils::ParseXS                  3.44
	File::Spec                         3.75
	Module::Build                    0.4231
	Pod::Parser                        1.37
	Pod::Simple                        3.14
	Test2                          1.302190
	Test::Harness                      3.42
	Test::More                     1.302190
	version                          0.9929

******************************** NOTE ********************************
The comments above are created mechanically, possibly without manual
checking by the sender.  As there are many people performing automatic
tests on each upload to CPAN, it is likely that you will receive
identical messages about the same problem.

If you believe that the message is mistaken, please reply to the first
one with correction and/or additional informations, and do not take
it personally.  We appreciate your patience. :)
**********************************************************************

Additional comments:


This report was machine-generated by CPANPLUS::Dist::YACSmoke 1.08.
Powered by minismokebox version 0.68

CPANPLUS is prefering Build.PL

------------------------------
ENVIRONMENT AND OTHER CONTEXT
------------------------------

Environment variables:

    AUTOMATED_TESTING = 1
    LANG = C.UTF-8
    LC_COLLATE = C
    NONINTERACTIVE_TESTING = 1
    PATH = /usr/local/sbin:/usr/local/bin:/usr/sbin:/usr/bin:/sbin:/bin
    PERL5LIB = /home/cpan/pit/jail/oqPrJNFTLt/lib/perl5:/home/cpan/pit/bare/conf/perl-5.12.1/.cpanplus/5.12.1/build/OXnYAzH5Vw/Test-Carp-0.2/blib/lib:/home/cpan/pit/bare/conf/perl-5.12.1/.cpanplus/5.12.1/build/OXnYAzH5Vw/Test-Carp-0.2/blib/arch:/home/cpan/pit/bare/conf/perl-5.12.1/.cpanplus/5.12.1/build/GAQUwbPDsq/Module-Want-0.6/blib/lib:/home/cpan/pit/bare/conf/perl-5.12.1/.cpanplus/5.12.1/build/GAQUwbPDsq/Module-Want-0.6/blib/arch:/home/cpan/pit/bare/conf/perl-5.12.1/.cpanplus/5.12.1/build/POc7tf45Cm/String-Unquotemeta-0.1/blib/lib:/home/cpan/pit/bare/conf/perl-5.12.1/.cpanplus/5.12.1/build/POc7tf45Cm/String-Unquotemeta-0.1/blib/arch:/home/cpan/pit/bare/conf/perl-5.12.1/.cpanplus/5.12.1/build/B5SoSTyE33/String-UnicodeUTF8-0.23/blib/lib:/home/cpan/pit/bare/conf/perl-5.12.1/.cpanplus/5.12.1/build/B5SoSTyE33/String-UnicodeUTF8-0.23/blib/arch
    PERL5_CPANPLUS_IS_RUNNING = 4256
    PERL5_CPANPLUS_IS_VERSION = 0.9914
    PERL5_MINISMOKEBOX = 0.68
    PERL5_YACSMOKE_BASE = /home/cpan/pit/bare/conf/perl-5.12.1
    PERL_EXTUTILS_AUTOINSTALL = --defaultdeps
    PERL_LOCAL_LIB_ROOT = /home/cpan/pit/jail/oqPrJNFTLt
    PERL_MB_OPT = --install_base "/home/cpan/pit/jail/oqPrJNFTLt"
    PERL_MM_OPT = INSTALL_BASE=/home/cpan/pit/jail/oqPrJNFTLt
    PERL_MM_USE_DEFAULT = 1
    SHELL = /bin/bash
    TERM = screen

Perl special variables (and OS-specific diagnostics, for MSWin32):

    Perl: $^X = /home/cpan/pit/bare/perl-5.12.1/bin/perl
    UID:  $<  = 1001
    EUID: $>  = 1001
    GID:  $(  = 1001 1001
    EGID: $)  = 1001 1001


-------------------------------


--

Summary of my perl5 (revision 5 version 12 subversion 1) configuration:
   
  Platform:
    osname=linux, osvers=5.10.16-0-lts, archname=x86_64-linux
    uname='linux agaric 5.10.16-0-lts #1-alpine smp wed, 17 feb 2021 08:17:06 utc x86_64 linux '
    config_args='-des -Dprefix=/home/cpan/pit/bare/perl-5.12.1'
    hint=recommended, useposix=true, d_sigaction=define
    useithreads=undef, usemultiplicity=undef
    useperlio=define, d_sfio=undef, uselargefiles=define, usesocks=undef
    use64bitint=define, use64bitall=define, uselongdouble=undef
    usemymalloc=n, bincompat5005=undef
  Compiler:
    cc='cc', ccflags ='-D_GNU_SOURCE -fwrapv -fno-strict-aliasing -pipe -fstack-protector -D_LARGEFILE_SOURCE -D_FILE_OFFSET_BITS=64',
    optimize='-O2',
    cppflags='-D_GNU_SOURCE -fwrapv -fno-strict-aliasing -pipe -fstack-protector'
    ccversion='', gccversion='10.2.1 20201203', gccosandvers=''
    intsize=4, longsize=8, ptrsize=8, doublesize=8, byteorder=12345678
    d_longlong=define, longlongsize=8, d_longdbl=define, longdblsize=16
    ivtype='long', ivsize=8, nvtype='double', nvsize=8, Off_t='off_t', lseeksize=8
    alignbytes=8, prototype=define
  Linker and Libraries:
    ld='cc', ldflags =' -fstack-protector -L/usr/local/lib'
    libpth=/usr/local/lib /lib/../lib /usr/lib/../lib /lib /usr/lib
    libs=-lgdbm -ldl -lm -lcrypt -lutil -lc -lgdbm_compat
    perllibs=-ldl -lm -lcrypt -lutil -lc
    libc=/usr/lib/libc.a, so=so, useshrplib=false, libperl=libperl.a
    gnulibc_version=''
  Dynamic Linking:
    dlsrc=dl_dlopen.xs, dlext=so, d_dlsymun=undef, ccdlflags='-Wl,-E'
    cccdlflags='-fPIC', lddlflags='-shared -O2 -L/usr/local/lib -fstack-protector'


Characteristics of this binary (from libperl): 
  Compile-time options: PERL_DONT_CREATE_GVSV PERL_MALLOC_WRAP USE_64_BIT_ALL
                        USE_64_BIT_INT USE_LARGE_FILES USE_PERLIO
                        USE_PERL_ATOF
  Locally applied patches:
	Devel::PatchPerl 2.08
  Built under linux
  Compiled at Mar 11 2021 19:10:55
  %ENV:
    PERL5LIB="/home/cpan/pit/jail/oqPrJNFTLt/lib/perl5:/home/cpan/pit/bare/conf/perl-5.12.1/.cpanplus/5.12.1/build/OXnYAzH5Vw/Test-Carp-0.2/blib/lib:/home/cpan/pit/bare/conf/perl-5.12.1/.cpanplus/5.12.1/build/OXnYAzH5Vw/Test-Carp-0.2/blib/arch:/home/cpan/pit/bare/conf/perl-5.12.1/.cpanplus/5.12.1/build/GAQUwbPDsq/Module-Want-0.6/blib/lib:/home/cpan/pit/bare/conf/perl-5.12.1/.cpanplus/5.12.1/build/GAQUwbPDsq/Module-Want-0.6/blib/arch:/home/cpan/pit/bare/conf/perl-5.12.1/.cpanplus/5.12.1/build/POc7tf45Cm/String-Unquotemeta-0.1/blib/lib:/home/cpan/pit/bare/conf/perl-5.12.1/.cpanplus/5.12.1/build/POc7tf45Cm/String-Unquotemeta-0.1/blib/arch:/home/cpan/pit/bare/conf/perl-5.12.1/.cpanplus/5.12.1/build/B5SoSTyE33/String-UnicodeUTF8-0.23/blib/lib:/home/cpan/pit/bare/conf/perl-5.12.1/.cpanplus/5.12.1/build/B5SoSTyE33/String-UnicodeUTF8-0.23/blib/arch"
    PERL5_CPANPLUS_IS_RUNNING="4256"
    PERL5_CPANPLUS_IS_VERSION="0.9914"
    PERL5_MINISMOKEBOX="0.68"
    PERL5_YACSMOKE_BASE="/home/cpan/pit/bare/conf/perl-5.12.1"
    PERL_EXTUTILS_AUTOINSTALL="--defaultdeps"
    PERL_LOCAL_LIB_ROOT="/home/cpan/pit/jail/oqPrJNFTLt"
    PERL_MB_OPT="--install_base "/home/cpan/pit/jail/oqPrJNFTLt""
    PERL_MM_OPT="INSTALL_BASE=/home/cpan/pit/jail/oqPrJNFTLt"
    PERL_MM_USE_DEFAULT="1"
  @INC:
    /home/cpan/pit/jail/oqPrJNFTLt/lib/perl5/5.12.1/x86_64-linux
    /home/cpan/pit/jail/oqPrJNFTLt/lib/perl5/5.12.1
    /home/cpan/pit/jail/oqPrJNFTLt/lib/perl5/x86_64-linux
    /home/cpan/pit/jail/oqPrJNFTLt/lib/perl5
    /home/cpan/pit/bare/conf/perl-5.12.1/.cpanplus/5.12.1/build/OXnYAzH5Vw/Test-Carp-0.2/blib/lib
    /home/cpan/pit/bare/conf/perl-5.12.1/.cpanplus/5.12.1/build/OXnYAzH5Vw/Test-Carp-0.2/blib/arch
    /home/cpan/pit/bare/conf/perl-5.12.1/.cpanplus/5.12.1/build/GAQUwbPDsq/Module-Want-0.6/blib/lib
    /home/cpan/pit/bare/conf/perl-5.12.1/.cpanplus/5.12.1/build/GAQUwbPDsq/Module-Want-0.6/blib/arch
    /home/cpan/pit/bare/conf/perl-5.12.1/.cpanplus/5.12.1/build/POc7tf45Cm/String-Unquotemeta-0.1/blib/lib
    /home/cpan/pit/bare/conf/perl-5.12.1/.cpanplus/5.12.1/build/POc7tf45Cm/String-Unquotemeta-0.1/blib/arch
    /home/cpan/pit/bare/conf/perl-5.12.1/.cpanplus/5.12.1/build/B5SoSTyE33/String-UnicodeUTF8-0.23/blib/lib
    /home/cpan/pit/bare/conf/perl-5.12.1/.cpanplus/5.12.1/build/B5SoSTyE33/String-UnicodeUTF8-0.23/blib/arch
    /home/cpan/pit/bare/perl-5.12.1/lib/site_perl/5.12.1/x86_64-linux
    /home/cpan/pit/bare/perl-5.12.1/lib/site_perl/5.12.1
    /home/cpan/pit/bare/perl-5.12.1/lib/5.12.1/x86_64-linux
    /home/cpan/pit/bare/perl-5.12.1/lib/5.12.1
    .