Report for Text-Xslate-Syntax-HTMLTemplate-0.1003

Back
From: metabase:user:775a6ef0-a30d-11e0-b928-abcd0a1a245f
Subject: FAIL Text-Xslate-Syntax-HTMLTemplate-0.1003 v5.12.0 GNU/Linux
Date: 2011-07-07T21:48:20Z

This distribution has been tested as part of the CPAN Testers
project, supporting the Perl programming language.  See
http://wiki.cpantesters.org/ for more information or email
questions to cpan-testers-discuss@perl.org


--
Dear Shigeki Morimoto,

This is a computer-generated report for Text-Xslate-Syntax-HTMLTemplate-0.1003
on perl 5.12.0, created by CPAN-Reporter-1.1902.

Thank you for uploading your work to CPAN.  However, there was a problem
testing your distribution.

If you think this report is invalid, please consult the CPAN Testers Wiki
for suggestions on how to avoid getting FAIL reports for missing library
or binary dependencies, unsupported operating systems, and so on:

http://wiki.cpantesters.org/wiki/CPANAuthorNotes

Sections of this report:

    * Tester comments
    * Program output
    * Prerequisites
    * Environment and other context

------------------------------
TESTER COMMENTS
------------------------------

Additional comments from tester:

this report is from an automated smoke testing program
and was not reviewed by a human for accuracy

------------------------------
PROGRAM OUTPUT
------------------------------

Output from '/usr/bin/make test':

PERL_DL_NONLAZY=1 /smoker/5.12.0/perl/bin/perl "-MExtUtils::Command::MM" "-e" "test_harness(0, 'inc', 'blib/lib', 'blib/arch')" t/*.t t/010_ast/*.t t/020_render/*.t t/900_bug/*.t
t/000_load.t .......................... ok
t/010_ast/001_plain_text.t ............ ok
t/010_ast/002_variable.t .............. ok
t/010_ast/003_expr.t .................. ok
t/010_ast/004_if.t .................... ok
t/010_ast/005_for.t ................... ok
t/010_ast/006_include.t ............... ok
t/020_render/001_plain_text.t ......... ok
t/020_render/002_variable.t ........... ok
t/020_render/003_expr.t ............... ok
t/020_render/004_if.t ................. ok
t/020_render/005_for.t ................ ok
t/020_render/006_include.t ............ ok
t/020_render/007_esape.t .............. ok
t/020_render/008_global_vars.t ........ ok
t/020_render/009_has_value.t .......... ok
t/020_render/010_loop_context_vars.t .. ok
Text::Xslate: Undefined symbol 'foo' at t/900_bug/001_loop_and_include.t line 32.
 (<string>:1) at t/900_bug/001_loop_and_include.t line 32
----------------------------------------------------------------------------
<TMPL_INCLUDE NAME='foo.tx'>
<TMPL_LOOP NAME=list1>
----------------------------------------------------------------------------
t/900_bug/001_loop_and_include.t ...... 
Dubious, test returned 255 (wstat 65280, 0xff00)
No subtests run 

Test Summary Report
-------------------
t/900_bug/001_loop_and_include.t    (Wstat: 65280 Tests: 0 Failed: 0)
  Non-zero exit status: 255
  Parse errors: No plan found in TAP output
Files=18, Tests=188, 40 wallclock secs ( 0.06 usr  0.03 sys +  5.04 cusr  0.37 csys =  5.50 CPU)
Result: FAIL
Failed 1/18 test programs. 0/188 subtests failed.
make: *** [test_dynamic] Error 255

------------------------------
PREREQUISITES
------------------------------

Prerequisite modules loaded:

requires:

    Module                 Need Have  
    ---------------------- ---- ------
    ExtUtils::MakeMaker    6.42 6.56  
    HTML::Template::Parser 0    0.1005
    HTML::Template::Pro    0    0.9505
    Text::Xslate           0    1.3000
    YAML                   0    0.73  

configure_requires:

    Module                 Need Have  
    ---------------------- ---- ------
    ExtUtils::MakeMaker    6.42 6.56  


------------------------------
ENVIRONMENT AND OTHER CONTEXT
------------------------------

Environment variables:

    AUTOMATED_TESTING = 1
    LANG = en_US.UTF-8
    LC_ALL = C
    LC_CTYPE = en_US.UTF-8
    PATH = /usr/local/bin:/usr/bin:/bin:/usr/local/games:/usr/games
    PERL5LIB = /smoker/5.12.0/cpan/build/HTML-Template-Parser-0.1005-VDQHr2/blib/arch:/smoker/5.12.0/cpan/build/HTML-Template-Parser-0.1005-VDQHr2/blib/lib:/smoker/5.12.0/cpan/build/Parse-RecDescent-1.965001-lSCpfp/blib/arch:/smoker/5.12.0/cpan/build/Parse-RecDescent-1.965001-lSCpfp/blib/lib:/smoker/5.12.0/cpan/build/Data-MessagePack-0.34-ctpB8V/blib/arch:/smoker/5.12.0/cpan/build/Data-MessagePack-0.34-ctpB8V/blib/lib:/smoker/5.12.0/cpan/build/Text-Xslate-1.3000-xxOvA5/blib/arch:/smoker/5.12.0/cpan/build/Text-Xslate-1.3000-xxOvA5/blib/lib:/smoker/5.12.0/cpan/build/HTML-Template-Pro-0.9505-HcbQH_/blib/arch:/smoker/5.12.0/cpan/build/HTML-Template-Pro-0.9505-HcbQH_/blib/lib:/root/src/sex
    PERL5OPT = 
    PERL5_CPANPLUS_CONFIG = /root/.cpanplus/config
    PERL5_CPANPLUS_IS_RUNNING = 23526
    PERL5_CPAN_IS_RUNNING = 23526
    PERL5_CPAN_IS_RUNNING_IN_RECURSION = 14812,23526
    PERLDB_OPTS = ornaments=0
    PERL_ANYEVENT_DBI_TESTS = 1
    PERL_ANYEVENT_EDNS0 = 1
    PERL_ANYEVENT_NET_TESTS = 1
    PERL_ANYEVENT_PROTOCOLS = ipv4,ipv6
    PERL_ANYEVENT_STRICT = 1
    PERL_CPAN_REPORTER_CONFIG = /smoker/cpanreporter-config.ini
    PERL_CPAN_REPORTER_DIR = /smoker/5.12.0/cpanreporter
    PERL_CR_SMOKER_CURRENT = Text-Xslate-Syntax-HTMLTemplate-0.1003
    PERL_CR_SMOKER_RUNONCE = 1
    PERL_EXTUTILS_AUTOINSTALL = --defaultdeps
    PERL_MM_USE_DEFAULT = 1
    PERL_UNICODE = E
    SHELL = /bin/sh
    TERM = screen

Perl special variables (and OS-specific diagnostics, for MSWin32):

    $^X = /smoker/5.12.0/perl/bin/perl
    $UID/$EUID = 60000 / 60000
    $GID = 60000 60000
    $EGID = 60000 60000

Perl module toolchain versions installed:

    Module              Have    
    ------------------- --------
    CPAN                1.9600  
    Cwd                 3.33    
    ExtUtils::CBuilder  0.280202
    ExtUtils::Command   1.16    
    ExtUtils::Install   1.55    
    ExtUtils::MakeMaker 6.56    
    ExtUtils::Manifest  1.57    
    ExtUtils::ParseXS   2.21    
    File::Spec          3.33    
    Module::Build       0.3800  
    Module::Signature   n/a     
    Test::Harness       3.23    
    Test::More          0.98    
    YAML                0.73    
    YAML::Syck          1.17    
    version             0.91    


--

Summary of my perl5 (revision 5 version 12 subversion 0) configuration:
   
  Platform:
    osname=linux, osvers=2.6.26-2-amd64, archname=i686-linux
    uname='linux rijk 2.6.26-2-amd64 #1 smp thu nov 5 02:23:12 utc 2009 i686 gnulinux '
    config_args='-Duselargefiles -Uuse64bitint -Dusemymalloc=n -Uusedl -Uusethreads -Uuseithreads -Uusemultiplicity -Uusesfio -Uuseshrplib -Uinstallusrbinperl -A ccflags= -g -DPERL_DISABLE_PMC -DPERL_ARENA_SIZE=16376 -DNO_PERL_MALLOC_ENV -D_GNU_SOURCE -DNDEBUG -Dcc=cc -Doptimize=-O2 -mpush-args -fomit-frame-pointer -march=core2 -mtune=core2 -Dldflags= -lc -lm -ldl -lpthread -Dlibs=-lm -lcrypt -Dprefix=/smoker/5.12.0/perl -Dbin=/smoker/5.12.0/perl/bin -Dprivlib=/smoker/5.12.0/perl/lib -Darchlib=/smoker/5.12.0/perl/lib -Uusevendorprefix -Dsitelib=/smoker/5.12.0/perl/lib -Dsitearch=/smoker/5.12.0/perl/lib -Uman1dir -Uman3dir -Usiteman1dir -Usiteman3dir -Dpager=/usr/bin/less -Demail=Marc Lehmann <staticperl-smoker-5.12.0@plan9.de> -Dcf_email=Marc Lehmann <staticperl-smoker-5.12.0@plan9.de> -Dcf_by=Marc Lehmann <staticperl-smoker-5.12.0@plan9.de> -Dusedl -Uusemymalloc -Duseperlio -dE'
    hint=recommended, useposix=true, d_sigaction=define
    useithreads=undef, usemultiplicity=undef
    useperlio=define, d_sfio=undef, uselargefiles=define, usesocks=undef
    use64bitint=undef, use64bitall=undef, uselongdouble=undef
    usemymalloc=n, bincompat5005=undef
  Compiler:
    cc='cc', ccflags ='-g -DPERL_DISABLE_PMC -DPERL_ARENA_SIZE=16376 -DNO_PERL_MALLOC_ENV -D_GNU_SOURCE -DNDEBUG -fno-strict-aliasing -pipe -I/usr/local/include -D_LARGEFILE_SOURCE -D_FILE_OFFSET_BITS=64',
    optimize='-O2 -mpush-args -fomit-frame-pointer -march=core2 -mtune=core2',
    cppflags='-g -DPERL_DISABLE_PMC -DPERL_ARENA_SIZE=16376 -DNO_PERL_MALLOC_ENV -D_GNU_SOURCE -DNDEBUG -fno-strict-aliasing -pipe -I/usr/local/include'
    ccversion='', gccversion='4.4.5', gccosandvers=''
    intsize=4, longsize=4, ptrsize=4, doublesize=8, byteorder=1234
    d_longlong=define, longlongsize=8, d_longdbl=define, longdblsize=12
    ivtype='long', ivsize=4, nvtype='double', nvsize=8, Off_t='off_t', lseeksize=8
    alignbytes=4, prototype=define
  Linker and Libraries:
    ld='cc', ldflags =' -lc -lm -ldl -lpthread -L/usr/local/lib'
    libpth=/usr/local/lib /lib /usr/lib /usr/lib64
    libs=-lm -lcrypt
    perllibs=-lm -lcrypt
    libc=/lib/libc-2.11.2.so, so=so, useshrplib=false, libperl=libperl.a
    gnulibc_version='2.11.2'
  Dynamic Linking:
    dlsrc=dl_dlopen.xs, dlext=so, d_dlsymun=undef, ccdlflags='-Wl,-E'
    cccdlflags='-fPIC', lddlflags='-shared -O2 -mpush-args -fomit-frame-pointer -march=core2 -mtune=core2 -L/usr/local/lib '


Characteristics of this binary (from libperl): 
  Compile-time options: PERL_DISABLE_PMC PERL_DONT_CREATE_GVSV
                        PERL_MALLOC_WRAP USE_LARGE_FILES USE_PERLIO
                        USE_PERL_ATOF
  Built under linux
  Compiled at Jul  1 2011 16:20:51
  %ENV:
    PERL5LIB="/smoker/5.12.0/cpan/build/HTML-Template-Parser-0.1005-VDQHr2/blib/arch:/smoker/5.12.0/cpan/build/HTML-Template-Parser-0.1005-VDQHr2/blib/lib:/smoker/5.12.0/cpan/build/Parse-RecDescent-1.965001-lSCpfp/blib/arch:/smoker/5.12.0/cpan/build/Parse-RecDescent-1.965001-lSCpfp/blib/lib:/smoker/5.12.0/cpan/build/Data-MessagePack-0.34-ctpB8V/blib/arch:/smoker/5.12.0/cpan/build/Data-MessagePack-0.34-ctpB8V/blib/lib:/smoker/5.12.0/cpan/build/Text-Xslate-1.3000-xxOvA5/blib/arch:/smoker/5.12.0/cpan/build/Text-Xslate-1.3000-xxOvA5/blib/lib:/smoker/5.12.0/cpan/build/HTML-Template-Pro-0.9505-HcbQH_/blib/arch:/smoker/5.12.0/cpan/build/HTML-Template-Pro-0.9505-HcbQH_/blib/lib:/root/src/sex"
    PERL5OPT=""
    PERL5_CPANPLUS_CONFIG="/root/.cpanplus/config"
    PERL5_CPANPLUS_IS_RUNNING="23526"
    PERL5_CPAN_IS_RUNNING="23526"
    PERL5_CPAN_IS_RUNNING_IN_RECURSION="14812,23526"
    PERLDB_OPTS="ornaments=0"
    PERL_ANYEVENT_DBI_TESTS="1"
    PERL_ANYEVENT_EDNS0="1"
    PERL_ANYEVENT_NET_TESTS="1"
    PERL_ANYEVENT_PROTOCOLS="ipv4,ipv6"
    PERL_ANYEVENT_STRICT="1"
    PERL_CPAN_REPORTER_CONFIG="/smoker/cpanreporter-config.ini"
    PERL_CPAN_REPORTER_DIR="/smoker/5.12.0/cpanreporter"
    PERL_CR_SMOKER_CURRENT="Text-Xslate-Syntax-HTMLTemplate-0.1003"
    PERL_CR_SMOKER_RUNONCE="1"
    PERL_EXTUTILS_AUTOINSTALL="--defaultdeps"
    PERL_MM_USE_DEFAULT="1"
    PERL_UNICODE="E"
  @INC:
    /smoker/5.12.0/cpan/build/HTML-Template-Parser-0.1005-VDQHr2/blib/arch
    /smoker/5.12.0/cpan/build/HTML-Template-Parser-0.1005-VDQHr2/blib/lib
    /smoker/5.12.0/cpan/build/Parse-RecDescent-1.965001-lSCpfp/blib/arch
    /smoker/5.12.0/cpan/build/Parse-RecDescent-1.965001-lSCpfp/blib/lib
    /smoker/5.12.0/cpan/build/Data-MessagePack-0.34-ctpB8V/blib/arch
    /smoker/5.12.0/cpan/build/Data-MessagePack-0.34-ctpB8V/blib/lib
    /smoker/5.12.0/cpan/build/Text-Xslate-1.3000-xxOvA5/blib/arch
    /smoker/5.12.0/cpan/build/Text-Xslate-1.3000-xxOvA5/blib/lib
    /smoker/5.12.0/cpan/build/HTML-Template-Pro-0.9505-HcbQH_/blib/arch
    /smoker/5.12.0/cpan/build/HTML-Template-Pro-0.9505-HcbQH_/blib/lib
    /root/src/sex
    /smoker/5.12.0/perl/lib
    .