Report for Algorithm-Kuhn-Munkres-v1.0.3

Back
From: metabase:user:322078bc-2aae-11df-837a-5e0a49663a4f
Subject: FAIL Algorithm-Kuhn-Munkres-v1.0.3 v5.13.0 Mac OS X
Date: 2010-11-12T09:04:17Z

This distribution has been tested as part of the CPAN Testers
project, supporting the Perl programming language.  See
http://wiki.cpantesters.org/ for more information or email
questions to cpan-testers-discuss@perl.org


--

Dear MARTYLOO,
    
This is a computer-generated error report created automatically by
CPANPLUS, version 0.9007. Testers personal comments may appear 
at the end of this report.


Thank you for uploading your work to CPAN.  However, it appears that
there were some problems testing your distribution.

TEST RESULTS:

Below is the error stack from stage 'make test':

[MSG] [Fri Nov 12 09:11:24 2010] Building Algorithm-Kuhn-Munkres

[ERROR] [Fri Nov 12 09:11:27 2010] MAKE TEST failed:
# Testing Algorithm::Kuhn::Munkres 1.0.3
t/00.load.t ....... ok
t/01.simple.t ..... ok
Can't locate Test/Perl/Critic.pm in @INC (@INC contains: /Volumes/Media/smoke/rel/conf/perl-5.13.0/.cpanplus/5.13.0/build/Algorithm-Kuhn-Munkres-v1.0.3/blib/lib /Volumes/Media/smoke/rel/conf/perl-5.13.0/.cpanplus/5.13.0/build/Algorithm-Kuhn-Munkres-v1.0.3/blib/arch /Volumes/Media/smoke/rel/conf/perl-5.13.0/.cpanplus/5.13.0/build/Algorithm-Kuhn-Munkres-v1.0.3/blib/lib /Volumes/Media/smoke/rel/conf/perl-5.13.0/.cpanplus/5.13.0/build/Algorithm-Kuhn-Munkres-v1.0.3/blib/arch /Volumes/Media/smoke/rel/perl-5.13.0/lib/site_perl/5.13.0/darwin-thread-multi-64int-2level /Volumes/Media/smoke/rel/perl-5.13.0/lib/site_perl/5.13.0 /Volumes/Media/smoke/rel/perl-5.13.0/lib/5.13.0/darwin-thread-multi-64int-2level /Volumes/Media/smoke/rel/perl-5.13.0/lib/5.13.0 .) at t/perlcritic.t line 3.
t/perlcritic.t .... 
Dubious, test returned 2 (wstat 512, 0x200)
No subtests run 
t/pod-coverage.t .. skipped: Test::Pod::Coverage 1.04 required for testing POD coverage
t/pod.t ........... skipped: Test::Pod 1.14 required for testing POD

Test Summary Report
-------------------
t/perlcritic.t  (Wstat: 512 Tests: 0 Failed: 0)
  Non-zero exit status: 2
  Parse errors: No plan found in TAP output
Files=5, Tests=7,  1 wallclock secs ( 0.26 usr  0.15 sys +  0.79 cusr  0.21 csys =  1.41 CPU)
Result: FAIL
Failed 1/5 test programs. 0/7 subtests failed.
BEGIN failed--compilation aborted at /Volumes/Media/smoke/rel/perl-5.13.0/bin/cpanp-run-perl5.13.0 line 8.
 
[MSG] [Fri Nov 12 09:11:27 2010] DEFAULT 'proceed_on_test_failure' HANDLER RETURNING 'sub return value'


MISSING PREREQUISITES:

It was observed that the test suite seem to fail without these modules:

Test::Perl::Critic

As such, adding the prerequisite module(s) to 'PREREQ_PM' in your
Makefile.PL should solve this problem.  For example:

WriteMakefile(
    AUTHOR      => 'MARTYLOO (cpanplus-info@lists.sf.net)',
    ... # other information
    PREREQ_PM   => {
	'Test::Perl::Critic'	=> '0', # or a minimum working version
    }
);

Thanks! :-)

PREREQUISITES:

Here is a list of prerequisites you specified and versions we 
managed to load:
                                
	  Module Name                        Have     Want
	  Test::More                         0.96        0
	  version                            0.82        0

Perl module toolchain versions installed:
	Module Name                        Have
	CPANPLUS                         0.9007
	CPANPLUS::Dist::Build              0.48
	Cwd                                3.33
	ExtUtils::CBuilder               0.2703
	ExtUtils::Command                  1.16
	ExtUtils::Install                  1.55
	ExtUtils::MakeMaker              6.5601
	ExtUtils::Manifest                 1.58
	ExtUtils::ParseXS                2.2206
	File::Spec                         3.33
	Module::Build                    0.3607
	Test::Harness                      3.22
	Test::More                         0.96
	version                            0.82

******************************** NOTE ********************************
The comments above are created mechanically, possibly without manual
checking by the sender.  As there are many people performing automatic
tests on each upload to CPAN, it is likely that you will receive 
identical messages about the same problem.

If you believe that the message is mistaken, please reply to the first
one with correction and/or additional informations, and do not take
it personally.  We appreciate your patience. :)
**********************************************************************

Additional comments:
 

This report was machine-generated by CPANPLUS::Dist::YACSmoke 0.58.
Powered by minismokebox version 0.32

------------------------------
ENVIRONMENT AND OTHER CONTEXT
------------------------------

Environment variables:

    AUTOMATED_TESTING = 1
    PATH = /bin:/sbin:/usr/bin:/usr/sbin:/usr/local/bin:/usr/local/sbin
    PERL5LIB = :/Volumes/Media/smoke/rel/conf/perl-5.13.0/.cpanplus/5.13.0/build/Algorithm-Kuhn-Munkres-v1.0.3/blib/lib:/Volumes/Media/smoke/rel/conf/perl-5.13.0/.cpanplus/5.13.0/build/Algorithm-Kuhn-Munkres-v1.0.3/blib/arch
    PERL5_CPANPLUS_IS_RUNNING = 24662
    PERL5_CPANPLUS_IS_VERSION = 0.9007
    PERL5_MINISMOKEBOX = 0.32
    PERL5_YACSMOKE_BASE = /Volumes/Media/smoke/rel/conf/perl-5.13.0
    PERL_EXTUTILS_AUTOINSTALL = --defaultdeps
    PERL_MM_USE_DEFAULT = 1
    SHELL = /bin/bash
    TERM = screen

Perl special variables (and OS-specific diagnostics, for MSWin32):

    Perl: $^X = /Volumes/Media/smoke/rel/perl-5.13.0/bin/perl5.13.0
    UID:  $<  = 502
    EUID: $>  = 502
    GID:  $(  = 502 502
    EGID: $)  = 502 502


-------------------------------


--

Summary of my perl5 (revision 5 version 13 subversion 0) configuration:
   
  Platform:
    osname=darwin, osvers=8.11.0, archname=darwin-thread-multi-64int-2level
    uname='darwin afalglas.bingosnet.co.uk 8.11.0 darwin kernel version 8.11.0: wed oct 10 18:26:00 pdt 2007; root:xnu-792.24.17~1release_ppc power macintosh powerpc '
    config_args='-des -Dusedevel -Dprefix=/Volumes/Media/smoke/rel/perl-5.13.0 -Dusethreads -Duse64bitint'
    hint=recommended, useposix=true, d_sigaction=define
    useithreads=define, usemultiplicity=define
    useperlio=define, d_sfio=undef, uselargefiles=define, usesocks=undef
    use64bitint=define, use64bitall=undef, uselongdouble=undef
    usemymalloc=n, bincompat5005=undef
  Compiler:
    cc='cc', ccflags ='-fno-common -DPERL_DARWIN -no-cpp-precomp -fno-strict-aliasing -pipe -I/usr/local/include',
    optimize='-O3',
    cppflags='-no-cpp-precomp -fno-common -DPERL_DARWIN -no-cpp-precomp -fno-strict-aliasing -pipe -I/usr/local/include'
    ccversion='', gccversion='4.0.1 (Apple Computer, Inc. build 5367)', gccosandvers=''
    intsize=4, longsize=4, ptrsize=4, doublesize=8, byteorder=87654321
    d_longlong=define, longlongsize=8, d_longdbl=define, longdblsize=16
    ivtype='long long', ivsize=8, nvtype='double', nvsize=8, Off_t='off_t', lseeksize=8
    alignbytes=8, prototype=define
  Linker and Libraries:
    ld='env MACOSX_DEPLOYMENT_TARGET=10.3 cc', ldflags =' -L/usr/local/lib'
    libpth=/usr/local/lib /usr/lib
    libs=-ldbm -ldl -lm -lc
    perllibs=-ldl -lm -lc
    libc=/usr/lib/libc.dylib, so=dylib, useshrplib=false, libperl=libperl.a
    gnulibc_version=''
  Dynamic Linking:
    dlsrc=dl_dlopen.xs, dlext=bundle, d_dlsymun=undef, ccdlflags=' '
    cccdlflags=' ', lddlflags=' -bundle -undefined dynamic_lookup -L/usr/local/lib'


Characteristics of this binary (from libperl): 
  Compile-time options: MULTIPLICITY PERL_DONT_CREATE_GVSV
                        PERL_IMPLICIT_CONTEXT PERL_MALLOC_WRAP PERL_USE_DEVEL
                        USE_64_BIT_INT USE_ITHREADS USE_LARGE_FILES
                        USE_PERLIO USE_PERL_ATOF USE_REENTRANT_API
  Built under darwin
  Compiled at May  4 2010 08:57:43
  %ENV:
    PERL5LIB=":/Volumes/Media/smoke/rel/conf/perl-5.13.0/.cpanplus/5.13.0/build/Algorithm-Kuhn-Munkres-v1.0.3/blib/lib:/Volumes/Media/smoke/rel/conf/perl-5.13.0/.cpanplus/5.13.0/build/Algorithm-Kuhn-Munkres-v1.0.3/blib/arch"
    PERL5_CPANPLUS_IS_RUNNING="24662"
    PERL5_CPANPLUS_IS_VERSION="0.9007"
    PERL5_MINISMOKEBOX="0.32"
    PERL5_YACSMOKE_BASE="/Volumes/Media/smoke/rel/conf/perl-5.13.0"
    PERL_EXTUTILS_AUTOINSTALL="--defaultdeps"
    PERL_MM_USE_DEFAULT="1"
  @INC:
    /Volumes/Media/smoke/rel/conf/perl-5.13.0/.cpanplus/5.13.0/build/Algorithm-Kuhn-Munkres-v1.0.3/blib/lib
    /Volumes/Media/smoke/rel/conf/perl-5.13.0/.cpanplus/5.13.0/build/Algorithm-Kuhn-Munkres-v1.0.3/blib/arch
    /Volumes/Media/smoke/rel/perl-5.13.0/lib/site_perl/5.13.0/darwin-thread-multi-64int-2level
    /Volumes/Media/smoke/rel/perl-5.13.0/lib/site_perl/5.13.0
    /Volumes/Media/smoke/rel/perl-5.13.0/lib/5.13.0/darwin-thread-multi-64int-2level
    /Volumes/Media/smoke/rel/perl-5.13.0/lib/5.13.0
    .