Report for HTTP-Engine-0.03005

Back
From: metabase:user:320bfe00-2aae-11df-837a-5e0a49663a4f
Subject: FAIL HTTP-Engine-0.03005 v5.22.1 GNU/Linux
Date: 2016-04-07T14:27:16Z

This distribution has been tested as part of the CPAN Testers
project, supporting the Perl programming language.  See
http://wiki.cpantesters.org/ for more information or email
questions to cpan-testers-discuss@perl.org


--
Dear Kazuhiro Osawa,

This is a computer-generated report for HTTP-Engine-0.03005
on perl 5.22.1, created by CPAN-Reporter-1.2017.

Thank you for uploading your work to CPAN.  However, there was a problem
testing your distribution.

If you think this report is invalid, please consult the CPAN Testers Wiki
for suggestions on how to avoid getting FAIL reports for missing library
or binary dependencies, unsupported operating systems, and so on:

http://wiki.cpantesters.org/wiki/CPANAuthorNotes

Sections of this report:

    * Tester comments
    * Program output
    * Prerequisites
    * Environment and other context

------------------------------
TESTER COMMENTS
------------------------------

Additional comments from tester:

this report is from an automated smoke testing program
and was not reviewed by a human for accuracy

------------------------------
PROGRAM OUTPUT
------------------------------

Output from '/usr/bin/make test':

PERL_DL_NONLAZY=1 "/tmp/basesmoker-reloperl-wump/bin/perl" "-MExtUtils::Command::MM" "-MTest::Harness" "-e" "undef *Test::Harness::Switches; test_harness(0, 'inc', 'blib/lib', 'blib/arch')" t/*.t t/*/*.t t/moose/*/*.t
Possible precedence issue with control flow operator at /tmp/loop_over_bdir-26478-7sLucz/HTTP-Engine-0.03005-0/inc/Test/Builder.pm line 917.
# Soft dependency versions:
#  Any::Moose 0.26
#  Mouse v2.4.5
#  MooseX::Types 0.46
t/00_compile.t .............................................. ok
Possible precedence issue with control flow operator at /tmp/loop_over_bdir-26478-7sLucz/HTTP-Engine-0.03005-0/inc/Test/Builder.pm line 917.
t/010_core/builder_options-upload_tmp.t ..................... ok
Possible precedence issue with control flow operator at /tmp/loop_over_bdir-26478-7sLucz/HTTP-Engine-0.03005-0/inc/Test/Builder.pm line 917.
t/010_core/interface-require.t .............................. ok
Possible precedence issue with control flow operator at /tmp/loop_over_bdir-26478-7sLucz/HTTP-Engine-0.03005-0/inc/Test/Builder.pm line 917.
t/010_core/interface.t ...................................... ok
Possible precedence issue with control flow operator at /tmp/loop_over_bdir-26478-7sLucz/HTTP-Engine-0.03005-0/inc/Test/Builder.pm line 917.
t/010_core/load_requestbuilder_cgi.t ........................ ok
Possible precedence issue with control flow operator at /tmp/loop_over_bdir-26478-7sLucz/HTTP-Engine-0.03005-0/inc/Test/Builder.pm line 917.
Redundant argument in sprintf at /tmp/loop_over_bdir-26478-7sLucz/HTTP-Engine-0.03005-0/inc/Spiffy.pm line 225.
Redundant argument in sprintf at /tmp/loop_over_bdir-26478-7sLucz/HTTP-Engine-0.03005-0/inc/Spiffy.pm line 225.
Redundant argument in sprintf at /tmp/loop_over_bdir-26478-7sLucz/HTTP-Engine-0.03005-0/inc/Spiffy.pm line 225.
Redundant argument in sprintf at /tmp/loop_over_bdir-26478-7sLucz/HTTP-Engine-0.03005-0/inc/Spiffy.pm line 225.
t/010_core/request-absolute_uri.t ........................... ok
Possible precedence issue with control flow operator at /tmp/loop_over_bdir-26478-7sLucz/HTTP-Engine-0.03005-0/inc/Test/Builder.pm line 917.
t/010_core/request-as_http_request.t ........................ ok
Possible precedence issue with control flow operator at /tmp/loop_over_bdir-26478-7sLucz/HTTP-Engine-0.03005-0/inc/Test/Builder.pm line 917.
t/010_core/request-as_string.t .............................. ok
Possible precedence issue with control flow operator at /tmp/loop_over_bdir-26478-7sLucz/HTTP-Engine-0.03005-0/inc/Test/Builder.pm line 917.
t/010_core/request-body.t ................................... ok
Possible precedence issue with control flow operator at /tmp/loop_over_bdir-26478-7sLucz/HTTP-Engine-0.03005-0/inc/Test/Builder.pm line 917.
t/010_core/request-content.t ................................ ok
Possible precedence issue with control flow operator at /tmp/loop_over_bdir-26478-7sLucz/HTTP-Engine-0.03005-0/inc/Test/Builder.pm line 917.
t/010_core/request-cookie.t ................................. ok
Possible precedence issue with control flow operator at /tmp/loop_over_bdir-26478-7sLucz/HTTP-Engine-0.03005-0/inc/Test/Builder.pm line 917.
t/010_core/request-hostname.t ............................... ok
Possible precedence issue with control flow operator at /tmp/loop_over_bdir-26478-7sLucz/HTTP-Engine-0.03005-0/inc/Test/Builder.pm line 917.
t/010_core/request-many_upload.t ............................ ok
Possible precedence issue with control flow operator at /tmp/loop_over_bdir-26478-7sLucz/HTTP-Engine-0.03005-0/inc/Test/Builder.pm line 917.
t/010_core/request-parameters.t ............................. ok
Possible precedence issue with control flow operator at /tmp/loop_over_bdir-26478-7sLucz/HTTP-Engine-0.03005-0/inc/Test/Builder.pm line 917.
Redundant argument in sprintf at /tmp/loop_over_bdir-26478-7sLucz/HTTP-Engine-0.03005-0/inc/Spiffy.pm line 225.
Redundant argument in sprintf at /tmp/loop_over_bdir-26478-7sLucz/HTTP-Engine-0.03005-0/inc/Spiffy.pm line 225.
Redundant argument in sprintf at /tmp/loop_over_bdir-26478-7sLucz/HTTP-Engine-0.03005-0/inc/Spiffy.pm line 225.
Redundant argument in sprintf at /tmp/loop_over_bdir-26478-7sLucz/HTTP-Engine-0.03005-0/inc/Spiffy.pm line 225.
t/010_core/request-params.t ................................. ok
Possible precedence issue with control flow operator at /tmp/loop_over_bdir-26478-7sLucz/HTTP-Engine-0.03005-0/inc/Test/Builder.pm line 917.
t/010_core/request-parse.t .................................. ok
Possible precedence issue with control flow operator at /tmp/loop_over_bdir-26478-7sLucz/HTTP-Engine-0.03005-0/inc/Test/Builder.pm line 917.
Redundant argument in sprintf at /tmp/loop_over_bdir-26478-7sLucz/HTTP-Engine-0.03005-0/inc/Spiffy.pm line 225.
Redundant argument in sprintf at /tmp/loop_over_bdir-26478-7sLucz/HTTP-Engine-0.03005-0/inc/Spiffy.pm line 225.
Redundant argument in sprintf at /tmp/loop_over_bdir-26478-7sLucz/HTTP-Engine-0.03005-0/inc/Spiffy.pm line 225.
Redundant argument in sprintf at /tmp/loop_over_bdir-26478-7sLucz/HTTP-Engine-0.03005-0/inc/Spiffy.pm line 225.
t/010_core/request-proxy_request.t .......................... ok
Possible precedence issue with control flow operator at /tmp/loop_over_bdir-26478-7sLucz/HTTP-Engine-0.03005-0/inc/Test/Builder.pm line 917.
t/010_core/request-raw_body.t ............................... ok
Possible precedence issue with control flow operator at /tmp/loop_over_bdir-26478-7sLucz/HTTP-Engine-0.03005-0/inc/Test/Builder.pm line 917.
t/010_core/request-readbody.t ............................... ok
Possible precedence issue with control flow operator at /tmp/loop_over_bdir-26478-7sLucz/HTTP-Engine-0.03005-0/inc/Test/Builder.pm line 917.
Redundant argument in sprintf at /tmp/loop_over_bdir-26478-7sLucz/HTTP-Engine-0.03005-0/inc/Spiffy.pm line 225.
Redundant argument in sprintf at /tmp/loop_over_bdir-26478-7sLucz/HTTP-Engine-0.03005-0/inc/Spiffy.pm line 225.
Redundant argument in sprintf at /tmp/loop_over_bdir-26478-7sLucz/HTTP-Engine-0.03005-0/inc/Spiffy.pm line 225.
Redundant argument in sprintf at /tmp/loop_over_bdir-26478-7sLucz/HTTP-Engine-0.03005-0/inc/Spiffy.pm line 225.
t/010_core/request-secure.t ................................. ok
Possible precedence issue with control flow operator at /tmp/loop_over_bdir-26478-7sLucz/HTTP-Engine-0.03005-0/inc/Test/Builder.pm line 917.
t/010_core/request-upload.t ................................. ok
Possible precedence issue with control flow operator at /tmp/loop_over_bdir-26478-7sLucz/HTTP-Engine-0.03005-0/inc/Test/Builder.pm line 917.
Redundant argument in sprintf at /tmp/loop_over_bdir-26478-7sLucz/HTTP-Engine-0.03005-0/inc/Spiffy.pm line 225.
Redundant argument in sprintf at /tmp/loop_over_bdir-26478-7sLucz/HTTP-Engine-0.03005-0/inc/Spiffy.pm line 225.
Redundant argument in sprintf at /tmp/loop_over_bdir-26478-7sLucz/HTTP-Engine-0.03005-0/inc/Spiffy.pm line 225.
Redundant argument in sprintf at /tmp/loop_over_bdir-26478-7sLucz/HTTP-Engine-0.03005-0/inc/Spiffy.pm line 225.
t/010_core/request-uri.t .................................... ok
Possible precedence issue with control flow operator at /tmp/loop_over_bdir-26478-7sLucz/HTTP-Engine-0.03005-0/inc/Test/Builder.pm line 917.
t/010_core/request.t ........................................ ok
Possible precedence issue with control flow operator at /tmp/loop_over_bdir-26478-7sLucz/HTTP-Engine-0.03005-0/inc/Test/Builder.pm line 917.
t/010_core/request_builder-noenv.t .......................... ok
Possible precedence issue with control flow operator at /tmp/loop_over_bdir-26478-7sLucz/HTTP-Engine-0.03005-0/inc/Test/Builder.pm line 917.
t/010_core/request_processor-catch_error.t .................. ok
Possible precedence issue with control flow operator at /tmp/loop_over_bdir-26478-7sLucz/HTTP-Engine-0.03005-0/inc/Test/Builder.pm line 917.
t/010_core/request_processor-make_request.t ................. ok
Possible precedence issue with control flow operator at /tmp/loop_over_bdir-26478-7sLucz/HTTP-Engine-0.03005-0/inc/Test/Builder.pm line 917.
t/010_core/request_processor-response_error.t ............... ok
Possible precedence issue with control flow operator at /tmp/loop_over_bdir-26478-7sLucz/HTTP-Engine-0.03005-0/inc/Test/Builder.pm line 917.
t/010_core/request_upload-basename.t ........................ ok
Possible precedence issue with control flow operator at /tmp/loop_over_bdir-26478-7sLucz/HTTP-Engine-0.03005-0/inc/Test/Builder.pm line 917.
t/010_core/response-code.t .................................. ok
Possible precedence issue with control flow operator at /tmp/loop_over_bdir-26478-7sLucz/HTTP-Engine-0.03005-0/inc/Test/Builder.pm line 917.
t/010_core/response-coerce_headers.t ........................ ok
Possible precedence issue with control flow operator at /tmp/loop_over_bdir-26478-7sLucz/HTTP-Engine-0.03005-0/inc/Test/Builder.pm line 917.
t/010_core/response-content_length.t ........................ ok
Possible precedence issue with control flow operator at /tmp/loop_over_bdir-26478-7sLucz/HTTP-Engine-0.03005-0/inc/Test/Builder.pm line 917.
t/010_core/response-cookie.t ................................ ok
Possible precedence issue with control flow operator at /tmp/loop_over_bdir-26478-7sLucz/HTTP-Engine-0.03005-0/inc/Test/Builder.pm line 917.
t/010_core/response-new.t ................................... ok
Possible precedence issue with control flow operator at /tmp/loop_over_bdir-26478-7sLucz/HTTP-Engine-0.03005-0/inc/Test/Builder.pm line 917.
t/010_core/response-set_http_response.t ..................... ok
Possible precedence issue with control flow operator at /tmp/loop_over_bdir-26478-7sLucz/HTTP-Engine-0.03005-0/inc/Test/Builder.pm line 917.
Redundant argument in sprintf at /tmp/loop_over_bdir-26478-7sLucz/HTTP-Engine-0.03005-0/inc/Spiffy.pm line 225.
Redundant argument in sprintf at /tmp/loop_over_bdir-26478-7sLucz/HTTP-Engine-0.03005-0/inc/Spiffy.pm line 225.
Redundant argument in sprintf at /tmp/loop_over_bdir-26478-7sLucz/HTTP-Engine-0.03005-0/inc/Spiffy.pm line 225.
Redundant argument in sprintf at /tmp/loop_over_bdir-26478-7sLucz/HTTP-Engine-0.03005-0/inc/Spiffy.pm line 225.
t/010_core/response-status.t ................................ ok
Possible precedence issue with control flow operator at /tmp/loop_over_bdir-26478-7sLucz/HTTP-Engine-0.03005-0/inc/Test/Builder.pm line 917.
t/010_core/response.t ....................................... ok
Possible precedence issue with control flow operator at /tmp/loop_over_bdir-26478-7sLucz/HTTP-Engine-0.03005-0/inc/Test/Builder.pm line 917.
Redundant argument in sprintf at /tmp/loop_over_bdir-26478-7sLucz/HTTP-Engine-0.03005-0/inc/Spiffy.pm line 225.
Redundant argument in sprintf at /tmp/loop_over_bdir-26478-7sLucz/HTTP-Engine-0.03005-0/inc/Spiffy.pm line 225.
Redundant argument in sprintf at /tmp/loop_over_bdir-26478-7sLucz/HTTP-Engine-0.03005-0/inc/Spiffy.pm line 225.
Redundant argument in sprintf at /tmp/loop_over_bdir-26478-7sLucz/HTTP-Engine-0.03005-0/inc/Spiffy.pm line 225.
t/010_core/response_finalizer.t ............................. ok
Possible precedence issue with control flow operator at /tmp/loop_over_bdir-26478-7sLucz/HTTP-Engine-0.03005-0/inc/Test/Builder.pm line 917.
t/010_core/response_writer.t ................................ ok
Possible precedence issue with control flow operator at /tmp/loop_over_bdir-26478-7sLucz/HTTP-Engine-0.03005-0/inc/Test/Builder.pm line 917.
t/010_core/responsewriter-broken_io.t ....................... ok
Possible precedence issue with control flow operator at /tmp/loop_over_bdir-26478-7sLucz/HTTP-Engine-0.03005-0/inc/Test/Builder.pm line 917.
Redundant argument in sprintf at /tmp/loop_over_bdir-26478-7sLucz/HTTP-Engine-0.03005-0/inc/Spiffy.pm line 225.
Redundant argument in sprintf at /tmp/loop_over_bdir-26478-7sLucz/HTTP-Engine-0.03005-0/inc/Spiffy.pm line 225.
Redundant argument in sprintf at /tmp/loop_over_bdir-26478-7sLucz/HTTP-Engine-0.03005-0/inc/Spiffy.pm line 225.
Redundant argument in sprintf at /tmp/loop_over_bdir-26478-7sLucz/HTTP-Engine-0.03005-0/inc/Spiffy.pm line 225.
t/010_core/responsewriter-with_io.t ......................... ok
Possible precedence issue with control flow operator at /tmp/loop_over_bdir-26478-7sLucz/HTTP-Engine-0.03005-0/inc/Test/Builder.pm line 917.
Redundant argument in sprintf at /tmp/loop_over_bdir-26478-7sLucz/HTTP-Engine-0.03005-0/inc/Spiffy.pm line 225.
Redundant argument in sprintf at /tmp/loop_over_bdir-26478-7sLucz/HTTP-Engine-0.03005-0/inc/Spiffy.pm line 225.
Redundant argument in sprintf at /tmp/loop_over_bdir-26478-7sLucz/HTTP-Engine-0.03005-0/inc/Spiffy.pm line 225.
Redundant argument in sprintf at /tmp/loop_over_bdir-26478-7sLucz/HTTP-Engine-0.03005-0/inc/Spiffy.pm line 225.
t/020_interface/cgi.t ....................................... ok
Possible precedence issue with control flow operator at /tmp/loop_over_bdir-26478-7sLucz/HTTP-Engine-0.03005-0/inc/Test/Builder.pm line 917.
t/020_interface/lighty-fcgi.t ............................... skipped: set TEST_LIGHTTPD to enable this test
Possible precedence issue with control flow operator at /tmp/loop_over_bdir-26478-7sLucz/HTTP-Engine-0.03005-0/inc/Test/Builder.pm line 917.
t/020_interface/modperl_wildcard_hostname.t ................. skipped: this test requires mod_perl 2
Possible precedence issue with control flow operator at /tmp/loop_over_bdir-26478-7sLucz/HTTP-Engine-0.03005-0/inc/Test/Builder.pm line 917.
=== 28346 === !!! Kernel has 1 child process(es).
=== 28346 === !!! Stopped child process (PID 28347) reaped when POE::Kernel->run() is ready to return.
=== 28346 === !!! Stopped child process (PID 28348) reaped when POE::Kernel->run() is ready to return.
=== 28346 === !!! Stopped child process (PID 28349) reaped when POE::Kernel->run() is ready to return.
=== 28346 === !!! Stopped child process (PID 28350) reaped when POE::Kernel->run() is ready to return.
=== 28346 === !!! Stopped child process (PID 28351) reaped when POE::Kernel->run() is ready to return.
=== 28346 === !!! Stopped child process (PID 28352) reaped when POE::Kernel->run() is ready to return.
=== 28346 === !!! Stopped child process (PID 28353) reaped when POE::Kernel->run() is ready to return.
=== 28346 === !!! At least one child process is still running when POE::Kernel->run() is ready to return.
=== 28346 === !!! Be sure to use sig_child() to reap child processes.
=== 28346 === !!! In extreme cases, failure to reap child processes has
=== 28346 === !!! resulted in a slow 'fork bomb' that has halted systems.
t/020_interface/poe-proxy.t ................................. ok
Possible precedence issue with control flow operator at /tmp/loop_over_bdir-26478-7sLucz/HTTP-Engine-0.03005-0/inc/Test/Builder.pm line 917.
=== 28355 === !!! Kernel has 1 child process(es).
=== 28355 === !!! Stopped child process (PID 28356) reaped when POE::Kernel->run() is ready to return.
=== 28355 === !!! Stopped child process (PID 28357) reaped when POE::Kernel->run() is ready to return.
=== 28355 === !!! Stopped child process (PID 28358) reaped when POE::Kernel->run() is ready to return.
=== 28355 === !!! Stopped child process (PID 28359) reaped when POE::Kernel->run() is ready to return.
=== 28355 === !!! Stopped child process (PID 28360) reaped when POE::Kernel->run() is ready to return.
=== 28355 === !!! Stopped child process (PID 28361) reaped when POE::Kernel->run() is ready to return.
=== 28355 === !!! Stopped child process (PID 28362) reaped when POE::Kernel->run() is ready to return.
=== 28355 === !!! At least one child process is still running when POE::Kernel->run() is ready to return.
=== 28355 === !!! Be sure to use sig_child() to reap child processes.
=== 28355 === !!! In extreme cases, failure to reap child processes has
=== 28355 === !!! resulted in a slow 'fork bomb' that has halted systems.
t/020_interface/poe-uri.t ................................... ok
Possible precedence issue with control flow operator at /tmp/loop_over_bdir-26478-7sLucz/HTTP-Engine-0.03005-0/inc/Test/Builder.pm line 917.
=== 28364 === !!! Kernel has 1 child process(es).
=== 28364 === !!! Stopped child process (PID 28365) reaped when POE::Kernel->run() is ready to return.
=== 28364 === !!! Stopped child process (PID 28366) reaped when POE::Kernel->run() is ready to return.
=== 28364 === !!! Stopped child process (PID 28367) reaped when POE::Kernel->run() is ready to return.
=== 28364 === !!! Stopped child process (PID 28368) reaped when POE::Kernel->run() is ready to return.
=== 28364 === !!! Stopped child process (PID 28369) reaped when POE::Kernel->run() is ready to return.
=== 28364 === !!! Stopped child process (PID 28370) reaped when POE::Kernel->run() is ready to return.
=== 28364 === !!! Stopped child process (PID 28371) reaped when POE::Kernel->run() is ready to return.
=== 28364 === !!! At least one child process is still running when POE::Kernel->run() is ready to return.
=== 28364 === !!! Be sure to use sig_child() to reap child processes.
=== 28364 === !!! In extreme cases, failure to reap child processes has
=== 28364 === !!! resulted in a slow 'fork bomb' that has halted systems.
t/020_interface/poe.t ....................................... ok
Possible precedence issue with control flow operator at /tmp/loop_over_bdir-26478-7sLucz/HTTP-Engine-0.03005-0/inc/Test/Builder.pm line 917.
t/020_interface/psgi-with_plack.t ........................... ok
Possible precedence issue with control flow operator at /tmp/loop_over_bdir-26478-7sLucz/HTTP-Engine-0.03005-0/inc/Test/Builder.pm line 917.
t/020_interface/psgi.t ...................................... ok
Possible precedence issue with control flow operator at /tmp/loop_over_bdir-26478-7sLucz/HTTP-Engine-0.03005-0/inc/Test/Builder.pm line 917.
t/020_interface/server_simple-net_server_configure.t ........ ok
Possible precedence issue with control flow operator at /tmp/loop_over_bdir-26478-7sLucz/HTTP-Engine-0.03005-0/inc/Test/Builder.pm line 917.
t/020_interface/server_simple-not-send-header-bug.t ......... ok
Possible precedence issue with control flow operator at /tmp/loop_over_bdir-26478-7sLucz/HTTP-Engine-0.03005-0/inc/Test/Builder.pm line 917.
t/020_interface/server_simple-print_banner.t ................ ok
Possible precedence issue with control flow operator at /tmp/loop_over_bdir-26478-7sLucz/HTTP-Engine-0.03005-0/inc/Test/Builder.pm line 917.
t/020_interface/server_simple.t ............................. ok
Possible precedence issue with control flow operator at /tmp/loop_over_bdir-26478-7sLucz/HTTP-Engine-0.03005-0/inc/Test/Builder.pm line 917.
t/020_interface/standalone-keep_alive.t ..................... skipped: Interface::Standalone will be removed
Possible precedence issue with control flow operator at /tmp/loop_over_bdir-26478-7sLucz/HTTP-Engine-0.03005-0/inc/Test/Builder.pm line 917.
t/020_interface/standalone-restart.t ........................ skipped: Interface::Standalone will be removed
Possible precedence issue with control flow operator at /tmp/loop_over_bdir-26478-7sLucz/HTTP-Engine-0.03005-0/inc/Test/Builder.pm line 917.
t/020_interface/streaming_response.t ........................ ok
Possible precedence issue with control flow operator at /tmp/loop_over_bdir-26478-7sLucz/HTTP-Engine-0.03005-0/inc/Test/Builder.pm line 917.
t/020_interface/test-validation.t ........................... ok
Possible precedence issue with control flow operator at /tmp/loop_over_bdir-26478-7sLucz/HTTP-Engine-0.03005-0/inc/Test/Builder.pm line 917.
t/020_interface/test-warn_at_utf8.t ......................... ok
Possible precedence issue with control flow operator at /tmp/loop_over_bdir-26478-7sLucz/HTTP-Engine-0.03005-0/inc/Test/Builder.pm line 917.
Redundant argument in sprintf at /tmp/loop_over_bdir-26478-7sLucz/HTTP-Engine-0.03005-0/inc/Spiffy.pm line 225.
Redundant argument in sprintf at /tmp/loop_over_bdir-26478-7sLucz/HTTP-Engine-0.03005-0/inc/Spiffy.pm line 225.
Redundant argument in sprintf at /tmp/loop_over_bdir-26478-7sLucz/HTTP-Engine-0.03005-0/inc/Spiffy.pm line 225.
Redundant argument in sprintf at /tmp/loop_over_bdir-26478-7sLucz/HTTP-Engine-0.03005-0/inc/Spiffy.pm line 225.
t/020_interface/test.t ...................................... ok
Possible precedence issue with control flow operator at /tmp/loop_over_bdir-26478-7sLucz/HTTP-Engine-0.03005-0/inc/Test/Builder.pm line 917.
t/020_interface/test_response-with_io.t ..................... ok
Possible precedence issue with control flow operator at /tmp/loop_over_bdir-26478-7sLucz/HTTP-Engine-0.03005-0/inc/Test/Builder.pm line 917.
Redundant argument in sprintf at /tmp/loop_over_bdir-26478-7sLucz/HTTP-Engine-0.03005-0/inc/Spiffy.pm line 225.
Redundant argument in sprintf at /tmp/loop_over_bdir-26478-7sLucz/HTTP-Engine-0.03005-0/inc/Spiffy.pm line 225.
Redundant argument in sprintf at /tmp/loop_over_bdir-26478-7sLucz/HTTP-Engine-0.03005-0/inc/Spiffy.pm line 225.
Redundant argument in sprintf at /tmp/loop_over_bdir-26478-7sLucz/HTTP-Engine-0.03005-0/inc/Spiffy.pm line 225.
t/020_interface/test_upload.t ............................... ok
Possible precedence issue with control flow operator at /tmp/loop_over_bdir-26478-7sLucz/HTTP-Engine-0.03005-0/inc/Test/Builder.pm line 917.
t/030_daemonize/connection_info.t ........................... ok
Possible precedence issue with control flow operator at /tmp/loop_over_bdir-26478-7sLucz/HTTP-Engine-0.03005-0/inc/Test/Builder.pm line 917.
t/030_daemonize/headers.t ................................... ok
Possible precedence issue with control flow operator at /tmp/loop_over_bdir-26478-7sLucz/HTTP-Engine-0.03005-0/inc/Test/Builder.pm line 917.

#   Failed test at /tmp/loop_over_bdir-26478-7sLucz/HTTP-Engine-0.03005-0/inc/Test/More.pm line 376.
#          got: '/foo|'
#     expected: '/|http://example.com/foo?http=1'

#   Failed test at /tmp/loop_over_bdir-26478-7sLucz/HTTP-Engine-0.03005-0/inc/Test/More.pm line 376.
#          got: '/foo|'
#     expected: '/|http://example.com:8080/foo?http=1'

#   Failed test at /tmp/loop_over_bdir-26478-7sLucz/HTTP-Engine-0.03005-0/inc/Test/More.pm line 376.
#          got: '/foo|'
#     expected: '/|http://example.com/foo?http=1'

#   Failed test at /tmp/loop_over_bdir-26478-7sLucz/HTTP-Engine-0.03005-0/inc/Test/More.pm line 376.
#          got: '/foo|'
#     expected: '/|http://example.com:8080/foo?http=1'
# Looks like you failed 4 tests of 16.
t/030_daemonize/proxy_path.t ................................ 
Dubious, test returned 4 (wstat 1024, 0x400)
Failed 4/16 subtests 
Possible precedence issue with control flow operator at /tmp/loop_over_bdir-26478-7sLucz/HTTP-Engine-0.03005-0/inc/Test/Builder.pm line 917.
t/030_daemonize/raw_body.t .................................. ok
Possible precedence issue with control flow operator at /tmp/loop_over_bdir-26478-7sLucz/HTTP-Engine-0.03005-0/inc/Test/Builder.pm line 917.
t/030_daemonize/request_independence.t ...................... ok
Possible precedence issue with control flow operator at /tmp/loop_over_bdir-26478-7sLucz/HTTP-Engine-0.03005-0/inc/Test/Builder.pm line 917.
t/030_daemonize/responsewriter_io.t ......................... ok
Possible precedence issue with control flow operator at /tmp/loop_over_bdir-26478-7sLucz/HTTP-Engine-0.03005-0/inc/Test/Builder.pm line 917.
t/030_daemonize/upload-methods.t ............................ ok
Possible precedence issue with control flow operator at /tmp/loop_over_bdir-26478-7sLucz/HTTP-Engine-0.03005-0/inc/Test/Builder.pm line 917.
t/030_daemonize/upload.t .................................... ok
Possible precedence issue with control flow operator at /tmp/loop_over_bdir-26478-7sLucz/HTTP-Engine-0.03005-0/inc/Test/Builder.pm line 917.
t/030_daemonize/uri.t ....................................... ok
Possible precedence issue with control flow operator at /tmp/loop_over_bdir-26478-7sLucz/HTTP-Engine-0.03005-0/inc/Test/Builder.pm line 917.
t/030_daemonize/utf8flagged-uri.t ........................... ok
Possible precedence issue with control flow operator at /tmp/loop_over_bdir-26478-7sLucz/HTTP-Engine-0.03005-0/inc/Test/Builder.pm line 917.
Redundant argument in sprintf at /tmp/loop_over_bdir-26478-7sLucz/HTTP-Engine-0.03005-0/inc/Spiffy.pm line 225.
Redundant argument in sprintf at /tmp/loop_over_bdir-26478-7sLucz/HTTP-Engine-0.03005-0/inc/Spiffy.pm line 225.
Redundant argument in sprintf at /tmp/loop_over_bdir-26478-7sLucz/HTTP-Engine-0.03005-0/inc/Spiffy.pm line 225.
Redundant argument in sprintf at /tmp/loop_over_bdir-26478-7sLucz/HTTP-Engine-0.03005-0/inc/Spiffy.pm line 225.
t/040_minimal/001_simple.t .................................. ok
Possible precedence issue with control flow operator at /tmp/loop_over_bdir-26478-7sLucz/HTTP-Engine-0.03005-0/inc/Test/Builder.pm line 917.
t/050_tests/request.t ....................................... ok
Possible precedence issue with control flow operator at /tmp/loop_over_bdir-26478-7sLucz/HTTP-Engine-0.03005-0/inc/Test/Builder.pm line 917.
# Soft dependency versions:
#  Any::Moose 0.26
#  Mouse v2.4.5
#  MooseX::Types 0.46
t/moose/00_compile.t ........................................ ok
Possible precedence issue with control flow operator at /tmp/loop_over_bdir-26478-7sLucz/HTTP-Engine-0.03005-0/inc/Test/Builder.pm line 917.
t/moose/010_core/builder_options-upload_tmp.t ............... ok
Possible precedence issue with control flow operator at /tmp/loop_over_bdir-26478-7sLucz/HTTP-Engine-0.03005-0/inc/Test/Builder.pm line 917.
t/moose/010_core/interface-require.t ........................ ok
Possible precedence issue with control flow operator at /tmp/loop_over_bdir-26478-7sLucz/HTTP-Engine-0.03005-0/inc/Test/Builder.pm line 917.
t/moose/010_core/interface.t ................................ ok
Possible precedence issue with control flow operator at /tmp/loop_over_bdir-26478-7sLucz/HTTP-Engine-0.03005-0/inc/Test/Builder.pm line 917.
t/moose/010_core/load_requestbuilder_cgi.t .................. ok
Possible precedence issue with control flow operator at /tmp/loop_over_bdir-26478-7sLucz/HTTP-Engine-0.03005-0/inc/Test/Builder.pm line 917.
Redundant argument in sprintf at /tmp/loop_over_bdir-26478-7sLucz/HTTP-Engine-0.03005-0/inc/Spiffy.pm line 225.
Redundant argument in sprintf at /tmp/loop_over_bdir-26478-7sLucz/HTTP-Engine-0.03005-0/inc/Spiffy.pm line 225.
Redundant argument in sprintf at /tmp/loop_over_bdir-26478-7sLucz/HTTP-Engine-0.03005-0/inc/Spiffy.pm line 225.
Redundant argument in sprintf at /tmp/loop_over_bdir-26478-7sLucz/HTTP-Engine-0.03005-0/inc/Spiffy.pm line 225.
t/moose/010_core/request-absolute_uri.t ..................... ok
Possible precedence issue with control flow operator at /tmp/loop_over_bdir-26478-7sLucz/HTTP-Engine-0.03005-0/inc/Test/Builder.pm line 917.
t/moose/010_core/request-as_http_request.t .................. ok
Possible precedence issue with control flow operator at /tmp/loop_over_bdir-26478-7sLucz/HTTP-Engine-0.03005-0/inc/Test/Builder.pm line 917.
t/moose/010_core/request-as_string.t ........................ ok
Possible precedence issue with control flow operator at /tmp/loop_over_bdir-26478-7sLucz/HTTP-Engine-0.03005-0/inc/Test/Builder.pm line 917.
Class::MOP::load_class is deprecated at /home/sand/src/perl/repoperls/installed-perls/host/k93x64sid/v5.22.1/721c/lib/site_perl/5.22.1/x86_64-linux-thread-multi-ld/Class/MOP.pm line 69.
	Class::MOP::load_class("HTTP::Engine::Interface::Test") called at /tmp/loop_over_bdir-26478-7sLucz/HTTP-Engine-0.03005-0/blib/lib/HTTP/Engine/Types/Core.pm line 26
	HTTP::Engine::Types::Core::__ANON__(HASH(0x18fa0b0)) called at /home/sand/src/perl/repoperls/installed-perls/host/k93x64sid/v5.22.1/721c/lib/site_perl/5.22.1/x86_64-linux-thread-multi-ld/Moose/Meta/TypeCoercion.pm line 65
	Moose::Meta::TypeCoercion::__ANON__(HASH(0x18fa0b0)) called at constructor HTTP::Engine::new (defined at /tmp/loop_over_bdir-26478-7sLucz/HTTP-Engine-0.03005-0/blib/lib/HTTP/Engine.pm line 17) line 32
	HTTP::Engine::new("HTTP::Engine", "interface", HASH(0x18fa0b0)) called at t/Utils.pm line 141
	t::Utils::run_engine(CODE(0x3778980), HTTP::Request=HASH(0x18fa0f8)) called at t/moose/010_core/request-body.t line 27
t/moose/010_core/request-body.t ............................. ok
Possible precedence issue with control flow operator at /tmp/loop_over_bdir-26478-7sLucz/HTTP-Engine-0.03005-0/inc/Test/Builder.pm line 917.
t/moose/010_core/request-content.t .......................... ok
Possible precedence issue with control flow operator at /tmp/loop_over_bdir-26478-7sLucz/HTTP-Engine-0.03005-0/inc/Test/Builder.pm line 917.
Class::MOP::load_class is deprecated at /home/sand/src/perl/repoperls/installed-perls/host/k93x64sid/v5.22.1/721c/lib/site_perl/5.22.1/x86_64-linux-thread-multi-ld/Class/MOP.pm line 69.
	Class::MOP::load_class("HTTP::Engine::Interface::Test") called at /tmp/loop_over_bdir-26478-7sLucz/HTTP-Engine-0.03005-0/blib/lib/HTTP/Engine/Types/Core.pm line 26
	HTTP::Engine::Types::Core::__ANON__(HASH(0x420b1d8)) called at /home/sand/src/perl/repoperls/installed-perls/host/k93x64sid/v5.22.1/721c/lib/site_perl/5.22.1/x86_64-linux-thread-multi-ld/Moose/Meta/TypeCoercion.pm line 65
	Moose::Meta::TypeCoercion::__ANON__(HASH(0x420b1d8)) called at constructor HTTP::Engine::new (defined at /tmp/loop_over_bdir-26478-7sLucz/HTTP-Engine-0.03005-0/blib/lib/HTTP/Engine.pm line 17) line 32
	HTTP::Engine::new("HTTP::Engine", "interface", HASH(0x420b1d8)) called at t/Utils.pm line 141
	t::Utils::run_engine(CODE(0x42022b0), HTTP::Request=HASH(0x23890e0)) called at t/moose/010_core/request-cookie.t line 32
t/moose/010_core/request-cookie.t ........................... ok
Possible precedence issue with control flow operator at /tmp/loop_over_bdir-26478-7sLucz/HTTP-Engine-0.03005-0/inc/Test/Builder.pm line 917.
t/moose/010_core/request-hostname.t ......................... ok
Possible precedence issue with control flow operator at /tmp/loop_over_bdir-26478-7sLucz/HTTP-Engine-0.03005-0/inc/Test/Builder.pm line 917.
Class::MOP::load_class is deprecated at /home/sand/src/perl/repoperls/installed-perls/host/k93x64sid/v5.22.1/721c/lib/site_perl/5.22.1/x86_64-linux-thread-multi-ld/Class/MOP.pm line 69.
	Class::MOP::load_class("HTTP::Engine::Interface::Test") called at /tmp/loop_over_bdir-26478-7sLucz/HTTP-Engine-0.03005-0/blib/lib/HTTP/Engine/Types/Core.pm line 26
	HTTP::Engine::Types::Core::__ANON__(HASH(0x1e7b158)) called at /home/sand/src/perl/repoperls/installed-perls/host/k93x64sid/v5.22.1/721c/lib/site_perl/5.22.1/x86_64-linux-thread-multi-ld/Moose/Meta/TypeCoercion.pm line 65
	Moose::Meta::TypeCoercion::__ANON__(HASH(0x1e7b158)) called at constructor HTTP::Engine::new (defined at /tmp/loop_over_bdir-26478-7sLucz/HTTP-Engine-0.03005-0/blib/lib/HTTP/Engine.pm line 17) line 32
	HTTP::Engine::new("HTTP::Engine", "interface", HASH(0x1e7b158)) called at t/Utils.pm line 141
	t::Utils::run_engine(CODE(0x3d04af0), HTTP::Request=HASH(0x1e7b1d0)) called at t/moose/010_core/request-many_upload.t line 91
t/moose/010_core/request-many_upload.t ...................... ok
Possible precedence issue with control flow operator at /tmp/loop_over_bdir-26478-7sLucz/HTTP-Engine-0.03005-0/inc/Test/Builder.pm line 917.
t/moose/010_core/request-parameters.t ....................... ok
Possible precedence issue with control flow operator at /tmp/loop_over_bdir-26478-7sLucz/HTTP-Engine-0.03005-0/inc/Test/Builder.pm line 917.
Redundant argument in sprintf at /tmp/loop_over_bdir-26478-7sLucz/HTTP-Engine-0.03005-0/inc/Spiffy.pm line 225.
Redundant argument in sprintf at /tmp/loop_over_bdir-26478-7sLucz/HTTP-Engine-0.03005-0/inc/Spiffy.pm line 225.
Redundant argument in sprintf at /tmp/loop_over_bdir-26478-7sLucz/HTTP-Engine-0.03005-0/inc/Spiffy.pm line 225.
Redundant argument in sprintf at /tmp/loop_over_bdir-26478-7sLucz/HTTP-Engine-0.03005-0/inc/Spiffy.pm line 225.
t/moose/010_core/request-params.t ........................... ok
Possible precedence issue with control flow operator at /tmp/loop_over_bdir-26478-7sLucz/HTTP-Engine-0.03005-0/inc/Test/Builder.pm line 917.
t/moose/010_core/request-parse.t ............................ ok
Possible precedence issue with control flow operator at /tmp/loop_over_bdir-26478-7sLucz/HTTP-Engine-0.03005-0/inc/Test/Builder.pm line 917.
Redundant argument in sprintf at /tmp/loop_over_bdir-26478-7sLucz/HTTP-Engine-0.03005-0/inc/Spiffy.pm line 225.
Redundant argument in sprintf at /tmp/loop_over_bdir-26478-7sLucz/HTTP-Engine-0.03005-0/inc/Spiffy.pm line 225.
Redundant argument in sprintf at /tmp/loop_over_bdir-26478-7sLucz/HTTP-Engine-0.03005-0/inc/Spiffy.pm line 225.
Redundant argument in sprintf at /tmp/loop_over_bdir-26478-7sLucz/HTTP-Engine-0.03005-0/inc/Spiffy.pm line 225.
t/moose/010_core/request-proxy_request.t .................... ok
Possible precedence issue with control flow operator at /tmp/loop_over_bdir-26478-7sLucz/HTTP-Engine-0.03005-0/inc/Test/Builder.pm line 917.
t/moose/010_core/request-raw_body.t ......................... ok
Possible precedence issue with control flow operator at /tmp/loop_over_bdir-26478-7sLucz/HTTP-Engine-0.03005-0/inc/Test/Builder.pm line 917.
t/moose/010_core/request-readbody.t ......................... ok
Possible precedence issue with control flow operator at /tmp/loop_over_bdir-26478-7sLucz/HTTP-Engine-0.03005-0/inc/Test/Builder.pm line 917.
Redundant argument in sprintf at /tmp/loop_over_bdir-26478-7sLucz/HTTP-Engine-0.03005-0/inc/Spiffy.pm line 225.
Redundant argument in sprintf at /tmp/loop_over_bdir-26478-7sLucz/HTTP-Engine-0.03005-0/inc/Spiffy.pm line 225.
Redundant argument in sprintf at /tmp/loop_over_bdir-26478-7sLucz/HTTP-Engine-0.03005-0/inc/Spiffy.pm line 225.
Redundant argument in sprintf at /tmp/loop_over_bdir-26478-7sLucz/HTTP-Engine-0.03005-0/inc/Spiffy.pm line 225.
t/moose/010_core/request-secure.t ........................... ok
Possible precedence issue with control flow operator at /tmp/loop_over_bdir-26478-7sLucz/HTTP-Engine-0.03005-0/inc/Test/Builder.pm line 917.
t/moose/010_core/request-upload.t ........................... ok
Possible precedence issue with control flow operator at /tmp/loop_over_bdir-26478-7sLucz/HTTP-Engine-0.03005-0/inc/Test/Builder.pm line 917.
Redundant argument in sprintf at /tmp/loop_over_bdir-26478-7sLucz/HTTP-Engine-0.03005-0/inc/Spiffy.pm line 225.
Redundant argument in sprintf at /tmp/loop_over_bdir-26478-7sLucz/HTTP-Engine-0.03005-0/inc/Spiffy.pm line 225.
Redundant argument in sprintf at /tmp/loop_over_bdir-26478-7sLucz/HTTP-Engine-0.03005-0/inc/Spiffy.pm line 225.
Redundant argument in sprintf at /tmp/loop_over_bdir-26478-7sLucz/HTTP-Engine-0.03005-0/inc/Spiffy.pm line 225.
t/moose/010_core/request-uri.t .............................. ok
Possible precedence issue with control flow operator at /tmp/loop_over_bdir-26478-7sLucz/HTTP-Engine-0.03005-0/inc/Test/Builder.pm line 917.
t/moose/010_core/request.t .................................. ok
Possible precedence issue with control flow operator at /tmp/loop_over_bdir-26478-7sLucz/HTTP-Engine-0.03005-0/inc/Test/Builder.pm line 917.
t/moose/010_core/request_builder-noenv.t .................... ok
Possible precedence issue with control flow operator at /tmp/loop_over_bdir-26478-7sLucz/HTTP-Engine-0.03005-0/inc/Test/Builder.pm line 917.

#   Failed test at /tmp/loop_over_bdir-26478-7sLucz/HTTP-Engine-0.03005-0/inc/Test/More.pm line 420.
#                   'Class::MOP::load_class is deprecated at /home/sand/src/perl/repoperls/installed-perls/host/k93x64sid/v5.22.1/721c/lib/site_perl/5.22.1/x86_64-linux-thread-multi-ld/Class/MOP.pm line 69.
# 	Class::MOP::load_class("HTTP::Engine::Interface::Test") called at /tmp/loop_over_bdir-26478-7sLucz/HTTP-Engine-0.03005-0/blib/lib/HTTP/Engine/Types/Core.pm line 26
# 	HTTP::Engine::Types::Core::__ANON__(HASH(0x2e80af8)) called at /home/sand/src/perl/repoperls/installed-perls/host/k93x64sid/v5.22.1/721c/lib/site_perl/5.22.1/x86_64-linux-thread-multi-ld/Moose/Meta/TypeCoercion.pm line 65
# 	Moose::Meta::TypeCoercion::__ANON__(HASH(0x2e80af8)) called at constructor HTTP::Engine::new (defined at /tmp/loop_over_bdir-26478-7sLucz/HTTP-Engine-0.03005-0/blib/lib/HTTP/Engine.pm line 17) line 32
# 	HTTP::Engine::new("HTTP::Engine", "interface", HASH(0x2e80af8)) called at t/Utils.pm line 141
# 	t::Utils::run_engine(CODE(0x11a7c10), HTTP::Request=HASH(0x2a52bb8)) called at t/moose/010_core/request_processor-catch_error.t line 15
# 	eval {...} called at t/moose/010_core/request_processor-catch_error.t line 12
# orz at t/moose/010_core/request_processor-catch_error.t line 14.
# '
#     doesn't match '(?^:^orz)'
# Looks like you failed 1 test of 3.
t/moose/010_core/request_processor-catch_error.t ............ 
Dubious, test returned 1 (wstat 256, 0x100)
Failed 1/3 subtests 
Possible precedence issue with control flow operator at /tmp/loop_over_bdir-26478-7sLucz/HTTP-Engine-0.03005-0/inc/Test/Builder.pm line 917.
Class::MOP::load_class is deprecated at /home/sand/src/perl/repoperls/installed-perls/host/k93x64sid/v5.22.1/721c/lib/site_perl/5.22.1/x86_64-linux-thread-multi-ld/Class/MOP.pm line 69.
	Class::MOP::load_class("HTTP::Engine::Interface::Test") called at /tmp/loop_over_bdir-26478-7sLucz/HTTP-Engine-0.03005-0/blib/lib/HTTP/Engine/Types/Core.pm line 26
	HTTP::Engine::Types::Core::__ANON__(HASH(0x458a690)) called at /home/sand/src/perl/repoperls/installed-perls/host/k93x64sid/v5.22.1/721c/lib/site_perl/5.22.1/x86_64-linux-thread-multi-ld/Moose/Meta/TypeCoercion.pm line 65
	Moose::Meta::TypeCoercion::__ANON__(HASH(0x458a690)) called at constructor HTTP::Engine::new (defined at /tmp/loop_over_bdir-26478-7sLucz/HTTP-Engine-0.03005-0/blib/lib/HTTP/Engine.pm line 17) line 32
	HTTP::Engine::new("HTTP::Engine", "interface", HASH(0x458a690)) called at t/Utils.pm line 141
	t::Utils::run_engine(CODE(0x2873000), HTTP::Request=HASH(0x26fc008), "method", "GET", "raw_body", "test") called at t/moose/010_core/request_processor-make_request.t line 15
t/moose/010_core/request_processor-make_request.t ........... ok
Possible precedence issue with control flow operator at /tmp/loop_over_bdir-26478-7sLucz/HTTP-Engine-0.03005-0/inc/Test/Builder.pm line 917.
t/moose/010_core/request_processor-response_error.t ......... ok
Possible precedence issue with control flow operator at /tmp/loop_over_bdir-26478-7sLucz/HTTP-Engine-0.03005-0/inc/Test/Builder.pm line 917.
t/moose/010_core/request_upload-basename.t .................. ok
Possible precedence issue with control flow operator at /tmp/loop_over_bdir-26478-7sLucz/HTTP-Engine-0.03005-0/inc/Test/Builder.pm line 917.
t/moose/010_core/response-code.t ............................ ok
Possible precedence issue with control flow operator at /tmp/loop_over_bdir-26478-7sLucz/HTTP-Engine-0.03005-0/inc/Test/Builder.pm line 917.
t/moose/010_core/response-coerce_headers.t .................. ok
Possible precedence issue with control flow operator at /tmp/loop_over_bdir-26478-7sLucz/HTTP-Engine-0.03005-0/inc/Test/Builder.pm line 917.
t/moose/010_core/response-content_length.t .................. ok
Possible precedence issue with control flow operator at /tmp/loop_over_bdir-26478-7sLucz/HTTP-Engine-0.03005-0/inc/Test/Builder.pm line 917.
Class::MOP::load_class is deprecated at /home/sand/src/perl/repoperls/installed-perls/host/k93x64sid/v5.22.1/721c/lib/site_perl/5.22.1/x86_64-linux-thread-multi-ld/Class/MOP.pm line 69.
	Class::MOP::load_class("HTTP::Engine::Interface::Test") called at /tmp/loop_over_bdir-26478-7sLucz/HTTP-Engine-0.03005-0/blib/lib/HTTP/Engine/Types/Core.pm line 26
	HTTP::Engine::Types::Core::__ANON__(HASH(0x25a40f8)) called at /home/sand/src/perl/repoperls/installed-perls/host/k93x64sid/v5.22.1/721c/lib/site_perl/5.22.1/x86_64-linux-thread-multi-ld/Moose/Meta/TypeCoercion.pm line 65
	Moose::Meta::TypeCoercion::__ANON__(HASH(0x25a40f8)) called at constructor HTTP::Engine::new (defined at /tmp/loop_over_bdir-26478-7sLucz/HTTP-Engine-0.03005-0/blib/lib/HTTP/Engine.pm line 17) line 32
	HTTP::Engine::new("HTTP::Engine", "interface", HASH(0x25a40f8)) called at t/Utils.pm line 141
	t::Utils::run_engine(CODE(0x25b0fb0), HTTP::Request=HASH(0x25a3fd8)) called at t/moose/010_core/response-cookie.t line 45
t/moose/010_core/response-cookie.t .......................... ok
Possible precedence issue with control flow operator at /tmp/loop_over_bdir-26478-7sLucz/HTTP-Engine-0.03005-0/inc/Test/Builder.pm line 917.
t/moose/010_core/response-new.t ............................. ok
Possible precedence issue with control flow operator at /tmp/loop_over_bdir-26478-7sLucz/HTTP-Engine-0.03005-0/inc/Test/Builder.pm line 917.
t/moose/010_core/response-set_http_response.t ............... ok
Possible precedence issue with control flow operator at /tmp/loop_over_bdir-26478-7sLucz/HTTP-Engine-0.03005-0/inc/Test/Builder.pm line 917.
Redundant argument in sprintf at /tmp/loop_over_bdir-26478-7sLucz/HTTP-Engine-0.03005-0/inc/Spiffy.pm line 225.
Redundant argument in sprintf at /tmp/loop_over_bdir-26478-7sLucz/HTTP-Engine-0.03005-0/inc/Spiffy.pm line 225.
Redundant argument in sprintf at /tmp/loop_over_bdir-26478-7sLucz/HTTP-Engine-0.03005-0/inc/Spiffy.pm line 225.
Redundant argument in sprintf at /tmp/loop_over_bdir-26478-7sLucz/HTTP-Engine-0.03005-0/inc/Spiffy.pm line 225.
t/moose/010_core/response-status.t .......................... ok
Possible precedence issue with control flow operator at /tmp/loop_over_bdir-26478-7sLucz/HTTP-Engine-0.03005-0/inc/Test/Builder.pm line 917.
t/moose/010_core/response.t ................................. ok
Possible precedence issue with control flow operator at /tmp/loop_over_bdir-26478-7sLucz/HTTP-Engine-0.03005-0/inc/Test/Builder.pm line 917.
Redundant argument in sprintf at /tmp/loop_over_bdir-26478-7sLucz/HTTP-Engine-0.03005-0/inc/Spiffy.pm line 225.
Redundant argument in sprintf at /tmp/loop_over_bdir-26478-7sLucz/HTTP-Engine-0.03005-0/inc/Spiffy.pm line 225.
Redundant argument in sprintf at /tmp/loop_over_bdir-26478-7sLucz/HTTP-Engine-0.03005-0/inc/Spiffy.pm line 225.
Redundant argument in sprintf at /tmp/loop_over_bdir-26478-7sLucz/HTTP-Engine-0.03005-0/inc/Spiffy.pm line 225.
t/moose/010_core/response_finalizer.t ....................... ok
Possible precedence issue with control flow operator at /tmp/loop_over_bdir-26478-7sLucz/HTTP-Engine-0.03005-0/inc/Test/Builder.pm line 917.
Class::MOP::load_class is deprecated at /home/sand/src/perl/repoperls/installed-perls/host/k93x64sid/v5.22.1/721c/lib/site_perl/5.22.1/x86_64-linux-thread-multi-ld/Class/MOP.pm line 69.
	Class::MOP::load_class("HTTP::Engine::RequestBuilder::CGI") called at /tmp/loop_over_bdir-26478-7sLucz/HTTP-Engine-0.03005-0/blib/lib/HTTP/Engine/Interface.pm line 65
	HTTP::Engine::Interface::_setup_builder("HTTP::Engine::Interface::CGI", "CGI") called at /tmp/loop_over_bdir-26478-7sLucz/HTTP-Engine-0.03005-0/blib/lib/HTTP/Engine/Interface.pm line 51
	HTTP::Engine::Interface::__INTERFACE__("HTTP::Engine::Interface::CGI") called at /tmp/loop_over_bdir-26478-7sLucz/HTTP-Engine-0.03005-0/blib/lib/HTTP/Engine/Interface.pm line 31
	HTTP::Engine::Interface::__ANON__() called at /tmp/loop_over_bdir-26478-7sLucz/HTTP-Engine-0.03005-0/blib/lib/HTTP/Engine/Interface/CGI.pm line 18
	require HTTP/Engine/Interface/CGI.pm called at t/moose/010_core/response_writer.t line 9
	main::BEGIN() called at /tmp/loop_over_bdir-26478-7sLucz/HTTP-Engine-0.03005-0/blib/lib/HTTP/Engine/Interface/CGI.pm line 0
	eval {...} called at /tmp/loop_over_bdir-26478-7sLucz/HTTP-Engine-0.03005-0/blib/lib/HTTP/Engine/Interface/CGI.pm line 0
t/moose/010_core/response_writer.t .......................... ok
Possible precedence issue with control flow operator at /tmp/loop_over_bdir-26478-7sLucz/HTTP-Engine-0.03005-0/inc/Test/Builder.pm line 917.
t/moose/010_core/responsewriter-broken_io.t ................. ok
Possible precedence issue with control flow operator at /tmp/loop_over_bdir-26478-7sLucz/HTTP-Engine-0.03005-0/inc/Test/Builder.pm line 917.
Redundant argument in sprintf at /tmp/loop_over_bdir-26478-7sLucz/HTTP-Engine-0.03005-0/inc/Spiffy.pm line 225.
Redundant argument in sprintf at /tmp/loop_over_bdir-26478-7sLucz/HTTP-Engine-0.03005-0/inc/Spiffy.pm line 225.
Redundant argument in sprintf at /tmp/loop_over_bdir-26478-7sLucz/HTTP-Engine-0.03005-0/inc/Spiffy.pm line 225.
Redundant argument in sprintf at /tmp/loop_over_bdir-26478-7sLucz/HTTP-Engine-0.03005-0/inc/Spiffy.pm line 225.
t/moose/010_core/responsewriter-with_io.t ................... ok
Class::MOP::load_class is deprecated at /home/sand/src/perl/repoperls/installed-perls/host/k93x64sid/v5.22.1/721c/lib/site_perl/5.22.1/x86_64-linux-thread-multi-ld/Class/MOP.pm line 69.
	Class::MOP::load_class("HTTP::Engine::RequestBuilder::CGI") called at /tmp/loop_over_bdir-26478-7sLucz/HTTP-Engine-0.03005-0/blib/lib/HTTP/Engine/Interface.pm line 65
	HTTP::Engine::Interface::_setup_builder("HTTP::Engine::Interface::CGI", "CGI") called at /tmp/loop_over_bdir-26478-7sLucz/HTTP-Engine-0.03005-0/blib/lib/HTTP/Engine/Interface.pm line 51
	HTTP::Engine::Interface::__INTERFACE__("HTTP::Engine::Interface::CGI") called at /tmp/loop_over_bdir-26478-7sLucz/HTTP-Engine-0.03005-0/blib/lib/HTTP/Engine/Interface.pm line 31
	HTTP::Engine::Interface::__ANON__() called at /tmp/loop_over_bdir-26478-7sLucz/HTTP-Engine-0.03005-0/blib/lib/HTTP/Engine/Interface/CGI.pm line 18
	require HTTP/Engine/Interface/CGI.pm called at t/moose/020_interface/cgi.t line 5
	main::BEGIN() called at /tmp/loop_over_bdir-26478-7sLucz/HTTP-Engine-0.03005-0/blib/lib/HTTP/Engine/Interface/CGI.pm line 0
	eval {...} called at /tmp/loop_over_bdir-26478-7sLucz/HTTP-Engine-0.03005-0/blib/lib/HTTP/Engine/Interface/CGI.pm line 0
Possible precedence issue with control flow operator at /tmp/loop_over_bdir-26478-7sLucz/HTTP-Engine-0.03005-0/inc/Test/Builder.pm line 917.
Redundant argument in sprintf at /tmp/loop_over_bdir-26478-7sLucz/HTTP-Engine-0.03005-0/inc/Spiffy.pm line 225.
Redundant argument in sprintf at /tmp/loop_over_bdir-26478-7sLucz/HTTP-Engine-0.03005-0/inc/Spiffy.pm line 225.
Redundant argument in sprintf at /tmp/loop_over_bdir-26478-7sLucz/HTTP-Engine-0.03005-0/inc/Spiffy.pm line 225.
Redundant argument in sprintf at /tmp/loop_over_bdir-26478-7sLucz/HTTP-Engine-0.03005-0/inc/Spiffy.pm line 225.
Class::MOP::load_class is deprecated at /home/sand/src/perl/repoperls/installed-perls/host/k93x64sid/v5.22.1/721c/lib/site_perl/5.22.1/x86_64-linux-thread-multi-ld/Class/MOP.pm line 69, <DATA> line 1.
	Class::MOP::load_class("HTTP::Engine::Interface::CGI") called at /tmp/loop_over_bdir-26478-7sLucz/HTTP-Engine-0.03005-0/blib/lib/HTTP/Engine/Types/Core.pm line 26
	HTTP::Engine::Types::Core::__ANON__(HASH(0x40093f8)) called at /home/sand/src/perl/repoperls/installed-perls/host/k93x64sid/v5.22.1/721c/lib/site_perl/5.22.1/x86_64-linux-thread-multi-ld/Moose/Meta/TypeCoercion.pm line 65
	Moose::Meta::TypeCoercion::__ANON__(HASH(0x40093f8)) called at constructor HTTP::Engine::new (defined at /tmp/loop_over_bdir-26478-7sLucz/HTTP-Engine-0.03005-0/blib/lib/HTTP/Engine.pm line 17) line 32
	HTTP::Engine::new("HTTP::Engine", "interface", HASH(0x40093f8)) called at t/moose/020_interface/cgi.t line 36
	main::__ANON__(Test::Base::Block=HASH(0x4009878)) called at /tmp/loop_over_bdir-26478-7sLucz/HTTP-Engine-0.03005-0/inc/Test/Base.pm line 269
	Test::Base::run(undef) called at t/moose/020_interface/cgi.t line 39
t/moose/020_interface/cgi.t ................................. ok
Possible precedence issue with control flow operator at /tmp/loop_over_bdir-26478-7sLucz/HTTP-Engine-0.03005-0/inc/Test/Builder.pm line 917.
t/moose/020_interface/lighty-fcgi.t ......................... skipped: set TEST_LIGHTTPD to enable this test
Possible precedence issue with control flow operator at /tmp/loop_over_bdir-26478-7sLucz/HTTP-Engine-0.03005-0/inc/Test/Builder.pm line 917.
t/moose/020_interface/modperl_wildcard_hostname.t ........... skipped: this test requires mod_perl 2
Possible precedence issue with control flow operator at /tmp/loop_over_bdir-26478-7sLucz/HTTP-Engine-0.03005-0/inc/Test/Builder.pm line 917.
Class::MOP::load_class is deprecated at /home/sand/src/perl/repoperls/installed-perls/host/k93x64sid/v5.22.1/721c/lib/site_perl/5.22.1/x86_64-linux-thread-multi-ld/Class/MOP.pm line 69.
	Class::MOP::load_class("HTTP::Engine::RequestBuilder::NoEnv") called at /tmp/loop_over_bdir-26478-7sLucz/HTTP-Engine-0.03005-0/blib/lib/HTTP/Engine/Interface.pm line 65
	HTTP::Engine::Interface::_setup_builder("HTTP::Engine::Interface::POE", "NoEnv") called at /tmp/loop_over_bdir-26478-7sLucz/HTTP-Engine-0.03005-0/blib/lib/HTTP/Engine/Interface.pm line 51
	HTTP::Engine::Interface::__INTERFACE__("HTTP::Engine::Interface::POE") called at /tmp/loop_over_bdir-26478-7sLucz/HTTP-Engine-0.03005-0/blib/lib/HTTP/Engine/Interface.pm line 31
	HTTP::Engine::Interface::__ANON__() called at /tmp/loop_over_bdir-26478-7sLucz/HTTP-Engine-0.03005-0/blib/lib/HTTP/Engine/Interface/POE.pm line 132
	require HTTP/Engine/Interface/POE.pm called at (eval 342) line 2
	main::BEGIN() called at /tmp/loop_over_bdir-26478-7sLucz/HTTP-Engine-0.03005-0/blib/lib/HTTP/Engine/Interface/POE.pm line 0
	eval {...} called at /tmp/loop_over_bdir-26478-7sLucz/HTTP-Engine-0.03005-0/blib/lib/HTTP/Engine/Interface/POE.pm line 0
	eval 'package main;
use HTTP::Engine::Interface::POE @{$args[0]};
1;
' called at /tmp/loop_over_bdir-26478-7sLucz/HTTP-Engine-0.03005-0/inc/Test/More.pm line 884
	Test::More::_eval("package main;\x{a}use HTTP::Engine::Interface::POE \@{\$args[0]};\x{a}1;\x{a}", ARRAY(0x197c770)) called at /tmp/loop_over_bdir-26478-7sLucz/HTTP-Engine-0.03005-0/inc/Test/More.pm line 859
	Test::More::use_ok("HTTP::Engine::Interface::POE") called at t/moose/020_interface/poe-proxy.t line 15
=== 28487 === !!! Kernel has 1 child process(es).
=== 28487 === !!! Stopped child process (PID 28488) reaped when POE::Kernel->run() is ready to return.
=== 28487 === !!! Stopped child process (PID 28489) reaped when POE::Kernel->run() is ready to return.
=== 28487 === !!! Stopped child process (PID 28490) reaped when POE::Kernel->run() is ready to return.
=== 28487 === !!! Stopped child process (PID 28491) reaped when POE::Kernel->run() is ready to return.
=== 28487 === !!! Stopped child process (PID 28492) reaped when POE::Kernel->run() is ready to return.
=== 28487 === !!! Stopped child process (PID 28493) reaped when POE::Kernel->run() is ready to return.
=== 28487 === !!! Stopped child process (PID 28494) reaped when POE::Kernel->run() is ready to return.
=== 28487 === !!! Stopped child process (PID 28495) reaped when POE::Kernel->run() is ready to return.
=== 28487 === !!! Be sure to use sig_child() to reap child processes.
=== 28487 === !!! In extreme cases, failure to reap child processes has
=== 28487 === !!! resulted in a slow 'fork bomb' that has halted systems.
t/moose/020_interface/poe-proxy.t ........................... ok
Possible precedence issue with control flow operator at /tmp/loop_over_bdir-26478-7sLucz/HTTP-Engine-0.03005-0/inc/Test/Builder.pm line 917.
Class::MOP::load_class is deprecated at /home/sand/src/perl/repoperls/installed-perls/host/k93x64sid/v5.22.1/721c/lib/site_perl/5.22.1/x86_64-linux-thread-multi-ld/Class/MOP.pm line 69.
	Class::MOP::load_class("HTTP::Engine::RequestBuilder::NoEnv") called at /tmp/loop_over_bdir-26478-7sLucz/HTTP-Engine-0.03005-0/blib/lib/HTTP/Engine/Interface.pm line 65
	HTTP::Engine::Interface::_setup_builder("HTTP::Engine::Interface::POE", "NoEnv") called at /tmp/loop_over_bdir-26478-7sLucz/HTTP-Engine-0.03005-0/blib/lib/HTTP/Engine/Interface.pm line 51
	HTTP::Engine::Interface::__INTERFACE__("HTTP::Engine::Interface::POE") called at /tmp/loop_over_bdir-26478-7sLucz/HTTP-Engine-0.03005-0/blib/lib/HTTP/Engine/Interface.pm line 31
	HTTP::Engine::Interface::__ANON__() called at /tmp/loop_over_bdir-26478-7sLucz/HTTP-Engine-0.03005-0/blib/lib/HTTP/Engine/Interface/POE.pm line 132
	require HTTP/Engine/Interface/POE.pm called at (eval 342) line 2
	main::BEGIN() called at /tmp/loop_over_bdir-26478-7sLucz/HTTP-Engine-0.03005-0/blib/lib/HTTP/Engine/Interface/POE.pm line 0
	eval {...} called at /tmp/loop_over_bdir-26478-7sLucz/HTTP-Engine-0.03005-0/blib/lib/HTTP/Engine/Interface/POE.pm line 0
	eval 'package main;
use HTTP::Engine::Interface::POE @{$args[0]};
1;
' called at /tmp/loop_over_bdir-26478-7sLucz/HTTP-Engine-0.03005-0/inc/Test/More.pm line 884
	Test::More::_eval("package main;\x{a}use HTTP::Engine::Interface::POE \@{\$args[0]};\x{a}1;\x{a}", ARRAY(0xeea770)) called at /tmp/loop_over_bdir-26478-7sLucz/HTTP-Engine-0.03005-0/inc/Test/More.pm line 859
	Test::More::use_ok("HTTP::Engine::Interface::POE") called at t/moose/020_interface/poe-uri.t line 16
=== 28496 === !!! Kernel has 1 child process(es).
=== 28496 === !!! Stopped child process (PID 28497) reaped when POE::Kernel->run() is ready to return.
=== 28496 === !!! Stopped child process (PID 28498) reaped when POE::Kernel->run() is ready to return.
=== 28496 === !!! Stopped child process (PID 28499) reaped when POE::Kernel->run() is ready to return.
=== 28496 === !!! Stopped child process (PID 28501) reaped when POE::Kernel->run() is ready to return.
=== 28496 === !!! Stopped child process (PID 28502) reaped when POE::Kernel->run() is ready to return.
=== 28496 === !!! Stopped child process (PID 28503) reaped when POE::Kernel->run() is ready to return.
=== 28496 === !!! Stopped child process (PID 28504) reaped when POE::Kernel->run() is ready to return.
=== 28496 === !!! At least one child process is still running when POE::Kernel->run() is ready to return.
=== 28496 === !!! Be sure to use sig_child() to reap child processes.
=== 28496 === !!! In extreme cases, failure to reap child processes has
=== 28496 === !!! resulted in a slow 'fork bomb' that has halted systems.
t/moose/020_interface/poe-uri.t ............................. ok
Possible precedence issue with control flow operator at /tmp/loop_over_bdir-26478-7sLucz/HTTP-Engine-0.03005-0/inc/Test/Builder.pm line 917.
Class::MOP::load_class is deprecated at /home/sand/src/perl/repoperls/installed-perls/host/k93x64sid/v5.22.1/721c/lib/site_perl/5.22.1/x86_64-linux-thread-multi-ld/Class/MOP.pm line 69.
	Class::MOP::load_class("HTTP::Engine::RequestBuilder::NoEnv") called at /tmp/loop_over_bdir-26478-7sLucz/HTTP-Engine-0.03005-0/blib/lib/HTTP/Engine/Interface.pm line 65
	HTTP::Engine::Interface::_setup_builder("HTTP::Engine::Interface::POE", "NoEnv") called at /tmp/loop_over_bdir-26478-7sLucz/HTTP-Engine-0.03005-0/blib/lib/HTTP/Engine/Interface.pm line 51
	HTTP::Engine::Interface::__INTERFACE__("HTTP::Engine::Interface::POE") called at /tmp/loop_over_bdir-26478-7sLucz/HTTP-Engine-0.03005-0/blib/lib/HTTP/Engine/Interface.pm line 31
	HTTP::Engine::Interface::__ANON__() called at /tmp/loop_over_bdir-26478-7sLucz/HTTP-Engine-0.03005-0/blib/lib/HTTP/Engine/Interface/POE.pm line 132
	require HTTP/Engine/Interface/POE.pm called at (eval 342) line 2
	main::BEGIN() called at /tmp/loop_over_bdir-26478-7sLucz/HTTP-Engine-0.03005-0/blib/lib/HTTP/Engine/Interface/POE.pm line 0
	eval {...} called at /tmp/loop_over_bdir-26478-7sLucz/HTTP-Engine-0.03005-0/blib/lib/HTTP/Engine/Interface/POE.pm line 0
	eval 'package main;
use HTTP::Engine::Interface::POE @{$args[0]};
1;
' called at /tmp/loop_over_bdir-26478-7sLucz/HTTP-Engine-0.03005-0/inc/Test/More.pm line 884
	Test::More::_eval("package main;\x{a}use HTTP::Engine::Interface::POE \@{\$args[0]};\x{a}1;\x{a}", ARRAY(0x25b3d30)) called at /tmp/loop_over_bdir-26478-7sLucz/HTTP-Engine-0.03005-0/inc/Test/More.pm line 859
	Test::More::use_ok("HTTP::Engine::Interface::POE") called at t/moose/020_interface/poe.t line 15
=== 28505 === !!! Kernel has 1 child process(es).
=== 28505 === !!! Stopped child process (PID 28506) reaped when POE::Kernel->run() is ready to return.
=== 28505 === !!! Stopped child process (PID 28507) reaped when POE::Kernel->run() is ready to return.
=== 28505 === !!! Stopped child process (PID 28508) reaped when POE::Kernel->run() is ready to return.
=== 28505 === !!! Stopped child process (PID 28509) reaped when POE::Kernel->run() is ready to return.
=== 28505 === !!! Stopped child process (PID 28510) reaped when POE::Kernel->run() is ready to return.
=== 28505 === !!! Stopped child process (PID 28511) reaped when POE::Kernel->run() is ready to return.
=== 28505 === !!! Stopped child process (PID 28512) reaped when POE::Kernel->run() is ready to return.
=== 28505 === !!! Stopped child process (PID 28513) reaped when POE::Kernel->run() is ready to return.
=== 28505 === !!! Be sure to use sig_child() to reap child processes.
=== 28505 === !!! In extreme cases, failure to reap child processes has
=== 28505 === !!! resulted in a slow 'fork bomb' that has halted systems.
t/moose/020_interface/poe.t ................................. ok
Possible precedence issue with control flow operator at /tmp/loop_over_bdir-26478-7sLucz/HTTP-Engine-0.03005-0/inc/Test/Builder.pm line 917.
Class::MOP::load_class is deprecated at /home/sand/src/perl/repoperls/installed-perls/host/k93x64sid/v5.22.1/721c/lib/site_perl/5.22.1/x86_64-linux-thread-multi-ld/Class/MOP.pm line 69.
	Class::MOP::load_class("HTTP::Engine::Interface::PSGI") called at /tmp/loop_over_bdir-26478-7sLucz/HTTP-Engine-0.03005-0/blib/lib/HTTP/Engine/Types/Core.pm line 26
	HTTP::Engine::Types::Core::__ANON__(HASH(0x195f0a8)) called at /home/sand/src/perl/repoperls/installed-perls/host/k93x64sid/v5.22.1/721c/lib/site_perl/5.22.1/x86_64-linux-thread-multi-ld/Moose/Meta/TypeCoercion.pm line 65
	Moose::Meta::TypeCoercion::__ANON__(HASH(0x195f0a8)) called at constructor HTTP::Engine::new (defined at /tmp/loop_over_bdir-26478-7sLucz/HTTP-Engine-0.03005-0/blib/lib/HTTP/Engine.pm line 17) line 32
	HTTP::Engine::new("HTTP::Engine", "interface", HASH(0x195f0a8)) called at t/moose/020_interface/psgi-with_plack.t line 33
	main::__ANON__(50346) called at /tmp/loop_over_bdir-26478-7sLucz/HTTP-Engine-0.03005-0/inc/Test/TCP.pm line 118
	Test::TCP::start(Test::TCP=HASH(0x3964f48)) called at /tmp/loop_over_bdir-26478-7sLucz/HTTP-Engine-0.03005-0/inc/Test/TCP.pm line 102
	Test::TCP::new("Test::TCP", "code", CODE(0x3874018), "port", 50346) called at /tmp/loop_over_bdir-26478-7sLucz/HTTP-Engine-0.03005-0/inc/Test/TCP.pm line 54
	Test::TCP::test_tcp("client", CODE(0x37cdc80), "server", CODE(0x3874018)) called at t/moose/020_interface/psgi-with_plack.t line 37
t/moose/020_interface/psgi-with_plack.t ..................... ok
Possible precedence issue with control flow operator at /tmp/loop_over_bdir-26478-7sLucz/HTTP-Engine-0.03005-0/inc/Test/Builder.pm line 917.
Class::MOP::load_class is deprecated at /home/sand/src/perl/repoperls/installed-perls/host/k93x64sid/v5.22.1/721c/lib/site_perl/5.22.1/x86_64-linux-thread-multi-ld/Class/MOP.pm line 69.
	Class::MOP::load_class("HTTP::Engine::Interface::PSGI") called at /tmp/loop_over_bdir-26478-7sLucz/HTTP-Engine-0.03005-0/blib/lib/HTTP/Engine/Types/Core.pm line 26
	HTTP::Engine::Types::Core::__ANON__(HASH(0x1720ed8)) called at /home/sand/src/perl/repoperls/installed-perls/host/k93x64sid/v5.22.1/721c/lib/site_perl/5.22.1/x86_64-linux-thread-multi-ld/Moose/Meta/TypeCoercion.pm line 65
	Moose::Meta::TypeCoercion::__ANON__(HASH(0x1720ed8)) called at constructor HTTP::Engine::new (defined at /tmp/loop_over_bdir-26478-7sLucz/HTTP-Engine-0.03005-0/blib/lib/HTTP/Engine.pm line 17) line 32
	HTTP::Engine::new("HTTP::Engine", "interface", HASH(0x1720ed8)) called at t/moose/020_interface/psgi.t line 24
t/moose/020_interface/psgi.t ................................ ok
Possible precedence issue with control flow operator at /tmp/loop_over_bdir-26478-7sLucz/HTTP-Engine-0.03005-0/inc/Test/Builder.pm line 917.
Class::MOP::load_class is deprecated at /home/sand/src/perl/repoperls/installed-perls/host/k93x64sid/v5.22.1/721c/lib/site_perl/5.22.1/x86_64-linux-thread-multi-ld/Class/MOP.pm line 69, <DATA> line 11.
	Class::MOP::load_class("HTTP::Engine::Interface::ServerSimple") called at /tmp/loop_over_bdir-26478-7sLucz/HTTP-Engine-0.03005-0/blib/lib/HTTP/Engine/Types/Core.pm line 26
	HTTP::Engine::Types::Core::__ANON__(HASH(0x3438b80)) called at /home/sand/src/perl/repoperls/installed-perls/host/k93x64sid/v5.22.1/721c/lib/site_perl/5.22.1/x86_64-linux-thread-multi-ld/Moose/Meta/TypeCoercion.pm line 65
	Moose::Meta::TypeCoercion::__ANON__(HASH(0x3438b80)) called at constructor HTTP::Engine::new (defined at /tmp/loop_over_bdir-26478-7sLucz/HTTP-Engine-0.03005-0/blib/lib/HTTP/Engine.pm line 17) line 32
	HTTP::Engine::new("HTTP::Engine", "interface", HASH(0x3438b80)) called at t/moose/020_interface/server_simple-net_server_configure.t line 52
	main::__ANON__(50985) called at /tmp/loop_over_bdir-26478-7sLucz/HTTP-Engine-0.03005-0/inc/Test/TCP.pm line 118
	Test::TCP::start(Test::TCP=HASH(0x34221c0)) called at /tmp/loop_over_bdir-26478-7sLucz/HTTP-Engine-0.03005-0/inc/Test/TCP.pm line 102
	Test::TCP::new("Test::TCP", "code", CODE(0x336f488), "port", 50985) called at /tmp/loop_over_bdir-26478-7sLucz/HTTP-Engine-0.03005-0/inc/Test/TCP.pm line 54
	Test::TCP::test_tcp("client", CODE(0x2fccb98), "server", CODE(0x336f488)) called at t/moose/020_interface/server_simple-net_server_configure.t line 54
t/moose/020_interface/server_simple-net_server_configure.t .. ok
Possible precedence issue with control flow operator at /tmp/loop_over_bdir-26478-7sLucz/HTTP-Engine-0.03005-0/inc/Test/Builder.pm line 917.
Class::MOP::load_class is deprecated at /home/sand/src/perl/repoperls/installed-perls/host/k93x64sid/v5.22.1/721c/lib/site_perl/5.22.1/x86_64-linux-thread-multi-ld/Class/MOP.pm line 69, <DATA> line 11.
	Class::MOP::load_class("HTTP::Engine::Interface::ServerSimple") called at /tmp/loop_over_bdir-26478-7sLucz/HTTP-Engine-0.03005-0/blib/lib/HTTP/Engine/Types/Core.pm line 26
	HTTP::Engine::Types::Core::__ANON__(HASH(0x38fb888)) called at /home/sand/src/perl/repoperls/installed-perls/host/k93x64sid/v5.22.1/721c/lib/site_perl/5.22.1/x86_64-linux-thread-multi-ld/Moose/Meta/TypeCoercion.pm line 65
	Moose::Meta::TypeCoercion::__ANON__(HASH(0x38fb888)) called at constructor HTTP::Engine::new (defined at /tmp/loop_over_bdir-26478-7sLucz/HTTP-Engine-0.03005-0/blib/lib/HTTP/Engine.pm line 17) line 32
	HTTP::Engine::new("HTTP::Engine", "interface", HASH(0x38fb888)) called at t/moose/020_interface/server_simple-not-send-header-bug.t line 39
	main::__ANON__(50820) called at /tmp/loop_over_bdir-26478-7sLucz/HTTP-Engine-0.03005-0/inc/Test/TCP.pm line 118
	Test::TCP::start(Test::TCP=HASH(0x1db0fe0)) called at /tmp/loop_over_bdir-26478-7sLucz/HTTP-Engine-0.03005-0/inc/Test/TCP.pm line 102
	Test::TCP::new("Test::TCP", "code", CODE(0x219eed8), "port", 50820) called at /tmp/loop_over_bdir-26478-7sLucz/HTTP-Engine-0.03005-0/inc/Test/TCP.pm line 54
	Test::TCP::test_tcp("client", CODE(0x1f674d8), "server", CODE(0x219eed8)) called at t/moose/020_interface/server_simple-not-send-header-bug.t line 41
Class::MOP::load_class is deprecated at /home/sand/src/perl/repoperls/installed-perls/host/k93x64sid/v5.22.1/721c/lib/site_perl/5.22.1/x86_64-linux-thread-multi-ld/Class/MOP.pm line 69, <DATA> line 16.
	Class::MOP::load_class("HTTP::Engine::RequestBuilder::NoEnv") called at /tmp/loop_over_bdir-26478-7sLucz/HTTP-Engine-0.03005-0/blib/lib/HTTP/Engine/Interface.pm line 65
	HTTP::Engine::Interface::_setup_builder("HTTP::Engine::Interface::ServerSimple", "NoEnv") called at /tmp/loop_over_bdir-26478-7sLucz/HTTP-Engine-0.03005-0/blib/lib/HTTP/Engine/Interface.pm line 51
	HTTP::Engine::Interface::__INTERFACE__("HTTP::Engine::Interface::ServerSimple") called at /tmp/loop_over_bdir-26478-7sLucz/HTTP-Engine-0.03005-0/blib/lib/HTTP/Engine/Interface.pm line 31
	HTTP::Engine::Interface::__ANON__() called at /tmp/loop_over_bdir-26478-7sLucz/HTTP-Engine-0.03005-0/blib/lib/HTTP/Engine/Interface/ServerSimple.pm line 111
	require HTTP/Engine/Interface/ServerSimple.pm called at /home/sand/src/perl/repoperls/installed-perls/host/k93x64sid/v5.22.1/721c/lib/site_perl/5.22.1/Module/Runtime.pm line 317
	Module::Runtime::require_module("HTTP::Engine::Interface::ServerSimple") called at /home/sand/src/perl/repoperls/installed-perls/host/k93x64sid/v5.22.1/721c/lib/site_perl/5.22.1/Class/Load.pm line 174
	Class::Load::try {...} () called at /home/sand/src/perl/repoperls/installed-perls/host/k93x64sid/v5.22.1/721c/lib/site_perl/5.22.1/Try/Tiny.pm line 88
	eval {...} called at /home/sand/src/perl/repoperls/installed-perls/host/k93x64sid/v5.22.1/721c/lib/site_perl/5.22.1/Try/Tiny.pm line 83
	Try::Tiny::try(CODE(0x34fef60), Try::Tiny::Catch=REF(0x34949b0)) called at /home/sand/src/perl/repoperls/installed-perls/host/k93x64sid/v5.22.1/721c/lib/site_perl/5.22.1/Class/Load.pm line 180
	Class::Load::try_load_class("HTTP::Engine::Interface::ServerSimple", undef) called at /home/sand/src/perl/repoperls/installed-perls/host/k93x64sid/v5.22.1/721c/lib/site_perl/5.22.1/Class/Load.pm line 35
	Class::Load::load_class("HTTP::Engine::Interface::ServerSimple") called at /tmp/loop_over_bdir-26478-7sLucz/HTTP-Engine-0.03005-0/blib/lib/HTTP/Engine/Types/Core.pm line 26
	HTTP::Engine::Types::Core::__ANON__(HASH(0x38fb888)) called at /home/sand/src/perl/repoperls/installed-perls/host/k93x64sid/v5.22.1/721c/lib/site_perl/5.22.1/x86_64-linux-thread-multi-ld/Moose/Meta/TypeCoercion.pm line 65
	Moose::Meta::TypeCoercion::__ANON__(HASH(0x38fb888)) called at constructor HTTP::Engine::new (defined at /tmp/loop_over_bdir-26478-7sLucz/HTTP-Engine-0.03005-0/blib/lib/HTTP/Engine.pm line 17) line 32
	HTTP::Engine::new("HTTP::Engine", "interface", HASH(0x38fb888)) called at t/moose/020_interface/server_simple-not-send-header-bug.t line 39
	main::__ANON__(50820) called at /tmp/loop_over_bdir-26478-7sLucz/HTTP-Engine-0.03005-0/inc/Test/TCP.pm line 118
	Test::TCP::start(Test::TCP=HASH(0x1db0fe0)) called at /tmp/loop_over_bdir-26478-7sLucz/HTTP-Engine-0.03005-0/inc/Test/TCP.pm line 102
	Test::TCP::new("Test::TCP", "code", CODE(0x219eed8), "port", 50820) called at /tmp/loop_over_bdir-26478-7sLucz/HTTP-Engine-0.03005-0/inc/Test/TCP.pm line 54
	Test::TCP::test_tcp("client", CODE(0x1f674d8), "server", CODE(0x219eed8)) called at t/moose/020_interface/server_simple-not-send-header-bug.t line 41
t/moose/020_interface/server_simple-not-send-header-bug.t ... ok
Possible precedence issue with control flow operator at /tmp/loop_over_bdir-26478-7sLucz/HTTP-Engine-0.03005-0/inc/Test/Builder.pm line 917.
Class::MOP::load_class is deprecated at /home/sand/src/perl/repoperls/installed-perls/host/k93x64sid/v5.22.1/721c/lib/site_perl/5.22.1/x86_64-linux-thread-multi-ld/Class/MOP.pm line 69, <DATA> line 11.
	Class::MOP::load_class("HTTP::Engine::Interface::ServerSimple") called at /tmp/loop_over_bdir-26478-7sLucz/HTTP-Engine-0.03005-0/blib/lib/HTTP/Engine/Types/Core.pm line 26
	HTTP::Engine::Types::Core::__ANON__(HASH(0x3f283b0)) called at /home/sand/src/perl/repoperls/installed-perls/host/k93x64sid/v5.22.1/721c/lib/site_perl/5.22.1/x86_64-linux-thread-multi-ld/Moose/Meta/TypeCoercion.pm line 65
	Moose::Meta::TypeCoercion::__ANON__(HASH(0x3f283b0)) called at constructor HTTP::Engine::new (defined at /tmp/loop_over_bdir-26478-7sLucz/HTTP-Engine-0.03005-0/blib/lib/HTTP/Engine.pm line 17) line 32
	HTTP::Engine::new("HTTP::Engine", "interface", HASH(0x3f283b0)) called at t/moose/020_interface/server_simple-print_banner.t line 32
	main::__ANON__(50537) called at /tmp/loop_over_bdir-26478-7sLucz/HTTP-Engine-0.03005-0/inc/Test/TCP.pm line 118
	Test::TCP::start(Test::TCP=HASH(0x3e733a0)) called at /tmp/loop_over_bdir-26478-7sLucz/HTTP-Engine-0.03005-0/inc/Test/TCP.pm line 102
	Test::TCP::new("Test::TCP", "code", CODE(0x204cff0), "port", 50537) called at /tmp/loop_over_bdir-26478-7sLucz/HTTP-Engine-0.03005-0/inc/Test/TCP.pm line 54
	Test::TCP::test_tcp("client", CODE(0x3ebb988), "server", CODE(0x204cff0)) called at t/moose/020_interface/server_simple-print_banner.t line 34
t/moose/020_interface/server_simple-print_banner.t .......... ok
Possible precedence issue with control flow operator at /tmp/loop_over_bdir-26478-7sLucz/HTTP-Engine-0.03005-0/inc/Test/Builder.pm line 917.
Class::MOP::load_class is deprecated at /home/sand/src/perl/repoperls/installed-perls/host/k93x64sid/v5.22.1/721c/lib/site_perl/5.22.1/x86_64-linux-thread-multi-ld/Class/MOP.pm line 69, <DATA> line 11.
	Class::MOP::load_class("HTTP::Engine::Interface::ServerSimple") called at /tmp/loop_over_bdir-26478-7sLucz/HTTP-Engine-0.03005-0/blib/lib/HTTP/Engine/Types/Core.pm line 26
	HTTP::Engine::Types::Core::__ANON__(HASH(0x4725a18)) called at /home/sand/src/perl/repoperls/installed-perls/host/k93x64sid/v5.22.1/721c/lib/site_perl/5.22.1/x86_64-linux-thread-multi-ld/Moose/Meta/TypeCoercion.pm line 65
	Moose::Meta::TypeCoercion::__ANON__(HASH(0x4725a18)) called at constructor HTTP::Engine::new (defined at /tmp/loop_over_bdir-26478-7sLucz/HTTP-Engine-0.03005-0/blib/lib/HTTP/Engine.pm line 17) line 32
	HTTP::Engine::new("HTTP::Engine", "interface", HASH(0x4725a18)) called at t/moose/020_interface/server_simple.t line 36
	main::__ANON__(50947) called at /tmp/loop_over_bdir-26478-7sLucz/HTTP-Engine-0.03005-0/inc/Test/TCP.pm line 118
	Test::TCP::start(Test::TCP=HASH(0x271f0e0)) called at /tmp/loop_over_bdir-26478-7sLucz/HTTP-Engine-0.03005-0/inc/Test/TCP.pm line 102
	Test::TCP::new("Test::TCP", "code", CODE(0x470c2f0), "port", 50947) called at /tmp/loop_over_bdir-26478-7sLucz/HTTP-Engine-0.03005-0/inc/Test/TCP.pm line 54
	Test::TCP::test_tcp("client", CODE(0x46450f8), "server", CODE(0x470c2f0)) called at t/moose/020_interface/server_simple.t line 38
t/moose/020_interface/server_simple.t ....................... ok
Possible precedence issue with control flow operator at /tmp/loop_over_bdir-26478-7sLucz/HTTP-Engine-0.03005-0/inc/Test/Builder.pm line 917.
t/moose/020_interface/standalone-keep_alive.t ............... skipped: Interface::Standalone will be removed
Possible precedence issue with control flow operator at /tmp/loop_over_bdir-26478-7sLucz/HTTP-Engine-0.03005-0/inc/Test/Builder.pm line 917.
t/moose/020_interface/standalone-restart.t .................. skipped: Interface::Standalone will be removed
Possible precedence issue with control flow operator at /tmp/loop_over_bdir-26478-7sLucz/HTTP-Engine-0.03005-0/inc/Test/Builder.pm line 917.
Class::MOP::load_class is deprecated at /home/sand/src/perl/repoperls/installed-perls/host/k93x64sid/v5.22.1/721c/lib/site_perl/5.22.1/x86_64-linux-thread-multi-ld/Class/MOP.pm line 69.
	Class::MOP::load_class("HTTP::Engine::Interface::Test") called at /tmp/loop_over_bdir-26478-7sLucz/HTTP-Engine-0.03005-0/blib/lib/HTTP/Engine/Types/Core.pm line 26
	HTTP::Engine::Types::Core::__ANON__(HASH(0x3974220)) called at /home/sand/src/perl/repoperls/installed-perls/host/k93x64sid/v5.22.1/721c/lib/site_perl/5.22.1/x86_64-linux-thread-multi-ld/Moose/Meta/TypeCoercion.pm line 65
	Moose::Meta::TypeCoercion::__ANON__(HASH(0x3974220)) called at constructor HTTP::Engine::new (defined at /tmp/loop_over_bdir-26478-7sLucz/HTTP-Engine-0.03005-0/blib/lib/HTTP/Engine.pm line 17) line 32
	HTTP::Engine::new("HTTP::Engine", "interface", HASH(0x3974220)) called at t/moose/020_interface/streaming_response.t line 30
	eval {...} called at t/moose/020_interface/streaming_response.t line 19
t/moose/020_interface/streaming_response.t .................. ok
Possible precedence issue with control flow operator at /tmp/loop_over_bdir-26478-7sLucz/HTTP-Engine-0.03005-0/inc/Test/Builder.pm line 917.

#   Failed test at t/moose/020_interface/test-validation.t line 23.
#          got: '1'
#     expected: '0'
# Looks like you failed 1 test of 10.
t/moose/020_interface/test-validation.t ..................... 
Dubious, test returned 1 (wstat 256, 0x100)
Failed 1/10 subtests 
Possible precedence issue with control flow operator at /tmp/loop_over_bdir-26478-7sLucz/HTTP-Engine-0.03005-0/inc/Test/Builder.pm line 917.
t/moose/020_interface/test-warn_at_utf8.t ................... ok
Possible precedence issue with control flow operator at /tmp/loop_over_bdir-26478-7sLucz/HTTP-Engine-0.03005-0/inc/Test/Builder.pm line 917.
Redundant argument in sprintf at /tmp/loop_over_bdir-26478-7sLucz/HTTP-Engine-0.03005-0/inc/Spiffy.pm line 225.
Redundant argument in sprintf at /tmp/loop_over_bdir-26478-7sLucz/HTTP-Engine-0.03005-0/inc/Spiffy.pm line 225.
Redundant argument in sprintf at /tmp/loop_over_bdir-26478-7sLucz/HTTP-Engine-0.03005-0/inc/Spiffy.pm line 225.
Redundant argument in sprintf at /tmp/loop_over_bdir-26478-7sLucz/HTTP-Engine-0.03005-0/inc/Spiffy.pm line 225.
Class::MOP::load_class is deprecated at /home/sand/src/perl/repoperls/installed-perls/host/k93x64sid/v5.22.1/721c/lib/site_perl/5.22.1/x86_64-linux-thread-multi-ld/Class/MOP.pm line 69, <DATA> line 1.
	Class::MOP::load_class("HTTP::Engine::Interface::Test") called at /tmp/loop_over_bdir-26478-7sLucz/HTTP-Engine-0.03005-0/blib/lib/HTTP/Engine/Types/Core.pm line 26
	HTTP::Engine::Types::Core::__ANON__(HASH(0x394c2d8)) called at /home/sand/src/perl/repoperls/installed-perls/host/k93x64sid/v5.22.1/721c/lib/site_perl/5.22.1/x86_64-linux-thread-multi-ld/Moose/Meta/TypeCoercion.pm line 65
	Moose::Meta::TypeCoercion::__ANON__(HASH(0x394c2d8)) called at constructor HTTP::Engine::new (defined at /tmp/loop_over_bdir-26478-7sLucz/HTTP-Engine-0.03005-0/blib/lib/HTTP/Engine.pm line 17) line 32
	HTTP::Engine::new("HTTP::Engine", "interface", HASH(0x394c2d8)) called at t/moose/020_interface/test.t line 38
	main::__ANON__(Test::Base::Block=HASH(0x37d8950)) called at /tmp/loop_over_bdir-26478-7sLucz/HTTP-Engine-0.03005-0/inc/Test/Base.pm line 269
	Test::Base::run(undef) called at t/moose/020_interface/test.t line 43
t/moose/020_interface/test.t ................................ ok
Possible precedence issue with control flow operator at /tmp/loop_over_bdir-26478-7sLucz/HTTP-Engine-0.03005-0/inc/Test/Builder.pm line 917.
Class::MOP::load_class is deprecated at /home/sand/src/perl/repoperls/installed-perls/host/k93x64sid/v5.22.1/721c/lib/site_perl/5.22.1/x86_64-linux-thread-multi-ld/Class/MOP.pm line 69.
	Class::MOP::load_class("HTTP::Engine::Interface::Test") called at /tmp/loop_over_bdir-26478-7sLucz/HTTP-Engine-0.03005-0/blib/lib/HTTP/Engine/Types/Core.pm line 26
	HTTP::Engine::Types::Core::__ANON__(HASH(0x3142cc0)) called at /home/sand/src/perl/repoperls/installed-perls/host/k93x64sid/v5.22.1/721c/lib/site_perl/5.22.1/x86_64-linux-thread-multi-ld/Moose/Meta/TypeCoercion.pm line 65
	Moose::Meta::TypeCoercion::__ANON__(HASH(0x3142cc0)) called at constructor HTTP::Engine::new (defined at /tmp/loop_over_bdir-26478-7sLucz/HTTP-Engine-0.03005-0/blib/lib/HTTP/Engine.pm line 17) line 32
	HTTP::Engine::new("HTTP::Engine", "interface", HASH(0x3142cc0)) called at t/moose/020_interface/test_response-with_io.t line 26
t/moose/020_interface/test_response-with_io.t ............... ok
Possible precedence issue with control flow operator at /tmp/loop_over_bdir-26478-7sLucz/HTTP-Engine-0.03005-0/inc/Test/Builder.pm line 917.
Redundant argument in sprintf at /tmp/loop_over_bdir-26478-7sLucz/HTTP-Engine-0.03005-0/inc/Spiffy.pm line 225.
Redundant argument in sprintf at /tmp/loop_over_bdir-26478-7sLucz/HTTP-Engine-0.03005-0/inc/Spiffy.pm line 225.
Redundant argument in sprintf at /tmp/loop_over_bdir-26478-7sLucz/HTTP-Engine-0.03005-0/inc/Spiffy.pm line 225.
Redundant argument in sprintf at /tmp/loop_over_bdir-26478-7sLucz/HTTP-Engine-0.03005-0/inc/Spiffy.pm line 225.
Class::MOP::load_class is deprecated at /home/sand/src/perl/repoperls/installed-perls/host/k93x64sid/v5.22.1/721c/lib/site_perl/5.22.1/x86_64-linux-thread-multi-ld/Class/MOP.pm line 69, <DATA> line 1.
	Class::MOP::load_class("HTTP::Engine::Interface::Test") called at /tmp/loop_over_bdir-26478-7sLucz/HTTP-Engine-0.03005-0/blib/lib/HTTP/Engine/Types/Core.pm line 26
	HTTP::Engine::Types::Core::__ANON__(HASH(0x32115f0)) called at /home/sand/src/perl/repoperls/installed-perls/host/k93x64sid/v5.22.1/721c/lib/site_perl/5.22.1/x86_64-linux-thread-multi-ld/Moose/Meta/TypeCoercion.pm line 65
	Moose::Meta::TypeCoercion::__ANON__(HASH(0x32115f0)) called at constructor HTTP::Engine::new (defined at /tmp/loop_over_bdir-26478-7sLucz/HTTP-Engine-0.03005-0/blib/lib/HTTP/Engine.pm line 17) line 32
	HTTP::Engine::new("HTTP::Engine", "interface", HASH(0x32115f0)) called at t/moose/020_interface/test_upload.t line 55
	main::__ANON__(Test::Base::Block=HASH(0xabc248)) called at /tmp/loop_over_bdir-26478-7sLucz/HTTP-Engine-0.03005-0/inc/Test/Base.pm line 269
	Test::Base::run(undef) called at t/moose/020_interface/test_upload.t line 91
t/moose/020_interface/test_upload.t ......................... ok
Possible precedence issue with control flow operator at /tmp/loop_over_bdir-26478-7sLucz/HTTP-Engine-0.03005-0/inc/Test/Builder.pm line 917.
Class::MOP::load_class is deprecated at /home/sand/src/perl/repoperls/installed-perls/host/k93x64sid/v5.22.1/721c/lib/site_perl/5.22.1/x86_64-linux-thread-multi-ld/Class/MOP.pm line 69.
	Class::MOP::load_class("HTTP::Engine::Interface::Standalone") called at /tmp/loop_over_bdir-26478-7sLucz/HTTP-Engine-0.03005-0/blib/lib/HTTP/Engine/Types/Core.pm line 26
	HTTP::Engine::Types::Core::__ANON__(HASH(0x4624718)) called at /home/sand/src/perl/repoperls/installed-perls/host/k93x64sid/v5.22.1/721c/lib/site_perl/5.22.1/x86_64-linux-thread-multi-ld/Moose/Meta/TypeCoercion.pm line 65
	Moose::Meta::TypeCoercion::__ANON__(HASH(0x4624718)) called at constructor HTTP::Engine::new (defined at /tmp/loop_over_bdir-26478-7sLucz/HTTP-Engine-0.03005-0/blib/lib/HTTP/Engine.pm line 17) line 32
	HTTP::Engine::new("HTTP::Engine", "interface", HASH(0x4624718)) called at t/Utils.pm line 129
	t::Utils::__ANON__(50997) called at /tmp/loop_over_bdir-26478-7sLucz/HTTP-Engine-0.03005-0/inc/Test/TCP.pm line 118
	Test::TCP::start(Test::TCP=HASH(0x49fcc10)) called at /tmp/loop_over_bdir-26478-7sLucz/HTTP-Engine-0.03005-0/inc/Test/TCP.pm line 102
	Test::TCP::new("Test::TCP", "code", CODE(0x498d2c0), "port", 50997) called at /tmp/loop_over_bdir-26478-7sLucz/HTTP-Engine-0.03005-0/inc/Test/TCP.pm line 54
	Test::TCP::test_tcp("client", CODE(0x498d230), "server", CODE(0x498d2c0), "port", 50997) called at t/Utils.pm line 132
	t::Utils::daemonize_all(CODE(0x43ff400), "    sub {\x{a}        my \$port = shift;\x{a}        return (\x{a}        "...) called at t/moose/030_daemonize/connection_info.t line 47
Class::MOP::load_class is deprecated at /home/sand/src/perl/repoperls/installed-perls/host/k93x64sid/v5.22.1/721c/lib/site_perl/5.22.1/x86_64-linux-thread-multi-ld/Class/MOP.pm line 69.
	Class::MOP::load_class("HTTP::Engine::Interface::ServerSimple") called at /tmp/loop_over_bdir-26478-7sLucz/HTTP-Engine-0.03005-0/blib/lib/HTTP/Engine/Types/Core.pm line 26
	HTTP::Engine::Types::Core::__ANON__(HASH(0x4624718)) called at /home/sand/src/perl/repoperls/installed-perls/host/k93x64sid/v5.22.1/721c/lib/site_perl/5.22.1/x86_64-linux-thread-multi-ld/Moose/Meta/TypeCoercion.pm line 65
	Moose::Meta::TypeCoercion::__ANON__(HASH(0x4624718)) called at constructor HTTP::Engine::new (defined at /tmp/loop_over_bdir-26478-7sLucz/HTTP-Engine-0.03005-0/blib/lib/HTTP/Engine.pm line 17) line 32
	HTTP::Engine::new("HTTP::Engine", "interface", HASH(0x4624718)) called at t/Utils.pm line 129
	t::Utils::__ANON__(50997) called at /tmp/loop_over_bdir-26478-7sLucz/HTTP-Engine-0.03005-0/inc/Test/TCP.pm line 118
	Test::TCP::start(Test::TCP=HASH(0x278ebc0)) called at /tmp/loop_over_bdir-26478-7sLucz/HTTP-Engine-0.03005-0/inc/Test/TCP.pm line 102
	Test::TCP::new("Test::TCP", "code", CODE(0x498d2c0), "port", 50997) called at /tmp/loop_over_bdir-26478-7sLucz/HTTP-Engine-0.03005-0/inc/Test/TCP.pm line 54
	Test::TCP::test_tcp("client", CODE(0x498d230), "server", CODE(0x498d2c0), "port", 50997) called at t/Utils.pm line 132
	t::Utils::daemonize_all(CODE(0x43ff400), "    sub {\x{a}        my \$port = shift;\x{a}        return (\x{a}        "...) called at t/moose/030_daemonize/connection_info.t line 47
Class::MOP::load_class is deprecated at /home/sand/src/perl/repoperls/installed-perls/host/k93x64sid/v5.22.1/721c/lib/site_perl/5.22.1/x86_64-linux-thread-multi-ld/Class/MOP.pm line 69.
	Class::MOP::load_class("HTTP::Engine::Interface::POE") called at /tmp/loop_over_bdir-26478-7sLucz/HTTP-Engine-0.03005-0/blib/lib/HTTP/Engine/Types/Core.pm line 26
	HTTP::Engine::Types::Core::__ANON__(HASH(0x4624718)) called at /home/sand/src/perl/repoperls/installed-perls/host/k93x64sid/v5.22.1/721c/lib/site_perl/5.22.1/x86_64-linux-thread-multi-ld/Moose/Meta/TypeCoercion.pm line 65
	Moose::Meta::TypeCoercion::__ANON__(HASH(0x4624718)) called at constructor HTTP::Engine::new (defined at /tmp/loop_over_bdir-26478-7sLucz/HTTP-Engine-0.03005-0/blib/lib/HTTP/Engine.pm line 17) line 32
	HTTP::Engine::new("HTTP::Engine", "interface", HASH(0x4624718)) called at t/Utils.pm line 129
	t::Utils::__ANON__(50997) called at /tmp/loop_over_bdir-26478-7sLucz/HTTP-Engine-0.03005-0/inc/Test/TCP.pm line 118
	Test::TCP::start(Test::TCP=HASH(0x49fd870)) called at /tmp/loop_over_bdir-26478-7sLucz/HTTP-Engine-0.03005-0/inc/Test/TCP.pm line 102
	Test::TCP::new("Test::TCP", "code", CODE(0x498d2c0), "port", 50997) called at /tmp/loop_over_bdir-26478-7sLucz/HTTP-Engine-0.03005-0/inc/Test/TCP.pm line 54
	Test::TCP::test_tcp("client", CODE(0x498d230), "server", CODE(0x498d2c0), "port", 50997) called at t/Utils.pm line 132
	t::Utils::daemonize_all(CODE(0x43ff400), "    sub {\x{a}        my \$port = shift;\x{a}        return (\x{a}        "...) called at t/moose/030_daemonize/connection_info.t line 47
t/moose/030_daemonize/connection_info.t ..................... ok
Possible precedence issue with control flow operator at /tmp/loop_over_bdir-26478-7sLucz/HTTP-Engine-0.03005-0/inc/Test/Builder.pm line 917.
Class::MOP::load_class is deprecated at /home/sand/src/perl/repoperls/installed-perls/host/k93x64sid/v5.22.1/721c/lib/site_perl/5.22.1/x86_64-linux-thread-multi-ld/Class/MOP.pm line 69.
	Class::MOP::load_class("HTTP::Engine::Interface::Standalone") called at /tmp/loop_over_bdir-26478-7sLucz/HTTP-Engine-0.03005-0/blib/lib/HTTP/Engine/Types/Core.pm line 26
	HTTP::Engine::Types::Core::__ANON__(HASH(0x2b3a680)) called at /home/sand/src/perl/repoperls/installed-perls/host/k93x64sid/v5.22.1/721c/lib/site_perl/5.22.1/x86_64-linux-thread-multi-ld/Moose/Meta/TypeCoercion.pm line 65
	Moose::Meta::TypeCoercion::__ANON__(HASH(0x2b3a680)) called at constructor HTTP::Engine::new (defined at /tmp/loop_over_bdir-26478-7sLucz/HTTP-Engine-0.03005-0/blib/lib/HTTP/Engine.pm line 17) line 32
	HTTP::Engine::new("HTTP::Engine", "interface", HASH(0x2b3a680)) called at t/Utils.pm line 129
	t::Utils::__ANON__(50247) called at /tmp/loop_over_bdir-26478-7sLucz/HTTP-Engine-0.03005-0/inc/Test/TCP.pm line 118
	Test::TCP::start(Test::TCP=HASH(0x2f66318)) called at /tmp/loop_over_bdir-26478-7sLucz/HTTP-Engine-0.03005-0/inc/Test/TCP.pm line 102
	Test::TCP::new("Test::TCP", "code", CODE(0x2ed48c0), "port", 50247) called at /tmp/loop_over_bdir-26478-7sLucz/HTTP-Engine-0.03005-0/inc/Test/TCP.pm line 54
	Test::TCP::test_tcp("client", CODE(0x2ed4830), "server", CODE(0x2ed48c0), "port", 50247) called at t/Utils.pm line 132
	t::Utils::daemonize_all(CODE(0x2949160), "    sub {\x{a}        my \$port = shift;\x{a}        return (\x{a}        "...) called at t/moose/030_daemonize/headers.t line 40
Class::MOP::load_class is deprecated at /home/sand/src/perl/repoperls/installed-perls/host/k93x64sid/v5.22.1/721c/lib/site_perl/5.22.1/x86_64-linux-thread-multi-ld/Class/MOP.pm line 69.
	Class::MOP::load_class("HTTP::Engine::Interface::ServerSimple") called at /tmp/loop_over_bdir-26478-7sLucz/HTTP-Engine-0.03005-0/blib/lib/HTTP/Engine/Types/Core.pm line 26
	HTTP::Engine::Types::Core::__ANON__(HASH(0x2b3a680)) called at /home/sand/src/perl/repoperls/installed-perls/host/k93x64sid/v5.22.1/721c/lib/site_perl/5.22.1/x86_64-linux-thread-multi-ld/Moose/Meta/TypeCoercion.pm line 65
	Moose::Meta::TypeCoercion::__ANON__(HASH(0x2b3a680)) called at constructor HTTP::Engine::new (defined at /tmp/loop_over_bdir-26478-7sLucz/HTTP-Engine-0.03005-0/blib/lib/HTTP/Engine.pm line 17) line 32
	HTTP::Engine::new("HTTP::Engine", "interface", HASH(0x2b3a680)) called at t/Utils.pm line 129
	t::Utils::__ANON__(50247) called at /tmp/loop_over_bdir-26478-7sLucz/HTTP-Engine-0.03005-0/inc/Test/TCP.pm line 118
	Test::TCP::start(Test::TCP=HASH(0xcd8950)) called at /tmp/loop_over_bdir-26478-7sLucz/HTTP-Engine-0.03005-0/inc/Test/TCP.pm line 102
	Test::TCP::new("Test::TCP", "code", CODE(0x2ed48c0), "port", 50247) called at /tmp/loop_over_bdir-26478-7sLucz/HTTP-Engine-0.03005-0/inc/Test/TCP.pm line 54
	Test::TCP::test_tcp("client", CODE(0x2ed4830), "server", CODE(0x2ed48c0), "port", 50247) called at t/Utils.pm line 132
	t::Utils::daemonize_all(CODE(0x2949160), "    sub {\x{a}        my \$port = shift;\x{a}        return (\x{a}        "...) called at t/moose/030_daemonize/headers.t line 40
Class::MOP::load_class is deprecated at /home/sand/src/perl/repoperls/installed-perls/host/k93x64sid/v5.22.1/721c/lib/site_perl/5.22.1/x86_64-linux-thread-multi-ld/Class/MOP.pm line 69.
	Class::MOP::load_class("HTTP::Engine::Interface::POE") called at /tmp/loop_over_bdir-26478-7sLucz/HTTP-Engine-0.03005-0/blib/lib/HTTP/Engine/Types/Core.pm line 26
	HTTP::Engine::Types::Core::__ANON__(HASH(0x2b3a680)) called at /home/sand/src/perl/repoperls/installed-perls/host/k93x64sid/v5.22.1/721c/lib/site_perl/5.22.1/x86_64-linux-thread-multi-ld/Moose/Meta/TypeCoercion.pm line 65
	Moose::Meta::TypeCoercion::__ANON__(HASH(0x2b3a680)) called at constructor HTTP::Engine::new (defined at /tmp/loop_over_bdir-26478-7sLucz/HTTP-Engine-0.03005-0/blib/lib/HTTP/Engine.pm line 17) line 32
	HTTP::Engine::new("HTTP::Engine", "interface", HASH(0x2b3a680)) called at t/Utils.pm line 129
	t::Utils::__ANON__(50247) called at /tmp/loop_over_bdir-26478-7sLucz/HTTP-Engine-0.03005-0/inc/Test/TCP.pm line 118
	Test::TCP::start(Test::TCP=HASH(0xcd89c8)) called at /tmp/loop_over_bdir-26478-7sLucz/HTTP-Engine-0.03005-0/inc/Test/TCP.pm line 102
	Test::TCP::new("Test::TCP", "code", CODE(0x2ed48c0), "port", 50247) called at /tmp/loop_over_bdir-26478-7sLucz/HTTP-Engine-0.03005-0/inc/Test/TCP.pm line 54
	Test::TCP::test_tcp("client", CODE(0x2ed4830), "server", CODE(0x2ed48c0), "port", 50247) called at t/Utils.pm line 132
	t::Utils::daemonize_all(CODE(0x2949160), "    sub {\x{a}        my \$port = shift;\x{a}        return (\x{a}        "...) called at t/moose/030_daemonize/headers.t line 40
t/moose/030_daemonize/headers.t ............................. ok
Possible precedence issue with control flow operator at /tmp/loop_over_bdir-26478-7sLucz/HTTP-Engine-0.03005-0/inc/Test/Builder.pm line 917.

#   Failed test at /tmp/loop_over_bdir-26478-7sLucz/HTTP-Engine-0.03005-0/inc/Test/More.pm line 376.
#          got: '/foo|'
#     expected: '/|http://example.com/foo?http=1'

#   Failed test at /tmp/loop_over_bdir-26478-7sLucz/HTTP-Engine-0.03005-0/inc/Test/More.pm line 376.
#          got: '/foo|'
#     expected: '/|http://example.com:8080/foo?http=1'
Class::MOP::load_class is deprecated at /home/sand/src/perl/repoperls/installed-perls/host/k93x64sid/v5.22.1/721c/lib/site_perl/5.22.1/x86_64-linux-thread-multi-ld/Class/MOP.pm line 69.
	Class::MOP::load_class("HTTP::Engine::Interface::Standalone") called at /tmp/loop_over_bdir-26478-7sLucz/HTTP-Engine-0.03005-0/blib/lib/HTTP/Engine/Types/Core.pm line 26
	HTTP::Engine::Types::Core::__ANON__(HASH(0x467f208)) called at /home/sand/src/perl/repoperls/installed-perls/host/k93x64sid/v5.22.1/721c/lib/site_perl/5.22.1/x86_64-linux-thread-multi-ld/Moose/Meta/TypeCoercion.pm line 65
	Moose::Meta::TypeCoercion::__ANON__(HASH(0x467f208)) called at constructor HTTP::Engine::new (defined at /tmp/loop_over_bdir-26478-7sLucz/HTTP-Engine-0.03005-0/blib/lib/HTTP/Engine.pm line 17) line 32
	HTTP::Engine::new("HTTP::Engine", "interface", HASH(0x467f208)) called at t/Utils.pm line 129
	t::Utils::__ANON__(50058) called at /tmp/loop_over_bdir-26478-7sLucz/HTTP-Engine-0.03005-0/inc/Test/TCP.pm line 118
	Test::TCP::start(Test::TCP=HASH(0x4a877b0)) called at /tmp/loop_over_bdir-26478-7sLucz/HTTP-Engine-0.03005-0/inc/Test/TCP.pm line 102
	Test::TCP::new("Test::TCP", "code", CODE(0x49ff770), "port", 50058) called at /tmp/loop_over_bdir-26478-7sLucz/HTTP-Engine-0.03005-0/inc/Test/TCP.pm line 54
	Test::TCP::test_tcp("client", CODE(0x49ff6e0), "server", CODE(0x49ff770), "port", 50058) called at t/Utils.pm line 132
	t::Utils::daemonize_all(CODE(0x44b5df8), "    sub {\x{a}        my \$port = shift;\x{a}        return (\x{a}        "...) called at t/moose/030_daemonize/proxy_path.t line 25
Class::MOP::load_class is deprecated at /home/sand/src/perl/repoperls/installed-perls/host/k93x64sid/v5.22.1/721c/lib/site_perl/5.22.1/x86_64-linux-thread-multi-ld/Class/MOP.pm line 69.
	Class::MOP::load_class("HTTP::Engine::Interface::ServerSimple") called at /tmp/loop_over_bdir-26478-7sLucz/HTTP-Engine-0.03005-0/blib/lib/HTTP/Engine/Types/Core.pm line 26
	HTTP::Engine::Types::Core::__ANON__(HASH(0x467f208)) called at /home/sand/src/perl/repoperls/installed-perls/host/k93x64sid/v5.22.1/721c/lib/site_perl/5.22.1/x86_64-linux-thread-multi-ld/Moose/Meta/TypeCoercion.pm line 65
	Moose::Meta::TypeCoercion::__ANON__(HASH(0x467f208)) called at constructor HTTP::Engine::new (defined at /tmp/loop_over_bdir-26478-7sLucz/HTTP-Engine-0.03005-0/blib/lib/HTTP/Engine.pm line 17) line 32
	HTTP::Engine::new("HTTP::Engine", "interface", HASH(0x467f208)) called at t/Utils.pm line 129
	t::Utils::__ANON__(50058) called at /tmp/loop_over_bdir-26478-7sLucz/HTTP-Engine-0.03005-0/inc/Test/TCP.pm line 118
	Test::TCP::start(Test::TCP=HASH(0x4a878e8)) called at /tmp/loop_over_bdir-26478-7sLucz/HTTP-Engine-0.03005-0/inc/Test/TCP.pm line 102
	Test::TCP::new("Test::TCP", "code", CODE(0x49ff770), "port", 50058) called at /tmp/loop_over_bdir-26478-7sLucz/HTTP-Engine-0.03005-0/inc/Test/TCP.pm line 54
	Test::TCP::test_tcp("client", CODE(0x49ff6e0), "server", CODE(0x49ff770), "port", 50058) called at t/Utils.pm line 132
	t::Utils::daemonize_all(CODE(0x44b5df8), "    sub {\x{a}        my \$port = shift;\x{a}        return (\x{a}        "...) called at t/moose/030_daemonize/proxy_path.t line 25

#   Failed test at /tmp/loop_over_bdir-26478-7sLucz/HTTP-Engine-0.03005-0/inc/Test/More.pm line 376.
#          got: '/foo|'
#     expected: '/|http://example.com/foo?http=1'

#   Failed test at /tmp/loop_over_bdir-26478-7sLucz/HTTP-Engine-0.03005-0/inc/Test/More.pm line 376.
#          got: '/foo|'
#     expected: '/|http://example.com:8080/foo?http=1'
Class::MOP::load_class is deprecated at /home/sand/src/perl/repoperls/installed-perls/host/k93x64sid/v5.22.1/721c/lib/site_perl/5.22.1/x86_64-linux-thread-multi-ld/Class/MOP.pm line 69.
	Class::MOP::load_class("HTTP::Engine::Interface::POE") called at /tmp/loop_over_bdir-26478-7sLucz/HTTP-Engine-0.03005-0/blib/lib/HTTP/Engine/Types/Core.pm line 26
	HTTP::Engine::Types::Core::__ANON__(HASH(0x467f208)) called at /home/sand/src/perl/repoperls/installed-perls/host/k93x64sid/v5.22.1/721c/lib/site_perl/5.22.1/x86_64-linux-thread-multi-ld/Moose/Meta/TypeCoercion.pm line 65
	Moose::Meta::TypeCoercion::__ANON__(HASH(0x467f208)) called at constructor HTTP::Engine::new (defined at /tmp/loop_over_bdir-26478-7sLucz/HTTP-Engine-0.03005-0/blib/lib/HTTP/Engine.pm line 17) line 32
	HTTP::Engine::new("HTTP::Engine", "interface", HASH(0x467f208)) called at t/Utils.pm line 129
	t::Utils::__ANON__(50058) called at /tmp/loop_over_bdir-26478-7sLucz/HTTP-Engine-0.03005-0/inc/Test/TCP.pm line 118
	Test::TCP::start(Test::TCP=HASH(0x4a49f30)) called at /tmp/loop_over_bdir-26478-7sLucz/HTTP-Engine-0.03005-0/inc/Test/TCP.pm line 102
	Test::TCP::new("Test::TCP", "code", CODE(0x49ff770), "port", 50058) called at /tmp/loop_over_bdir-26478-7sLucz/HTTP-Engine-0.03005-0/inc/Test/TCP.pm line 54
	Test::TCP::test_tcp("client", CODE(0x49ff6e0), "server", CODE(0x49ff770), "port", 50058) called at t/Utils.pm line 132
	t::Utils::daemonize_all(CODE(0x44b5df8), "    sub {\x{a}        my \$port = shift;\x{a}        return (\x{a}        "...) called at t/moose/030_daemonize/proxy_path.t line 25
# Looks like you failed 4 tests of 16.
t/moose/030_daemonize/proxy_path.t .......................... 
Dubious, test returned 4 (wstat 1024, 0x400)
Failed 4/16 subtests 
Possible precedence issue with control flow operator at /tmp/loop_over_bdir-26478-7sLucz/HTTP-Engine-0.03005-0/inc/Test/Builder.pm line 917.
Class::MOP::load_class is deprecated at /home/sand/src/perl/repoperls/installed-perls/host/k93x64sid/v5.22.1/721c/lib/site_perl/5.22.1/x86_64-linux-thread-multi-ld/Class/MOP.pm line 69.
	Class::MOP::load_class("HTTP::Engine::Interface::Standalone") called at /tmp/loop_over_bdir-26478-7sLucz/HTTP-Engine-0.03005-0/blib/lib/HTTP/Engine/Types/Core.pm line 26
	HTTP::Engine::Types::Core::__ANON__(HASH(0x2966540)) called at /home/sand/src/perl/repoperls/installed-perls/host/k93x64sid/v5.22.1/721c/lib/site_perl/5.22.1/x86_64-linux-thread-multi-ld/Moose/Meta/TypeCoercion.pm line 65
	Moose::Meta::TypeCoercion::__ANON__(HASH(0x2966540)) called at constructor HTTP::Engine::new (defined at /tmp/loop_over_bdir-26478-7sLucz/HTTP-Engine-0.03005-0/blib/lib/HTTP/Engine.pm line 17) line 32
	HTTP::Engine::new("HTTP::Engine", "interface", HASH(0x2966540)) called at t/Utils.pm line 129
	t::Utils::__ANON__(50133) called at /tmp/loop_over_bdir-26478-7sLucz/HTTP-Engine-0.03005-0/inc/Test/TCP.pm line 118
	Test::TCP::start(Test::TCP=HASH(0x2d60c00)) called at /tmp/loop_over_bdir-26478-7sLucz/HTTP-Engine-0.03005-0/inc/Test/TCP.pm line 102
	Test::TCP::new("Test::TCP", "code", CODE(0x2cce288), "port", 50133) called at /tmp/loop_over_bdir-26478-7sLucz/HTTP-Engine-0.03005-0/inc/Test/TCP.pm line 54
	Test::TCP::test_tcp("client", CODE(0x2cce1f8), "server", CODE(0x2cce288), "port", 50133) called at t/Utils.pm line 132
	t::Utils::daemonize_all(CODE(0x2740b38), "    sub {\x{a}        my \$port = shift;\x{a}        return (\x{a}        "...) called at t/moose/030_daemonize/raw_body.t line 41
Class::MOP::load_class is deprecated at /home/sand/src/perl/repoperls/installed-perls/host/k93x64sid/v5.22.1/721c/lib/site_perl/5.22.1/x86_64-linux-thread-multi-ld/Class/MOP.pm line 69.
	Class::MOP::load_class("HTTP::Engine::Interface::ServerSimple") called at /tmp/loop_over_bdir-26478-7sLucz/HTTP-Engine-0.03005-0/blib/lib/HTTP/Engine/Types/Core.pm line 26
	HTTP::Engine::Types::Core::__ANON__(HASH(0x2966540)) called at /home/sand/src/perl/repoperls/installed-perls/host/k93x64sid/v5.22.1/721c/lib/site_perl/5.22.1/x86_64-linux-thread-multi-ld/Moose/Meta/TypeCoercion.pm line 65
	Moose::Meta::TypeCoercion::__ANON__(HASH(0x2966540)) called at constructor HTTP::Engine::new (defined at /tmp/loop_over_bdir-26478-7sLucz/HTTP-Engine-0.03005-0/blib/lib/HTTP/Engine.pm line 17) line 32
	HTTP::Engine::new("HTTP::Engine", "interface", HASH(0x2966540)) called at t/Utils.pm line 129
	t::Utils::__ANON__(50133) called at /tmp/loop_over_bdir-26478-7sLucz/HTTP-Engine-0.03005-0/inc/Test/TCP.pm line 118
	Test::TCP::start(Test::TCP=HASH(0x2d3f750)) called at /tmp/loop_over_bdir-26478-7sLucz/HTTP-Engine-0.03005-0/inc/Test/TCP.pm line 102
	Test::TCP::new("Test::TCP", "code", CODE(0x2cce288), "port", 50133) called at /tmp/loop_over_bdir-26478-7sLucz/HTTP-Engine-0.03005-0/inc/Test/TCP.pm line 54
	Test::TCP::test_tcp("client", CODE(0x2cce1f8), "server", CODE(0x2cce288), "port", 50133) called at t/Utils.pm line 132
	t::Utils::daemonize_all(CODE(0x2740b38), "    sub {\x{a}        my \$port = shift;\x{a}        return (\x{a}        "...) called at t/moose/030_daemonize/raw_body.t line 41
Class::MOP::load_class is deprecated at /home/sand/src/perl/repoperls/installed-perls/host/k93x64sid/v5.22.1/721c/lib/site_perl/5.22.1/x86_64-linux-thread-multi-ld/Class/MOP.pm line 69.
	Class::MOP::load_class("HTTP::Engine::Interface::POE") called at /tmp/loop_over_bdir-26478-7sLucz/HTTP-Engine-0.03005-0/blib/lib/HTTP/Engine/Types/Core.pm line 26
	HTTP::Engine::Types::Core::__ANON__(HASH(0x2966540)) called at /home/sand/src/perl/repoperls/installed-perls/host/k93x64sid/v5.22.1/721c/lib/site_perl/5.22.1/x86_64-linux-thread-multi-ld/Moose/Meta/TypeCoercion.pm line 65
	Moose::Meta::TypeCoercion::__ANON__(HASH(0x2966540)) called at constructor HTTP::Engine::new (defined at /tmp/loop_over_bdir-26478-7sLucz/HTTP-Engine-0.03005-0/blib/lib/HTTP/Engine.pm line 17) line 32
	HTTP::Engine::new("HTTP::Engine", "interface", HASH(0x2966540)) called at t/Utils.pm line 129
	t::Utils::__ANON__(50133) called at /tmp/loop_over_bdir-26478-7sLucz/HTTP-Engine-0.03005-0/inc/Test/TCP.pm line 118
	Test::TCP::start(Test::TCP=HASH(0x31f6f68)) called at /tmp/loop_over_bdir-26478-7sLucz/HTTP-Engine-0.03005-0/inc/Test/TCP.pm line 102
	Test::TCP::new("Test::TCP", "code", CODE(0x2cce288), "port", 50133) called at /tmp/loop_over_bdir-26478-7sLucz/HTTP-Engine-0.03005-0/inc/Test/TCP.pm line 54
	Test::TCP::test_tcp("client", CODE(0x2cce1f8), "server", CODE(0x2cce288), "port", 50133) called at t/Utils.pm line 132
	t::Utils::daemonize_all(CODE(0x2740b38), "    sub {\x{a}        my \$port = shift;\x{a}        return (\x{a}        "...) called at t/moose/030_daemonize/raw_body.t line 41
t/moose/030_daemonize/raw_body.t ............................ ok
Possible precedence issue with control flow operator at /tmp/loop_over_bdir-26478-7sLucz/HTTP-Engine-0.03005-0/inc/Test/Builder.pm line 917.
Class::MOP::load_class is deprecated at /home/sand/src/perl/repoperls/installed-perls/host/k93x64sid/v5.22.1/721c/lib/site_perl/5.22.1/x86_64-linux-thread-multi-ld/Class/MOP.pm line 69.
	Class::MOP::load_class("HTTP::Engine::Interface::Standalone") called at /tmp/loop_over_bdir-26478-7sLucz/HTTP-Engine-0.03005-0/blib/lib/HTTP/Engine/Types/Core.pm line 26
	HTTP::Engine::Types::Core::__ANON__(HASH(0x4304b30)) called at /home/sand/src/perl/repoperls/installed-perls/host/k93x64sid/v5.22.1/721c/lib/site_perl/5.22.1/x86_64-linux-thread-multi-ld/Moose/Meta/TypeCoercion.pm line 65
	Moose::Meta::TypeCoercion::__ANON__(HASH(0x4304b30)) called at constructor HTTP::Engine::new (defined at /tmp/loop_over_bdir-26478-7sLucz/HTTP-Engine-0.03005-0/blib/lib/HTTP/Engine.pm line 17) line 32
	HTTP::Engine::new("HTTP::Engine", "interface", HASH(0x4304b30)) called at t/Utils.pm line 129
	t::Utils::__ANON__(50551) called at /tmp/loop_over_bdir-26478-7sLucz/HTTP-Engine-0.03005-0/inc/Test/TCP.pm line 118
	Test::TCP::start(Test::TCP=HASH(0x4731e20)) called at /tmp/loop_over_bdir-26478-7sLucz/HTTP-Engine-0.03005-0/inc/Test/TCP.pm line 102
	Test::TCP::new("Test::TCP", "code", CODE(0x469f0c8), "port", 50551) called at /tmp/loop_over_bdir-26478-7sLucz/HTTP-Engine-0.03005-0/inc/Test/TCP.pm line 54
	Test::TCP::test_tcp("client", CODE(0x469f038), "server", CODE(0x469f0c8), "port", 50551) called at t/Utils.pm line 132
	t::Utils::daemonize_all(CODE(0x41139a0), "    sub {\x{a}        my \$port = shift;\x{a}        return (\x{a}        "...) called at t/moose/030_daemonize/request_independence.t line 51
Class::MOP::load_class is deprecated at /home/sand/src/perl/repoperls/installed-perls/host/k93x64sid/v5.22.1/721c/lib/site_perl/5.22.1/x86_64-linux-thread-multi-ld/Class/MOP.pm line 69.
	Class::MOP::load_class("HTTP::Engine::Interface::ServerSimple") called at /tmp/loop_over_bdir-26478-7sLucz/HTTP-Engine-0.03005-0/blib/lib/HTTP/Engine/Types/Core.pm line 26
	HTTP::Engine::Types::Core::__ANON__(HASH(0x4304b30)) called at /home/sand/src/perl/repoperls/installed-perls/host/k93x64sid/v5.22.1/721c/lib/site_perl/5.22.1/x86_64-linux-thread-multi-ld/Moose/Meta/TypeCoercion.pm line 65
	Moose::Meta::TypeCoercion::__ANON__(HASH(0x4304b30)) called at constructor HTTP::Engine::new (defined at /tmp/loop_over_bdir-26478-7sLucz/HTTP-Engine-0.03005-0/blib/lib/HTTP/Engine.pm line 17) line 32
	HTTP::Engine::new("HTTP::Engine", "interface", HASH(0x4304b30)) called at t/Utils.pm line 129
	t::Utils::__ANON__(50551) called at /tmp/loop_over_bdir-26478-7sLucz/HTTP-Engine-0.03005-0/inc/Test/TCP.pm line 118
	Test::TCP::start(Test::TCP=HASH(0x4937ef0)) called at /tmp/loop_over_bdir-26478-7sLucz/HTTP-Engine-0.03005-0/inc/Test/TCP.pm line 102
	Test::TCP::new("Test::TCP", "code", CODE(0x469f0c8), "port", 50551) called at /tmp/loop_over_bdir-26478-7sLucz/HTTP-Engine-0.03005-0/inc/Test/TCP.pm line 54
	Test::TCP::test_tcp("client", CODE(0x469f038), "server", CODE(0x469f0c8), "port", 50551) called at t/Utils.pm line 132
	t::Utils::daemonize_all(CODE(0x41139a0), "    sub {\x{a}        my \$port = shift;\x{a}        return (\x{a}        "...) called at t/moose/030_daemonize/request_independence.t line 51
Class::MOP::load_class is deprecated at /home/sand/src/perl/repoperls/installed-perls/host/k93x64sid/v5.22.1/721c/lib/site_perl/5.22.1/x86_64-linux-thread-multi-ld/Class/MOP.pm line 69.
	Class::MOP::load_class("HTTP::Engine::Interface::POE") called at /tmp/loop_over_bdir-26478-7sLucz/HTTP-Engine-0.03005-0/blib/lib/HTTP/Engine/Types/Core.pm line 26
	HTTP::Engine::Types::Core::__ANON__(HASH(0x4304b30)) called at /home/sand/src/perl/repoperls/installed-perls/host/k93x64sid/v5.22.1/721c/lib/site_perl/5.22.1/x86_64-linux-thread-multi-ld/Moose/Meta/TypeCoercion.pm line 65
	Moose::Meta::TypeCoercion::__ANON__(HASH(0x4304b30)) called at constructor HTTP::Engine::new (defined at /tmp/loop_over_bdir-26478-7sLucz/HTTP-Engine-0.03005-0/blib/lib/HTTP/Engine.pm line 17) line 32
	HTTP::Engine::new("HTTP::Engine", "interface", HASH(0x4304b30)) called at t/Utils.pm line 129
	t::Utils::__ANON__(50551) called at /tmp/loop_over_bdir-26478-7sLucz/HTTP-Engine-0.03005-0/inc/Test/TCP.pm line 118
	Test::TCP::start(Test::TCP=HASH(0x4710fa0)) called at /tmp/loop_over_bdir-26478-7sLucz/HTTP-Engine-0.03005-0/inc/Test/TCP.pm line 102
	Test::TCP::new("Test::TCP", "code", CODE(0x469f0c8), "port", 50551) called at /tmp/loop_over_bdir-26478-7sLucz/HTTP-Engine-0.03005-0/inc/Test/TCP.pm line 54
	Test::TCP::test_tcp("client", CODE(0x469f038), "server", CODE(0x469f0c8), "port", 50551) called at t/Utils.pm line 132
	t::Utils::daemonize_all(CODE(0x41139a0), "    sub {\x{a}        my \$port = shift;\x{a}        return (\x{a}        "...) called at t/moose/030_daemonize/request_independence.t line 51
t/moose/030_daemonize/request_independence.t ................ ok
Possible precedence issue with control flow operator at /tmp/loop_over_bdir-26478-7sLucz/HTTP-Engine-0.03005-0/inc/Test/Builder.pm line 917.
Class::MOP::load_class is deprecated at /home/sand/src/perl/repoperls/installed-perls/host/k93x64sid/v5.22.1/721c/lib/site_perl/5.22.1/x86_64-linux-thread-multi-ld/Class/MOP.pm line 69.
	Class::MOP::load_class("HTTP::Engine::Interface::Standalone") called at /tmp/loop_over_bdir-26478-7sLucz/HTTP-Engine-0.03005-0/blib/lib/HTTP/Engine/Types/Core.pm line 26
	HTTP::Engine::Types::Core::__ANON__(HASH(0x2cea020)) called at /home/sand/src/perl/repoperls/installed-perls/host/k93x64sid/v5.22.1/721c/lib/site_perl/5.22.1/x86_64-linux-thread-multi-ld/Moose/Meta/TypeCoercion.pm line 65
	Moose::Meta::TypeCoercion::__ANON__(HASH(0x2cea020)) called at constructor HTTP::Engine::new (defined at /tmp/loop_over_bdir-26478-7sLucz/HTTP-Engine-0.03005-0/blib/lib/HTTP/Engine.pm line 17) line 32
	HTTP::Engine::new("HTTP::Engine", "interface", HASH(0x2cea020)) called at t/Utils.pm line 129
	t::Utils::__ANON__(50362) called at /tmp/loop_over_bdir-26478-7sLucz/HTTP-Engine-0.03005-0/inc/Test/TCP.pm line 118
	Test::TCP::start(Test::TCP=HASH(0x2d85188)) called at /tmp/loop_over_bdir-26478-7sLucz/HTTP-Engine-0.03005-0/inc/Test/TCP.pm line 102
	Test::TCP::new("Test::TCP", "code", CODE(0x2cfb550), "port", 50362) called at /tmp/loop_over_bdir-26478-7sLucz/HTTP-Engine-0.03005-0/inc/Test/TCP.pm line 54
	Test::TCP::test_tcp("client", CODE(0x2cea908), "server", CODE(0x2cfb550), "port", 50362) called at t/Utils.pm line 132
	t::Utils::daemonize_all(CODE(0x2c318c8), "    sub {\x{a}        require File::Temp;\x{a}        my \$port = shif"...) called at t/moose/030_daemonize/responsewriter_io.t line 50
Class::MOP::load_class is deprecated at /home/sand/src/perl/repoperls/installed-perls/host/k93x64sid/v5.22.1/721c/lib/site_perl/5.22.1/x86_64-linux-thread-multi-ld/Class/MOP.pm line 69.
	Class::MOP::load_class("HTTP::Engine::Interface::ServerSimple") called at /tmp/loop_over_bdir-26478-7sLucz/HTTP-Engine-0.03005-0/blib/lib/HTTP/Engine/Types/Core.pm line 26
	HTTP::Engine::Types::Core::__ANON__(HASH(0x2cea020)) called at /home/sand/src/perl/repoperls/installed-perls/host/k93x64sid/v5.22.1/721c/lib/site_perl/5.22.1/x86_64-linux-thread-multi-ld/Moose/Meta/TypeCoercion.pm line 65
	Moose::Meta::TypeCoercion::__ANON__(HASH(0x2cea020)) called at constructor HTTP::Engine::new (defined at /tmp/loop_over_bdir-26478-7sLucz/HTTP-Engine-0.03005-0/blib/lib/HTTP/Engine.pm line 17) line 32
	HTTP::Engine::new("HTTP::Engine", "interface", HASH(0x2cea020)) called at t/Utils.pm line 129
	t::Utils::__ANON__(50362) called at /tmp/loop_over_bdir-26478-7sLucz/HTTP-Engine-0.03005-0/inc/Test/TCP.pm line 118
	Test::TCP::start(Test::TCP=HASH(0xaecb60)) called at /tmp/loop_over_bdir-26478-7sLucz/HTTP-Engine-0.03005-0/inc/Test/TCP.pm line 102
	Test::TCP::new("Test::TCP", "code", CODE(0x2cfb550), "port", 50362) called at /tmp/loop_over_bdir-26478-7sLucz/HTTP-Engine-0.03005-0/inc/Test/TCP.pm line 54
	Test::TCP::test_tcp("client", CODE(0x2cea908), "server", CODE(0x2cfb550), "port", 50362) called at t/Utils.pm line 132
	t::Utils::daemonize_all(CODE(0x2c318c8), "    sub {\x{a}        require File::Temp;\x{a}        my \$port = shif"...) called at t/moose/030_daemonize/responsewriter_io.t line 50
Class::MOP::load_class is deprecated at /home/sand/src/perl/repoperls/installed-perls/host/k93x64sid/v5.22.1/721c/lib/site_perl/5.22.1/x86_64-linux-thread-multi-ld/Class/MOP.pm line 69.
	Class::MOP::load_class("HTTP::Engine::Interface::POE") called at /tmp/loop_over_bdir-26478-7sLucz/HTTP-Engine-0.03005-0/blib/lib/HTTP/Engine/Types/Core.pm line 26
	HTTP::Engine::Types::Core::__ANON__(HASH(0x2cea020)) called at /home/sand/src/perl/repoperls/installed-perls/host/k93x64sid/v5.22.1/721c/lib/site_perl/5.22.1/x86_64-linux-thread-multi-ld/Moose/Meta/TypeCoercion.pm line 65
	Moose::Meta::TypeCoercion::__ANON__(HASH(0x2cea020)) called at constructor HTTP::Engine::new (defined at /tmp/loop_over_bdir-26478-7sLucz/HTTP-Engine-0.03005-0/blib/lib/HTTP/Engine.pm line 17) line 32
	HTTP::Engine::new("HTTP::Engine", "interface", HASH(0x2cea020)) called at t/Utils.pm line 129
	t::Utils::__ANON__(50362) called at /tmp/loop_over_bdir-26478-7sLucz/HTTP-Engine-0.03005-0/inc/Test/TCP.pm line 118
	Test::TCP::start(Test::TCP=HASH(0x32176e0)) called at /tmp/loop_over_bdir-26478-7sLucz/HTTP-Engine-0.03005-0/inc/Test/TCP.pm line 102
	Test::TCP::new("Test::TCP", "code", CODE(0x2cfb550), "port", 50362) called at /tmp/loop_over_bdir-26478-7sLucz/HTTP-Engine-0.03005-0/inc/Test/TCP.pm line 54
	Test::TCP::test_tcp("client", CODE(0x2cea908), "server", CODE(0x2cfb550), "port", 50362) called at t/Utils.pm line 132
	t::Utils::daemonize_all(CODE(0x2c318c8), "    sub {\x{a}        require File::Temp;\x{a}        my \$port = shif"...) called at t/moose/030_daemonize/responsewriter_io.t line 50
t/moose/030_daemonize/responsewriter_io.t ................... ok
Possible precedence issue with control flow operator at /tmp/loop_over_bdir-26478-7sLucz/HTTP-Engine-0.03005-0/inc/Test/Builder.pm line 917.
Class::MOP::load_class is deprecated at /home/sand/src/perl/repoperls/installed-perls/host/k93x64sid/v5.22.1/721c/lib/site_perl/5.22.1/x86_64-linux-thread-multi-ld/Class/MOP.pm line 69.
	Class::MOP::load_class("HTTP::Engine::Interface::Standalone") called at /tmp/loop_over_bdir-26478-7sLucz/HTTP-Engine-0.03005-0/blib/lib/HTTP/Engine/Types/Core.pm line 26
	HTTP::Engine::Types::Core::__ANON__(HASH(0x3a900c0)) called at /home/sand/src/perl/repoperls/installed-perls/host/k93x64sid/v5.22.1/721c/lib/site_perl/5.22.1/x86_64-linux-thread-multi-ld/Moose/Meta/TypeCoercion.pm line 65
	Moose::Meta::TypeCoercion::__ANON__(HASH(0x3a900c0)) called at constructor HTTP::Engine::new (defined at /tmp/loop_over_bdir-26478-7sLucz/HTTP-Engine-0.03005-0/blib/lib/HTTP/Engine.pm line 17) line 32
	HTTP::Engine::new("HTTP::Engine", "interface", HASH(0x3a900c0)) called at t/Utils.pm line 129
	t::Utils::__ANON__(50372) called at /tmp/loop_over_bdir-26478-7sLucz/HTTP-Engine-0.03005-0/inc/Test/TCP.pm line 118
	Test::TCP::start(Test::TCP=HASH(0x3e82f90)) called at /tmp/loop_over_bdir-26478-7sLucz/HTTP-Engine-0.03005-0/inc/Test/TCP.pm line 102
	Test::TCP::new("Test::TCP", "code", CODE(0x3e2b110), "port", 50372) called at /tmp/loop_over_bdir-26478-7sLucz/HTTP-Engine-0.03005-0/inc/Test/TCP.pm line 54
	Test::TCP::test_tcp("client", CODE(0x3e2b080), "server", CODE(0x3e2b110), "port", 50372) called at t/Utils.pm line 132
	t::Utils::daemonize_all(CODE(0x1a58e00), "    sub {\x{a}        my \$port = shift;\x{a}        return (\x{a}        "...) called at t/moose/030_daemonize/upload-methods.t line 42
Class::MOP::load_class is deprecated at /home/sand/src/perl/repoperls/installed-perls/host/k93x64sid/v5.22.1/721c/lib/site_perl/5.22.1/x86_64-linux-thread-multi-ld/Class/MOP.pm line 69.
	Class::MOP::load_class("HTTP::Engine::Interface::ServerSimple") called at /tmp/loop_over_bdir-26478-7sLucz/HTTP-Engine-0.03005-0/blib/lib/HTTP/Engine/Types/Core.pm line 26
	HTTP::Engine::Types::Core::__ANON__(HASH(0x3a900c0)) called at /home/sand/src/perl/repoperls/installed-perls/host/k93x64sid/v5.22.1/721c/lib/site_perl/5.22.1/x86_64-linux-thread-multi-ld/Moose/Meta/TypeCoercion.pm line 65
	Moose::Meta::TypeCoercion::__ANON__(HASH(0x3a900c0)) called at constructor HTTP::Engine::new (defined at /tmp/loop_over_bdir-26478-7sLucz/HTTP-Engine-0.03005-0/blib/lib/HTTP/Engine.pm line 17) line 32
	HTTP::Engine::new("HTTP::Engine", "interface", HASH(0x3a900c0)) called at t/Utils.pm line 129
	t::Utils::__ANON__(50372) called at /tmp/loop_over_bdir-26478-7sLucz/HTTP-Engine-0.03005-0/inc/Test/TCP.pm line 118
	Test::TCP::start(Test::TCP=HASH(0x3e83428)) called at /tmp/loop_over_bdir-26478-7sLucz/HTTP-Engine-0.03005-0/inc/Test/TCP.pm line 102
	Test::TCP::new("Test::TCP", "code", CODE(0x3e2b110), "port", 50372) called at /tmp/loop_over_bdir-26478-7sLucz/HTTP-Engine-0.03005-0/inc/Test/TCP.pm line 54
	Test::TCP::test_tcp("client", CODE(0x3e2b080), "server", CODE(0x3e2b110), "port", 50372) called at t/Utils.pm line 132
	t::Utils::daemonize_all(CODE(0x1a58e00), "    sub {\x{a}        my \$port = shift;\x{a}        return (\x{a}        "...) called at t/moose/030_daemonize/upload-methods.t line 42
Class::MOP::load_class is deprecated at /home/sand/src/perl/repoperls/installed-perls/host/k93x64sid/v5.22.1/721c/lib/site_perl/5.22.1/x86_64-linux-thread-multi-ld/Class/MOP.pm line 69.
	Class::MOP::load_class("HTTP::Engine::Interface::POE") called at /tmp/loop_over_bdir-26478-7sLucz/HTTP-Engine-0.03005-0/blib/lib/HTTP/Engine/Types/Core.pm line 26
	HTTP::Engine::Types::Core::__ANON__(HASH(0x3a900c0)) called at /home/sand/src/perl/repoperls/installed-perls/host/k93x64sid/v5.22.1/721c/lib/site_perl/5.22.1/x86_64-linux-thread-multi-ld/Moose/Meta/TypeCoercion.pm line 65
	Moose::Meta::TypeCoercion::__ANON__(HASH(0x3a900c0)) called at constructor HTTP::Engine::new (defined at /tmp/loop_over_bdir-26478-7sLucz/HTTP-Engine-0.03005-0/blib/lib/HTTP/Engine.pm line 17) line 32
	HTTP::Engine::new("HTTP::Engine", "interface", HASH(0x3a900c0)) called at t/Utils.pm line 129
	t::Utils::__ANON__(50372) called at /tmp/loop_over_bdir-26478-7sLucz/HTTP-Engine-0.03005-0/inc/Test/TCP.pm line 118
	Test::TCP::start(Test::TCP=HASH(0x410e660)) called at /tmp/loop_over_bdir-26478-7sLucz/HTTP-Engine-0.03005-0/inc/Test/TCP.pm line 102
	Test::TCP::new("Test::TCP", "code", CODE(0x3e2b110), "port", 50372) called at /tmp/loop_over_bdir-26478-7sLucz/HTTP-Engine-0.03005-0/inc/Test/TCP.pm line 54
	Test::TCP::test_tcp("client", CODE(0x3e2b080), "server", CODE(0x3e2b110), "port", 50372) called at t/Utils.pm line 132
	t::Utils::daemonize_all(CODE(0x1a58e00), "    sub {\x{a}        my \$port = shift;\x{a}        return (\x{a}        "...) called at t/moose/030_daemonize/upload-methods.t line 42
t/moose/030_daemonize/upload-methods.t ...................... ok
Possible precedence issue with control flow operator at /tmp/loop_over_bdir-26478-7sLucz/HTTP-Engine-0.03005-0/inc/Test/Builder.pm line 917.
Class::MOP::load_class is deprecated at /home/sand/src/perl/repoperls/installed-perls/host/k93x64sid/v5.22.1/721c/lib/site_perl/5.22.1/x86_64-linux-thread-multi-ld/Class/MOP.pm line 69.
	Class::MOP::load_class("HTTP::Engine::Interface::Standalone") called at /tmp/loop_over_bdir-26478-7sLucz/HTTP-Engine-0.03005-0/blib/lib/HTTP/Engine/Types/Core.pm line 26
	HTTP::Engine::Types::Core::__ANON__(HASH(0x2b5b7a8)) called at /home/sand/src/perl/repoperls/installed-perls/host/k93x64sid/v5.22.1/721c/lib/site_perl/5.22.1/x86_64-linux-thread-multi-ld/Moose/Meta/TypeCoercion.pm line 65
	Moose::Meta::TypeCoercion::__ANON__(HASH(0x2b5b7a8)) called at constructor HTTP::Engine::new (defined at /tmp/loop_over_bdir-26478-7sLucz/HTTP-Engine-0.03005-0/blib/lib/HTTP/Engine.pm line 17) line 32
	HTTP::Engine::new("HTTP::Engine", "interface", HASH(0x2b5b7a8)) called at t/Utils.pm line 129
	t::Utils::__ANON__(50440) called at /tmp/loop_over_bdir-26478-7sLucz/HTTP-Engine-0.03005-0/inc/Test/TCP.pm line 118
	Test::TCP::start(Test::TCP=HASH(0x2f4aa58)) called at /tmp/loop_over_bdir-26478-7sLucz/HTTP-Engine-0.03005-0/inc/Test/TCP.pm line 102
	Test::TCP::new("Test::TCP", "code", CODE(0x2ef3a00), "port", 50440) called at /tmp/loop_over_bdir-26478-7sLucz/HTTP-Engine-0.03005-0/inc/Test/TCP.pm line 54
	Test::TCP::test_tcp("client", CODE(0x2ef3970), "server", CODE(0x2ef3a00), "port", 50440) called at t/Utils.pm line 132
	t::Utils::daemonize_all(CODE(0xb20e00), "    sub {\x{a}        my \$port = shift;\x{a}        return (\x{a}        "...) called at t/moose/030_daemonize/upload.t line 42
Class::MOP::load_class is deprecated at /home/sand/src/perl/repoperls/installed-perls/host/k93x64sid/v5.22.1/721c/lib/site_perl/5.22.1/x86_64-linux-thread-multi-ld/Class/MOP.pm line 69.
	Class::MOP::load_class("HTTP::Engine::Interface::ServerSimple") called at /tmp/loop_over_bdir-26478-7sLucz/HTTP-Engine-0.03005-0/blib/lib/HTTP/Engine/Types/Core.pm line 26
	HTTP::Engine::Types::Core::__ANON__(HASH(0x2b5b7a8)) called at /home/sand/src/perl/repoperls/installed-perls/host/k93x64sid/v5.22.1/721c/lib/site_perl/5.22.1/x86_64-linux-thread-multi-ld/Moose/Meta/TypeCoercion.pm line 65
	Moose::Meta::TypeCoercion::__ANON__(HASH(0x2b5b7a8)) called at constructor HTTP::Engine::new (defined at /tmp/loop_over_bdir-26478-7sLucz/HTTP-Engine-0.03005-0/blib/lib/HTTP/Engine.pm line 17) line 32
	HTTP::Engine::new("HTTP::Engine", "interface", HASH(0x2b5b7a8)) called at t/Utils.pm line 129
	t::Utils::__ANON__(50440) called at /tmp/loop_over_bdir-26478-7sLucz/HTTP-Engine-0.03005-0/inc/Test/TCP.pm line 118
	Test::TCP::start(Test::TCP=HASH(0x31d7140)) called at /tmp/loop_over_bdir-26478-7sLucz/HTTP-Engine-0.03005-0/inc/Test/TCP.pm line 102
	Test::TCP::new("Test::TCP", "code", CODE(0x2ef3a00), "port", 50440) called at /tmp/loop_over_bdir-26478-7sLucz/HTTP-Engine-0.03005-0/inc/Test/TCP.pm line 54
	Test::TCP::test_tcp("client", CODE(0x2ef3970), "server", CODE(0x2ef3a00), "port", 50440) called at t/Utils.pm line 132
	t::Utils::daemonize_all(CODE(0xb20e00), "    sub {\x{a}        my \$port = shift;\x{a}        return (\x{a}        "...) called at t/moose/030_daemonize/upload.t line 42
Class::MOP::load_class is deprecated at /home/sand/src/perl/repoperls/installed-perls/host/k93x64sid/v5.22.1/721c/lib/site_perl/5.22.1/x86_64-linux-thread-multi-ld/Class/MOP.pm line 69.
	Class::MOP::load_class("HTTP::Engine::Interface::POE") called at /tmp/loop_over_bdir-26478-7sLucz/HTTP-Engine-0.03005-0/blib/lib/HTTP/Engine/Types/Core.pm line 26
	HTTP::Engine::Types::Core::__ANON__(HASH(0x2b5b7a8)) called at /home/sand/src/perl/repoperls/installed-perls/host/k93x64sid/v5.22.1/721c/lib/site_perl/5.22.1/x86_64-linux-thread-multi-ld/Moose/Meta/TypeCoercion.pm line 65
	Moose::Meta::TypeCoercion::__ANON__(HASH(0x2b5b7a8)) called at constructor HTTP::Engine::new (defined at /tmp/loop_over_bdir-26478-7sLucz/HTTP-Engine-0.03005-0/blib/lib/HTTP/Engine.pm line 17) line 32
	HTTP::Engine::new("HTTP::Engine", "interface", HASH(0x2b5b7a8)) called at t/Utils.pm line 129
	t::Utils::__ANON__(50440) called at /tmp/loop_over_bdir-26478-7sLucz/HTTP-Engine-0.03005-0/inc/Test/TCP.pm line 118
	Test::TCP::start(Test::TCP=HASH(0x2f4ae78)) called at /tmp/loop_over_bdir-26478-7sLucz/HTTP-Engine-0.03005-0/inc/Test/TCP.pm line 102
	Test::TCP::new("Test::TCP", "code", CODE(0x2ef3a00), "port", 50440) called at /tmp/loop_over_bdir-26478-7sLucz/HTTP-Engine-0.03005-0/inc/Test/TCP.pm line 54
	Test::TCP::test_tcp("client", CODE(0x2ef3970), "server", CODE(0x2ef3a00), "port", 50440) called at t/Utils.pm line 132
	t::Utils::daemonize_all(CODE(0xb20e00), "    sub {\x{a}        my \$port = shift;\x{a}        return (\x{a}        "...) called at t/moose/030_daemonize/upload.t line 42
t/moose/030_daemonize/upload.t .............................. ok
Possible precedence issue with control flow operator at /tmp/loop_over_bdir-26478-7sLucz/HTTP-Engine-0.03005-0/inc/Test/Builder.pm line 917.
Class::MOP::load_class is deprecated at /home/sand/src/perl/repoperls/installed-perls/host/k93x64sid/v5.22.1/721c/lib/site_perl/5.22.1/x86_64-linux-thread-multi-ld/Class/MOP.pm line 69.
	Class::MOP::load_class("HTTP::Engine::Interface::Standalone") called at /tmp/loop_over_bdir-26478-7sLucz/HTTP-Engine-0.03005-0/blib/lib/HTTP/Engine/Types/Core.pm line 26
	HTTP::Engine::Types::Core::__ANON__(HASH(0x32b4730)) called at /home/sand/src/perl/repoperls/installed-perls/host/k93x64sid/v5.22.1/721c/lib/site_perl/5.22.1/x86_64-linux-thread-multi-ld/Moose/Meta/TypeCoercion.pm line 65
	Moose::Meta::TypeCoercion::__ANON__(HASH(0x32b4730)) called at constructor HTTP::Engine::new (defined at /tmp/loop_over_bdir-26478-7sLucz/HTTP-Engine-0.03005-0/blib/lib/HTTP/Engine.pm line 17) line 32
	HTTP::Engine::new("HTTP::Engine", "interface", HASH(0x32b4730)) called at t/Utils.pm line 129
	t::Utils::__ANON__(50832) called at /tmp/loop_over_bdir-26478-7sLucz/HTTP-Engine-0.03005-0/inc/Test/TCP.pm line 118
	Test::TCP::start(Test::TCP=HASH(0x36e1450)) called at /tmp/loop_over_bdir-26478-7sLucz/HTTP-Engine-0.03005-0/inc/Test/TCP.pm line 102
	Test::TCP::new("Test::TCP", "code", CODE(0x364e940), "port", 50832) called at /tmp/loop_over_bdir-26478-7sLucz/HTTP-Engine-0.03005-0/inc/Test/TCP.pm line 54
	Test::TCP::test_tcp("client", CODE(0x364e8b0), "server", CODE(0x364e940), "port", 50832) called at t/Utils.pm line 132
	t::Utils::daemonize_all(CODE(0x30c25e8), "    sub {\x{a}        my \$port = shift;\x{a}        return (\x{a}        "...) called at t/moose/030_daemonize/uri.t line 20
Class::MOP::load_class is deprecated at /home/sand/src/perl/repoperls/installed-perls/host/k93x64sid/v5.22.1/721c/lib/site_perl/5.22.1/x86_64-linux-thread-multi-ld/Class/MOP.pm line 69.
	Class::MOP::load_class("HTTP::Engine::Interface::ServerSimple") called at /tmp/loop_over_bdir-26478-7sLucz/HTTP-Engine-0.03005-0/blib/lib/HTTP/Engine/Types/Core.pm line 26
	HTTP::Engine::Types::Core::__ANON__(HASH(0x32b4730)) called at /home/sand/src/perl/repoperls/installed-perls/host/k93x64sid/v5.22.1/721c/lib/site_perl/5.22.1/x86_64-linux-thread-multi-ld/Moose/Meta/TypeCoercion.pm line 65
	Moose::Meta::TypeCoercion::__ANON__(HASH(0x32b4730)) called at constructor HTTP::Engine::new (defined at /tmp/loop_over_bdir-26478-7sLucz/HTTP-Engine-0.03005-0/blib/lib/HTTP/Engine.pm line 17) line 32
	HTTP::Engine::new("HTTP::Engine", "interface", HASH(0x32b4730)) called at t/Utils.pm line 129
	t::Utils::__ANON__(50832) called at /tmp/loop_over_bdir-26478-7sLucz/HTTP-Engine-0.03005-0/inc/Test/TCP.pm line 118
	Test::TCP::start(Test::TCP=HASH(0x378c308)) called at /tmp/loop_over_bdir-26478-7sLucz/HTTP-Engine-0.03005-0/inc/Test/TCP.pm line 102
	Test::TCP::new("Test::TCP", "code", CODE(0x364e940), "port", 50832) called at /tmp/loop_over_bdir-26478-7sLucz/HTTP-Engine-0.03005-0/inc/Test/TCP.pm line 54
	Test::TCP::test_tcp("client", CODE(0x364e8b0), "server", CODE(0x364e940), "port", 50832) called at t/Utils.pm line 132
	t::Utils::daemonize_all(CODE(0x30c25e8), "    sub {\x{a}        my \$port = shift;\x{a}        return (\x{a}        "...) called at t/moose/030_daemonize/uri.t line 20
Class::MOP::load_class is deprecated at /home/sand/src/perl/repoperls/installed-perls/host/k93x64sid/v5.22.1/721c/lib/site_perl/5.22.1/x86_64-linux-thread-multi-ld/Class/MOP.pm line 69.
	Class::MOP::load_class("HTTP::Engine::Interface::POE") called at /tmp/loop_over_bdir-26478-7sLucz/HTTP-Engine-0.03005-0/blib/lib/HTTP/Engine/Types/Core.pm line 26
	HTTP::Engine::Types::Core::__ANON__(HASH(0x32b4730)) called at /home/sand/src/perl/repoperls/installed-perls/host/k93x64sid/v5.22.1/721c/lib/site_perl/5.22.1/x86_64-linux-thread-multi-ld/Moose/Meta/TypeCoercion.pm line 65
	Moose::Meta::TypeCoercion::__ANON__(HASH(0x32b4730)) called at constructor HTTP::Engine::new (defined at /tmp/loop_over_bdir-26478-7sLucz/HTTP-Engine-0.03005-0/blib/lib/HTTP/Engine.pm line 17) line 32
	HTTP::Engine::new("HTTP::Engine", "interface", HASH(0x32b4730)) called at t/Utils.pm line 129
	t::Utils::__ANON__(50832) called at /tmp/loop_over_bdir-26478-7sLucz/HTTP-Engine-0.03005-0/inc/Test/TCP.pm line 118
	Test::TCP::start(Test::TCP=HASH(0x3b7fa10)) called at /tmp/loop_over_bdir-26478-7sLucz/HTTP-Engine-0.03005-0/inc/Test/TCP.pm line 102
	Test::TCP::new("Test::TCP", "code", CODE(0x364e940), "port", 50832) called at /tmp/loop_over_bdir-26478-7sLucz/HTTP-Engine-0.03005-0/inc/Test/TCP.pm line 54
	Test::TCP::test_tcp("client", CODE(0x364e8b0), "server", CODE(0x364e940), "port", 50832) called at t/Utils.pm line 132
	t::Utils::daemonize_all(CODE(0x30c25e8), "    sub {\x{a}        my \$port = shift;\x{a}        return (\x{a}        "...) called at t/moose/030_daemonize/uri.t line 20
t/moose/030_daemonize/uri.t ................................. ok
Possible precedence issue with control flow operator at /tmp/loop_over_bdir-26478-7sLucz/HTTP-Engine-0.03005-0/inc/Test/Builder.pm line 917.
Class::MOP::load_class is deprecated at /home/sand/src/perl/repoperls/installed-perls/host/k93x64sid/v5.22.1/721c/lib/site_perl/5.22.1/x86_64-linux-thread-multi-ld/Class/MOP.pm line 69.
	Class::MOP::load_class("HTTP::Engine::Interface::Standalone") called at /tmp/loop_over_bdir-26478-7sLucz/HTTP-Engine-0.03005-0/blib/lib/HTTP/Engine/Types/Core.pm line 26
	HTTP::Engine::Types::Core::__ANON__(HASH(0x4a640d8)) called at /home/sand/src/perl/repoperls/installed-perls/host/k93x64sid/v5.22.1/721c/lib/site_perl/5.22.1/x86_64-linux-thread-multi-ld/Moose/Meta/TypeCoercion.pm line 65
	Moose::Meta::TypeCoercion::__ANON__(HASH(0x4a640d8)) called at constructor HTTP::Engine::new (defined at /tmp/loop_over_bdir-26478-7sLucz/HTTP-Engine-0.03005-0/blib/lib/HTTP/Engine.pm line 17) line 32
	HTTP::Engine::new("HTTP::Engine", "interface", HASH(0x4a640d8)) called at t/Utils.pm line 129
	t::Utils::__ANON__(50928) called at /tmp/loop_over_bdir-26478-7sLucz/HTTP-Engine-0.03005-0/inc/Test/TCP.pm line 118
	Test::TCP::start(Test::TCP=HASH(0x4aee668)) called at /tmp/loop_over_bdir-26478-7sLucz/HTTP-Engine-0.03005-0/inc/Test/TCP.pm line 102
	Test::TCP::new("Test::TCP", "code", CODE(0x4a64288), "port", 50928) called at /tmp/loop_over_bdir-26478-7sLucz/HTTP-Engine-0.03005-0/inc/Test/TCP.pm line 54
	Test::TCP::test_tcp("client", CODE(0x4a641f8), "server", CODE(0x4a64288), "port", 50928) called at t/Utils.pm line 132
	t::Utils::daemonize_all(CODE(0x4510d68), "    sub {\x{a}        my \$port = Encode::decode_utf8(shift);\x{a}    "...) called at t/moose/030_daemonize/utf8flagged-uri.t line 23
Class::MOP::load_class is deprecated at /home/sand/src/perl/repoperls/installed-perls/host/k93x64sid/v5.22.1/721c/lib/site_perl/5.22.1/x86_64-linux-thread-multi-ld/Class/MOP.pm line 69.
	Class::MOP::load_class("HTTP::Engine::Interface::ServerSimple") called at /tmp/loop_over_bdir-26478-7sLucz/HTTP-Engine-0.03005-0/blib/lib/HTTP/Engine/Types/Core.pm line 26
	HTTP::Engine::Types::Core::__ANON__(HASH(0x4a640d8)) called at /home/sand/src/perl/repoperls/installed-perls/host/k93x64sid/v5.22.1/721c/lib/site_perl/5.22.1/x86_64-linux-thread-multi-ld/Moose/Meta/TypeCoercion.pm line 65
	Moose::Meta::TypeCoercion::__ANON__(HASH(0x4a640d8)) called at constructor HTTP::Engine::new (defined at /tmp/loop_over_bdir-26478-7sLucz/HTTP-Engine-0.03005-0/blib/lib/HTTP/Engine.pm line 17) line 32
	HTTP::Engine::new("HTTP::Engine", "interface", HASH(0x4a640d8)) called at t/Utils.pm line 129
	t::Utils::__ANON__(50928) called at /tmp/loop_over_bdir-26478-7sLucz/HTTP-Engine-0.03005-0/inc/Test/TCP.pm line 118
	Test::TCP::start(Test::TCP=HASH(0x4aee890)) called at /tmp/loop_over_bdir-26478-7sLucz/HTTP-Engine-0.03005-0/inc/Test/TCP.pm line 102
	Test::TCP::new("Test::TCP", "code", CODE(0x4a64288), "port", 50928) called at /tmp/loop_over_bdir-26478-7sLucz/HTTP-Engine-0.03005-0/inc/Test/TCP.pm line 54
	Test::TCP::test_tcp("client", CODE(0x4a641f8), "server", CODE(0x4a64288), "port", 50928) called at t/Utils.pm line 132
	t::Utils::daemonize_all(CODE(0x4510d68), "    sub {\x{a}        my \$port = Encode::decode_utf8(shift);\x{a}    "...) called at t/moose/030_daemonize/utf8flagged-uri.t line 23
Class::MOP::load_class is deprecated at /home/sand/src/perl/repoperls/installed-perls/host/k93x64sid/v5.22.1/721c/lib/site_perl/5.22.1/x86_64-linux-thread-multi-ld/Class/MOP.pm line 69.
	Class::MOP::load_class("HTTP::Engine::Interface::POE") called at /tmp/loop_over_bdir-26478-7sLucz/HTTP-Engine-0.03005-0/blib/lib/HTTP/Engine/Types/Core.pm line 26
	HTTP::Engine::Types::Core::__ANON__(HASH(0x4a640d8)) called at /home/sand/src/perl/repoperls/installed-perls/host/k93x64sid/v5.22.1/721c/lib/site_perl/5.22.1/x86_64-linux-thread-multi-ld/Moose/Meta/TypeCoercion.pm line 65
	Moose::Meta::TypeCoercion::__ANON__(HASH(0x4a640d8)) called at constructor HTTP::Engine::new (defined at /tmp/loop_over_bdir-26478-7sLucz/HTTP-Engine-0.03005-0/blib/lib/HTTP/Engine.pm line 17) line 32
	HTTP::Engine::new("HTTP::Engine", "interface", HASH(0x4a640d8)) called at t/Utils.pm line 129
	t::Utils::__ANON__(50928) called at /tmp/loop_over_bdir-26478-7sLucz/HTTP-Engine-0.03005-0/inc/Test/TCP.pm line 118
	Test::TCP::start(Test::TCP=HASH(0x4aee6e0)) called at /tmp/loop_over_bdir-26478-7sLucz/HTTP-Engine-0.03005-0/inc/Test/TCP.pm line 102
	Test::TCP::new("Test::TCP", "code", CODE(0x4a64288), "port", 50928) called at /tmp/loop_over_bdir-26478-7sLucz/HTTP-Engine-0.03005-0/inc/Test/TCP.pm line 54
	Test::TCP::test_tcp("client", CODE(0x4a641f8), "server", CODE(0x4a64288), "port", 50928) called at t/Utils.pm line 132
	t::Utils::daemonize_all(CODE(0x4510d68), "    sub {\x{a}        my \$port = Encode::decode_utf8(shift);\x{a}    "...) called at t/moose/030_daemonize/utf8flagged-uri.t line 23
t/moose/030_daemonize/utf8flagged-uri.t ..................... ok
Possible precedence issue with control flow operator at /tmp/loop_over_bdir-26478-7sLucz/HTTP-Engine-0.03005-0/inc/Test/Builder.pm line 917.
Redundant argument in sprintf at /tmp/loop_over_bdir-26478-7sLucz/HTTP-Engine-0.03005-0/inc/Spiffy.pm line 225.
Redundant argument in sprintf at /tmp/loop_over_bdir-26478-7sLucz/HTTP-Engine-0.03005-0/inc/Spiffy.pm line 225.
Redundant argument in sprintf at /tmp/loop_over_bdir-26478-7sLucz/HTTP-Engine-0.03005-0/inc/Spiffy.pm line 225.
Redundant argument in sprintf at /tmp/loop_over_bdir-26478-7sLucz/HTTP-Engine-0.03005-0/inc/Spiffy.pm line 225.
t/moose/040_minimal/001_simple.t ............................ ok
Possible precedence issue with control flow operator at /tmp/loop_over_bdir-26478-7sLucz/HTTP-Engine-0.03005-0/inc/Test/Builder.pm line 917.
t/moose/050_tests/request.t ................................. ok

Test Summary Report
-------------------
t/030_daemonize/proxy_path.t                              (Wstat: 1024 Tests: 16 Failed: 4)
  Failed tests:  2, 4, 10, 12
  Non-zero exit status: 4
t/moose/010_core/request_processor-catch_error.t          (Wstat: 256 Tests: 3 Failed: 1)
  Failed test:  3
  Non-zero exit status: 1
t/moose/020_interface/test-validation.t                   (Wstat: 256 Tests: 10 Failed: 1)
  Failed test:  2
  Non-zero exit status: 1
t/moose/030_daemonize/proxy_path.t                        (Wstat: 1024 Tests: 16 Failed: 4)
  Failed tests:  2, 4, 10, 12
  Non-zero exit status: 4
Files=144, Tests=1382, 46 wallclock secs ( 0.36 usr  0.53 sys + 32.36 cusr  6.01 csys = 39.26 CPU)
Result: FAIL
Failed 4/144 test programs. 10/1382 subtests failed.
Makefile:925: recipe for target 'test_dynamic' failed
make: *** [test_dynamic] Error 255

------------------------------
PREREQUISITES
------------------------------

Prerequisite modules loaded:

requires:

    Module               Need   Have    
    -------------------- ------ --------
    Any::Moose           0.13   0.26    
    CGI::Simple::Cookie  1.103  1.114   
    File::Copy           0      2.30    
    File::Spec::Unix     3.2701 3.62    
    Filter::Util::Call   0      1.54    
    HTTP::Body           1.05   1.22    
    HTTP::Headers::Fast  0.11   0.20    
    HTTP::Server::Simple 0.35   0.51    
    Mouse                0.62   v2.4.5  
    MouseX::Types        0.05   0.06    
    perl                 5.008  5.022001
    Scalar::Util         1.19   1.45    
    URI                  1.36   1.71    

build_requires:

    Module               Need   Have    
    -------------------- ------ --------
    ExtUtils::MakeMaker  6.42   7.10    
    File::Temp           0.20   0.2304  
    HTTP::Request::AsCGI 0      1.2     
    IO::File             1.14   1.16    
    IO::Scalar           0      2.111   
    IO::Socket           1.3    1.38    
    IO::Socket::INET     0      1.35    
    Test::More           0      1.001014
    Test::SharedFork     0.11   0.35    
    Test::TCP            0.16   2.15    
    YAML                 0      1.15    

configure_requires:

    Module               Need   Have    
    -------------------- ------ --------
    ExtUtils::MakeMaker  6.42   7.10    


------------------------------
ENVIRONMENT AND OTHER CONTEXT
------------------------------

Environment variables:

    AUTOMATED_TESTING = 1
    LANG = C
    PATH = /usr/lib/ccache:/home/sand/bin:/usr/local/bin:/usr/lib/ccache:/usr/bin:/bin:/usr/games:/usr/local/perl/bin:/usr/X11/bin:/sbin:/usr/sbin
    PERL5LIB = 
    PERL5OPT = 
    PERL5_CPANPLUS_IS_RUNNING = 9792
    PERL5_CPAN_IS_RUNNING = 9792
    PERL_CANARY_STABILITY_NOPROMPT = 1
    PERL_MM_USE_DEFAULT = 1
    SHELL = /usr/bin/zsh
    TERM = screen

Perl special variables (and OS-specific diagnostics, for MSWin32):

    $^X = /tmp/basesmoker-reloperl-wump/bin/perl
    $UID/$EUID = 1005 / 1005
    $GID = 1005 1005
    $EGID = 1005 1005

Perl module toolchain versions installed:

    Module              Have    
    ------------------- --------
    CPAN                2.12    
    CPAN::Meta          2.150005
    Cwd                 3.62    
    ExtUtils::CBuilder  0.280224
    ExtUtils::Command   7.10    
    ExtUtils::Install   2.04    
    ExtUtils::MakeMaker 7.10    
    ExtUtils::Manifest  1.70    
    ExtUtils::ParseXS   3.28    
    File::Spec          3.62    
    JSON                2.90    
    JSON::PP            2.27300 
    Module::Build       0.4216  
    Module::Signature   0.79    
    Parse::CPAN::Meta   1.4417  
    Test::Harness       3.36    
    Test::More          1.001014
    YAML                1.15    
    YAML::Syck          1.29    
    version             0.9916  


--

Summary of my perl5 (revision 5 version 22 subversion 1) configuration:
  Commit id: 0ab152a1d10861997fe3e1b985cc92f142f4cec7
  Platform:
    osname=linux, osvers=4.4.0-1-amd64, archname=x86_64-linux-thread-multi-ld
    uname='linux k93x64sid 4.4.0-1-amd64 #1 smp debian 4.4.6-1 (2016-03-17) x86_64 gnulinux '
    config_args='-Dprefix=/home/sand/src/perl/repoperls/installed-perls/host/k93x64sid/v5.22.1/721c -Dmyhostname=k93x64sid -Dinstallusrbinperl=n -Uversiononly -Dusedevel -des -Ui_db -Dlibswanted=cl pthread socket inet nsl gdbm dbm malloc dl ld sun m crypt sec util c cposix posix ucb BSD gdbm_compat -Duseithreads -Duselongdouble'
    hint=recommended, useposix=true, d_sigaction=define
    useithreads=define, usemultiplicity=define
    use64bitint=define, use64bitall=define, uselongdouble=define
    usemymalloc=n, bincompat5005=undef
  Compiler:
    cc='cc', ccflags ='-D_REENTRANT -D_GNU_SOURCE -fwrapv -fno-strict-aliasing -pipe -fstack-protector-strong -I/usr/local/include -D_LARGEFILE_SOURCE -D_FILE_OFFSET_BITS=64',
    optimize='-O2',
    cppflags='-D_REENTRANT -D_GNU_SOURCE -fwrapv -fno-strict-aliasing -pipe -fstack-protector-strong -I/usr/local/include'
    ccversion='', gccversion='5.3.1 20160323', gccosandvers=''
    intsize=4, longsize=8, ptrsize=8, doublesize=8, byteorder=12345678, doublekind=3
    d_longlong=define, longlongsize=8, d_longdbl=define, longdblsize=16, longdblkind=3
    ivtype='long', ivsize=8, nvtype='long double', nvsize=16, Off_t='off_t', lseeksize=8
    alignbytes=16, prototype=define
  Linker and Libraries:
    ld='cc', ldflags =' -fstack-protector-strong -L/usr/local/lib'
    libpth=/usr/local/lib /usr/lib/gcc/x86_64-linux-gnu/5/include-fixed /usr/include/x86_64-linux-gnu /usr/lib /lib/x86_64-linux-gnu /lib/../lib /usr/lib/x86_64-linux-gnu /usr/lib/../lib /lib
    libs=-lpthread -lnsl -ldl -lm -lcrypt -lutil -lc
    perllibs=-lpthread -lnsl -ldl -lm -lcrypt -lutil -lc
    libc=libc-2.22.so, so=so, useshrplib=false, libperl=libperl.a
    gnulibc_version='2.22'
  Dynamic Linking:
    dlsrc=dl_dlopen.xs, dlext=so, d_dlsymun=undef, ccdlflags='-Wl,-E'
    cccdlflags='-fPIC', lddlflags='-shared -O2 -L/usr/local/lib -fstack-protector-strong'


Characteristics of this binary (from libperl): 
  Compile-time options: HAS_TIMES MULTIPLICITY PERLIO_LAYERS
                        PERL_DONT_CREATE_GVSV
                        PERL_HASH_FUNC_ONE_AT_A_TIME_HARD
                        PERL_IMPLICIT_CONTEXT PERL_MALLOC_WRAP
                        PERL_NEW_COPY_ON_WRITE PERL_PRESERVE_IVUV
                        PERL_USE_DEVEL USE_64_BIT_ALL USE_64_BIT_INT
                        USE_ITHREADS USE_LARGE_FILES USE_LOCALE
                        USE_LOCALE_COLLATE USE_LOCALE_CTYPE
                        USE_LOCALE_NUMERIC USE_LOCALE_TIME USE_LONG_DOUBLE
                        USE_PERLIO USE_PERL_ATOF USE_REENTRANT_API
  Built under linux
  Compiled at Apr  7 2016 02:43:32
  %ENV:
    PERL5LIB=""
    PERL5OPT=""
    PERL5_CPANPLUS_IS_RUNNING="9792"
    PERL5_CPAN_IS_RUNNING="9792"
    PERL_CANARY_STABILITY_NOPROMPT="1"
    PERL_MM_USE_DEFAULT="1"
  @INC:
    /home/sand/src/perl/repoperls/installed-perls/host/k93x64sid/v5.22.1/721c/lib/site_perl/5.22.1/x86_64-linux-thread-multi-ld
    /home/sand/src/perl/repoperls/installed-perls/host/k93x64sid/v5.22.1/721c/lib/site_perl/5.22.1
    /home/sand/src/perl/repoperls/installed-perls/host/k93x64sid/v5.22.1/721c/lib/5.22.1/x86_64-linux-thread-multi-ld
    /home/sand/src/perl/repoperls/installed-perls/host/k93x64sid/v5.22.1/721c/lib/5.22.1
    .