Report for Nagios-Monitoring-Plugin-0.50

Back
From: metabase:user:30977d10-2aae-11df-837a-5e0a49663a4f
Subject: FAIL Nagios-Monitoring-Plugin-0.50 v5.23.1 GNU/Linux
Date: 2015-09-19T00:31:54Z

This distribution has been tested as part of the CPAN Testers
project, supporting the Perl programming language.  See
http://wiki.cpantesters.org/ for more information or email
questions to cpan-testers-discuss@perl.org


--
Dear Scott Wilkerson,

This is a computer-generated report for Nagios-Monitoring-Plugin-0.50
on perl 5.23.1, created by CPAN-Reporter-1.2015.

Thank you for uploading your work to CPAN.  However, there was a problem
testing your distribution.

If you think this report is invalid, please consult the CPAN Testers Wiki
for suggestions on how to avoid getting FAIL reports for missing library
or binary dependencies, unsupported operating systems, and so on:

http://wiki.cpantesters.org/wiki/CPANAuthorNotes

Sections of this report:

    * Tester comments
    * Program output
    * Prerequisites
    * Environment and other context

------------------------------
TESTER COMMENTS
------------------------------

Additional comments from tester:

this report is from an automated smoke testing program
and was not reviewed by a human for accuracy

------------------------------
PROGRAM OUTPUT
------------------------------

Output from '/usr/bin/make test':

PERL_DL_NONLAZY=1 "/home/stro/perl/5.23.1t/bin/perl" "-MExtUtils::Command::MM" "-MTest::Harness" "-e" "undef *Test::Harness::Switches; test_harness(0, 'blib/lib', 'blib/arch')" t/*.t
t/check_stuff.t .............................. ok
t/Nagios-Monitoring-Plugin-01.t .............. ok
t/Nagios-Monitoring-Plugin-02.t .............. ok
t/Nagios-Monitoring-Plugin-03.t .............. ok
t/Nagios-Monitoring-Plugin-04.t .............. ok
t/Nagios-Monitoring-Plugin-05.t .............. ok
Can't use 'defined(%hash)' (Maybe you should just omit the defined()?) at t/Nagios-Monitoring-Plugin-Functions-01.t line 22.
# Looks like you planned 113 tests but ran 1.
# Looks like your test exited with 255 just after 1.
t/Nagios-Monitoring-Plugin-Functions-01.t .... 
Dubious, test returned 255 (wstat 65280, 0xff00)
Failed 112/113 subtests 
t/Nagios-Monitoring-Plugin-Functions-02.t .... ok
t/Nagios-Monitoring-Plugin-Functions-03.t .... ok
t/Nagios-Monitoring-Plugin-Functions-04.t .... ok
t/Nagios-Monitoring-Plugin-Getopt-01.t ....... ok
t/Nagios-Monitoring-Plugin-Getopt-02.t ....... ok
t/Nagios-Monitoring-Plugin-Getopt-03.t ....... ok
t/Nagios-Monitoring-Plugin-Getopt-04.t ....... ok
t/Nagios-Monitoring-Plugin-Performance-02.t .. ok
t/Nagios-Monitoring-Plugin-Performance.t ..... ok
t/Nagios-Monitoring-Plugin-Range.t ........... ok
t/Nagios-Monitoring-Plugin-Threshold.t ....... ok

Test Summary Report
-------------------
t/Nagios-Monitoring-Plugin-Functions-01.t  (Wstat: 65280 Tests: 1 Failed: 0)
  Non-zero exit status: 255
  Parse errors: Bad plan.  You planned 113 tests but ran 1.
Files=18, Tests=878,  3 wallclock secs ( 0.09 usr  0.02 sys +  2.93 cusr  0.04 csys =  3.08 CPU)
Result: FAIL
Failed 1/18 test programs. 0/878 subtests failed.
Makefile:870: recipe for target 'test_dynamic' failed
make: *** [test_dynamic] Error 255

------------------------------
PREREQUISITES
------------------------------

Prerequisite modules loaded:

requires:

    Module              Need Have    
    ------------------- ---- --------
    Carp                0    1.36    
    Class::Accessor     0    0.34    
    Config::Tiny        0    2.22    
    File::Basename      0    2.85    
    File::Spec          0    3.56    
    IO::File            0    1.16    
    Math::Calc::Units   0    1.07    
    Params::Validate    0    1.21    
    Test::More          0.62 1.001014

build_requires:

    Module              Need Have    
    ------------------- ---- --------
    ExtUtils::MakeMaker 0    7.10    


------------------------------
ENVIRONMENT AND OTHER CONTEXT
------------------------------

Environment variables:

    AUTOMATED_TESTING = 1
    LANG = en_US.UTF-8
    PATH = /usr/local/bin:/usr/bin:/bin:/usr/local/games:/usr/games
    PERL5LIB = 
    PERL5OPT = 
    PERL5_CPANPLUS_IS_RUNNING = 14817
    PERL5_CPAN_IS_RUNNING = 14817
    PERL5_CPAN_IS_RUNNING_IN_RECURSION = 10744,14817
    PERL_CR_SMOKER_CURRENT = Nagios-Monitoring-Plugin-0.50
    PERL_EXTUTILS_AUTOINSTALL = --defaultdeps
    PERL_MM_USE_DEFAULT = 1
    SHELL = /bin/bash
    TERM = xterm

Perl special variables (and OS-specific diagnostics, for MSWin32):

    $^X = /home/stro/perl/5.23.1t/bin/perl
    $UID/$EUID = 1000 / 1000
    $GID = 1000 24 25 29 30 44 46 108 114 1000
    $EGID = 1000 24 25 29 30 44 46 108 114 1000

Perl module toolchain versions installed:

    Module              Have    
    ------------------- --------
    CPAN                2.11    
    CPAN::Meta          2.150005
    Cwd                 3.56    
    ExtUtils::CBuilder  0.280223
    ExtUtils::Command   7.10    
    ExtUtils::Install   2.04    
    ExtUtils::MakeMaker 7.10    
    ExtUtils::Manifest  1.70    
    ExtUtils::ParseXS   3.30    
    File::Spec          3.56    
    JSON                2.90    
    JSON::PP            2.27300 
    Module::Build       0.4214  
    Module::Signature   0.79    
    Parse::CPAN::Meta   1.4417  
    Test::Harness       3.35    
    Test::More          1.001014
    YAML                1.15    
    YAML::Syck          1.29    
    version             0.9909  


--

Summary of my perl5 (revision 5 version 23 subversion 1) configuration:
   
  Platform:
    osname=linux, osvers=3.16.0-4-amd64, archname=x86_64-linux-thread-multi
    uname='linux vm-debian-001 3.16.0-4-amd64 #1 smp debian 3.16.7-ckt11-1 (2015-05-24) x86_64 gnulinux '
    config_args=''
    hint=recommended, useposix=true, d_sigaction=define
    useithreads=define, usemultiplicity=define
    use64bitint=define, use64bitall=define, uselongdouble=undef
    usemymalloc=n, bincompat5005=undef
  Compiler:
    cc='cc', ccflags ='-D_REENTRANT -D_GNU_SOURCE -fwrapv -fno-strict-aliasing -pipe -fstack-protector-strong -I/usr/local/include -D_LARGEFILE_SOURCE -D_FILE_OFFSET_BITS=64 -D_FORTIFY_SOURCE=2',
    optimize='-O2',
    cppflags='-D_REENTRANT -D_GNU_SOURCE -fwrapv -fno-strict-aliasing -pipe -fstack-protector-strong -I/usr/local/include'
    ccversion='', gccversion='4.9.2', gccosandvers=''
    intsize=4, longsize=8, ptrsize=8, doublesize=8, byteorder=12345678, doublekind=3
    d_longlong=define, longlongsize=8, d_longdbl=define, longdblsize=16, longdblkind=3
    ivtype='long', ivsize=8, nvtype='double', nvsize=8, Off_t='off_t', lseeksize=8
    alignbytes=8, prototype=define
  Linker and Libraries:
    ld='cc', ldflags =' -fstack-protector-strong -L/usr/local/lib'
    libpth=/usr/local/lib /usr/lib/gcc/x86_64-linux-gnu/4.9/include-fixed /usr/include/x86_64-linux-gnu /usr/lib /lib/x86_64-linux-gnu /lib/../lib /usr/lib/x86_64-linux-gnu /usr/lib/../lib /lib
    libs=-lpthread -lnsl -ldl -lm -lcrypt -lutil -lc
    perllibs=-lpthread -lnsl -ldl -lm -lcrypt -lutil -lc
    libc=libc-2.19.so, so=so, useshrplib=false, libperl=libperl.a
    gnulibc_version='2.19'
  Dynamic Linking:
    dlsrc=dl_dlopen.xs, dlext=so, d_dlsymun=undef, ccdlflags='-Wl,-E'
    cccdlflags='-fPIC', lddlflags='-shared -O2 -L/usr/local/lib -fstack-protector-strong'


Characteristics of this binary (from libperl): 
  Compile-time options: HAS_TIMES MULTIPLICITY PERLIO_LAYERS
                        PERL_COPY_ON_WRITE PERL_DONT_CREATE_GVSV
                        PERL_HASH_FUNC_ONE_AT_A_TIME_HARD
                        PERL_IMPLICIT_CONTEXT PERL_MALLOC_WRAP
                        PERL_PRESERVE_IVUV USE_64_BIT_ALL USE_64_BIT_INT
                        USE_ITHREADS USE_LARGE_FILES USE_LOCALE
                        USE_LOCALE_COLLATE USE_LOCALE_CTYPE
                        USE_LOCALE_NUMERIC USE_LOCALE_TIME USE_PERLIO
                        USE_PERL_ATOF USE_REENTRANT_API
  Built under linux
  Compiled at Aug  3 2015 00:09:29
  %ENV:
    PERL5LIB=""
    PERL5OPT=""
    PERL5_CPANPLUS_IS_RUNNING="14817"
    PERL5_CPAN_IS_RUNNING="14817"
    PERL5_CPAN_IS_RUNNING_IN_RECURSION="10744,14817"
    PERL_CR_SMOKER_CURRENT="Nagios-Monitoring-Plugin-0.50"
    PERL_EXTUTILS_AUTOINSTALL="--defaultdeps"
    PERL_MM_USE_DEFAULT="1"
  @INC:
    /home/stro/perl/5.23.1t/lib/site_perl/5.23.1/x86_64-linux-thread-multi
    /home/stro/perl/5.23.1t/lib/site_perl/5.23.1
    /home/stro/perl/5.23.1t/lib/5.23.1/x86_64-linux-thread-multi
    /home/stro/perl/5.23.1t/lib/5.23.1
    .