GOBO v0.03 Perl 5 v5.26.1 x86_64-haiku
- Status
- Fail
- From
- Serguei Trouchelle (STRO)
- Dist
-
GOBO v0.03
- Platform
- Perl 5 v5.26.1 x86_64-haiku
- Date
- 2018-10-03 16:46:08
- ID
- d3d8d8a2-c72b-11e8-b18f-da91a5bcaffc
This distribution has been tested as part of the CPAN Testers
project, supporting the Perl programming language. See
http://wiki.cpantesters.org/ for more information or email
questions to cpan-testers-discuss@perl.org
--
Dear Chris Mungall,
This is a computer-generated report for GOBO-0.03
on perl 5.26.1, created by CPAN-Reporter-1.2018.
Thank you for uploading your work to CPAN. However, there was a problem
testing your distribution.
If you think this report is invalid, please consult the CPAN Testers Wiki
for suggestions on how to avoid getting FAIL reports for missing library
or binary dependencies, unsupported operating systems, and so on:
http://wiki.cpantesters.org/wiki/CPANAuthorNotes
Sections of this report:
* Tester comments
* Program output
* Prerequisites
* Environment and other context
------------------------------
TESTER COMMENTS
------------------------------
Additional comments from tester:
this report is from an automated smoke testing program
and was not reviewed by a human for accuracy
------------------------------
PROGRAM OUTPUT
------------------------------
Output from '/bin/make test':
"/packages/perl-5.26.1-2/.self/bin/perl" "-MExtUtils::Command::MM" "-MTest::Harness" "-e" "undef *Test::Harness::Switches; test_harness(0, 'blib/lib', 'blib/arch')" t/*.t
You cannot coerce an attribute (provenance) unless its type (GOBO::Node) has a coercion at /boot/home/perl5/lib/perl5/x86_64-haiku/Moose/Exporter.pm line 419
Moose::with('GOBO::Attributed') called at /boot/home/.cpan/build/GOBO-0.03-0/blib/lib/GOBO/Synonym.pm line 17
require GOBO/Synonym.pm at /boot/home/.cpan/build/GOBO-0.03-0/blib/lib/GOBO/Labeled.pm line 23
GOBO::Labeled::BEGIN at /boot/home/.cpan/build/GOBO-0.03-0/blib/lib/GOBO/Synonym.pm line 0
eval {...} at /boot/home/.cpan/build/GOBO-0.03-0/blib/lib/GOBO/Synonym.pm line 0
require GOBO/Labeled.pm at /boot/home/perl5/lib/perl5/Module/Runtime.pm line 314
Module::Runtime::require_module('GOBO::Labeled') called at /boot/home/perl5/lib/perl5/Module/Runtime.pm line 391
eval {...} at /boot/home/perl5/lib/perl5/Module/Runtime.pm line 391
Module::Runtime::use_package_optimistically('GOBO::Labeled') called at /boot/home/perl5/lib/perl5/x86_64-haiku/Moose/Util.pm line 351
Moose::Util::_load_user_class('GOBO::Labeled', undef) called at /boot/home/perl5/lib/perl5/x86_64-haiku/Moose/Util.pm line 146
Moose::Util::_apply_all_roles('Moose::Meta::Class=HASH(0xd2adb264b8)', undef, 'GOBO::Labeled') called at /boot/home/perl5/lib/perl5/x86_64-haiku/Moose/Util.pm line 113
Moose::Util::apply_all_roles('Moose::Meta::Class=HASH(0xd2adb264b8)', 'GOBO::Labeled') called at /boot/home/perl5/lib/perl5/x86_64-haiku/Moose.pm line 57
Moose::with('Moose::Meta::Class=HASH(0xd2adb264b8)', 'GOBO::Labeled') called at /boot/home/perl5/lib/perl5/x86_64-haiku/Moose/Exporter.pm line 419
Moose::with('GOBO::Labeled') called at /boot/home/.cpan/build/GOBO-0.03-0/blib/lib/GOBO/Node.pm line 6
require GOBO/Node.pm at /boot/home/perl5/lib/perl5/Module/Runtime.pm line 314
Module::Runtime::require_module('GOBO::Node') called at /boot/home/perl5/lib/perl5/Module/Runtime.pm line 391
eval {...} at /boot/home/perl5/lib/perl5/Module/Runtime.pm line 391
Module::Runtime::use_package_optimistically('GOBO::Node') called at /boot/home/perl5/lib/perl5/x86_64-haiku/Moose/Util.pm line 351
Moose::Util::_load_user_class('GOBO::Node', undef) called at /boot/home/perl5/lib/perl5/x86_64-haiku/Moose/Meta/Class.pm line 569
Moose::Meta::Class::superclasses(undef, 'GOBO::Node') called at /boot/home/perl5/lib/perl5/x86_64-haiku/Moose.pm line 53
Moose::extends('Moose::Meta::Class=HASH(0xd2acbd2820)', 'GOBO::Node') called at /boot/home/perl5/lib/perl5/x86_64-haiku/Moose/Exporter.pm line 419
Moose::extends('GOBO::Node') called at /boot/home/.cpan/build/GOBO-0.03-0/blib/lib/GOBO/Evidence.pm line 4
require GOBO/Evidence.pm at /boot/home/.cpan/build/GOBO-0.03-0/blib/lib/GOBO/Annotation.pm line 5
GOBO::Annotation::BEGIN at /boot/home/.cpan/build/GOBO-0.03-0/blib/lib/GOBO/Synonym.pm line 0
eval {...} at /boot/home/.cpan/build/GOBO-0.03-0/blib/lib/GOBO/Synonym.pm line 0
require GOBO/Annotation.pm at /boot/home/.cpan/build/GOBO-0.03-0/blib/lib/GOBO/Graph.pm line 55
GOBO::Graph::BEGIN at /boot/home/.cpan/build/GOBO-0.03-0/blib/lib/GOBO/Synonym.pm line 0
eval {...} at /boot/home/.cpan/build/GOBO-0.03-0/blib/lib/GOBO/Synonym.pm line 0
require GOBO/Graph.pm at t/analysis_test.t line 4
main::BEGIN at /boot/home/.cpan/build/GOBO-0.03-0/blib/lib/GOBO/Synonym.pm line 0
eval {...} at /boot/home/.cpan/build/GOBO-0.03-0/blib/lib/GOBO/Synonym.pm line 0
Compilation failed in require at /boot/home/.cpan/build/GOBO-0.03-0/blib/lib/GOBO/Labeled.pm line 23.
BEGIN failed--compilation aborted at /boot/home/.cpan/build/GOBO-0.03-0/blib/lib/GOBO/Labeled.pm line 23.
Compilation failed in require at /boot/home/perl5/lib/perl5/Module/Runtime.pm line 314.
Compilation failed in require at /boot/home/perl5/lib/perl5/Module/Runtime.pm line 314.
Compilation failed in require at /boot/home/.cpan/build/GOBO-0.03-0/blib/lib/GOBO/Annotation.pm line 5.
BEGIN failed--compilation aborted at /boot/home/.cpan/build/GOBO-0.03-0/blib/lib/GOBO/Annotation.pm line 5.
Compilation failed in require at /boot/home/.cpan/build/GOBO-0.03-0/blib/lib/GOBO/Graph.pm line 55.
BEGIN failed--compilation aborted at /boot/home/.cpan/build/GOBO-0.03-0/blib/lib/GOBO/Graph.pm line 55.
Compilation failed in require at t/analysis_test.t line 4.
BEGIN failed--compilation aborted at t/analysis_test.t line 4.
t/analysis_test.t ............
Dubious, test returned 255 (wstat 65280, 0xff00)
No subtests run
You cannot coerce an attribute (source) unless its type (GOBO::Node) has a coercion at /boot/home/perl5/lib/perl5/x86_64-haiku/Moose/Exporter.pm line 419
Moose::with('GOBO::Attributed') called at /boot/home/.cpan/build/GOBO-0.03-0/blib/lib/GOBO/Synonym.pm line 17
require GOBO/Synonym.pm at /boot/home/.cpan/build/GOBO-0.03-0/blib/lib/GOBO/Labeled.pm line 23
GOBO::Labeled::BEGIN at /boot/home/.cpan/build/GOBO-0.03-0/blib/lib/GOBO/Synonym.pm line 0
eval {...} at /boot/home/.cpan/build/GOBO-0.03-0/blib/lib/GOBO/Synonym.pm line 0
require GOBO/Labeled.pm at /boot/home/perl5/lib/perl5/Module/Runtime.pm line 314
Module::Runtime::require_module('GOBO::Labeled') called at /boot/home/perl5/lib/perl5/Module/Runtime.pm line 391
eval {...} at /boot/home/perl5/lib/perl5/Module/Runtime.pm line 391
Module::Runtime::use_package_optimistically('GOBO::Labeled') called at /boot/home/perl5/lib/perl5/x86_64-haiku/Moose/Util.pm line 351
Moose::Util::_load_user_class('GOBO::Labeled', undef) called at /boot/home/perl5/lib/perl5/x86_64-haiku/Moose/Util.pm line 146
Moose::Util::_apply_all_roles('Moose::Meta::Class=HASH(0x91848a7378)', undef, 'GOBO::Labeled') called at /boot/home/perl5/lib/perl5/x86_64-haiku/Moose/Util.pm line 113
Moose::Util::apply_all_roles('Moose::Meta::Class=HASH(0x91848a7378)', 'GOBO::Labeled') called at /boot/home/perl5/lib/perl5/x86_64-haiku/Moose.pm line 57
Moose::with('Moose::Meta::Class=HASH(0x91848a7378)', 'GOBO::Labeled') called at /boot/home/perl5/lib/perl5/x86_64-haiku/Moose/Exporter.pm line 419
Moose::with('GOBO::Labeled') called at /boot/home/.cpan/build/GOBO-0.03-0/blib/lib/GOBO/Node.pm line 6
require GOBO/Node.pm at /boot/home/.cpan/build/GOBO-0.03-0/blib/lib/GOBO/Statement.pm line 7
GOBO::Statement::BEGIN at /boot/home/.cpan/build/GOBO-0.03-0/blib/lib/GOBO/Synonym.pm line 0
eval {...} at /boot/home/.cpan/build/GOBO-0.03-0/blib/lib/GOBO/Synonym.pm line 0
require GOBO/Statement.pm at /boot/home/.cpan/build/GOBO-0.03-0/blib/lib/GOBO/ClassExpression/RelationalExpression.pm line 5
GOBO::ClassExpression::RelationalExpression::BEGIN at /boot/home/.cpan/build/GOBO-0.03-0/blib/lib/GOBO/Synonym.pm line 0
eval {...} at /boot/home/.cpan/build/GOBO-0.03-0/blib/lib/GOBO/Synonym.pm line 0
require GOBO/ClassExpression/RelationalExpression.pm at /boot/home/.cpan/build/GOBO-0.03-0/blib/lib/GOBO/ClassExpression.pm line 80
GOBO::ClassExpression::BEGIN at /boot/home/.cpan/build/GOBO-0.03-0/blib/lib/GOBO/Synonym.pm line 0
eval {...} at /boot/home/.cpan/build/GOBO-0.03-0/blib/lib/GOBO/Synonym.pm line 0
require GOBO/ClassExpression.pm at t/classexpr.t line 3
main::BEGIN at /boot/home/.cpan/build/GOBO-0.03-0/blib/lib/GOBO/Synonym.pm line 0
eval {...} at /boot/home/.cpan/build/GOBO-0.03-0/blib/lib/GOBO/Synonym.pm line 0
Compilation failed in require at /boot/home/.cpan/build/GOBO-0.03-0/blib/lib/GOBO/Labeled.pm line 23.
BEGIN failed--compilation aborted at /boot/home/.cpan/build/GOBO-0.03-0/blib/lib/GOBO/Labeled.pm line 23.
Compilation failed in require at /boot/home/perl5/lib/perl5/Module/Runtime.pm line 314.
Compilation failed in require at /boot/home/.cpan/build/GOBO-0.03-0/blib/lib/GOBO/Statement.pm line 7.
BEGIN failed--compilation aborted at /boot/home/.cpan/build/GOBO-0.03-0/blib/lib/GOBO/Statement.pm line 7.
Compilation failed in require at /boot/home/.cpan/build/GOBO-0.03-0/blib/lib/GOBO/ClassExpression/RelationalExpression.pm line 5.
BEGIN failed--compilation aborted at /boot/home/.cpan/build/GOBO-0.03-0/blib/lib/GOBO/ClassExpression/RelationalExpression.pm line 5.
Compilation failed in require at /boot/home/.cpan/build/GOBO-0.03-0/blib/lib/GOBO/ClassExpression.pm line 80.
BEGIN failed--compilation aborted at /boot/home/.cpan/build/GOBO-0.03-0/blib/lib/GOBO/ClassExpression.pm line 80.
Compilation failed in require at t/classexpr.t line 3.
BEGIN failed--compilation aborted at t/classexpr.t line 3.
t/classexpr.t ................
Dubious, test returned 255 (wstat 65280, 0xff00)
No subtests run
You cannot coerce an attribute (provenance) unless its type (GOBO::Node) has a coercion at /boot/home/perl5/lib/perl5/x86_64-haiku/Moose/Exporter.pm line 419
Moose::with('GOBO::Attributed') called at /boot/home/.cpan/build/GOBO-0.03-0/blib/lib/GOBO/Synonym.pm line 17
require GOBO/Synonym.pm at /boot/home/.cpan/build/GOBO-0.03-0/blib/lib/GOBO/Labeled.pm line 23
GOBO::Labeled::BEGIN at /boot/home/.cpan/build/GOBO-0.03-0/blib/lib/GOBO/Synonym.pm line 0
eval {...} at /boot/home/.cpan/build/GOBO-0.03-0/blib/lib/GOBO/Synonym.pm line 0
require GOBO/Labeled.pm at /boot/home/perl5/lib/perl5/Module/Runtime.pm line 314
Module::Runtime::require_module('GOBO::Labeled') called at /boot/home/perl5/lib/perl5/Module/Runtime.pm line 391
eval {...} at /boot/home/perl5/lib/perl5/Module/Runtime.pm line 391
Module::Runtime::use_package_optimistically('GOBO::Labeled') called at /boot/home/perl5/lib/perl5/x86_64-haiku/Moose/Util.pm line 351
Moose::Util::_load_user_class('GOBO::Labeled', undef) called at /boot/home/perl5/lib/perl5/x86_64-haiku/Moose/Util.pm line 146
Moose::Util::_apply_all_roles('Moose::Meta::Class=HASH(0x45412772f8)', undef, 'GOBO::Labeled') called at /boot/home/perl5/lib/perl5/x86_64-haiku/Moose/Util.pm line 113
Moose::Util::apply_all_roles('Moose::Meta::Class=HASH(0x45412772f8)', 'GOBO::Labeled') called at /boot/home/perl5/lib/perl5/x86_64-haiku/Moose.pm line 57
Moose::with('Moose::Meta::Class=HASH(0x45412772f8)', 'GOBO::Labeled') called at /boot/home/perl5/lib/perl5/x86_64-haiku/Moose/Exporter.pm line 419
Moose::with('GOBO::Labeled') called at /boot/home/.cpan/build/GOBO-0.03-0/blib/lib/GOBO/Node.pm line 6
require GOBO/Node.pm at /boot/home/perl5/lib/perl5/Module/Runtime.pm line 314
Module::Runtime::require_module('GOBO::Node') called at /boot/home/perl5/lib/perl5/Module/Runtime.pm line 391
eval {...} at /boot/home/perl5/lib/perl5/Module/Runtime.pm line 391
Module::Runtime::use_package_optimistically('GOBO::Node') called at /boot/home/perl5/lib/perl5/x86_64-haiku/Moose/Util.pm line 351
Moose::Util::_load_user_class('GOBO::Node', undef) called at /boot/home/perl5/lib/perl5/x86_64-haiku/Moose/Meta/Class.pm line 569
Moose::Meta::Class::superclasses(undef, 'GOBO::Node') called at /boot/home/perl5/lib/perl5/x86_64-haiku/Moose.pm line 53
Moose::extends('Moose::Meta::Class=HASH(0x4540324820)', 'GOBO::Node') called at /boot/home/perl5/lib/perl5/x86_64-haiku/Moose/Exporter.pm line 419
Moose::extends('GOBO::Node') called at /boot/home/.cpan/build/GOBO-0.03-0/blib/lib/GOBO/Evidence.pm line 4
require GOBO/Evidence.pm at /boot/home/.cpan/build/GOBO-0.03-0/blib/lib/GOBO/Annotation.pm line 5
GOBO::Annotation::BEGIN at /boot/home/.cpan/build/GOBO-0.03-0/blib/lib/GOBO/Synonym.pm line 0
eval {...} at /boot/home/.cpan/build/GOBO-0.03-0/blib/lib/GOBO/Synonym.pm line 0
require GOBO/Annotation.pm at /boot/home/.cpan/build/GOBO-0.03-0/blib/lib/GOBO/Graph.pm line 55
GOBO::Graph::BEGIN at /boot/home/.cpan/build/GOBO-0.03-0/blib/lib/GOBO/Synonym.pm line 0
eval {...} at /boot/home/.cpan/build/GOBO-0.03-0/blib/lib/GOBO/Synonym.pm line 0
require GOBO/Graph.pm at t/dbconnect.t line 4
main::BEGIN at /boot/home/.cpan/build/GOBO-0.03-0/blib/lib/GOBO/Synonym.pm line 0
eval {...} at /boot/home/.cpan/build/GOBO-0.03-0/blib/lib/GOBO/Synonym.pm line 0
Compilation failed in require at /boot/home/.cpan/build/GOBO-0.03-0/blib/lib/GOBO/Labeled.pm line 23.
BEGIN failed--compilation aborted at /boot/home/.cpan/build/GOBO-0.03-0/blib/lib/GOBO/Labeled.pm line 23.
Compilation failed in require at /boot/home/perl5/lib/perl5/Module/Runtime.pm line 314.
Compilation failed in require at /boot/home/perl5/lib/perl5/Module/Runtime.pm line 314.
Compilation failed in require at /boot/home/.cpan/build/GOBO-0.03-0/blib/lib/GOBO/Annotation.pm line 5.
BEGIN failed--compilation aborted at /boot/home/.cpan/build/GOBO-0.03-0/blib/lib/GOBO/Annotation.pm line 5.
Compilation failed in require at /boot/home/.cpan/build/GOBO-0.03-0/blib/lib/GOBO/Graph.pm line 55.
BEGIN failed--compilation aborted at /boot/home/.cpan/build/GOBO-0.03-0/blib/lib/GOBO/Graph.pm line 55.
Compilation failed in require at t/dbconnect.t line 4.
BEGIN failed--compilation aborted at t/dbconnect.t line 4.
t/dbconnect.t ................
Dubious, test returned 255 (wstat 65280, 0xff00)
No subtests run
You cannot coerce an attribute (source) unless its type (GOBO::Node) has a coercion at /boot/home/perl5/lib/perl5/x86_64-haiku/Moose/Exporter.pm line 419
Moose::with('GOBO::Attributed') called at /boot/home/.cpan/build/GOBO-0.03-0/blib/lib/GOBO/Synonym.pm line 17
require GOBO/Synonym.pm at /boot/home/.cpan/build/GOBO-0.03-0/blib/lib/GOBO/Labeled.pm line 23
GOBO::Labeled::BEGIN at /boot/home/.cpan/build/GOBO-0.03-0/blib/lib/GOBO/Synonym.pm line 0
eval {...} at /boot/home/.cpan/build/GOBO-0.03-0/blib/lib/GOBO/Synonym.pm line 0
require GOBO/Labeled.pm at /boot/home/perl5/lib/perl5/Module/Runtime.pm line 314
Module::Runtime::require_module('GOBO::Labeled') called at /boot/home/perl5/lib/perl5/Module/Runtime.pm line 391
eval {...} at /boot/home/perl5/lib/perl5/Module/Runtime.pm line 391
Module::Runtime::use_package_optimistically('GOBO::Labeled') called at /boot/home/perl5/lib/perl5/x86_64-haiku/Moose/Util.pm line 351
Moose::Util::_load_user_class('GOBO::Labeled', undef) called at /boot/home/perl5/lib/perl5/x86_64-haiku/Moose/Util.pm line 146
Moose::Util::_apply_all_roles('Moose::Meta::Class=HASH(0xb7a8db63a8)', undef, 'GOBO::Labeled') called at /boot/home/perl5/lib/perl5/x86_64-haiku/Moose/Util.pm line 113
Moose::Util::apply_all_roles('Moose::Meta::Class=HASH(0xb7a8db63a8)', 'GOBO::Labeled') called at /boot/home/perl5/lib/perl5/x86_64-haiku/Moose.pm line 57
Moose::with('Moose::Meta::Class=HASH(0xb7a8db63a8)', 'GOBO::Labeled') called at /boot/home/perl5/lib/perl5/x86_64-haiku/Moose/Exporter.pm line 419
Moose::with('GOBO::Labeled') called at /boot/home/.cpan/build/GOBO-0.03-0/blib/lib/GOBO/Node.pm line 6
require GOBO/Node.pm at /boot/home/perl5/lib/perl5/Module/Runtime.pm line 314
Module::Runtime::require_module('GOBO::Node') called at /boot/home/perl5/lib/perl5/Module/Runtime.pm line 391
eval {...} at /boot/home/perl5/lib/perl5/Module/Runtime.pm line 391
Module::Runtime::use_package_optimistically('GOBO::Node') called at /boot/home/perl5/lib/perl5/x86_64-haiku/Moose/Util.pm line 351
Moose::Util::_load_user_class('GOBO::Node', undef) called at /boot/home/perl5/lib/perl5/x86_64-haiku/Moose/Meta/Class.pm line 569
Moose::Meta::Class::superclasses(undef, 'GOBO::Node') called at /boot/home/perl5/lib/perl5/x86_64-haiku/Moose.pm line 53
Moose::extends('Moose::Meta::Class=HASH(0xb7a7e42820)', 'GOBO::Node') called at /boot/home/perl5/lib/perl5/x86_64-haiku/Moose/Exporter.pm line 419
Moose::extends('GOBO::Node') called at /boot/home/.cpan/build/GOBO-0.03-0/blib/lib/GOBO/Evidence.pm line 4
require GOBO/Evidence.pm at /boot/home/.cpan/build/GOBO-0.03-0/blib/lib/GOBO/Annotation.pm line 5
GOBO::Annotation::BEGIN at /boot/home/.cpan/build/GOBO-0.03-0/blib/lib/GOBO/Synonym.pm line 0
eval {...} at /boot/home/.cpan/build/GOBO-0.03-0/blib/lib/GOBO/Synonym.pm line 0
require GOBO/Annotation.pm at /boot/home/.cpan/build/GOBO-0.03-0/blib/lib/GOBO/Graph.pm line 55
GOBO::Graph::BEGIN at /boot/home/.cpan/build/GOBO-0.03-0/blib/lib/GOBO/Synonym.pm line 0
eval {...} at /boot/home/.cpan/build/GOBO-0.03-0/blib/lib/GOBO/Synonym.pm line 0
require GOBO/Graph.pm at t/gaf_inference_test.t line 4
main::BEGIN at /boot/home/.cpan/build/GOBO-0.03-0/blib/lib/GOBO/Synonym.pm line 0
eval {...} at /boot/home/.cpan/build/GOBO-0.03-0/blib/lib/GOBO/Synonym.pm line 0
Compilation failed in require at /boot/home/.cpan/build/GOBO-0.03-0/blib/lib/GOBO/Labeled.pm line 23.
BEGIN failed--compilation aborted at /boot/home/.cpan/build/GOBO-0.03-0/blib/lib/GOBO/Labeled.pm line 23.
Compilation failed in require at /boot/home/perl5/lib/perl5/Module/Runtime.pm line 314.
Compilation failed in require at /boot/home/perl5/lib/perl5/Module/Runtime.pm line 314.
Compilation failed in require at /boot/home/.cpan/build/GOBO-0.03-0/blib/lib/GOBO/Annotation.pm line 5.
BEGIN failed--compilation aborted at /boot/home/.cpan/build/GOBO-0.03-0/blib/lib/GOBO/Annotation.pm line 5.
Compilation failed in require at /boot/home/.cpan/build/GOBO-0.03-0/blib/lib/GOBO/Graph.pm line 55.
BEGIN failed--compilation aborted at /boot/home/.cpan/build/GOBO-0.03-0/blib/lib/GOBO/Graph.pm line 55.
Compilation failed in require at t/gaf_inference_test.t line 4.
BEGIN failed--compilation aborted at t/gaf_inference_test.t line 4.
t/gaf_inference_test.t .......
Dubious, test returned 255 (wstat 65280, 0xff00)
No subtests run
You cannot coerce an attribute (source) unless its type (GOBO::Node) has a coercion at /boot/home/perl5/lib/perl5/x86_64-haiku/Moose/Exporter.pm line 419
Moose::with('GOBO::Attributed') called at /boot/home/.cpan/build/GOBO-0.03-0/blib/lib/GOBO/Synonym.pm line 17
require GOBO/Synonym.pm at /boot/home/.cpan/build/GOBO-0.03-0/blib/lib/GOBO/Labeled.pm line 23
GOBO::Labeled::BEGIN at /boot/home/.cpan/build/GOBO-0.03-0/blib/lib/GOBO/Synonym.pm line 0
eval {...} at /boot/home/.cpan/build/GOBO-0.03-0/blib/lib/GOBO/Synonym.pm line 0
require GOBO/Labeled.pm at /boot/home/perl5/lib/perl5/Module/Runtime.pm line 314
Module::Runtime::require_module('GOBO::Labeled') called at /boot/home/perl5/lib/perl5/Module/Runtime.pm line 391
eval {...} at /boot/home/perl5/lib/perl5/Module/Runtime.pm line 391
Module::Runtime::use_package_optimistically('GOBO::Labeled') called at /boot/home/perl5/lib/perl5/x86_64-haiku/Moose/Util.pm line 351
Moose::Util::_load_user_class('GOBO::Labeled', undef) called at /boot/home/perl5/lib/perl5/x86_64-haiku/Moose/Util.pm line 146
Moose::Util::_apply_all_roles('Moose::Meta::Class=HASH(0x34bf74c498)', undef, 'GOBO::Labeled') called at /boot/home/perl5/lib/perl5/x86_64-haiku/Moose/Util.pm line 113
Moose::Util::apply_all_roles('Moose::Meta::Class=HASH(0x34bf74c498)', 'GOBO::Labeled') called at /boot/home/perl5/lib/perl5/x86_64-haiku/Moose.pm line 57
Moose::with('Moose::Meta::Class=HASH(0x34bf74c498)', 'GOBO::Labeled') called at /boot/home/perl5/lib/perl5/x86_64-haiku/Moose/Exporter.pm line 419
Moose::with('GOBO::Labeled') called at /boot/home/.cpan/build/GOBO-0.03-0/blib/lib/GOBO/Node.pm line 6
require GOBO/Node.pm at /boot/home/perl5/lib/perl5/Module/Runtime.pm line 314
Module::Runtime::require_module('GOBO::Node') called at /boot/home/perl5/lib/perl5/Module/Runtime.pm line 391
eval {...} at /boot/home/perl5/lib/perl5/Module/Runtime.pm line 391
Module::Runtime::use_package_optimistically('GOBO::Node') called at /boot/home/perl5/lib/perl5/x86_64-haiku/Moose/Util.pm line 351
Moose::Util::_load_user_class('GOBO::Node', undef) called at /boot/home/perl5/lib/perl5/x86_64-haiku/Moose/Meta/Class.pm line 569
Moose::Meta::Class::superclasses(undef, 'GOBO::Node') called at /boot/home/perl5/lib/perl5/x86_64-haiku/Moose.pm line 53
Moose::extends('Moose::Meta::Class=HASH(0x34be7f9820)', 'GOBO::Node') called at /boot/home/perl5/lib/perl5/x86_64-haiku/Moose/Exporter.pm line 419
Moose::extends('GOBO::Node') called at /boot/home/.cpan/build/GOBO-0.03-0/blib/lib/GOBO/Evidence.pm line 4
require GOBO/Evidence.pm at /boot/home/.cpan/build/GOBO-0.03-0/blib/lib/GOBO/Annotation.pm line 5
GOBO::Annotation::BEGIN at /boot/home/.cpan/build/GOBO-0.03-0/blib/lib/GOBO/Synonym.pm line 0
eval {...} at /boot/home/.cpan/build/GOBO-0.03-0/blib/lib/GOBO/Synonym.pm line 0
require GOBO/Annotation.pm at /boot/home/.cpan/build/GOBO-0.03-0/blib/lib/GOBO/Graph.pm line 55
GOBO::Graph::BEGIN at /boot/home/.cpan/build/GOBO-0.03-0/blib/lib/GOBO/Synonym.pm line 0
eval {...} at /boot/home/.cpan/build/GOBO-0.03-0/blib/lib/GOBO/Synonym.pm line 0
require GOBO/Graph.pm at t/gaftest.t line 3
main::BEGIN at /boot/home/.cpan/build/GOBO-0.03-0/blib/lib/GOBO/Synonym.pm line 0
eval {...} at /boot/home/.cpan/build/GOBO-0.03-0/blib/lib/GOBO/Synonym.pm line 0
Compilation failed in require at /boot/home/.cpan/build/GOBO-0.03-0/blib/lib/GOBO/Labeled.pm line 23.
BEGIN failed--compilation aborted at /boot/home/.cpan/build/GOBO-0.03-0/blib/lib/GOBO/Labeled.pm line 23.
Compilation failed in require at /boot/home/perl5/lib/perl5/Module/Runtime.pm line 314.
Compilation failed in require at /boot/home/perl5/lib/perl5/Module/Runtime.pm line 314.
Compilation failed in require at /boot/home/.cpan/build/GOBO-0.03-0/blib/lib/GOBO/Annotation.pm line 5.
BEGIN failed--compilation aborted at /boot/home/.cpan/build/GOBO-0.03-0/blib/lib/GOBO/Annotation.pm line 5.
Compilation failed in require at /boot/home/.cpan/build/GOBO-0.03-0/blib/lib/GOBO/Graph.pm line 55.
BEGIN failed--compilation aborted at /boot/home/.cpan/build/GOBO-0.03-0/blib/lib/GOBO/Graph.pm line 55.
Compilation failed in require at t/gaftest.t line 3.
BEGIN failed--compilation aborted at t/gaftest.t line 3.
t/gaftest.t ..................
Dubious, test returned 255 (wstat 65280, 0xff00)
No subtests run
You cannot coerce an attribute (source) unless its type (GOBO::Node) has a coercion at /boot/home/perl5/lib/perl5/x86_64-haiku/Moose/Exporter.pm line 419
Moose::with('GOBO::Attributed') called at /boot/home/.cpan/build/GOBO-0.03-0/blib/lib/GOBO/Synonym.pm line 17
require GOBO/Synonym.pm at /boot/home/.cpan/build/GOBO-0.03-0/blib/lib/GOBO/Labeled.pm line 23
GOBO::Labeled::BEGIN at /boot/home/.cpan/build/GOBO-0.03-0/blib/lib/GOBO/Synonym.pm line 0
eval {...} at /boot/home/.cpan/build/GOBO-0.03-0/blib/lib/GOBO/Synonym.pm line 0
require GOBO/Labeled.pm at /boot/home/perl5/lib/perl5/Module/Runtime.pm line 314
Module::Runtime::require_module('GOBO::Labeled') called at /boot/home/perl5/lib/perl5/Module/Runtime.pm line 391
eval {...} at /boot/home/perl5/lib/perl5/Module/Runtime.pm line 391
Module::Runtime::use_package_optimistically('GOBO::Labeled') called at /boot/home/perl5/lib/perl5/x86_64-haiku/Moose/Util.pm line 351
Moose::Util::_load_user_class('GOBO::Labeled', undef) called at /boot/home/perl5/lib/perl5/x86_64-haiku/Moose/Util.pm line 146
Moose::Util::_apply_all_roles('Moose::Meta::Class=HASH(0x110e8dcb460)', undef, 'GOBO::Labeled') called at /boot/home/perl5/lib/perl5/x86_64-haiku/Moose/Util.pm line 113
Moose::Util::apply_all_roles('Moose::Meta::Class=HASH(0x110e8dcb460)', 'GOBO::Labeled') called at /boot/home/perl5/lib/perl5/x86_64-haiku/Moose.pm line 57
Moose::with('Moose::Meta::Class=HASH(0x110e8dcb460)', 'GOBO::Labeled') called at /boot/home/perl5/lib/perl5/x86_64-haiku/Moose/Exporter.pm line 419
Moose::with('GOBO::Labeled') called at /boot/home/.cpan/build/GOBO-0.03-0/blib/lib/GOBO/Node.pm line 6
require GOBO/Node.pm at /boot/home/perl5/lib/perl5/Module/Runtime.pm line 314
Module::Runtime::require_module('GOBO::Node') called at /boot/home/perl5/lib/perl5/Module/Runtime.pm line 391
eval {...} at /boot/home/perl5/lib/perl5/Module/Runtime.pm line 391
Module::Runtime::use_package_optimistically('GOBO::Node') called at /boot/home/perl5/lib/perl5/x86_64-haiku/Moose/Util.pm line 351
Moose::Util::_load_user_class('GOBO::Node', undef) called at /boot/home/perl5/lib/perl5/x86_64-haiku/Moose/Meta/Class.pm line 569
Moose::Meta::Class::superclasses(undef, 'GOBO::Node') called at /boot/home/perl5/lib/perl5/x86_64-haiku/Moose.pm line 53
Moose::extends('Moose::Meta::Class=HASH(0x110e7e78820)', 'GOBO::Node') called at /boot/home/perl5/lib/perl5/x86_64-haiku/Moose/Exporter.pm line 419
Moose::extends('GOBO::Node') called at /boot/home/.cpan/build/GOBO-0.03-0/blib/lib/GOBO/Evidence.pm line 4
require GOBO/Evidence.pm at /boot/home/.cpan/build/GOBO-0.03-0/blib/lib/GOBO/Annotation.pm line 5
GOBO::Annotation::BEGIN at /boot/home/.cpan/build/GOBO-0.03-0/blib/lib/GOBO/Synonym.pm line 0
eval {...} at /boot/home/.cpan/build/GOBO-0.03-0/blib/lib/GOBO/Synonym.pm line 0
require GOBO/Annotation.pm at /boot/home/.cpan/build/GOBO-0.03-0/blib/lib/GOBO/Graph.pm line 55
GOBO::Graph::BEGIN at /boot/home/.cpan/build/GOBO-0.03-0/blib/lib/GOBO/Synonym.pm line 0
eval {...} at /boot/home/.cpan/build/GOBO-0.03-0/blib/lib/GOBO/Synonym.pm line 0
require GOBO/Graph.pm at t/gaftest_chunked.t line 3
main::BEGIN at /boot/home/.cpan/build/GOBO-0.03-0/blib/lib/GOBO/Synonym.pm line 0
eval {...} at /boot/home/.cpan/build/GOBO-0.03-0/blib/lib/GOBO/Synonym.pm line 0
Compilation failed in require at /boot/home/.cpan/build/GOBO-0.03-0/blib/lib/GOBO/Labeled.pm line 23.
BEGIN failed--compilation aborted at /boot/home/.cpan/build/GOBO-0.03-0/blib/lib/GOBO/Labeled.pm line 23.
Compilation failed in require at /boot/home/perl5/lib/perl5/Module/Runtime.pm line 314.
Compilation failed in require at /boot/home/perl5/lib/perl5/Module/Runtime.pm line 314.
Compilation failed in require at /boot/home/.cpan/build/GOBO-0.03-0/blib/lib/GOBO/Annotation.pm line 5.
BEGIN failed--compilation aborted at /boot/home/.cpan/build/GOBO-0.03-0/blib/lib/GOBO/Annotation.pm line 5.
Compilation failed in require at /boot/home/.cpan/build/GOBO-0.03-0/blib/lib/GOBO/Graph.pm line 55.
BEGIN failed--compilation aborted at /boot/home/.cpan/build/GOBO-0.03-0/blib/lib/GOBO/Graph.pm line 55.
Compilation failed in require at t/gaftest_chunked.t line 3.
BEGIN failed--compilation aborted at t/gaftest_chunked.t line 3.
t/gaftest_chunked.t ..........
Dubious, test returned 255 (wstat 65280, 0xff00)
No subtests run
You cannot coerce an attribute (source) unless its type (GOBO::Node) has a coercion at /boot/home/perl5/lib/perl5/x86_64-haiku/Moose/Exporter.pm line 419
Moose::with('GOBO::Attributed') called at /boot/home/.cpan/build/GOBO-0.03-0/blib/lib/GOBO/Synonym.pm line 17
require GOBO/Synonym.pm at /boot/home/.cpan/build/GOBO-0.03-0/blib/lib/GOBO/Labeled.pm line 23
GOBO::Labeled::BEGIN at /boot/home/.cpan/build/GOBO-0.03-0/blib/lib/GOBO/Synonym.pm line 0
eval {...} at /boot/home/.cpan/build/GOBO-0.03-0/blib/lib/GOBO/Synonym.pm line 0
require GOBO/Labeled.pm at /boot/home/perl5/lib/perl5/Module/Runtime.pm line 314
Module::Runtime::require_module('GOBO::Labeled') called at /boot/home/perl5/lib/perl5/Module/Runtime.pm line 391
eval {...} at /boot/home/perl5/lib/perl5/Module/Runtime.pm line 391
Module::Runtime::use_package_optimistically('GOBO::Labeled') called at /boot/home/perl5/lib/perl5/x86_64-haiku/Moose/Util.pm line 351
Moose::Util::_load_user_class('GOBO::Labeled', undef) called at /boot/home/perl5/lib/perl5/x86_64-haiku/Moose/Util.pm line 146
Moose::Util::_apply_all_roles('Moose::Meta::Class=HASH(0x1e4265a4210)', undef, 'GOBO::Labeled') called at /boot/home/perl5/lib/perl5/x86_64-haiku/Moose/Util.pm line 113
Moose::Util::apply_all_roles('Moose::Meta::Class=HASH(0x1e4265a4210)', 'GOBO::Labeled') called at /boot/home/perl5/lib/perl5/x86_64-haiku/Moose.pm line 57
Moose::with('Moose::Meta::Class=HASH(0x1e4265a4210)', 'GOBO::Labeled') called at /boot/home/perl5/lib/perl5/x86_64-haiku/Moose/Exporter.pm line 419
Moose::with('GOBO::Labeled') called at /boot/home/.cpan/build/GOBO-0.03-0/blib/lib/GOBO/Node.pm line 6
require GOBO/Node.pm at /boot/home/perl5/lib/perl5/Module/Runtime.pm line 314
Module::Runtime::require_module('GOBO::Node') called at /boot/home/perl5/lib/perl5/Module/Runtime.pm line 391
eval {...} at /boot/home/perl5/lib/perl5/Module/Runtime.pm line 391
Module::Runtime::use_package_optimistically('GOBO::Node') called at /boot/home/perl5/lib/perl5/x86_64-haiku/Moose/Util.pm line 351
Moose::Util::_load_user_class('GOBO::Node', undef) called at /boot/home/perl5/lib/perl5/x86_64-haiku/Moose/Meta/Class.pm line 569
Moose::Meta::Class::superclasses(undef, 'GOBO::Node') called at /boot/home/perl5/lib/perl5/x86_64-haiku/Moose.pm line 53
Moose::extends('Moose::Meta::Class=HASH(0x1e425650820)', 'GOBO::Node') called at /boot/home/perl5/lib/perl5/x86_64-haiku/Moose/Exporter.pm line 419
Moose::extends('GOBO::Node') called at /boot/home/.cpan/build/GOBO-0.03-0/blib/lib/GOBO/Evidence.pm line 4
require GOBO/Evidence.pm at /boot/home/.cpan/build/GOBO-0.03-0/blib/lib/GOBO/Annotation.pm line 5
GOBO::Annotation::BEGIN at /boot/home/.cpan/build/GOBO-0.03-0/blib/lib/GOBO/Synonym.pm line 0
eval {...} at /boot/home/.cpan/build/GOBO-0.03-0/blib/lib/GOBO/Synonym.pm line 0
require GOBO/Annotation.pm at /boot/home/.cpan/build/GOBO-0.03-0/blib/lib/GOBO/Graph.pm line 55
GOBO::Graph::BEGIN at /boot/home/.cpan/build/GOBO-0.03-0/blib/lib/GOBO/Synonym.pm line 0
eval {...} at /boot/home/.cpan/build/GOBO-0.03-0/blib/lib/GOBO/Synonym.pm line 0
require GOBO/Graph.pm at t/gaftest_chunked_gzipped.t line 3
main::BEGIN at /boot/home/.cpan/build/GOBO-0.03-0/blib/lib/GOBO/Synonym.pm line 0
eval {...} at /boot/home/.cpan/build/GOBO-0.03-0/blib/lib/GOBO/Synonym.pm line 0
Compilation failed in require at /boot/home/.cpan/build/GOBO-0.03-0/blib/lib/GOBO/Labeled.pm line 23.
BEGIN failed--compilation aborted at /boot/home/.cpan/build/GOBO-0.03-0/blib/lib/GOBO/Labeled.pm line 23.
Compilation failed in require at /boot/home/perl5/lib/perl5/Module/Runtime.pm line 314.
Compilation failed in require at /boot/home/perl5/lib/perl5/Module/Runtime.pm line 314.
Compilation failed in require at /boot/home/.cpan/build/GOBO-0.03-0/blib/lib/GOBO/Annotation.pm line 5.
BEGIN failed--compilation aborted at /boot/home/.cpan/build/GOBO-0.03-0/blib/lib/GOBO/Annotation.pm line 5.
Compilation failed in require at /boot/home/.cpan/build/GOBO-0.03-0/blib/lib/GOBO/Graph.pm line 55.
BEGIN failed--compilation aborted at /boot/home/.cpan/build/GOBO-0.03-0/blib/lib/GOBO/Graph.pm line 55.
Compilation failed in require at t/gaftest_chunked_gzipped.t line 3.
BEGIN failed--compilation aborted at t/gaftest_chunked_gzipped.t line 3.
t/gaftest_chunked_gzipped.t ..
Dubious, test returned 255 (wstat 65280, 0xff00)
No subtests run
You cannot coerce an attribute (provenance) unless its type (GOBO::Node) has a coercion at /boot/home/perl5/lib/perl5/x86_64-haiku/Moose/Exporter.pm line 419
Moose::with('GOBO::Attributed') called at /boot/home/.cpan/build/GOBO-0.03-0/blib/lib/GOBO/Synonym.pm line 17
require GOBO/Synonym.pm at /boot/home/.cpan/build/GOBO-0.03-0/blib/lib/GOBO/Labeled.pm line 23
GOBO::Labeled::BEGIN at /boot/home/.cpan/build/GOBO-0.03-0/blib/lib/GOBO/Synonym.pm line 0
eval {...} at /boot/home/.cpan/build/GOBO-0.03-0/blib/lib/GOBO/Synonym.pm line 0
require GOBO/Labeled.pm at /boot/home/perl5/lib/perl5/Module/Runtime.pm line 314
Module::Runtime::require_module('GOBO::Labeled') called at /boot/home/perl5/lib/perl5/Module/Runtime.pm line 391
eval {...} at /boot/home/perl5/lib/perl5/Module/Runtime.pm line 391
Module::Runtime::use_package_optimistically('GOBO::Labeled') called at /boot/home/perl5/lib/perl5/x86_64-haiku/Moose/Util.pm line 351
Moose::Util::_load_user_class('GOBO::Labeled', undef) called at /boot/home/perl5/lib/perl5/x86_64-haiku/Moose/Util.pm line 146
Moose::Util::_apply_all_roles('Moose::Meta::Class=HASH(0x817b0ec228)', undef, 'GOBO::Labeled') called at /boot/home/perl5/lib/perl5/x86_64-haiku/Moose/Util.pm line 113
Moose::Util::apply_all_roles('Moose::Meta::Class=HASH(0x817b0ec228)', 'GOBO::Labeled') called at /boot/home/perl5/lib/perl5/x86_64-haiku/Moose.pm line 57
Moose::with('Moose::Meta::Class=HASH(0x817b0ec228)', 'GOBO::Labeled') called at /boot/home/perl5/lib/perl5/x86_64-haiku/Moose/Exporter.pm line 419
Moose::with('GOBO::Labeled') called at /boot/home/.cpan/build/GOBO-0.03-0/blib/lib/GOBO/Node.pm line 6
require GOBO/Node.pm at /boot/home/perl5/lib/perl5/Module/Runtime.pm line 314
Module::Runtime::require_module('GOBO::Node') called at /boot/home/perl5/lib/perl5/Module/Runtime.pm line 391
eval {...} at /boot/home/perl5/lib/perl5/Module/Runtime.pm line 391
Module::Runtime::use_package_optimistically('GOBO::Node') called at /boot/home/perl5/lib/perl5/x86_64-haiku/Moose/Util.pm line 351
Moose::Util::_load_user_class('GOBO::Node', undef) called at /boot/home/perl5/lib/perl5/x86_64-haiku/Moose/Meta/Class.pm line 569
Moose::Meta::Class::superclasses(undef, 'GOBO::Node') called at /boot/home/perl5/lib/perl5/x86_64-haiku/Moose.pm line 53
Moose::extends('Moose::Meta::Class=HASH(0x817a23a270)', 'GOBO::Node') called at /boot/home/perl5/lib/perl5/x86_64-haiku/Moose/Exporter.pm line 419
Moose::extends('GOBO::Node') called at /boot/home/.cpan/build/GOBO-0.03-0/blib/lib/GOBO/Evidence.pm line 4
require GOBO/Evidence.pm at /boot/home/.cpan/build/GOBO-0.03-0/blib/lib/GOBO/Annotation.pm line 5
GOBO::Annotation::BEGIN at /boot/home/.cpan/build/GOBO-0.03-0/blib/lib/GOBO/Synonym.pm line 0
eval {...} at /boot/home/.cpan/build/GOBO-0.03-0/blib/lib/GOBO/Synonym.pm line 0
require GOBO/Annotation.pm at /boot/home/.cpan/build/GOBO-0.03-0/blib/lib/GOBO/Graph.pm line 55
GOBO::Graph::BEGIN at /boot/home/.cpan/build/GOBO-0.03-0/blib/lib/GOBO/Synonym.pm line 0
eval {...} at /boot/home/.cpan/build/GOBO-0.03-0/blib/lib/GOBO/Synonym.pm line 0
require GOBO/Graph.pm at t/graph_creation.t line 11
main::BEGIN at /boot/home/.cpan/build/GOBO-0.03-0/blib/lib/GOBO/Synonym.pm line 0
eval {...} at /boot/home/.cpan/build/GOBO-0.03-0/blib/lib/GOBO/Synonym.pm line 0
Compilation failed in require at /boot/home/.cpan/build/GOBO-0.03-0/blib/lib/GOBO/Labeled.pm line 23.
BEGIN failed--compilation aborted at /boot/home/.cpan/build/GOBO-0.03-0/blib/lib/GOBO/Labeled.pm line 23.
Compilation failed in require at /boot/home/perl5/lib/perl5/Module/Runtime.pm line 314.
Compilation failed in require at /boot/home/perl5/lib/perl5/Module/Runtime.pm line 314.
Compilation failed in require at /boot/home/.cpan/build/GOBO-0.03-0/blib/lib/GOBO/Annotation.pm line 5.
BEGIN failed--compilation aborted at /boot/home/.cpan/build/GOBO-0.03-0/blib/lib/GOBO/Annotation.pm line 5.
Compilation failed in require at /boot/home/.cpan/build/GOBO-0.03-0/blib/lib/GOBO/Graph.pm line 55.
BEGIN failed--compilation aborted at /boot/home/.cpan/build/GOBO-0.03-0/blib/lib/GOBO/Graph.pm line 55.
Compilation failed in require at t/graph_creation.t line 11.
BEGIN failed--compilation aborted at t/graph_creation.t line 11.
t/graph_creation.t ...........
Dubious, test returned 255 (wstat 65280, 0xff00)
No subtests run
You cannot coerce an attribute (provenance) unless its type (GOBO::Node) has a coercion at /boot/home/perl5/lib/perl5/x86_64-haiku/Moose/Exporter.pm line 419
Moose::with('GOBO::Attributed') called at /boot/home/.cpan/build/GOBO-0.03-0/blib/lib/GOBO/Synonym.pm line 17
require GOBO/Synonym.pm at /boot/home/.cpan/build/GOBO-0.03-0/blib/lib/GOBO/Labeled.pm line 23
GOBO::Labeled::BEGIN at /boot/home/.cpan/build/GOBO-0.03-0/blib/lib/GOBO/Synonym.pm line 0
eval {...} at /boot/home/.cpan/build/GOBO-0.03-0/blib/lib/GOBO/Synonym.pm line 0
require GOBO/Labeled.pm at /boot/home/perl5/lib/perl5/Module/Runtime.pm line 314
Module::Runtime::require_module('GOBO::Labeled') called at /boot/home/perl5/lib/perl5/Module/Runtime.pm line 391
eval {...} at /boot/home/perl5/lib/perl5/Module/Runtime.pm line 391
Module::Runtime::use_package_optimistically('GOBO::Labeled') called at /boot/home/perl5/lib/perl5/x86_64-haiku/Moose/Util.pm line 351
Moose::Util::_load_user_class('GOBO::Labeled', undef) called at /boot/home/perl5/lib/perl5/x86_64-haiku/Moose/Util.pm line 146
Moose::Util::_apply_all_roles('Moose::Meta::Class=HASH(0x1e352363860)', undef, 'GOBO::Labeled') called at /boot/home/perl5/lib/perl5/x86_64-haiku/Moose/Util.pm line 113
Moose::Util::apply_all_roles('Moose::Meta::Class=HASH(0x1e352363860)', 'GOBO::Labeled') called at /boot/home/perl5/lib/perl5/x86_64-haiku/Moose.pm line 57
Moose::with('Moose::Meta::Class=HASH(0x1e352363860)', 'GOBO::Labeled') called at /boot/home/perl5/lib/perl5/x86_64-haiku/Moose/Exporter.pm line 419
Moose::with('GOBO::Labeled') called at /boot/home/.cpan/build/GOBO-0.03-0/blib/lib/GOBO/Node.pm line 6
require GOBO/Node.pm at /boot/home/perl5/lib/perl5/Module/Runtime.pm line 314
Module::Runtime::require_module('GOBO::Node') called at /boot/home/perl5/lib/perl5/Module/Runtime.pm line 391
eval {...} at /boot/home/perl5/lib/perl5/Module/Runtime.pm line 391
Module::Runtime::use_package_optimistically('GOBO::Node') called at /boot/home/perl5/lib/perl5/x86_64-haiku/Moose/Util.pm line 351
Moose::Util::_load_user_class('GOBO::Node', undef) called at /boot/home/perl5/lib/perl5/x86_64-haiku/Moose/Meta/Class.pm line 569
Moose::Meta::Class::superclasses(undef, 'GOBO::Node') called at /boot/home/perl5/lib/perl5/x86_64-haiku/Moose.pm line 53
Moose::extends('Moose::Meta::Class=HASH(0x1e35140e820)', 'GOBO::Node') called at /boot/home/perl5/lib/perl5/x86_64-haiku/Moose/Exporter.pm line 419
Moose::extends('GOBO::Node') called at /boot/home/.cpan/build/GOBO-0.03-0/blib/lib/GOBO/Evidence.pm line 4
require GOBO/Evidence.pm at /boot/home/.cpan/build/GOBO-0.03-0/blib/lib/GOBO/Annotation.pm line 5
GOBO::Annotation::BEGIN at /boot/home/.cpan/build/GOBO-0.03-0/blib/lib/GOBO/Synonym.pm line 0
eval {...} at /boot/home/.cpan/build/GOBO-0.03-0/blib/lib/GOBO/Synonym.pm line 0
require GOBO/Annotation.pm at /boot/home/.cpan/build/GOBO-0.03-0/blib/lib/GOBO/Graph.pm line 55
GOBO::Graph::BEGIN at /boot/home/.cpan/build/GOBO-0.03-0/blib/lib/GOBO/Synonym.pm line 0
eval {...} at /boot/home/.cpan/build/GOBO-0.03-0/blib/lib/GOBO/Synonym.pm line 0
require GOBO/Graph.pm at t/inference_engine_test.t line 4
main::BEGIN at /boot/home/.cpan/build/GOBO-0.03-0/blib/lib/GOBO/Synonym.pm line 0
eval {...} at /boot/home/.cpan/build/GOBO-0.03-0/blib/lib/GOBO/Synonym.pm line 0
Compilation failed in require at /boot/home/.cpan/build/GOBO-0.03-0/blib/lib/GOBO/Labeled.pm line 23.
BEGIN failed--compilation aborted at /boot/home/.cpan/build/GOBO-0.03-0/blib/lib/GOBO/Labeled.pm line 23.
Compilation failed in require at /boot/home/perl5/lib/perl5/Module/Runtime.pm line 314.
Compilation failed in require at /boot/home/perl5/lib/perl5/Module/Runtime.pm line 314.
Compilation failed in require at /boot/home/.cpan/build/GOBO-0.03-0/blib/lib/GOBO/Annotation.pm line 5.
BEGIN failed--compilation aborted at /boot/home/.cpan/build/GOBO-0.03-0/blib/lib/GOBO/Annotation.pm line 5.
Compilation failed in require at /boot/home/.cpan/build/GOBO-0.03-0/blib/lib/GOBO/Graph.pm line 55.
BEGIN failed--compilation aborted at /boot/home/.cpan/build/GOBO-0.03-0/blib/lib/GOBO/Graph.pm line 55.
Compilation failed in require at t/inference_engine_test.t line 4.
BEGIN failed--compilation aborted at t/inference_engine_test.t line 4.
t/inference_engine_test.t ....
Dubious, test returned 255 (wstat 65280, 0xff00)
No subtests run
You cannot coerce an attribute (provenance) unless its type (GOBO::Node) has a coercion at /boot/home/perl5/lib/perl5/x86_64-haiku/Moose/Exporter.pm line 419
Moose::with('GOBO::Attributed') called at /boot/home/.cpan/build/GOBO-0.03-0/blib/lib/GOBO/Synonym.pm line 17
require GOBO/Synonym.pm at /boot/home/.cpan/build/GOBO-0.03-0/blib/lib/GOBO/Labeled.pm line 23
GOBO::Labeled::BEGIN at /boot/home/.cpan/build/GOBO-0.03-0/blib/lib/GOBO/Synonym.pm line 0
eval {...} at /boot/home/.cpan/build/GOBO-0.03-0/blib/lib/GOBO/Synonym.pm line 0
require GOBO/Labeled.pm at /boot/home/perl5/lib/perl5/Module/Runtime.pm line 314
Module::Runtime::require_module('GOBO::Labeled') called at /boot/home/perl5/lib/perl5/Module/Runtime.pm line 391
eval {...} at /boot/home/perl5/lib/perl5/Module/Runtime.pm line 391
Module::Runtime::use_package_optimistically('GOBO::Labeled') called at /boot/home/perl5/lib/perl5/x86_64-haiku/Moose/Util.pm line 351
Moose::Util::_load_user_class('GOBO::Labeled', undef) called at /boot/home/perl5/lib/perl5/x86_64-haiku/Moose/Util.pm line 146
Moose::Util::_apply_all_roles('Moose::Meta::Class=HASH(0x18aaa243cc8)', undef, 'GOBO::Labeled') called at /boot/home/perl5/lib/perl5/x86_64-haiku/Moose/Util.pm line 113
Moose::Util::apply_all_roles('Moose::Meta::Class=HASH(0x18aaa243cc8)', 'GOBO::Labeled') called at /boot/home/perl5/lib/perl5/x86_64-haiku/Moose.pm line 57
Moose::with('Moose::Meta::Class=HASH(0x18aaa243cc8)', 'GOBO::Labeled') called at /boot/home/perl5/lib/perl5/x86_64-haiku/Moose/Exporter.pm line 419
Moose::with('GOBO::Labeled') called at /boot/home/.cpan/build/GOBO-0.03-0/blib/lib/GOBO/Node.pm line 6
require GOBO/Node.pm at /boot/home/perl5/lib/perl5/Module/Runtime.pm line 314
Module::Runtime::require_module('GOBO::Node') called at /boot/home/perl5/lib/perl5/Module/Runtime.pm line 391
eval {...} at /boot/home/perl5/lib/perl5/Module/Runtime.pm line 391
Module::Runtime::use_package_optimistically('GOBO::Node') called at /boot/home/perl5/lib/perl5/x86_64-haiku/Moose/Util.pm line 351
Moose::Util::_load_user_class('GOBO::Node', undef) called at /boot/home/perl5/lib/perl5/x86_64-haiku/Moose/Meta/Class.pm line 569
Moose::Meta::Class::superclasses(undef, 'GOBO::Node') called at /boot/home/perl5/lib/perl5/x86_64-haiku/Moose.pm line 53
Moose::extends('Moose::Meta::Class=HASH(0x18aa92d0820)', 'GOBO::Node') called at /boot/home/perl5/lib/perl5/x86_64-haiku/Moose/Exporter.pm line 419
Moose::extends('GOBO::Node') called at /boot/home/.cpan/build/GOBO-0.03-0/blib/lib/GOBO/Evidence.pm line 4
require GOBO/Evidence.pm at /boot/home/.cpan/build/GOBO-0.03-0/blib/lib/GOBO/Annotation.pm line 5
GOBO::Annotation::BEGIN at /boot/home/.cpan/build/GOBO-0.03-0/blib/lib/GOBO/Synonym.pm line 0
eval {...} at /boot/home/.cpan/build/GOBO-0.03-0/blib/lib/GOBO/Synonym.pm line 0
require GOBO/Annotation.pm at /boot/home/.cpan/build/GOBO-0.03-0/blib/lib/GOBO/Graph.pm line 55
GOBO::Graph::BEGIN at /boot/home/.cpan/build/GOBO-0.03-0/blib/lib/GOBO/Synonym.pm line 0
eval {...} at /boot/home/.cpan/build/GOBO-0.03-0/blib/lib/GOBO/Synonym.pm line 0
require GOBO/Graph.pm at t/logical_definition_test.t line 4
main::BEGIN at /boot/home/.cpan/build/GOBO-0.03-0/blib/lib/GOBO/Synonym.pm line 0
eval {...} at /boot/home/.cpan/build/GOBO-0.03-0/blib/lib/GOBO/Synonym.pm line 0
Compilation failed in require at /boot/home/.cpan/build/GOBO-0.03-0/blib/lib/GOBO/Labeled.pm line 23.
BEGIN failed--compilation aborted at /boot/home/.cpan/build/GOBO-0.03-0/blib/lib/GOBO/Labeled.pm line 23.
Compilation failed in require at /boot/home/perl5/lib/perl5/Module/Runtime.pm line 314.
Compilation failed in require at /boot/home/perl5/lib/perl5/Module/Runtime.pm line 314.
Compilation failed in require at /boot/home/.cpan/build/GOBO-0.03-0/blib/lib/GOBO/Annotation.pm line 5.
BEGIN failed--compilation aborted at /boot/home/.cpan/build/GOBO-0.03-0/blib/lib/GOBO/Annotation.pm line 5.
Compilation failed in require at /boot/home/.cpan/build/GOBO-0.03-0/blib/lib/GOBO/Graph.pm line 55.
BEGIN failed--compilation aborted at /boot/home/.cpan/build/GOBO-0.03-0/blib/lib/GOBO/Graph.pm line 55.
Compilation failed in require at t/logical_definition_test.t line 4.
BEGIN failed--compilation aborted at t/logical_definition_test.t line 4.
t/logical_definition_test.t ..
Dubious, test returned 255 (wstat 65280, 0xff00)
No subtests run
You cannot coerce an attribute (source) unless its type (GOBO::Node) has a coercion at /boot/home/perl5/lib/perl5/x86_64-haiku/Moose/Exporter.pm line 419
Moose::with('GOBO::Attributed') called at /boot/home/.cpan/build/GOBO-0.03-0/blib/lib/GOBO/Synonym.pm line 17
require GOBO/Synonym.pm at /boot/home/.cpan/build/GOBO-0.03-0/blib/lib/GOBO/Labeled.pm line 23
GOBO::Labeled::BEGIN at /boot/home/.cpan/build/GOBO-0.03-0/blib/lib/GOBO/Synonym.pm line 0
eval {...} at /boot/home/.cpan/build/GOBO-0.03-0/blib/lib/GOBO/Synonym.pm line 0
require GOBO/Labeled.pm at /boot/home/perl5/lib/perl5/Module/Runtime.pm line 314
Module::Runtime::require_module('GOBO::Labeled') called at /boot/home/perl5/lib/perl5/Module/Runtime.pm line 391
eval {...} at /boot/home/perl5/lib/perl5/Module/Runtime.pm line 391
Module::Runtime::use_package_optimistically('GOBO::Labeled') called at /boot/home/perl5/lib/perl5/x86_64-haiku/Moose/Util.pm line 351
Moose::Util::_load_user_class('GOBO::Labeled', undef) called at /boot/home/perl5/lib/perl5/x86_64-haiku/Moose/Util.pm line 146
Moose::Util::_apply_all_roles('Moose::Meta::Class=HASH(0x1019c868c98)', undef, 'GOBO::Labeled') called at /boot/home/perl5/lib/perl5/x86_64-haiku/Moose/Util.pm line 113
Moose::Util::apply_all_roles('Moose::Meta::Class=HASH(0x1019c868c98)', 'GOBO::Labeled') called at /boot/home/perl5/lib/perl5/x86_64-haiku/Moose.pm line 57
Moose::with('Moose::Meta::Class=HASH(0x1019c868c98)', 'GOBO::Labeled') called at /boot/home/perl5/lib/perl5/x86_64-haiku/Moose/Exporter.pm line 419
Moose::with('GOBO::Labeled') called at /boot/home/.cpan/build/GOBO-0.03-0/blib/lib/GOBO/Node.pm line 6
require GOBO/Node.pm at /boot/home/perl5/lib/perl5/Module/Runtime.pm line 314
Module::Runtime::require_module('GOBO::Node') called at /boot/home/perl5/lib/perl5/Module/Runtime.pm line 391
eval {...} at /boot/home/perl5/lib/perl5/Module/Runtime.pm line 391
Module::Runtime::use_package_optimistically('GOBO::Node') called at /boot/home/perl5/lib/perl5/x86_64-haiku/Moose/Util.pm line 351
Moose::Util::_load_user_class('GOBO::Node', undef) called at /boot/home/perl5/lib/perl5/x86_64-haiku/Moose/Meta/Class.pm line 569
Moose::Meta::Class::superclasses(undef, 'GOBO::Node') called at /boot/home/perl5/lib/perl5/x86_64-haiku/Moose.pm line 53
Moose::extends('Moose::Meta::Class=HASH(0x1019c6a0030)', 'GOBO::Node') called at /boot/home/perl5/lib/perl5/x86_64-haiku/Moose/Exporter.pm line 419
Moose::extends('GOBO::Node') called at /boot/home/.cpan/build/GOBO-0.03-0/blib/lib/GOBO/Evidence.pm line 4
require GOBO/Evidence.pm at /boot/home/.cpan/build/GOBO-0.03-0/blib/lib/GOBO/Annotation.pm line 5
GOBO::Annotation::BEGIN at /boot/home/.cpan/build/GOBO-0.03-0/blib/lib/GOBO/Synonym.pm line 0
eval {...} at /boot/home/.cpan/build/GOBO-0.03-0/blib/lib/GOBO/Synonym.pm line 0
require GOBO/Annotation.pm at /boot/home/.cpan/build/GOBO-0.03-0/blib/lib/GOBO/Graph.pm line 55
GOBO::Graph::BEGIN at /boot/home/.cpan/build/GOBO-0.03-0/blib/lib/GOBO/Synonym.pm line 0
eval {...} at /boot/home/.cpan/build/GOBO-0.03-0/blib/lib/GOBO/Synonym.pm line 0
require GOBO/Graph.pm at t/node_removal.t line 8
main::BEGIN at /boot/home/.cpan/build/GOBO-0.03-0/blib/lib/GOBO/Synonym.pm line 0
eval {...} at /boot/home/.cpan/build/GOBO-0.03-0/blib/lib/GOBO/Synonym.pm line 0
Compilation failed in require at /boot/home/.cpan/build/GOBO-0.03-0/blib/lib/GOBO/Labeled.pm line 23.
BEGIN failed--compilation aborted at /boot/home/.cpan/build/GOBO-0.03-0/blib/lib/GOBO/Labeled.pm line 23.
Compilation failed in require at /boot/home/perl5/lib/perl5/Module/Runtime.pm line 314.
Compilation failed in require at /boot/home/perl5/lib/perl5/Module/Runtime.pm line 314.
Compilation failed in require at /boot/home/.cpan/build/GOBO-0.03-0/blib/lib/GOBO/Annotation.pm line 5.
BEGIN failed--compilation aborted at /boot/home/.cpan/build/GOBO-0.03-0/blib/lib/GOBO/Annotation.pm line 5.
Compilation failed in require at /boot/home/.cpan/build/GOBO-0.03-0/blib/lib/GOBO/Graph.pm line 55.
BEGIN failed--compilation aborted at /boot/home/.cpan/build/GOBO-0.03-0/blib/lib/GOBO/Graph.pm line 55.
Compilation failed in require at t/node_removal.t line 8.
BEGIN failed--compilation aborted at t/node_removal.t line 8.
t/node_removal.t .............
Dubious, test returned 255 (wstat 65280, 0xff00)
No subtests run
You cannot coerce an attribute (source) unless its type (GOBO::Node) has a coercion at /boot/home/perl5/lib/perl5/x86_64-haiku/Moose/Exporter.pm line 419
Moose::with('GOBO::Attributed') called at /boot/home/.cpan/build/GOBO-0.03-0/blib/lib/GOBO/Synonym.pm line 17
require GOBO/Synonym.pm at /boot/home/.cpan/build/GOBO-0.03-0/blib/lib/GOBO/Labeled.pm line 23
GOBO::Labeled::BEGIN at /boot/home/.cpan/build/GOBO-0.03-0/blib/lib/GOBO/Synonym.pm line 0
eval {...} at /boot/home/.cpan/build/GOBO-0.03-0/blib/lib/GOBO/Synonym.pm line 0
require GOBO/Labeled.pm at /boot/home/perl5/lib/perl5/Module/Runtime.pm line 314
Module::Runtime::require_module('GOBO::Labeled') called at /boot/home/perl5/lib/perl5/Module/Runtime.pm line 391
eval {...} at /boot/home/perl5/lib/perl5/Module/Runtime.pm line 391
Module::Runtime::use_package_optimistically('GOBO::Labeled') called at /boot/home/perl5/lib/perl5/x86_64-haiku/Moose/Util.pm line 351
Moose::Util::_load_user_class('GOBO::Labeled', undef) called at /boot/home/perl5/lib/perl5/x86_64-haiku/Moose/Util.pm line 146
Moose::Util::_apply_all_roles('Moose::Meta::Class=HASH(0x654fc6e698)', undef, 'GOBO::Labeled') called at /boot/home/perl5/lib/perl5/x86_64-haiku/Moose/Util.pm line 113
Moose::Util::apply_all_roles('Moose::Meta::Class=HASH(0x654fc6e698)', 'GOBO::Labeled') called at /boot/home/perl5/lib/perl5/x86_64-haiku/Moose.pm line 57
Moose::with('Moose::Meta::Class=HASH(0x654fc6e698)', 'GOBO::Labeled') called at /boot/home/perl5/lib/perl5/x86_64-haiku/Moose/Exporter.pm line 419
Moose::with('GOBO::Labeled') called at /boot/home/.cpan/build/GOBO-0.03-0/blib/lib/GOBO/Node.pm line 6
require GOBO/Node.pm at /boot/home/perl5/lib/perl5/Module/Runtime.pm line 314
Module::Runtime::require_module('GOBO::Node') called at /boot/home/perl5/lib/perl5/Module/Runtime.pm line 391
eval {...} at /boot/home/perl5/lib/perl5/Module/Runtime.pm line 391
Module::Runtime::use_package_optimistically('GOBO::Node') called at /boot/home/perl5/lib/perl5/x86_64-haiku/Moose/Util.pm line 351
Moose::Util::_load_user_class('GOBO::Node', undef) called at /boot/home/perl5/lib/perl5/x86_64-haiku/Moose/Meta/Class.pm line 569
Moose::Meta::Class::superclasses(undef, 'GOBO::Node') called at /boot/home/perl5/lib/perl5/x86_64-haiku/Moose.pm line 53
Moose::extends('Moose::Meta::Class=HASH(0x654ed1a820)', 'GOBO::Node') called at /boot/home/perl5/lib/perl5/x86_64-haiku/Moose/Exporter.pm line 419
Moose::extends('GOBO::Node') called at /boot/home/.cpan/build/GOBO-0.03-0/blib/lib/GOBO/Evidence.pm line 4
require GOBO/Evidence.pm at /boot/home/.cpan/build/GOBO-0.03-0/blib/lib/GOBO/Annotation.pm line 5
GOBO::Annotation::BEGIN at /boot/home/.cpan/build/GOBO-0.03-0/blib/lib/GOBO/Synonym.pm line 0
eval {...} at /boot/home/.cpan/build/GOBO-0.03-0/blib/lib/GOBO/Synonym.pm line 0
require GOBO/Annotation.pm at /boot/home/.cpan/build/GOBO-0.03-0/blib/lib/GOBO/Graph.pm line 55
GOBO::Graph::BEGIN at /boot/home/.cpan/build/GOBO-0.03-0/blib/lib/GOBO/Synonym.pm line 0
eval {...} at /boot/home/.cpan/build/GOBO-0.03-0/blib/lib/GOBO/Synonym.pm line 0
require GOBO/Graph.pm at t/oboparsertest.t line 6
main::BEGIN at /boot/home/.cpan/build/GOBO-0.03-0/blib/lib/GOBO/Synonym.pm line 0
eval {...} at /boot/home/.cpan/build/GOBO-0.03-0/blib/lib/GOBO/Synonym.pm line 0
Compilation failed in require at /boot/home/.cpan/build/GOBO-0.03-0/blib/lib/GOBO/Labeled.pm line 23.
BEGIN failed--compilation aborted at /boot/home/.cpan/build/GOBO-0.03-0/blib/lib/GOBO/Labeled.pm line 23.
Compilation failed in require at /boot/home/perl5/lib/perl5/Module/Runtime.pm line 314.
Compilation failed in require at /boot/home/perl5/lib/perl5/Module/Runtime.pm line 314.
Compilation failed in require at /boot/home/.cpan/build/GOBO-0.03-0/blib/lib/GOBO/Annotation.pm line 5.
BEGIN failed--compilation aborted at /boot/home/.cpan/build/GOBO-0.03-0/blib/lib/GOBO/Annotation.pm line 5.
Compilation failed in require at /boot/home/.cpan/build/GOBO-0.03-0/blib/lib/GOBO/Graph.pm line 55.
BEGIN failed--compilation aborted at /boot/home/.cpan/build/GOBO-0.03-0/blib/lib/GOBO/Graph.pm line 55.
Compilation failed in require at t/oboparsertest.t line 6.
BEGIN failed--compilation aborted at t/oboparsertest.t line 6.
t/oboparsertest.t ............
Dubious, test returned 255 (wstat 65280, 0xff00)
No subtests run
Subroutine main::ok redefined at /boot/home/perl5/lib/perl5/Exporter.pm line 66.
at t/parsetest.t line 6.
Prototype mismatch: sub main::ok ($;$$) vs ($;$) at /boot/home/perl5/lib/perl5/Exporter.pm line 66.
at t/parsetest.t line 6.
Subroutine main::skip redefined at /boot/home/perl5/lib/perl5/Exporter.pm line 66.
at t/parsetest.t line 6.
Prototype mismatch: sub main::skip ($;$$$) vs none at /boot/home/perl5/lib/perl5/Exporter.pm line 66.
at t/parsetest.t line 6.
Subroutine main::plan redefined at /boot/home/perl5/lib/perl5/Exporter.pm line 66.
at t/parsetest.t line 6.
You cannot coerce an attribute (provenance) unless its type (GOBO::Node) has a coercion at /boot/home/perl5/lib/perl5/x86_64-haiku/Moose/Exporter.pm line 419
Moose::with('GOBO::Attributed') called at /boot/home/.cpan/build/GOBO-0.03-0/blib/lib/GOBO/Synonym.pm line 17
require GOBO/Synonym.pm at /boot/home/.cpan/build/GOBO-0.03-0/blib/lib/GOBO/Labeled.pm line 23
GOBO::Labeled::BEGIN at /boot/home/.cpan/build/GOBO-0.03-0/blib/lib/GOBO/Synonym.pm line 0
eval {...} at /boot/home/.cpan/build/GOBO-0.03-0/blib/lib/GOBO/Synonym.pm line 0
require GOBO/Labeled.pm at /boot/home/perl5/lib/perl5/Module/Runtime.pm line 314
Module::Runtime::require_module('GOBO::Labeled') called at /boot/home/perl5/lib/perl5/Module/Runtime.pm line 391
eval {...} at /boot/home/perl5/lib/perl5/Module/Runtime.pm line 391
Module::Runtime::use_package_optimistically('GOBO::Labeled') called at /boot/home/perl5/lib/perl5/x86_64-haiku/Moose/Util.pm line 351
Moose::Util::_load_user_class('GOBO::Labeled', undef) called at /boot/home/perl5/lib/perl5/x86_64-haiku/Moose/Util.pm line 146
Moose::Util::_apply_all_roles('Moose::Meta::Class=HASH(0x1a3967fc580)', undef, 'GOBO::Labeled') called at /boot/home/perl5/lib/perl5/x86_64-haiku/Moose/Util.pm line 113
Moose::Util::apply_all_roles('Moose::Meta::Class=HASH(0x1a3967fc580)', 'GOBO::Labeled') called at /boot/home/perl5/lib/perl5/x86_64-haiku/Moose.pm line 57
Moose::with('Moose::Meta::Class=HASH(0x1a3967fc580)', 'GOBO::Labeled') called at /boot/home/perl5/lib/perl5/x86_64-haiku/Moose/Exporter.pm line 419
Moose::with('GOBO::Labeled') called at /boot/home/.cpan/build/GOBO-0.03-0/blib/lib/GOBO/Node.pm line 6
require GOBO/Node.pm at /boot/home/.cpan/build/GOBO-0.03-0/blib/lib/GOBO/Parsers/GAFParser.pm line 7
GOBO::Parsers::GAFParser::BEGIN at /boot/home/.cpan/build/GOBO-0.03-0/blib/lib/GOBO/Synonym.pm line 0
eval {...} at /boot/home/.cpan/build/GOBO-0.03-0/blib/lib/GOBO/Synonym.pm line 0
require GOBO/Parsers/GAFParser.pm at t/parsetest.t line 10
main::BEGIN at /boot/home/.cpan/build/GOBO-0.03-0/blib/lib/GOBO/Synonym.pm line 0
eval {...} at /boot/home/.cpan/build/GOBO-0.03-0/blib/lib/GOBO/Synonym.pm line 0
Compilation failed in require at /boot/home/.cpan/build/GOBO-0.03-0/blib/lib/GOBO/Labeled.pm line 23.
BEGIN failed--compilation aborted at /boot/home/.cpan/build/GOBO-0.03-0/blib/lib/GOBO/Labeled.pm line 23.
Compilation failed in require at /boot/home/perl5/lib/perl5/Module/Runtime.pm line 314.
Compilation failed in require at /boot/home/.cpan/build/GOBO-0.03-0/blib/lib/GOBO/Parsers/GAFParser.pm line 7.
BEGIN failed--compilation aborted at /boot/home/.cpan/build/GOBO-0.03-0/blib/lib/GOBO/Parsers/GAFParser.pm line 7.
Compilation failed in require at t/parsetest.t line 10.
BEGIN failed--compilation aborted at t/parsetest.t line 10.
t/parsetest.t ................ skipped: (no reason given)
You cannot coerce an attribute (source) unless its type (GOBO::Node) has a coercion at /boot/home/perl5/lib/perl5/x86_64-haiku/Moose/Exporter.pm line 419
Moose::with('GOBO::Attributed') called at /boot/home/.cpan/build/GOBO-0.03-0/blib/lib/GOBO/Synonym.pm line 17
require GOBO/Synonym.pm at /boot/home/.cpan/build/GOBO-0.03-0/blib/lib/GOBO/Labeled.pm line 23
GOBO::Labeled::BEGIN at /boot/home/.cpan/build/GOBO-0.03-0/blib/lib/GOBO/Synonym.pm line 0
eval {...} at /boot/home/.cpan/build/GOBO-0.03-0/blib/lib/GOBO/Synonym.pm line 0
require GOBO/Labeled.pm at /boot/home/perl5/lib/perl5/Module/Runtime.pm line 314
Module::Runtime::require_module('GOBO::Labeled') called at /boot/home/perl5/lib/perl5/Module/Runtime.pm line 391
eval {...} at /boot/home/perl5/lib/perl5/Module/Runtime.pm line 391
Module::Runtime::use_package_optimistically('GOBO::Labeled') called at /boot/home/perl5/lib/perl5/x86_64-haiku/Moose/Util.pm line 351
Moose::Util::_load_user_class('GOBO::Labeled', undef) called at /boot/home/perl5/lib/perl5/x86_64-haiku/Moose/Util.pm line 146
Moose::Util::_apply_all_roles('Moose::Meta::Class=HASH(0x15feb1a7748)', undef, 'GOBO::Labeled') called at /boot/home/perl5/lib/perl5/x86_64-haiku/Moose/Util.pm line 113
Moose::Util::apply_all_roles('Moose::Meta::Class=HASH(0x15feb1a7748)', 'GOBO::Labeled') called at /boot/home/perl5/lib/perl5/x86_64-haiku/Moose.pm line 57
Moose::with('Moose::Meta::Class=HASH(0x15feb1a7748)', 'GOBO::Labeled') called at /boot/home/perl5/lib/perl5/x86_64-haiku/Moose/Exporter.pm line 419
Moose::with('GOBO::Labeled') called at /boot/home/.cpan/build/GOBO-0.03-0/blib/lib/GOBO/Node.pm line 6
require GOBO/Node.pm at /boot/home/perl5/lib/perl5/Module/Runtime.pm line 314
Module::Runtime::require_module('GOBO::Node') called at /boot/home/perl5/lib/perl5/Module/Runtime.pm line 391
eval {...} at /boot/home/perl5/lib/perl5/Module/Runtime.pm line 391
Module::Runtime::use_package_optimistically('GOBO::Node') called at /boot/home/perl5/lib/perl5/x86_64-haiku/Moose/Util.pm line 351
Moose::Util::_load_user_class('GOBO::Node', undef) called at /boot/home/perl5/lib/perl5/x86_64-haiku/Moose/Meta/Class.pm line 569
Moose::Meta::Class::superclasses(undef, 'GOBO::Node') called at /boot/home/perl5/lib/perl5/x86_64-haiku/Moose.pm line 53
Moose::extends('Moose::Meta::Class=HASH(0x15feafff1d0)', 'GOBO::Node') called at /boot/home/perl5/lib/perl5/x86_64-haiku/Moose/Exporter.pm line 419
Moose::extends('GOBO::Node') called at /boot/home/.cpan/build/GOBO-0.03-0/blib/lib/GOBO/Evidence.pm line 4
require GOBO/Evidence.pm at /boot/home/.cpan/build/GOBO-0.03-0/blib/lib/GOBO/Annotation.pm line 5
GOBO::Annotation::BEGIN at /boot/home/.cpan/build/GOBO-0.03-0/blib/lib/GOBO/Synonym.pm line 0
eval {...} at /boot/home/.cpan/build/GOBO-0.03-0/blib/lib/GOBO/Synonym.pm line 0
require GOBO/Annotation.pm at /boot/home/.cpan/build/GOBO-0.03-0/blib/lib/GOBO/Graph.pm line 55
GOBO::Graph::BEGIN at /boot/home/.cpan/build/GOBO-0.03-0/blib/lib/GOBO/Synonym.pm line 0
eval {...} at /boot/home/.cpan/build/GOBO-0.03-0/blib/lib/GOBO/Synonym.pm line 0
require GOBO/Graph.pm at t/relation_test.t line 3
main::BEGIN at /boot/home/.cpan/build/GOBO-0.03-0/blib/lib/GOBO/Synonym.pm line 0
eval {...} at /boot/home/.cpan/build/GOBO-0.03-0/blib/lib/GOBO/Synonym.pm line 0
Compilation failed in require at /boot/home/.cpan/build/GOBO-0.03-0/blib/lib/GOBO/Labeled.pm line 23.
BEGIN failed--compilation aborted at /boot/home/.cpan/build/GOBO-0.03-0/blib/lib/GOBO/Labeled.pm line 23.
Compilation failed in require at /boot/home/perl5/lib/perl5/Module/Runtime.pm line 314.
Compilation failed in require at /boot/home/perl5/lib/perl5/Module/Runtime.pm line 314.
Compilation failed in require at /boot/home/.cpan/build/GOBO-0.03-0/blib/lib/GOBO/Annotation.pm line 5.
BEGIN failed--compilation aborted at /boot/home/.cpan/build/GOBO-0.03-0/blib/lib/GOBO/Annotation.pm line 5.
Compilation failed in require at /boot/home/.cpan/build/GOBO-0.03-0/blib/lib/GOBO/Graph.pm line 55.
BEGIN failed--compilation aborted at /boot/home/.cpan/build/GOBO-0.03-0/blib/lib/GOBO/Graph.pm line 55.
Compilation failed in require at t/relation_test.t line 3.
BEGIN failed--compilation aborted at t/relation_test.t line 3.
# Looks like your test exited with 255 before it could output anything.
t/relation_test.t ............
Dubious, test returned 255 (wstat 65280, 0xff00)
Failed 29/29 subtests
You cannot coerce an attribute (provenance) unless its type (GOBO::Node) has a coercion at /boot/home/perl5/lib/perl5/x86_64-haiku/Moose/Exporter.pm line 419
Moose::with('GOBO::Attributed') called at /boot/home/.cpan/build/GOBO-0.03-0/blib/lib/GOBO/Synonym.pm line 17
require GOBO/Synonym.pm at /boot/home/.cpan/build/GOBO-0.03-0/blib/lib/GOBO/Labeled.pm line 23
GOBO::Labeled::BEGIN at /boot/home/.cpan/build/GOBO-0.03-0/blib/lib/GOBO/Synonym.pm line 0
eval {...} at /boot/home/.cpan/build/GOBO-0.03-0/blib/lib/GOBO/Synonym.pm line 0
require GOBO/Labeled.pm at /boot/home/perl5/lib/perl5/Module/Runtime.pm line 314
Module::Runtime::require_module('GOBO::Labeled') called at /boot/home/perl5/lib/perl5/Module/Runtime.pm line 391
eval {...} at /boot/home/perl5/lib/perl5/Module/Runtime.pm line 391
Module::Runtime::use_package_optimistically('GOBO::Labeled') called at /boot/home/perl5/lib/perl5/x86_64-haiku/Moose/Util.pm line 351
Moose::Util::_load_user_class('GOBO::Labeled', undef) called at /boot/home/perl5/lib/perl5/x86_64-haiku/Moose/Util.pm line 146
Moose::Util::_apply_all_roles('Moose::Meta::Class=HASH(0x14dabe7bc98)', undef, 'GOBO::Labeled') called at /boot/home/perl5/lib/perl5/x86_64-haiku/Moose/Util.pm line 113
Moose::Util::apply_all_roles('Moose::Meta::Class=HASH(0x14dabe7bc98)', 'GOBO::Labeled') called at /boot/home/perl5/lib/perl5/x86_64-haiku/Moose.pm line 57
Moose::with('Moose::Meta::Class=HASH(0x14dabe7bc98)', 'GOBO::Labeled') called at /boot/home/perl5/lib/perl5/x86_64-haiku/Moose/Exporter.pm line 419
Moose::with('GOBO::Labeled') called at /boot/home/.cpan/build/GOBO-0.03-0/blib/lib/GOBO/Node.pm line 6
require GOBO/Node.pm at /boot/home/perl5/lib/perl5/Module/Runtime.pm line 314
Module::Runtime::require_module('GOBO::Node') called at /boot/home/perl5/lib/perl5/Module/Runtime.pm line 391
eval {...} at /boot/home/perl5/lib/perl5/Module/Runtime.pm line 391
Module::Runtime::use_package_optimistically('GOBO::Node') called at /boot/home/perl5/lib/perl5/x86_64-haiku/Moose/Util.pm line 351
Moose::Util::_load_user_class('GOBO::Node', undef) called at /boot/home/perl5/lib/perl5/x86_64-haiku/Moose/Meta/Class.pm line 569
Moose::Meta::Class::superclasses(undef, 'GOBO::Node') called at /boot/home/perl5/lib/perl5/x86_64-haiku/Moose.pm line 53
Moose::extends('Moose::Meta::Class=HASH(0x14daaf29820)', 'GOBO::Node') called at /boot/home/perl5/lib/perl5/x86_64-haiku/Moose/Exporter.pm line 419
Moose::extends('GOBO::Node') called at /boot/home/.cpan/build/GOBO-0.03-0/blib/lib/GOBO/Evidence.pm line 4
require GOBO/Evidence.pm at /boot/home/.cpan/build/GOBO-0.03-0/blib/lib/GOBO/Annotation.pm line 5
GOBO::Annotation::BEGIN at /boot/home/.cpan/build/GOBO-0.03-0/blib/lib/GOBO/Synonym.pm line 0
eval {...} at /boot/home/.cpan/build/GOBO-0.03-0/blib/lib/GOBO/Synonym.pm line 0
require GOBO/Annotation.pm at /boot/home/.cpan/build/GOBO-0.03-0/blib/lib/GOBO/Graph.pm line 55
GOBO::Graph::BEGIN at /boot/home/.cpan/build/GOBO-0.03-0/blib/lib/GOBO/Synonym.pm line 0
eval {...} at /boot/home/.cpan/build/GOBO-0.03-0/blib/lib/GOBO/Synonym.pm line 0
require GOBO/Graph.pm at t/roundtrip.t line 6
main::BEGIN at /boot/home/.cpan/build/GOBO-0.03-0/blib/lib/GOBO/Synonym.pm line 0
eval {...} at /boot/home/.cpan/build/GOBO-0.03-0/blib/lib/GOBO/Synonym.pm line 0
Compilation failed in require at /boot/home/.cpan/build/GOBO-0.03-0/blib/lib/GOBO/Labeled.pm line 23.
BEGIN failed--compilation aborted at /boot/home/.cpan/build/GOBO-0.03-0/blib/lib/GOBO/Labeled.pm line 23.
Compilation failed in require at /boot/home/perl5/lib/perl5/Module/Runtime.pm line 314.
Compilation failed in require at /boot/home/perl5/lib/perl5/Module/Runtime.pm line 314.
Compilation failed in require at /boot/home/.cpan/build/GOBO-0.03-0/blib/lib/GOBO/Annotation.pm line 5.
BEGIN failed--compilation aborted at /boot/home/.cpan/build/GOBO-0.03-0/blib/lib/GOBO/Annotation.pm line 5.
Compilation failed in require at /boot/home/.cpan/build/GOBO-0.03-0/blib/lib/GOBO/Graph.pm line 55.
BEGIN failed--compilation aborted at /boot/home/.cpan/build/GOBO-0.03-0/blib/lib/GOBO/Graph.pm line 55.
Compilation failed in require at t/roundtrip.t line 6.
BEGIN failed--compilation aborted at t/roundtrip.t line 6.
t/roundtrip.t ................
Dubious, test returned 255 (wstat 65280, 0xff00)
No subtests run
You cannot coerce an attribute (source) unless its type (GOBO::Node) has a coercion at /boot/home/perl5/lib/perl5/x86_64-haiku/Moose/Exporter.pm line 419
Moose::with('GOBO::Attributed') called at /boot/home/.cpan/build/GOBO-0.03-0/blib/lib/GOBO/Synonym.pm line 17
require GOBO/Synonym.pm at /boot/home/.cpan/build/GOBO-0.03-0/blib/lib/GOBO/Labeled.pm line 23
GOBO::Labeled::BEGIN at /boot/home/.cpan/build/GOBO-0.03-0/blib/lib/GOBO/Synonym.pm line 0
eval {...} at /boot/home/.cpan/build/GOBO-0.03-0/blib/lib/GOBO/Synonym.pm line 0
require GOBO/Labeled.pm at /boot/home/perl5/lib/perl5/Module/Runtime.pm line 314
Module::Runtime::require_module('GOBO::Labeled') called at /boot/home/perl5/lib/perl5/Module/Runtime.pm line 391
eval {...} at /boot/home/perl5/lib/perl5/Module/Runtime.pm line 391
Module::Runtime::use_package_optimistically('GOBO::Labeled') called at /boot/home/perl5/lib/perl5/x86_64-haiku/Moose/Util.pm line 351
Moose::Util::_load_user_class('GOBO::Labeled', undef) called at /boot/home/perl5/lib/perl5/x86_64-haiku/Moose/Util.pm line 146
Moose::Util::_apply_all_roles('Moose::Meta::Class=HASH(0xdf24752758)', undef, 'GOBO::Labeled') called at /boot/home/perl5/lib/perl5/x86_64-haiku/Moose/Util.pm line 113
Moose::Util::apply_all_roles('Moose::Meta::Class=HASH(0xdf24752758)', 'GOBO::Labeled') called at /boot/home/perl5/lib/perl5/x86_64-haiku/Moose.pm line 57
Moose::with('Moose::Meta::Class=HASH(0xdf24752758)', 'GOBO::Labeled') called at /boot/home/perl5/lib/perl5/x86_64-haiku/Moose/Exporter.pm line 419
Moose::with('GOBO::Labeled') called at /boot/home/.cpan/build/GOBO-0.03-0/blib/lib/GOBO/Node.pm line 6
require GOBO/Node.pm at /boot/home/perl5/lib/perl5/Module/Runtime.pm line 314
Module::Runtime::require_module('GOBO::Node') called at /boot/home/perl5/lib/perl5/Module/Runtime.pm line 391
eval {...} at /boot/home/perl5/lib/perl5/Module/Runtime.pm line 391
Module::Runtime::use_package_optimistically('GOBO::Node') called at /boot/home/perl5/lib/perl5/x86_64-haiku/Moose/Util.pm line 351
Moose::Util::_load_user_class('GOBO::Node', undef) called at /boot/home/perl5/lib/perl5/x86_64-haiku/Moose/Meta/Class.pm line 569
Moose::Meta::Class::superclasses(undef, 'GOBO::Node') called at /boot/home/perl5/lib/perl5/x86_64-haiku/Moose.pm line 53
Moose::extends('Moose::Meta::Class=HASH(0xdf24723308)', 'GOBO::Node') called at /boot/home/perl5/lib/perl5/x86_64-haiku/Moose/Exporter.pm line 419
Moose::extends('GOBO::Node') called at /boot/home/.cpan/build/GOBO-0.03-0/blib/lib/GOBO/Evidence.pm line 4
require GOBO/Evidence.pm at /boot/home/.cpan/build/GOBO-0.03-0/blib/lib/GOBO/Annotation.pm line 5
GOBO::Annotation::BEGIN at /boot/home/.cpan/build/GOBO-0.03-0/blib/lib/GOBO/Synonym.pm line 0
eval {...} at /boot/home/.cpan/build/GOBO-0.03-0/blib/lib/GOBO/Synonym.pm line 0
require GOBO/Annotation.pm at /boot/home/.cpan/build/GOBO-0.03-0/blib/lib/GOBO/Graph.pm line 55
GOBO::Graph::BEGIN at /boot/home/.cpan/build/GOBO-0.03-0/blib/lib/GOBO/Synonym.pm line 0
eval {...} at /boot/home/.cpan/build/GOBO-0.03-0/blib/lib/GOBO/Synonym.pm line 0
require GOBO/Graph.pm at /boot/home/.cpan/build/GOBO-0.03-0/blib/lib/GOBO/Parsers/OBOParser.pm line 7
GOBO::Parsers::OBOParser::BEGIN at /boot/home/.cpan/build/GOBO-0.03-0/blib/lib/GOBO/Synonym.pm line 0
eval {...} at /boot/home/.cpan/build/GOBO-0.03-0/blib/lib/GOBO/Synonym.pm line 0
require GOBO/Parsers/OBOParser.pm at t/slimmer_test.t line 9
main::BEGIN at /boot/home/.cpan/build/GOBO-0.03-0/blib/lib/GOBO/Synonym.pm line 0
eval {...} at /boot/home/.cpan/build/GOBO-0.03-0/blib/lib/GOBO/Synonym.pm line 0
Compilation failed in require at /boot/home/.cpan/build/GOBO-0.03-0/blib/lib/GOBO/Labeled.pm line 23.
BEGIN failed--compilation aborted at /boot/home/.cpan/build/GOBO-0.03-0/blib/lib/GOBO/Labeled.pm line 23.
Compilation failed in require at /boot/home/perl5/lib/perl5/Module/Runtime.pm line 314.
Compilation failed in require at /boot/home/perl5/lib/perl5/Module/Runtime.pm line 314.
Compilation failed in require at /boot/home/.cpan/build/GOBO-0.03-0/blib/lib/GOBO/Annotation.pm line 5.
BEGIN failed--compilation aborted at /boot/home/.cpan/build/GOBO-0.03-0/blib/lib/GOBO/Annotation.pm line 5.
Compilation failed in require at /boot/home/.cpan/build/GOBO-0.03-0/blib/lib/GOBO/Graph.pm line 55.
BEGIN failed--compilation aborted at /boot/home/.cpan/build/GOBO-0.03-0/blib/lib/GOBO/Graph.pm line 55.
Compilation failed in require at /boot/home/.cpan/build/GOBO-0.03-0/blib/lib/GOBO/Parsers/OBOParser.pm line 7.
BEGIN failed--compilation aborted at /boot/home/.cpan/build/GOBO-0.03-0/blib/lib/GOBO/Parsers/OBOParser.pm line 7.
Compilation failed in require at t/slimmer_test.t line 9.
BEGIN failed--compilation aborted at t/slimmer_test.t line 9.
t/slimmer_test.t .............
Dubious, test returned 255 (wstat 65280, 0xff00)
No subtests run
You cannot coerce an attribute (source) unless its type (GOBO::Node) has a coercion at /boot/home/perl5/lib/perl5/x86_64-haiku/Moose/Exporter.pm line 419
Moose::with('GOBO::Attributed') called at /boot/home/.cpan/build/GOBO-0.03-0/blib/lib/GOBO/Synonym.pm line 17
require GOBO/Synonym.pm at /boot/home/.cpan/build/GOBO-0.03-0/blib/lib/GOBO/Labeled.pm line 23
GOBO::Labeled::BEGIN at /boot/home/.cpan/build/GOBO-0.03-0/blib/lib/GOBO/Synonym.pm line 0
eval {...} at /boot/home/.cpan/build/GOBO-0.03-0/blib/lib/GOBO/Synonym.pm line 0
require GOBO/Labeled.pm at /boot/home/perl5/lib/perl5/Module/Runtime.pm line 314
Module::Runtime::require_module('GOBO::Labeled') called at /boot/home/perl5/lib/perl5/Module/Runtime.pm line 391
eval {...} at /boot/home/perl5/lib/perl5/Module/Runtime.pm line 391
Module::Runtime::use_package_optimistically('GOBO::Labeled') called at /boot/home/perl5/lib/perl5/x86_64-haiku/Moose/Util.pm line 351
Moose::Util::_load_user_class('GOBO::Labeled', undef) called at /boot/home/perl5/lib/perl5/x86_64-haiku/Moose/Util.pm line 146
Moose::Util::_apply_all_roles('Moose::Meta::Class=HASH(0xaa5a78db60)', undef, 'GOBO::Labeled') called at /boot/home/perl5/lib/perl5/x86_64-haiku/Moose/Util.pm line 113
Moose::Util::apply_all_roles('Moose::Meta::Class=HASH(0xaa5a78db60)', 'GOBO::Labeled') called at /boot/home/perl5/lib/perl5/x86_64-haiku/Moose.pm line 57
Moose::with('Moose::Meta::Class=HASH(0xaa5a78db60)', 'GOBO::Labeled') called at /boot/home/perl5/lib/perl5/x86_64-haiku/Moose/Exporter.pm line 419
Moose::with('GOBO::Labeled') called at /boot/home/.cpan/build/GOBO-0.03-0/blib/lib/GOBO/Node.pm line 6
require GOBO/Node.pm at /boot/home/perl5/lib/perl5/Module/Runtime.pm line 314
Module::Runtime::require_module('GOBO::Node') called at /boot/home/perl5/lib/perl5/Module/Runtime.pm line 391
eval {...} at /boot/home/perl5/lib/perl5/Module/Runtime.pm line 391
Module::Runtime::use_package_optimistically('GOBO::Node') called at /boot/home/perl5/lib/perl5/x86_64-haiku/Moose/Util.pm line 351
Moose::Util::_load_user_class('GOBO::Node', undef) called at /boot/home/perl5/lib/perl5/x86_64-haiku/Moose/Meta/Class.pm line 569
Moose::Meta::Class::superclasses(undef, 'GOBO::Node') called at /boot/home/perl5/lib/perl5/x86_64-haiku/Moose.pm line 53
Moose::extends('Moose::Meta::Class=HASH(0xaa5981a820)', 'GOBO::Node') called at /boot/home/perl5/lib/perl5/x86_64-haiku/Moose/Exporter.pm line 419
Moose::extends('GOBO::Node') called at /boot/home/.cpan/build/GOBO-0.03-0/blib/lib/GOBO/Evidence.pm line 4
require GOBO/Evidence.pm at /boot/home/.cpan/build/GOBO-0.03-0/blib/lib/GOBO/Annotation.pm line 5
GOBO::Annotation::BEGIN at /boot/home/.cpan/build/GOBO-0.03-0/blib/lib/GOBO/Synonym.pm line 0
eval {...} at /boot/home/.cpan/build/GOBO-0.03-0/blib/lib/GOBO/Synonym.pm line 0
require GOBO/Annotation.pm at /boot/home/.cpan/build/GOBO-0.03-0/blib/lib/GOBO/Graph.pm line 55
GOBO::Graph::BEGIN at /boot/home/.cpan/build/GOBO-0.03-0/blib/lib/GOBO/Synonym.pm line 0
eval {...} at /boot/home/.cpan/build/GOBO-0.03-0/blib/lib/GOBO/Synonym.pm line 0
require GOBO/Graph.pm at t/union_inference_test.t line 4
main::BEGIN at /boot/home/.cpan/build/GOBO-0.03-0/blib/lib/GOBO/Synonym.pm line 0
eval {...} at /boot/home/.cpan/build/GOBO-0.03-0/blib/lib/GOBO/Synonym.pm line 0
Compilation failed in require at /boot/home/.cpan/build/GOBO-0.03-0/blib/lib/GOBO/Labeled.pm line 23.
BEGIN failed--compilation aborted at /boot/home/.cpan/build/GOBO-0.03-0/blib/lib/GOBO/Labeled.pm line 23.
Compilation failed in require at /boot/home/perl5/lib/perl5/Module/Runtime.pm line 314.
Compilation failed in require at /boot/home/perl5/lib/perl5/Module/Runtime.pm line 314.
Compilation failed in require at /boot/home/.cpan/build/GOBO-0.03-0/blib/lib/GOBO/Annotation.pm line 5.
BEGIN failed--compilation aborted at /boot/home/.cpan/build/GOBO-0.03-0/blib/lib/GOBO/Annotation.pm line 5.
Compilation failed in require at /boot/home/.cpan/build/GOBO-0.03-0/blib/lib/GOBO/Graph.pm line 55.
BEGIN failed--compilation aborted at /boot/home/.cpan/build/GOBO-0.03-0/blib/lib/GOBO/Graph.pm line 55.
Compilation failed in require at t/union_inference_test.t line 4.
BEGIN failed--compilation aborted at t/union_inference_test.t line 4.
t/union_inference_test.t .....
Dubious, test returned 255 (wstat 65280, 0xff00)
No subtests run
Test Summary Report
-------------------
t/analysis_test.t (Wstat: 65280 Tests: 0 Failed: 0)
Non-zero exit status: 255
Parse errors: No plan found in TAP output
t/classexpr.t (Wstat: 65280 Tests: 0 Failed: 0)
Non-zero exit status: 255
Parse errors: No plan found in TAP output
t/dbconnect.t (Wstat: 65280 Tests: 0 Failed: 0)
Non-zero exit status: 255
Parse errors: No plan found in TAP output
t/gaf_inference_test.t (Wstat: 65280 Tests: 0 Failed: 0)
Non-zero exit status: 255
Parse errors: No plan found in TAP output
t/gaftest.t (Wstat: 65280 Tests: 0 Failed: 0)
Non-zero exit status: 255
Parse errors: No plan found in TAP output
t/gaftest_chunked.t (Wstat: 65280 Tests: 0 Failed: 0)
Non-zero exit status: 255
Parse errors: No plan found in TAP output
t/gaftest_chunked_gzipped.t (Wstat: 65280 Tests: 0 Failed: 0)
Non-zero exit status: 255
Parse errors: No plan found in TAP output
t/graph_creation.t (Wstat: 65280 Tests: 0 Failed: 0)
Non-zero exit status: 255
Parse errors: No plan found in TAP output
t/inference_engine_test.t (Wstat: 65280 Tests: 0 Failed: 0)
Non-zero exit status: 255
Parse errors: No plan found in TAP output
t/logical_definition_test.t (Wstat: 65280 Tests: 0 Failed: 0)
Non-zero exit status: 255
Parse errors: No plan found in TAP output
t/node_removal.t (Wstat: 65280 Tests: 0 Failed: 0)
Non-zero exit status: 255
Parse errors: No plan found in TAP output
t/oboparsertest.t (Wstat: 65280 Tests: 0 Failed: 0)
Non-zero exit status: 255
Parse errors: No plan found in TAP output
t/parsetest.t (Wstat: 65280 Tests: 0 Failed: 0)
Non-zero exit status: 255
t/relation_test.t (Wstat: 65280 Tests: 0 Failed: 0)
Non-zero exit status: 255
Parse errors: Bad plan. You planned 29 tests but ran 0.
t/roundtrip.t (Wstat: 65280 Tests: 0 Failed: 0)
Non-zero exit status: 255
Parse errors: No plan found in TAP output
t/slimmer_test.t (Wstat: 65280 Tests: 0 Failed: 0)
Non-zero exit status: 255
Parse errors: No plan found in TAP output
t/union_inference_test.t (Wstat: 65280 Tests: 0 Failed: 0)
Non-zero exit status: 255
Parse errors: No plan found in TAP output
Files=17, Tests=0, 14 wallclock secs ( 0.06 usr 0.04 sys + 10.74 cusr 2.48 csys = 13.33 CPU)
Result: FAIL
Failed 17/17 test programs. 0/0 subtests failed.
Makefile:1186: recipe for target 'test_dynamic' failed
make: *** [test_dynamic] Error 255
------------------------------
PREREQUISITES
------------------------------
Prerequisite modules loaded:
requires:
Module Need Have
------------------------- ---- -------
DateTime::Format::ISO8601 0 0.08
List::MoreUtils 0 0.428
Moose 0.81 2.2011
Test::Deep 0 1.128
build_requires:
Module Need Have
------------------------- ---- -------
ExtUtils::MakeMaker 0 7.35_06
configure_requires:
Module Need Have
------------------------- ---- -------
ExtUtils::MakeMaker 0 7.35_06
------------------------------
ENVIRONMENT AND OTHER CONTEXT
------------------------------
Environment variables:
AUTOMATED_TESTING = 1
LC_COLLATE = en.UTF-8
LC_CTYPE = en.UTF-8
LC_MESSAGES = en.UTF-8
LC_MONETARY = en.UTF-8
LC_NUMERIC = en.UTF-8
LC_TIME = en.UTF-8
LC_TYPE = en_US.UTF-8
PATH = /boot/home/perl5/bin:.:/boot/home/config/non-packaged/bin:/boot/home/config/bin:/boot/system/non-packaged/bin:/bin:/boot/system/apps:/boot/system/preferences
PERL5LIB = /boot/home/perl5/lib/perl5
PERL5OPT =
PERL5_CPANPLUS_IS_RUNNING = 1015140
PERL5_CPAN_IS_RUNNING = 1015140
PERL5_CPAN_IS_RUNNING_IN_RECURSION = 410,1015140
PERL_CR_SMOKER_CURRENT = GOBO-0.03
PERL_EXTUTILS_AUTOINSTALL = --defaultdeps
PERL_LOCAL_LIB_ROOT = /boot/home/perl5
PERL_MB_OPT = --install_base "/boot/home/perl5"
PERL_MM_OPT = INSTALL_BASE=/boot/home/perl5
PERL_MM_USE_DEFAULT = 1
TERM = xterm
Perl special variables (and OS-specific diagnostics, for MSWin32):
$^X = /packages/perl-5.26.1-2/.self/bin/perl
$UID/$EUID = 0 / 0
$GID = 0 101 0
$EGID = 0 101 0
Perl module toolchain versions installed:
Module Have
------------------- ---------
CPAN 2.16
CPAN::Meta 2.150010
Cwd 3.67
ExtUtils::CBuilder 0.280230
ExtUtils::Command 7.35_06
ExtUtils::Install 2.14
ExtUtils::MakeMaker 7.35_06
ExtUtils::Manifest 1.71
ExtUtils::ParseXS 3.34
File::Spec 3.67
JSON 2.97001
JSON::PP 2.97001
Module::Build 0.42_28
Module::Signature n/a
Parse::CPAN::Meta 2.150010
Test::Harness 3.42
Test::More 1.302138
YAML 1.26
YAML::Syck 1.30
version 0.9923_02
--
Summary of my perl5 (revision 5 version 26 subversion 1) configuration:
Derived from:
Platform:
osname=haiku
osvers=1
archname=x86_64-haiku
uname='haiku shredder 1 hrev51655 dec 4 2017 12:44:17 x86_64 x86_64 haiku '
config_args='-Dprefix=/packages/perl-5.26.1-2/.self -Dprivlib=/packages/perl-5.26.1-2/.self/lib/perl5/5.26.1 -Dsiteprefix=/packages/perl-5.26.1-2/.self/non-packaged -Dsitelib=/packages/perl-5.26.1-2/.self/non-packaged/lib/perl5/site_perl/5.26 -Dvendorprefix=/packages/perl-5.26.1-2/.self -Dvendorlib=/packages/perl-5.26.1-2/.self/lib/perl5/vendor_perl/5.26 -Dcf_email=zooey@hirschkaefer.de -Uusenm -Duseshrplib -Uusemymalloc -Dlibpth=/boot/home/config/develop/lib /boot/system/develop/lib -Dusrinc=/boot/system/develop/headers/posix -Dlocinc=/boot/home/config/develop/headers /boot/system/develop/headers -Dlibc='/boot/system/lib/libroot.so' -Dlibs=-lnetwork -Dcc=gcc -Dld=gcc -Ud_link -Ddont_use_nlink -Ud_syserrlst -Dldlibpthname=LIBRARY_PATH -Dstartperl=#! perl -Dccdlflags=-Wl,-fno-stack-protector,-rpath=/packages/perl-5.26.1-2/.self/lib/perl5/5.26.1/x86_64-haiku/CORE -Dusesitecustomize -de'
hint=recommended
useposix=true
d_sigaction=define
useithreads=undef
usemultiplicity=undef
use64bitint=define
use64bitall=define
uselongdouble=undef
usemymalloc=n
default_inc_excludes_dot=define
bincompat5005=undef
Compiler:
cc='gcc'
ccflags ='-fwrapv -fno-strict-aliasing -pipe -D_FORTIFY_SOURCE=2'
optimize='-O'
cppflags='-fwrapv -fno-strict-aliasing -pipe'
ccversion=''
gccversion='5.4.0'
gccosandvers=''
intsize=4
longsize=8
ptrsize=8
doublesize=8
byteorder=12345678
doublekind=3
d_longlong=define
longlongsize=8
d_longdbl=define
longdblsize=16
longdblkind=3
ivtype='long'
ivsize=8
nvtype='double'
nvsize=8
Off_t='off_t'
lseeksize=8
alignbytes=8
prototype=define
Linker and Libraries:
ld='gcc'
ldflags =''
libpth=/boot/home/config/develop/lib /boot/system/develop/lib /boot/system/develop/tools/bin/../lib/gcc/x86_64-unknown-haiku/5.4.0/include-fixed
libs=-lnetwork
perllibs=-lnetwork
libc=/boot/system/lib/libroot.so
so=so
useshrplib=true
libperl=libperl.so
gnulibc_version=''
Dynamic Linking:
dlsrc=dl_dlopen.xs
dlext=so
d_dlsymun=undef
ccdlflags='-Wl,-fno-stack-protector,-rpath=/packages/perl-5.26.1-2/.self/lib/perl5/5.26.1/x86_64-haiku/CORE -Wl,-rpath,/packages/perl-5.26.1-2/.self/lib/perl5/5.26.1/x86_64-haiku/CORE'
cccdlflags='-fpic'
lddlflags='-shared'
Characteristics of this binary (from libperl):
Compile-time options:
HAS_TIMES
PERLIO_LAYERS
PERL_COPY_ON_WRITE
PERL_DONT_CREATE_GVSV
PERL_OP_PARENT
PERL_PRESERVE_IVUV
USE_64_BIT_ALL
USE_64_BIT_INT
USE_LARGE_FILES
USE_LOCALE
USE_LOCALE_COLLATE
USE_LOCALE_CTYPE
USE_LOCALE_NUMERIC
USE_LOCALE_TIME
USE_PERLIO
USE_PERL_ATOF
USE_SITECUSTOMIZE
Locally applied patches:
uncommitted-changes
Built under haiku
Compiled at Mar 14 2018 20:50:46
%ENV:
PERL5LIB="/boot/home/perl5/lib/perl5"
PERL5OPT=""
PERL5_CPANPLUS_IS_RUNNING="1015140"
PERL5_CPAN_IS_RUNNING="1015140"
PERL5_CPAN_IS_RUNNING_IN_RECURSION="410,1015140"
PERL_CR_SMOKER_CURRENT="GOBO-0.03"
PERL_EXTUTILS_AUTOINSTALL="--defaultdeps"
PERL_LOCAL_LIB_ROOT="/boot/home/perl5"
PERL_MB_OPT="--install_base "/boot/home/perl5""
PERL_MM_OPT="INSTALL_BASE=/boot/home/perl5"
PERL_MM_USE_DEFAULT="1"
@INC:
/boot/home/perl5/lib/perl5/5.26.1/x86_64-haiku
/boot/home/perl5/lib/perl5/5.26.1
/boot/home/perl5/lib/perl5/x86_64-haiku
/boot/home/perl5/lib/perl5
/packages/perl-5.26.1-2/.self/non-packaged/lib/perl5/site_perl/5.26/x86_64-haiku
/packages/perl-5.26.1-2/.self/non-packaged/lib/perl5/site_perl/5.26
/packages/perl-5.26.1-2/.self/lib/perl5/vendor_perl/5.26/x86_64-haiku
/packages/perl-5.26.1-2/.self/lib/perl5/vendor_perl/5.26
/packages/perl-5.26.1-2/.self/lib/perl5/5.26.1/x86_64-haiku
/packages/perl-5.26.1-2/.self/lib/perl5/5.26.1