Lexical-Types v0.16 Perl 5 v5.8.9 x86_64-linux
- Status
- Fail
- From
- Chris Williams (BINGOS)
- Dist
-
Lexical-Types v0.16
- Platform
- Perl 5 v5.8.9 x86_64-linux
- Date
- 2017-11-06 12:55:55
- ID
- d3c68c2c-c2f1-11e7-a1cf-bb670eaac09d
This distribution has been tested as part of the CPAN Testers
project, supporting the Perl programming language. See
http://wiki.cpantesters.org/ for more information or email
questions to cpan-testers-discuss@perl.org
--
Dear VPIT,
This is a computer-generated error report created automatically by
CPANPLUS, version 0.9172. Testers personal comments may appear
at the end of this report.
Thank you for uploading your work to CPAN. However, it appears that
there were some problems testing your distribution.
TEST RESULTS:
Below is the error stack from stage 'make test':
"/home/cpan/pit/bare/perl-5.8.9/bin/perl" -MExtUtils::Command::MM -e 'cp_nonempty' -- Types.bs blib/arch/auto/Lexical/Types/Types.bs 644
PERL_DL_NONLAZY=1 "/home/cpan/pit/bare/perl-5.8.9/bin/perl" "-MExtUtils::Command::MM" "-MTest::Harness" "-e" "undef *Test::Harness::Switches; test_harness(0, 'blib/lib', 'blib/arch')" t/*.t
# Testing Lexical::Types 0.16, Perl 5.008009, /home/cpan/pit/bare/perl-5.8.9/bin/perl
t/00-load.t ............... ok
t/09-load-threads.t ....... skipped: This perl wasn't built to support threads
# This will throw two warnings
# This will throw two more warnings
t/10-args.t ............... ok
t/11-integrate.t .......... ok
# This will throw two warnings
# This will throw two warnings
# Failed test '$_[1] in initializer is read only'
# at t/12-ro.t line 48.
# 'Can't use global @_ in "my" at (eval 7) line 2, near "{ $_"
# BEGIN not safe after errors--compilation aborted at (eval 7) line 2.
# '
# doesn't match '(?-xism:^Modification of a read-only value attempted at \(eval \d+\) line 2)'
# Failed test '$_[0] in initializer is read only'
# at t/12-ro.t line 57.
# ''
# doesn't match '(?-xism:^Modification of a read-only value attempted at t\/12\-ro\.t line 11)'
# Looks like you failed 2 tests of 4.
t/12-ro.t .................
Dubious, test returned 2 (wstat 512, 0x200)
Failed 2/4 subtests
t/20-scalar-base.t ........ ok
t/21-scalar-padsv.t ....... ok
t/22-scalar-constants.t ... ok
t/23-scalar-object.t ...... ok
t/24-scalar-tie.t ......... ok
t/25-scalar-magic.t ....... skipped: Could not load Variable::Magic
t/26-scalar-magic-uvar.t .. skipped: Could not load Variable::Magic 0.35
t/29-scalar-stress.t ...... ok
t/70-scope.t .............. ok
t/71-peep.t ............... ok
t/72-hints.t .............. ok
t/80-threads.t ............ skipped: This perl wasn't built to support threads
t/81-threads-teardown.t ... skipped: This perl wasn't built to support threads
Test Summary Report
-------------------
t/12-ro.t (Wstat: 512 Tests: 4 Failed: 2)
Failed tests: 2-3
Non-zero exit status: 2
Files=18, Tests=1179, 1 wallclock secs ( 0.12 usr 0.02 sys + 0.60 cusr 0.02 csys = 0.76 CPU)
Result: FAIL
Makefile:1039: recipe for target 'test_dynamic' failed
Failed 1/18 test programs. 2/1179 subtests failed.
make: *** [test_dynamic] Error 255
PREREQUISITES:
Here is a list of prerequisites you specified and versions we
managed to load:
Module Name Have Want
Carp 1.10 0
ExtUtils::MakeMaker 7.30 0
File::Spec 3.62 0
Test::More 1.302098 0
XSLoader 0.10 0
constant 1.17 0
lib 0.61 0
Perl module toolchain versions installed:
Module Name Have
CPANPLUS 0.9172
CPANPLUS::Dist::Build 0.88
Cwd 3.62
ExtUtils::CBuilder 0.280226
ExtUtils::Command 7.30
ExtUtils::Install 2.14
ExtUtils::MakeMaker 7.30
ExtUtils::Manifest 1.70
ExtUtils::ParseXS 3.35
File::Spec 3.62
Module::Build 0.4224
Pod::Parser 1.35
Pod::Simple 3.32
Test2 1.302098
Test::Harness 3.39
Test::More 1.302098
version 0.9918
******************************** NOTE ********************************
The comments above are created mechanically, possibly without manual
checking by the sender. As there are many people performing automatic
tests on each upload to CPAN, it is likely that you will receive
identical messages about the same problem.
If you believe that the message is mistaken, please reply to the first
one with correction and/or additional informations, and do not take
it personally. We appreciate your patience. :)
**********************************************************************
Additional comments:
This report was machine-generated by CPANPLUS::Dist::YACSmoke 1.02.
Powered by minismokebox version 0.68
------------------------------
ENVIRONMENT AND OTHER CONTEXT
------------------------------
Environment variables:
AUTOMATED_TESTING = 1
LANG = en_GB.UTF-8
LANGUAGE = en_GB:en
NONINTERACTIVE_TESTING = 1
PATH = /usr/local/sbin:/usr/local/bin:/usr/sbin:/usr/bin:/sbin:/bin:/usr/games:/usr/local/games:/snap/bin
PERL5LIB = :/home/cpan/pit/bare/conf/perl-5.8.9/.cpanplus/5.8.9/build/ag5ivhGpB5/Lexical-Types-0.16/blib/lib:/home/cpan/pit/bare/conf/perl-5.8.9/.cpanplus/5.8.9/build/ag5ivhGpB5/Lexical-Types-0.16/blib/arch
PERL5_CPANPLUS_IS_RUNNING = 16242
PERL5_CPANPLUS_IS_VERSION = 0.9172
PERL5_MINISMOKEBOX = 0.68
PERL5_YACSMOKE_BASE = /home/cpan/pit/bare/conf/perl-5.8.9
PERL_EXTUTILS_AUTOINSTALL = --defaultdeps
PERL_MM_USE_DEFAULT = 1
SHELL = /bin/bash
TERM = screen
Perl special variables (and OS-specific diagnostics, for MSWin32):
Perl: $^X = /home/cpan/pit/bare/perl-5.8.9/bin/perl
UID: $< = 1001
EUID: $> = 1001
GID: $( = 1001 1001
EGID: $) = 1001 1001
-------------------------------
--
Summary of my perl5 (revision 5 version 8 subversion 9) configuration:
Platform:
osname=linux, osvers=4.4.0-21-generic, archname=x86_64-linux
uname='linux uchder 4.4.0-21-generic #37-ubuntu smp mon apr 18 18:33:37 utc 2016 x86_64 x86_64 x86_64 gnulinux '
config_args='-des -Dprefix=/home/cpan/pit/bare/perl-5.8.9'
hint=recommended, useposix=true, d_sigaction=define
usethreads=undef use5005threads=undef useithreads=undef usemultiplicity=undef
useperlio=define d_sfio=undef uselargefiles=define usesocks=undef
use64bitint=define use64bitall=define uselongdouble=undef
usemymalloc=n, bincompat5005=undef
Compiler:
cc='cc', ccflags ='-fno-strict-aliasing -pipe -I/usr/local/include -D_LARGEFILE_SOURCE -D_FILE_OFFSET_BITS=64',
optimize='-O2',
cppflags='-fno-strict-aliasing -pipe -I/usr/local/include'
ccversion='', gccversion='5.3.1 20160413', gccosandvers=''
intsize=4, longsize=8, ptrsize=8, doublesize=8, byteorder=12345678
d_longlong=define, longlongsize=8, d_longdbl=define, longdblsize=16
ivtype='long', ivsize=8, nvtype='double', nvsize=8, Off_t='off_t', lseeksize=8
alignbytes=8, prototype=define
Linker and Libraries:
ld='cc', ldflags =' -L/usr/local/lib'
libpth=/usr/local/lib /lib/x86_64-linux-gnu /lib/../lib /usr/lib/x86_64-linux-gnu /usr/lib/../lib /lib /usr/lib
libs=-lnsl -lgdbm -ldl -lm -lcrypt -lutil -lc -lgdbm_compat
perllibs=-lnsl -ldl -lm -lcrypt -lutil -lc -lgdbm_compat
libc=libc-2.23.so, so=so, useshrplib=false, libperl=libperl.a
gnulibc_version='2.23'
Dynamic Linking:
dlsrc=dl_dlopen.xs, dlext=so, d_dlsymun=undef, ccdlflags='-Wl,-E'
cccdlflags='-fPIC', lddlflags='-shared -O2 -L/usr/local/lib'
Characteristics of this binary (from libperl):
Compile-time options: PERL_MALLOC_WRAP USE_64_BIT_ALL USE_64_BIT_INT
USE_FAST_STDIO USE_LARGE_FILES USE_PERLIO
Locally applied patches:
Devel::PatchPerl 1.42
Built under linux
Compiled at May 1 2016 21:47:54
%ENV:
PERL5LIB=":/home/cpan/pit/bare/conf/perl-5.8.9/.cpanplus/5.8.9/build/ag5ivhGpB5/Lexical-Types-0.16/blib/lib:/home/cpan/pit/bare/conf/perl-5.8.9/.cpanplus/5.8.9/build/ag5ivhGpB5/Lexical-Types-0.16/blib/arch"
PERL5_CPANPLUS_IS_RUNNING="16242"
PERL5_CPANPLUS_IS_VERSION="0.9172"
PERL5_MINISMOKEBOX="0.68"
PERL5_YACSMOKE_BASE="/home/cpan/pit/bare/conf/perl-5.8.9"
PERL_EXTUTILS_AUTOINSTALL="--defaultdeps"
PERL_MM_USE_DEFAULT="1"
@INC:
/home/cpan/pit/bare/conf/perl-5.8.9/.cpanplus/5.8.9/build/ag5ivhGpB5/Lexical-Types-0.16/blib/lib
/home/cpan/pit/bare/conf/perl-5.8.9/.cpanplus/5.8.9/build/ag5ivhGpB5/Lexical-Types-0.16/blib/arch
/home/cpan/pit/bare/perl-5.8.9/lib/5.8.9/x86_64-linux
/home/cpan/pit/bare/perl-5.8.9/lib/5.8.9
/home/cpan/pit/bare/perl-5.8.9/lib/site_perl/5.8.9/x86_64-linux
/home/cpan/pit/bare/perl-5.8.9/lib/site_perl/5.8.9
.