Back
From: metabase:user:322078bc-2aae-11df-837a-5e0a49663a4f
Subject: FAIL SQL-Schema-0.31 v5.14.1 GNU/Linux
Date: 2011-11-11T09:59:20Z
This distribution has been tested as part of the CPAN Testers
project, supporting the Perl programming language. See
http://wiki.cpantesters.org/ for more information or email
questions to cpan-testers-discuss@perl.org
--
Dear TODD,
This is a computer-generated error report created automatically by
CPANPLUS, version 0.9111. Testers personal comments may appear
at the end of this report.
Thank you for uploading your work to CPAN. However, it appears that
there were some problems testing your distribution.
TEST RESULTS:
Below is the error stack from stage 'make test':
[MSG] [Fri Nov 11 09:59:15 2011] pod2text lib/SQL/Schema.pm >README
cp lib/SQL/Schema/Procedure.pm blib/lib/SQL/Schema/Procedure.pm
cp lib/SQL/Schema/Package.pm blib/lib/SQL/Schema/Package.pm
cp lib/SQL/Schema/Source.pm blib/lib/SQL/Schema/Source.pm
cp lib/SQL/Schema/Trigger.pm blib/lib/SQL/Schema/Trigger.pm
cp lib/SQL/Schema/Table.pm blib/lib/SQL/Schema/Table.pm
cp lib/SQL/Schema/View.pm blib/lib/SQL/Schema/View.pm
cp lib/SQL/Schema/Table/Column.pm blib/lib/SQL/Schema/Table/Column.pm
cp lib/SQL/Schema/Function.pm blib/lib/SQL/Schema/Function.pm
cp lib/SQL/Schema/Package/Body.pm blib/lib/SQL/Schema/Package/Body.pm
cp lib/SQL/Schema.pm blib/lib/SQL/Schema.pm
cp lib/SQL/Schema/Sequence.pm blib/lib/SQL/Schema/Sequence.pm
cp lib/SQL/Schema/Constraint.pm blib/lib/SQL/Schema/Constraint.pm
cp scripts/export_schema blib/script/export_schema
/home/cpan/pit/thr/perl-5.14.1/bin/perl -MExtUtils::MY -e 'MY->fixin(shift)' -- blib/script/export_schema
Manifying blib/man1/export_schema.1
Manifying blib/man3/SQL::Schema::Package.3
Manifying blib/man3/SQL::Schema::Procedure.3
Manifying blib/man3/SQL::Schema::Source.3
Manifying blib/man3/SQL::Schema::Table::Column.3
Manifying blib/man3/SQL::Schema::View.3
Manifying blib/man3/SQL::Schema::Table.3
Manifying blib/man3/SQL::Schema::Trigger.3
Manifying blib/man3/SQL::Schema::Function.3
Manifying blib/man3/SQL::Schema::Package::Body.3
Manifying blib/man3/SQL::Schema.3
Manifying blib/man3/SQL::Schema::Constraint.3
Manifying blib/man3/SQL::Schema::Sequence.3
[ERROR] [Fri Nov 11 09:59:18 2011] MAKE TEST failed: PERL_DL_NONLAZY=1 /home/cpan/pit/thr/perl-5.14.1/bin/perl "-MExtUtils::Command::MM" "-e" "test_harness(0, 'blib/lib', 'blib/arch')" t/[0-9][0-9]-*/[0-9][0-9]*.t
Please set environment DBI_DATA_SOURCE as documented within the file INSTALL
Compilation failed in require at t/00-init/00-schema.t line 6.
t/00-init/00-schema.t ...................
Dubious, test returned 255 (wstat 65280, 0xff00)
Failed 14/14 subtests
Not a HASH reference at /home/cpan/pit/thr/conf/perl-5.14.1/.cpanplus/5.14.1/build/SQL-Schema-0.31/blib/lib/SQL/Schema/Constraint.pm line 141.
Compilation failed in require at /home/cpan/pit/thr/conf/perl-5.14.1/.cpanplus/5.14.1/build/SQL-Schema-0.31/blib/lib/SQL/Schema/Table.pm line 28.
BEGIN failed--compilation aborted at /home/cpan/pit/thr/conf/perl-5.14.1/.cpanplus/5.14.1/build/SQL-Schema-0.31/blib/lib/SQL/Schema/Table.pm line 28.
Compilation failed in require at /home/cpan/pit/thr/conf/perl-5.14.1/.cpanplus/5.14.1/build/SQL-Schema-0.31/blib/lib/SQL/Schema.pm line 38.
BEGIN failed--compilation aborted at /home/cpan/pit/thr/conf/perl-5.14.1/.cpanplus/5.14.1/build/SQL-Schema-0.31/blib/lib/SQL/Schema.pm line 38.
Compilation failed in require at t/01-Schema/01-new.t line 5.
BEGIN failed--compilation aborted at t/01-Schema/01-new.t line 5.
t/01-Schema/01-new.t ....................
Dubious, test returned 255 (wstat 65280, 0xff00)
No subtests run
Not a HASH reference at /home/cpan/pit/thr/conf/perl-5.14.1/.cpanplus/5.14.1/build/SQL-Schema-0.31/blib/lib/SQL/Schema/Constraint.pm line 141.
Compilation failed in require at /home/cpan/pit/thr/conf/perl-5.14.1/.cpanplus/5.14.1/build/SQL-Schema-0.31/blib/lib/SQL/Schema/Table.pm line 28.
BEGIN failed--compilation aborted at /home/cpan/pit/thr/conf/perl-5.14.1/.cpanplus/5.14.1/build/SQL-Schema-0.31/blib/lib/SQL/Schema/Table.pm line 28.
Compilation failed in require at /home/cpan/pit/thr/conf/perl-5.14.1/.cpanplus/5.14.1/build/SQL-Schema-0.31/blib/lib/SQL/Schema.pm line 38.
BEGIN failed--compilation aborted at /home/cpan/pit/thr/conf/perl-5.14.1/.cpanplus/5.14.1/build/SQL-Schema-0.31/blib/lib/SQL/Schema.pm line 38.
Compilation failed in require at t/01-Schema/02-name.t line 5.
BEGIN failed--compilation aborted at t/01-Schema/02-name.t line 5.
t/01-Schema/02-name.t ...................
Dubious, test returned 255 (wstat 65280, 0xff00)
No subtests run
# Test 3 got: "Not a HASH reference at /home/cpan/pit/thr/conf/perl-5.14.1/.cpanplus/5.14.1/build/SQL-Schema-0.31/blib/lib/SQL/Schema/Sequence.pm line 125.\n" (t/02-Sequence/01-new.t at line 32)
# Expected: "/Unsupported value for `cycle_flag'/"
# t/02-Sequence/01-new.t line 32 is: ok($@||'',"/Unsupported value for `cycle_flag'/");
# Test 4 got: "Not a HASH reference at /home/cpan/pit/thr/conf/perl-5.14.1/.cpanplus/5.14.1/build/SQL-Schema-0.31/blib/lib/SQL/Schema/Sequence.pm line 125.\n" (t/02-Sequence/01-new.t at line 44)
# Expected: "/Value for `start_with' needs to be an integer/"
# t/02-Sequence/01-new.t line 44 is: ok($@||'',"/Value for `start_with' needs to be an integer/");
# Test 5 got: "Not a HASH reference at /home/cpan/pit/thr/conf/perl-5.14.1/.cpanplus/5.14.1/build/SQL-Schema-0.31/blib/lib/SQL/Schema/Sequence.pm line 125.\n" (t/02-Sequence/01-new.t at line 56)
# Expected: "/Value for `start_with' needs to be an integer/"
# t/02-Sequence/01-new.t line 56 is: ok($@||'',"/Value for `start_with' needs to be an integer/");
# Test 6 got: "Not a HASH reference at /home/cpan/pit/thr/conf/perl-5.14.1/.cpanplus/5.14.1/build/SQL-Schema-0.31/blib/lib/SQL/Schema/Sequence.pm line 125.\n" (t/02-Sequence/01-new.t at line 68)
# Expected: "/Value for `start_with' needs to be an integer/"
# t/02-Sequence/01-new.t line 68 is: ok($@||'',"/Value for `start_with' needs to be an integer/");
# Test 7 got: "Not a HASH reference at /home/cpan/pit/thr/conf/perl-5.14.1/.cpanplus/5.14.1/build/SQL-Schema-0.31/blib/lib/SQL/Schema/Sequence.pm line 125.\n" (t/02-Sequence/01-new.t at line 80)
# Expected: "/Value for `start_with' needs to be an integer/"
# t/02-Sequence/01-new.t line 80 is: ok($@||'',"/Value for `start_with' needs to be an integer/");
# Test 8 got: "Not a HASH reference at /home/cpan/pit/thr/conf/perl-5.14.1/.cpanplus/5.14.1/build/SQL-Schema-0.31/blib/lib/SQL/Schema/Sequence.pm line 125.\n" (t/02-Sequence/01-new.t at line 95)
# Expected: ""
# t/02-Sequence/01-new.t line 95 is: ok($@||'','');
# Test 9 got: "Not a HASH reference at /home/cpan/pit/thr/conf/perl-5.14.1/.cpanplus/5.14.1/build/SQL-Schema-0.31/blib/lib/SQL/Schema/Sequence.pm line 125.\n" (t/02-Sequence/01-new.t at line 110)
# Expected: ""
# t/02-Sequence/01-new.t line 110 is: ok($@||'','');
# Test 10 got: "Not a HASH reference at /home/cpan/pit/thr/conf/perl-5.14.1/.cpanplus/5.14.1/build/SQL-Schema-0.31/blib/lib/SQL/Schema/Sequence.pm line 125.\n" (t/02-Sequence/01-new.t at line 125)
# Expected: ""
# t/02-Sequence/01-new.t line 125 is: ok($@||'','');
# Test 11 got: "Not a HASH reference at /home/cpan/pit/thr/conf/perl-5.14.1/.cpanplus/5.14.1/build/SQL-Schema-0.31/blib/lib/SQL/Schema/Sequence.pm line 125.\n" (t/02-Sequence/01-new.t at line 141)
# Expected: ""
# t/02-Sequence/01-new.t line 141 is: ok($@||'','');
# Test 12 got: "Not a HASH reference at /home/cpan/pit/thr/conf/perl-5.14.1/.cpanplus/5.14.1/build/SQL-Schema-0.31/blib/lib/SQL/Schema/Sequence.pm line 125.\n" (t/02-Sequence/01-new.t at line 157)
# Expected: ""
# t/02-Sequence/01-new.t line 157 is: ok($@||'','');
# Test 13 got: "Not a HASH reference at /home/cpan/pit/thr/conf/perl-5.14.1/.cpanplus/5.14.1/build/SQL-Schema-0.31/blib/lib/SQL/Schema/Sequence.pm line 125.\n" (t/02-Sequence/01-new.t at line 173)
# Expected: ""
# t/02-Sequence/01-new.t line 173 is: ok($@||'','');
Not a HASH reference at /home/cpan/pit/thr/conf/perl-5.14.1/.cpanplus/5.14.1/build/SQL-Schema-0.31/blib/lib/SQL/Schema/Sequence.pm line 125.
t/02-Sequence/01-new.t ..................
Dubious, test returned 255 (wstat 65280, 0xff00)
Failed 18/20 subtests
Please set environment DBI_DATA_SOURCE as documented within the file INSTALL
Compilation failed in require at t/02-Sequence/02-select.t line 7.
t/02-Sequence/02-select.t ...............
Dubious, test returned 255 (wstat 65280, 0xff00)
Failed 5/5 subtests
Please set environment DBI_DATA_SOURCE as documented within the file INSTALL
Compilation failed in require at t/02-Sequence/03-schema_name.t line 7.
t/02-Sequence/03-schema_name.t ..........
Dubious, test returned 255 (wstat 65280, 0xff00)
Failed 4/4 subtests
Not a HASH reference at /home/cpan/pit/thr/conf/perl-5.14.1/.cpanplus/5.14.1/build/SQL-Schema-0.31/blib/lib/SQL/Schema/Sequence.pm line 125.
t/02-Sequence/04-name.t .................
Dubious, test returned 255 (wstat 65280, 0xff00)
Failed 1/1 subtests
Not a HASH reference at /home/cpan/pit/thr/conf/perl-5.14.1/.cpanplus/5.14.1/build/SQL-Schema-0.31/blib/lib/SQL/Schema/Sequence.pm line 125.
t/02-Sequence/05-min_value.t ............
Dubious, test returned 255 (wstat 65280, 0xff00)
Failed 5/5 subtests
Not a HASH reference at /home/cpan/pit/thr/conf/perl-5.14.1/.cpanplus/5.14.1/build/SQL-Schema-0.31/blib/lib/SQL/Schema/Sequence.pm line 125.
t/02-Sequence/06-max_value.t ............
Dubious, test returned 255 (wstat 65280, 0xff00)
Failed 5/5 subtests
Not a HASH reference at /home/cpan/pit/thr/conf/perl-5.14.1/.cpanplus/5.14.1/build/SQL-Schema-0.31/blib/lib/SQL/Schema/Sequence.pm line 125.
t/02-Sequence/07-increment_by.t .........
Dubious, test returned 255 (wstat 65280, 0xff00)
Failed 4/4 subtests
Not a HASH reference at /home/cpan/pit/thr/conf/perl-5.14.1/.cpanplus/5.14.1/build/SQL-Schema-0.31/blib/lib/SQL/Schema/Sequence.pm line 125.
t/02-Sequence/08-cycle_flag.t ...........
Dubious, test returned 255 (wstat 65280, 0xff00)
Failed 6/6 subtests
Not a HASH reference at /home/cpan/pit/thr/conf/perl-5.14.1/.cpanplus/5.14.1/build/SQL-Schema-0.31/blib/lib/SQL/Schema/Sequence.pm line 125.
t/02-Sequence/09-order_flag.t ...........
Dubious, test returned 255 (wstat 65280, 0xff00)
Failed 6/6 subtests
Not a HASH reference at /home/cpan/pit/thr/conf/perl-5.14.1/.cpanplus/5.14.1/build/SQL-Schema-0.31/blib/lib/SQL/Schema/Sequence.pm line 125.
t/02-Sequence/10-cache_size.t ...........
Dubious, test returned 255 (wstat 65280, 0xff00)
Failed 2/2 subtests
Not a HASH reference at /home/cpan/pit/thr/conf/perl-5.14.1/.cpanplus/5.14.1/build/SQL-Schema-0.31/blib/lib/SQL/Schema/Sequence.pm line 125.
t/02-Sequence/11-start_with.t ...........
Dubious, test returned 255 (wstat 65280, 0xff00)
Failed 4/4 subtests
Not a HASH reference at /home/cpan/pit/thr/conf/perl-5.14.1/.cpanplus/5.14.1/build/SQL-Schema-0.31/blib/lib/SQL/Schema/Sequence.pm line 125.
t/02-Sequence/12-cycle.t ................
Dubious, test returned 255 (wstat 65280, 0xff00)
Failed 6/6 subtests
Not a HASH reference at /home/cpan/pit/thr/conf/perl-5.14.1/.cpanplus/5.14.1/build/SQL-Schema-0.31/blib/lib/SQL/Schema/Sequence.pm line 125.
t/02-Sequence/13-order.t ................
Dubious, test returned 255 (wstat 65280, 0xff00)
Failed 6/6 subtests
Not a HASH reference at /home/cpan/pit/thr/conf/perl-5.14.1/.cpanplus/5.14.1/build/SQL-Schema-0.31/blib/lib/SQL/Schema/Sequence.pm line 125.
t/02-Sequence/14-qualified_name.t .......
Dubious, test returned 255 (wstat 65280, 0xff00)
Failed 2/2 subtests
Please set environment DBI_DATA_SOURCE as documented within the file INSTALL
Compilation failed in require at t/02-Sequence/15-create_statement.t line 7.
t/02-Sequence/15-create_statement.t .....
Dubious, test returned 255 (wstat 65280, 0xff00)
Failed 11/11 subtests
Not a HASH reference at /home/cpan/pit/thr/conf/perl-5.14.1/.cpanplus/5.14.1/build/SQL-Schema-0.31/blib/lib/SQL/Schema/Sequence.pm line 125.
t/02-Sequence/16-drop_statement.t .......
Dubious, test returned 255 (wstat 65280, 0xff00)
Failed 2/2 subtests
# Test 4 got: "Not a HASH reference at /home/cpan/pit/thr/conf/perl-5.14.1/.cpanplus/5.14.1/build/SQL-Schema-0.31/blib/lib/SQL/Schema/Table/Column.pm line 120.\n" (t/03-TColumn/01-new.t at line 35)
# Expected: "/Value for `data_length' needs to be an integer/"
# t/03-TColumn/01-new.t line 35 is: ok($@||'',"/Value for `data_length' needs to be an integer/");
# Test 5 got: "Not a HASH reference at /home/cpan/pit/thr/conf/perl-5.14.1/.cpanplus/5.14.1/build/SQL-Schema-0.31/blib/lib/SQL/Schema/Table/Column.pm line 120.\n" (t/03-TColumn/01-new.t at line 46)
# Expected: "/Unsupported value for `nullable'/"
# t/03-TColumn/01-new.t line 46 is: ok($@||'',"/Unsupported value for `nullable'/");
# Test 6 got: "Not a HASH reference at /home/cpan/pit/thr/conf/perl-5.14.1/.cpanplus/5.14.1/build/SQL-Schema-0.31/blib/lib/SQL/Schema/Table/Column.pm line 120.\n" (t/03-TColumn/01-new.t at line 57)
# Expected: "/attribute `data_length' needs to be a non negative value/"
# t/03-TColumn/01-new.t line 57 is: ok($@||'',"/attribute `data_length' needs to be a non negative value/");
# Test 7 got: "Not a HASH reference at /home/cpan/pit/thr/conf/perl-5.14.1/.cpanplus/5.14.1/build/SQL-Schema-0.31/blib/lib/SQL/Schema/Table/Column.pm line 120.\n" (t/03-TColumn/01-new.t at line 68)
# Expected: "/attribute `data_precision' needs to be a non negative value/"
# t/03-TColumn/01-new.t line 68 is: ok($@||'',"/attribute `data_precision' needs to be a non negative value/");
# Test 8 got: "Not a HASH reference at /home/cpan/pit/thr/conf/perl-5.14.1/.cpanplus/5.14.1/build/SQL-Schema-0.31/blib/lib/SQL/Schema/Table/Column.pm line 120.\n" (t/03-TColumn/01-new.t at line 79)
# Expected: "/attribute `data_scale' requires `data_length' or `data_precision'/"
# t/03-TColumn/01-new.t line 79 is: ok(
# Test 9 got: "Not a HASH reference at /home/cpan/pit/thr/conf/perl-5.14.1/.cpanplus/5.14.1/build/SQL-Schema-0.31/blib/lib/SQL/Schema/Table/Column.pm line 120.\n" (t/03-TColumn/01-new.t at line 95)
# Expected: ""
# t/03-TColumn/01-new.t line 95 is: ok($@||'','');
Not a HASH reference at /home/cpan/pit/thr/conf/perl-5.14.1/.cpanplus/5.14.1/build/SQL-Schema-0.31/blib/lib/SQL/Schema/Table/Column.pm line 120.
t/03-TColumn/01-new.t ...................
Dubious, test returned 255 (wstat 65280, 0xff00)
Failed 11/14 subtests
Please set environment DBI_DATA_SOURCE as documented within the file INSTALL
Compilation failed in require at t/03-TColumn/02-select.t line 7.
t/03-TColumn/02-select.t ................
Dubious, test returned 255 (wstat 65280, 0xff00)
Failed 6/6 subtests
Not a HASH reference at /home/cpan/pit/thr/conf/perl-5.14.1/.cpanplus/5.14.1/build/SQL-Schema-0.31/blib/lib/SQL/Schema/Table/Column.pm line 120.
t/03-TColumn/03-name.t ..................
Dubious, test returned 255 (wstat 65280, 0xff00)
Failed 1/1 subtests
Not a HASH reference at /home/cpan/pit/thr/conf/perl-5.14.1/.cpanplus/5.14.1/build/SQL-Schema-0.31/blib/lib/SQL/Schema/Table/Column.pm line 120.
t/03-TColumn/04-data_type.t .............
Dubious, test returned 255 (wstat 65280, 0xff00)
Failed 1/1 subtests
Not a HASH reference at /home/cpan/pit/thr/conf/perl-5.14.1/.cpanplus/5.14.1/build/SQL-Schema-0.31/blib/lib/SQL/Schema/Table/Column.pm line 120.
t/03-TColumn/05-data_length.t ...........
Dubious, test returned 255 (wstat 65280, 0xff00)
Failed 3/3 subtests
Not a HASH reference at /home/cpan/pit/thr/conf/perl-5.14.1/.cpanplus/5.14.1/build/SQL-Schema-0.31/blib/lib/SQL/Schema/Table/Column.pm line 120.
t/03-TColumn/06-data_precision.t ........
Dubious, test returned 255 (wstat 65280, 0xff00)
Failed 2/2 subtests
Not a HASH reference at /home/cpan/pit/thr/conf/perl-5.14.1/.cpanplus/5.14.1/build/SQL-Schema-0.31/blib/lib/SQL/Schema/Table/Column.pm line 120.
t/03-TColumn/07-data_scale.t ............
Dubious, test returned 255 (wstat 65280, 0xff00)
Failed 2/2 subtests
Not a HASH reference at /home/cpan/pit/thr/conf/perl-5.14.1/.cpanplus/5.14.1/build/SQL-Schema-0.31/blib/lib/SQL/Schema/Table/Column.pm line 120.
t/03-TColumn/08-nullable.t ..............
Dubious, test returned 255 (wstat 65280, 0xff00)
Failed 5/5 subtests
Not a HASH reference at /home/cpan/pit/thr/conf/perl-5.14.1/.cpanplus/5.14.1/build/SQL-Schema-0.31/blib/lib/SQL/Schema/Table/Column.pm line 120.
t/03-TColumn/09-data_default.t ..........
Dubious, test returned 255 (wstat 65280, 0xff00)
Failed 3/3 subtests
Not a HASH reference at /home/cpan/pit/thr/conf/perl-5.14.1/.cpanplus/5.14.1/build/SQL-Schema-0.31/blib/lib/SQL/Schema/Table/Column.pm line 120.
t/03-TColumn/20-nullable_bool.t .........
Dubious, test returned 255 (wstat 65280, 0xff00)
Failed 5/5 subtests
Please set environment DBI_DATA_SOURCE as documented within the file INSTALL
Compilation failed in require at t/03-TColumn/30-column_definition.t line 7.
t/03-TColumn/30-column_definition.t .....
Dubious, test returned 255 (wstat 65280, 0xff00)
Failed 14/14 subtests
Not a HASH reference at /home/cpan/pit/thr/conf/perl-5.14.1/.cpanplus/5.14.1/build/SQL-Schema-0.31/blib/lib/SQL/Schema/Constraint.pm line 141.
Compilation failed in require at t/04-Constraint/01-new.t line 5.
BEGIN failed--compilation aborted at t/04-Constraint/01-new.t line 5.
t/04-Constraint/01-new.t ................
Dubious, test returned 255 (wstat 65280, 0xff00)
No subtests run
Not a HASH reference at /home/cpan/pit/thr/conf/perl-5.14.1/.cpanplus/5.14.1/build/SQL-Schema-0.31/blib/lib/SQL/Schema/Constraint.pm line 141.
Compilation failed in require at /home/cpan/pit/thr/conf/perl-5.14.1/.cpanplus/5.14.1/build/SQL-Schema-0.31/blib/lib/SQL/Schema/Table.pm line 28.
BEGIN failed--compilation aborted at /home/cpan/pit/thr/conf/perl-5.14.1/.cpanplus/5.14.1/build/SQL-Schema-0.31/blib/lib/SQL/Schema/Table.pm line 28.
Compilation failed in require at /home/cpan/pit/thr/conf/perl-5.14.1/.cpanplus/5.14.1/build/SQL-Schema-0.31/blib/lib/SQL/Schema.pm line 38.
BEGIN failed--compilation aborted at /home/cpan/pit/thr/conf/perl-5.14.1/.cpanplus/5.14.1/build/SQL-Schema-0.31/blib/lib/SQL/Schema.pm line 38.
Compilation failed in require at t/04-Constraint/02-select_columns.t line 8.
BEGIN failed--compilation aborted at t/04-Constraint/02-select_columns.t line 8.
t/04-Constraint/02-select_columns.t .....
Dubious, test returned 255 (wstat 65280, 0xff00)
No subtests run
Not a HASH reference at /home/cpan/pit/thr/conf/perl-5.14.1/.cpanplus/5.14.1/build/SQL-Schema-0.31/blib/lib/SQL/Schema/Constraint.pm line 141.
Compilation failed in require at /home/cpan/pit/thr/conf/perl-5.14.1/.cpanplus/5.14.1/build/SQL-Schema-0.31/blib/lib/SQL/Schema/Table.pm line 28.
BEGIN failed--compilation aborted at /home/cpan/pit/thr/conf/perl-5.14.1/.cpanplus/5.14.1/build/SQL-Schema-0.31/blib/lib/SQL/Schema/Table.pm line 28.
Compilation failed in require at /home/cpan/pit/thr/conf/perl-5.14.1/.cpanplus/5.14.1/build/SQL-Schema-0.31/blib/lib/SQL/Schema.pm line 38.
BEGIN failed--compilation aborted at /home/cpan/pit/thr/conf/perl-5.14.1/.cpanplus/5.14.1/build/SQL-Schema-0.31/blib/lib/SQL/Schema.pm line 38.
Compilation failed in require at t/04-Constraint/03-select.t line 5.
BEGIN failed--compilation aborted at t/04-Constraint/03-select.t line 5.
t/04-Constraint/03-select.t .............
Dubious, test returned 255 (wstat 65280, 0xff00)
No subtests run
Not a HASH reference at /home/cpan/pit/thr/conf/perl-5.14.1/.cpanplus/5.14.1/build/SQL-Schema-0.31/blib/lib/SQL/Schema/Constraint.pm line 141.
Compilation failed in require at t/04-Constraint/10-name.t line 5.
BEGIN failed--compilation aborted at t/04-Constraint/10-name.t line 5.
t/04-Constraint/10-name.t ...............
Dubious, test returned 255 (wstat 65280, 0xff00)
No subtests run
Not a HASH reference at /home/cpan/pit/thr/conf/perl-5.14.1/.cpanplus/5.14.1/build/SQL-Schema-0.31/blib/lib/SQL/Schema/Constraint.pm line 141.
Compilation failed in require at t/04-Constraint/11-type.t line 5.
BEGIN failed--compilation aborted at t/04-Constraint/11-type.t line 5.
t/04-Constraint/11-type.t ...............
Dubious, test returned 255 (wstat 65280, 0xff00)
No subtests run
Not a HASH reference at /home/cpan/pit/thr/conf/perl-5.14.1/.cpanplus/5.14.1/build/SQL-Schema-0.31/blib/lib/SQL/Schema/Constraint.pm line 141.
Compilation failed in require at t/04-Constraint/12-search_condition.t line 5.
BEGIN failed--compilation aborted at t/04-Constraint/12-search_condition.t line 5.
t/04-Constraint/12-search_condition.t ...
Dubious, test returned 255 (wstat 65280, 0xff00)
No subtests run
Not a HASH reference at /home/cpan/pit/thr/conf/perl-5.14.1/.cpanplus/5.14.1/build/SQL-Schema-0.31/blib/lib/SQL/Schema/Constraint.pm line 141.
Compilation failed in require at t/04-Constraint/13-delete_rule.t line 5.
BEGIN failed--compilation aborted at t/04-Constraint/13-delete_rule.t line 5.
t/04-Constraint/13-delete_rule.t ........
Dubious, test returned 255 (wstat 65280, 0xff00)
No subtests run
Not a HASH reference at /home/cpan/pit/thr/conf/perl-5.14.1/.cpanplus/5.14.1/build/SQL-Schema-0.31/blib/lib/SQL/Schema/Constraint.pm line 141.
Compilation failed in require at t/04-Constraint/14-status.t line 5.
BEGIN failed--compilation aborted at t/04-Constraint/14-status.t line 5.
t/04-Constraint/14-status.t .............
Dubious, test returned 255 (wstat 65280, 0xff00)
No subtests run
Not a HASH reference at /home/cpan/pit/thr/conf/perl-5.14.1/.cpanplus/5.14.1/build/SQL-Schema-0.31/blib/lib/SQL/Schema/Constraint.pm line 141.
Compilation failed in require at t/04-Constraint/15-deferrable.t line 5.
BEGIN failed--compilation aborted at t/04-Constraint/15-deferrable.t line 5.
t/04-Constraint/15-deferrable.t .........
Dubious, test returned 255 (wstat 65280, 0xff00)
No subtests run
Not a HASH reference at /home/cpan/pit/thr/conf/perl-5.14.1/.cpanplus/5.14.1/build/SQL-Schema-0.31/blib/lib/SQL/Schema/Constraint.pm line 141.
Compilation failed in require at t/04-Constraint/16-deferred.t line 5.
BEGIN failed--compilation aborted at t/04-Constraint/16-deferred.t line 5.
t/04-Constraint/16-deferred.t ...........
Dubious, test returned 255 (wstat 65280, 0xff00)
No subtests run
Not a HASH reference at /home/cpan/pit/thr/conf/perl-5.14.1/.cpanplus/5.14.1/build/SQL-Schema-0.31/blib/lib/SQL/Schema/Constraint.pm line 141.
Compilation failed in require at t/04-Constraint/17-generated.t line 5.
BEGIN failed--compilation aborted at t/04-Constraint/17-generated.t line 5.
t/04-Constraint/17-generated.t ..........
Dubious, test returned 255 (wstat 65280, 0xff00)
No subtests run
Not a HASH reference at /home/cpan/pit/thr/conf/perl-5.14.1/.cpanplus/5.14.1/build/SQL-Schema-0.31/blib/lib/SQL/Schema/Constraint.pm line 141.
Compilation failed in require at t/04-Constraint/18-validated.t line 5.
BEGIN failed--compilation aborted at t/04-Constraint/18-validated.t line 5.
t/04-Constraint/18-validated.t ..........
Dubious, test returned 255 (wstat 65280, 0xff00)
No subtests run
Not a HASH reference at /home/cpan/pit/thr/conf/perl-5.14.1/.cpanplus/5.14.1/build/SQL-Schema-0.31/blib/lib/SQL/Schema/Constraint.pm line 141.
Compilation failed in require at t/04-Constraint/19-columns.t line 5.
BEGIN failed--compilation aborted at t/04-Constraint/19-columns.t line 5.
t/04-Constraint/19-columns.t ............
Dubious, test returned 255 (wstat 65280, 0xff00)
No subtests run
Not a HASH reference at /home/cpan/pit/thr/conf/perl-5.14.1/.cpanplus/5.14.1/build/SQL-Schema-0.31/blib/lib/SQL/Schema/Constraint.pm line 141.
Compilation failed in require at t/04-Constraint/20-r_schema.t line 5.
BEGIN failed--compilation aborted at t/04-Constraint/20-r_schema.t line 5.
t/04-Constraint/20-r_schema.t ...........
Dubious, test returned 255 (wstat 65280, 0xff00)
No subtests run
Not a HASH reference at /home/cpan/pit/thr/conf/perl-5.14.1/.cpanplus/5.14.1/build/SQL-Schema-0.31/blib/lib/SQL/Schema/Constraint.pm line 141.
Compilation failed in require at t/04-Constraint/21-r_table_name.t line 5.
BEGIN failed--compilation aborted at t/04-Constraint/21-r_table_name.t line 5.
t/04-Constraint/21-r_table_name.t .......
Dubious, test returned 255 (wstat 65280, 0xff00)
No subtests run
Not a HASH reference at /home/cpan/pit/thr/conf/perl-5.14.1/.cpanplus/5.14.1/build/SQL-Schema-0.31/blib/lib/SQL/Schema/Constraint.pm line 141.
Compilation failed in require at t/04-Constraint/23-r_columns.t line 5.
BEGIN failed--compilation aborted at t/04-Constraint/23-r_columns.t line 5.
t/04-Constraint/23-r_columns.t ..........
Dubious, test returned 255 (wstat 65280, 0xff00)
No subtests run
Not a HASH reference at /home/cpan/pit/thr/conf/perl-5.14.1/.cpanplus/5.14.1/build/SQL-Schema-0.31/blib/lib/SQL/Schema/Constraint.pm line 141.
Compilation failed in require at t/04-Constraint/30-cascade.t line 5.
BEGIN failed--compilation aborted at t/04-Constraint/30-cascade.t line 5.
t/04-Constraint/30-cascade.t ............
Dubious, test returned 255 (wstat 65280, 0xff00)
No subtests run
Not a HASH reference at /home/cpan/pit/thr/conf/perl-5.14.1/.cpanplus/5.14.1/build/SQL-Schema-0.31/blib/lib/SQL/Schema/Constraint.pm line 141.
Compilation failed in require at t/04-Constraint/31-enabled.t line 5.
BEGIN failed--compilation aborted at t/04-Constraint/31-enabled.t line 5.
t/04-Constraint/31-enabled.t ............
Dubious, test returned 255 (wstat 65280, 0xff00)
No subtests run
Not a HASH reference at /home/cpan/pit/thr/conf/perl-5.14.1/.cpanplus/5.14.1/build/SQL-Schema-0.31/blib/lib/SQL/Schema/Constraint.pm line 141.
Compilation failed in require at t/04-Constraint/32-deferrable_b.t line 5.
BEGIN failed--compilation aborted at t/04-Constraint/32-deferrable_b.t line 5.
t/04-Constraint/32-deferrable_b.t .......
Dubious, test returned 255 (wstat 65280, 0xff00)
No subtests run
Not a HASH reference at /home/cpan/pit/thr/conf/perl-5.14.1/.cpanplus/5.14.1/build/SQL-Schema-0.31/blib/lib/SQL/Schema/Constraint.pm line 141.
Compilation failed in require at t/04-Constraint/33-deferred_b.t line 5.
BEGIN failed--compilation aborted at t/04-Constraint/33-deferred_b.t line 5.
t/04-Constraint/33-deferred_b.t .........
Dubious, test returned 255 (wstat 65280, 0xff00)
No subtests run
Not a HASH reference at /home/cpan/pit/thr/conf/perl-5.14.1/.cpanplus/5.14.1/build/SQL-Schema-0.31/blib/lib/SQL/Schema/Constraint.pm line 141.
Compilation failed in require at t/04-Constraint/34-generated_b.t line 5.
BEGIN failed--compilation aborted at t/04-Constraint/34-generated_b.t line 5.
t/04-Constraint/34-generated_b.t ........
Dubious, test returned 255 (wstat 65280, 0xff00)
No subtests run
Not a HASH reference at /home/cpan/pit/thr/conf/perl-5.14.1/.cpanplus/5.14.1/build/SQL-Schema-0.31/blib/lib/SQL/Schema/Constraint.pm line 141.
Compilation failed in require at t/04-Constraint/35-validated_b.t line 5.
BEGIN failed--compilation aborted at t/04-Constraint/35-validated_b.t line 5.
t/04-Constraint/35-validated_b.t ........
Dubious, test returned 255 (wstat 65280, 0xff00)
No subtests run
Not a HASH reference at /home/cpan/pit/thr/conf/perl-5.14.1/.cpanplus/5.14.1/build/SQL-Schema-0.31/blib/lib/SQL/Schema/Constraint.pm line 141.
Compilation failed in require at t/04-Constraint/40-constraint_clause.t line 5.
BEGIN failed--compilation aborted at t/04-Constraint/40-constraint_clause.t line 5.
t/04-Constraint/40-constraint_clause.t ..
Dubious, test returned 255 (wstat 65280, 0xff00)
No subtests run
Not a HASH reference at /home/cpan/pit/thr/conf/perl-5.14.1/.cpanplus/5.14.1/build/SQL-Schema-0.31/blib/lib/SQL/Schema/Constraint.pm line 141.
Compilation failed in require at t/05-Table/01-new.t line 5.
BEGIN failed--compilation aborted at t/05-Table/01-new.t line 5.
t/05-Table/01-new.t .....................
Dubious, test returned 255 (wstat 65280, 0xff00)
No subtests run
Not a HASH reference at /home/cpan/pit/thr/conf/perl-5.14.1/.cpanplus/5.14.1/build/SQL-Schema-0.31/blib/lib/SQL/Schema/Constraint.pm line 141.
Compilation failed in require at /home/cpan/pit/thr/conf/perl-5.14.1/.cpanplus/5.14.1/build/SQL-Schema-0.31/blib/lib/SQL/Schema/Table.pm line 28.
BEGIN failed--compilation aborted at /home/cpan/pit/thr/conf/perl-5.14.1/.cpanplus/5.14.1/build/SQL-Schema-0.31/blib/lib/SQL/Schema/Table.pm line 28.
Compilation failed in require at t/05-Table/02-select.t line 5.
BEGIN failed--compilation aborted at t/05-Table/02-select.t line 5.
t/05-Table/02-select.t ..................
Dubious, test returned 255 (wstat 65280, 0xff00)
No subtests run
Not a HASH reference at /home/cpan/pit/thr/conf/perl-5.14.1/.cpanplus/5.14.1/build/SQL-Schema-0.31/blib/lib/SQL/Schema/Constraint.pm line 141.
Compilation failed in require at /home/cpan/pit/thr/conf/perl-5.14.1/.cpanplus/5.14.1/build/SQL-Schema-0.31/blib/lib/SQL/Schema/Table.pm line 28.
BEGIN failed--compilation aborted at /home/cpan/pit/thr/conf/perl-5.14.1/.cpanplus/5.14.1/build/SQL-Schema-0.31/blib/lib/SQL/Schema/Table.pm line 28.
Compilation failed in require at t/05-Table/03-schema_name.t line 5.
BEGIN failed--compilation aborted at t/05-Table/03-schema_name.t line 5.
t/05-Table/03-schema_name.t .............
Dubious, test returned 255 (wstat 65280, 0xff00)
No subtests run
Not a HASH reference at /home/cpan/pit/thr/conf/perl-5.14.1/.cpanplus/5.14.1/build/SQL-Schema-0.31/blib/lib/SQL/Schema/Constraint.pm line 141.
Compilation failed in require at /home/cpan/pit/thr/conf/perl-5.14.1/.cpanplus/5.14.1/build/SQL-Schema-0.31/blib/lib/SQL/Schema/Table.pm line 28.
BEGIN failed--compilation aborted at /home/cpan/pit/thr/conf/perl-5.14.1/.cpanplus/5.14.1/build/SQL-Schema-0.31/blib/lib/SQL/Schema/Table.pm line 28.
Compilation failed in require at t/05-Table/04-name.t line 5.
BEGIN failed--compilation aborted at t/05-Table/04-name.t line 5.
t/05-Table/04-name.t ....................
Dubious, test returned 255 (wstat 65280, 0xff00)
No subtests run
Not a HASH reference at /home/cpan/pit/thr/conf/perl-5.14.1/.cpanplus/5.14.1/build/SQL-Schema-0.31/blib/lib/SQL/Schema/Constraint.pm line 141.
Compilation failed in require at /home/cpan/pit/thr/conf/perl-5.14.1/.cpanplus/5.14.1/build/SQL-Schema-0.31/blib/lib/SQL/Schema/Table.pm line 28.
BEGIN failed--compilation aborted at /home/cpan/pit/thr/conf/perl-5.14.1/.cpanplus/5.14.1/build/SQL-Schema-0.31/blib/lib/SQL/Schema/Table.pm line 28.
Compilation failed in require at t/05-Table/05-columns.t line 5.
BEGIN failed--compilation aborted at t/05-Table/05-columns.t line 5.
t/05-Table/05-columns.t .................
Dubious, test returned 255 (wstat 65280, 0xff00)
No subtests run
Not a HASH reference at /home/cpan/pit/thr/conf/perl-5.14.1/.cpanplus/5.14.1/build/SQL-Schema-0.31/blib/lib/SQL/Schema/Constraint.pm line 141.
Compilation failed in require at /home/cpan/pit/thr/conf/perl-5.14.1/.cpanplus/5.14.1/build/SQL-Schema-0.31/blib/lib/SQL/Schema/Table.pm line 28.
BEGIN failed--compilation aborted at /home/cpan/pit/thr/conf/perl-5.14.1/.cpanplus/5.14.1/build/SQL-Schema-0.31/blib/lib/SQL/Schema/Table.pm line 28.
Compilation failed in require at t/05-Table/06-pct_free.t line 5.
BEGIN failed--compilation aborted at t/05-Table/06-pct_free.t line 5.
t/05-Table/06-pct_free.t ................
Dubious, test returned 255 (wstat 65280, 0xff00)
No subtests run
Not a HASH reference at /home/cpan/pit/thr/conf/perl-5.14.1/.cpanplus/5.14.1/build/SQL-Schema-0.31/blib/lib/SQL/Schema/Constraint.pm line 141.
Compilation failed in require at /home/cpan/pit/thr/conf/perl-5.14.1/.cpanplus/5.14.1/build/SQL-Schema-0.31/blib/lib/SQL/Schema/Table.pm line 28.
BEGIN failed--compilation aborted at /home/cpan/pit/thr/conf/perl-5.14.1/.cpanplus/5.14.1/build/SQL-Schema-0.31/blib/lib/SQL/Schema/Table.pm line 28.
Compilation failed in require at t/05-Table/07-pct_used.t line 5.
BEGIN failed--compilation aborted at t/05-Table/07-pct_used.t line 5.
t/05-Table/07-pct_used.t ................
Dubious, test returned 255 (wstat 65280, 0xff00)
No subtests run
Not a HASH reference at /home/cpan/pit/thr/conf/perl-5.14.1/.cpanplus/5.14.1/build/SQL-Schema-0.31/blib/lib/SQL/Schema/Constraint.pm line 141.
Compilation failed in require at /home/cpan/pit/thr/conf/perl-5.14.1/.cpanplus/5.14.1/build/SQL-Schema-0.31/blib/lib/SQL/Schema/Table.pm line 28.
BEGIN failed--compilation aborted at /home/cpan/pit/thr/conf/perl-5.14.1/.cpanplus/5.14.1/build/SQL-Schema-0.31/blib/lib/SQL/Schema/Table.pm line 28.
Compilation failed in require at t/05-Table/08-ini_trans.t line 5.
BEGIN failed--compilation aborted at t/05-Table/08-ini_trans.t line 5.
t/05-Table/08-ini_trans.t ...............
Dubious, test returned 255 (wstat 65280, 0xff00)
No subtests run
Not a HASH reference at /home/cpan/pit/thr/conf/perl-5.14.1/.cpanplus/5.14.1/build/SQL-Schema-0.31/blib/lib/SQL/Schema/Constraint.pm line 141.
Compilation failed in require at t/05-Table/09-constraints.t line 5.
BEGIN failed--compilation aborted at t/05-Table/09-constraints.t line 5.
t/05-Table/09-constraints.t .............
Dubious, test returned 255 (wstat 65280, 0xff00)
No subtests run
Not a HASH reference at /home/cpan/pit/thr/conf/perl-5.14.1/.cpanplus/5.14.1/build/SQL-Schema-0.31/blib/lib/SQL/Schema/Constraint.pm line 141.
Compilation failed in require at /home/cpan/pit/thr/conf/perl-5.14.1/.cpanplus/5.14.1/build/SQL-Schema-0.31/blib/lib/SQL/Schema/Table.pm line 28.
BEGIN failed--compilation aborted at /home/cpan/pit/thr/conf/perl-5.14.1/.cpanplus/5.14.1/build/SQL-Schema-0.31/blib/lib/SQL/Schema/Table.pm line 28.
Compilation failed in require at t/05-Table/20-qualified_name.t line 5.
BEGIN failed--compilation aborted at t/05-Table/20-qualified_name.t line 5.
t/05-Table/20-qualified_name.t ..........
Dubious, test returned 255 (wstat 65280, 0xff00)
No subtests run
Not a HASH reference at /home/cpan/pit/thr/conf/perl-5.14.1/.cpanplus/5.14.1/build/SQL-Schema-0.31/blib/lib/SQL/Schema/Constraint.pm line 141.
Compilation failed in require at t/05-Table/21-create_statement.t line 5.
BEGIN failed--compilation aborted at t/05-Table/21-create_statement.t line 5.
t/05-Table/21-create_statement.t ........
Dubious, test returned 255 (wstat 65280, 0xff00)
No subtests run
Not a HASH reference at /home/cpan/pit/thr/conf/perl-5.14.1/.cpanplus/5.14.1/build/SQL-Schema-0.31/blib/lib/SQL/Schema/Constraint.pm line 141.
Compilation failed in require at /home/cpan/pit/thr/conf/perl-5.14.1/.cpanplus/5.14.1/build/SQL-Schema-0.31/blib/lib/SQL/Schema/Table.pm line 28.
BEGIN failed--compilation aborted at /home/cpan/pit/thr/conf/perl-5.14.1/.cpanplus/5.14.1/build/SQL-Schema-0.31/blib/lib/SQL/Schema/Table.pm line 28.
Compilation failed in require at t/05-Table/22-drop_statement.t line 5.
BEGIN failed--compilation aborted at t/05-Table/22-drop_statement.t line 5.
t/05-Table/22-drop_statement.t ..........
Dubious, test returned 255 (wstat 65280, 0xff00)
No subtests run
# Test 1 got: "Not a HASH reference at /home/cpan/pit/thr/conf/perl-5.14.1/.cpanplus/5.14.1/build/SQL-Schema-0.31/blib/lib/SQL/Schema/View.pm line 114.\n" (t/06-View/01-new.t at line 22)
# Expected: "/Missing required attribute `view_name'/"
# t/06-View/01-new.t line 22 is: ok($@||'',"/Missing required attribute `view_name'/");
# Test 3 got: "Not a HASH reference at /home/cpan/pit/thr/conf/perl-5.14.1/.cpanplus/5.14.1/build/SQL-Schema-0.31/blib/lib/SQL/Schema/View.pm line 114.\n" (t/06-View/01-new.t at line 40)
# Expected: "/Attribute `aliases' needs to be a list reference/"
# t/06-View/01-new.t line 40 is: ok($@||'',"/Attribute `aliases' needs to be a list reference/");
# Test 4 got: "Not a HASH reference at /home/cpan/pit/thr/conf/perl-5.14.1/.cpanplus/5.14.1/build/SQL-Schema-0.31/blib/lib/SQL/Schema/View.pm line 114.\n" (t/06-View/01-new.t at line 61)
# Expected: ""
# t/06-View/01-new.t line 61 is: ok($@||'','');
# Test 5 got: "Not a HASH reference at /home/cpan/pit/thr/conf/perl-5.14.1/.cpanplus/5.14.1/build/SQL-Schema-0.31/blib/lib/SQL/Schema/View.pm line 114.\n" (t/06-View/01-new.t at line 77)
# Expected: ""
# t/06-View/01-new.t line 77 is: ok($@||'','');
t/06-View/01-new.t ......................
Failed 6/7 subtests
Please set environment DBI_DATA_SOURCE as documented within the file INSTALL
Compilation failed in require at t/06-View/02-select.t line 7.
t/06-View/02-select.t ...................
Dubious, test returned 255 (wstat 65280, 0xff00)
Failed 5/5 subtests
Not a HASH reference at /home/cpan/pit/thr/conf/perl-5.14.1/.cpanplus/5.14.1/build/SQL-Schema-0.31/blib/lib/SQL/Schema/View.pm line 114.
t/06-View/10-name.t .....................
Dubious, test returned 255 (wstat 65280, 0xff00)
Failed 1/1 subtests
Not a HASH reference at /home/cpan/pit/thr/conf/perl-5.14.1/.cpanplus/5.14.1/build/SQL-Schema-0.31/blib/lib/SQL/Schema/View.pm line 114.
t/06-View/11-aliases.t ..................
Dubious, test returned 255 (wstat 65280, 0xff00)
Failed 7/7 subtests
Not a HASH reference at /home/cpan/pit/thr/conf/perl-5.14.1/.cpanplus/5.14.1/build/SQL-Schema-0.31/blib/lib/SQL/Schema/View.pm line 114.
t/06-View/12-subquery.t .................
Dubious, test returned 255 (wstat 65280, 0xff00)
Failed 1/1 subtests
Not a HASH reference at /home/cpan/pit/thr/conf/perl-5.14.1/.cpanplus/5.14.1/build/SQL-Schema-0.31/blib/lib/SQL/Schema/View.pm line 114.
t/06-View/13-constraint_name.t ..........
Dubious, test returned 255 (wstat 65280, 0xff00)
Failed 2/2 subtests
Please set environment DBI_DATA_SOURCE as documented within the file INSTALL
Compilation failed in require at t/06-View/20-create_statement.t line 7.
t/06-View/20-create_statement.t .........
Dubious, test returned 255 (wstat 65280, 0xff00)
Failed 6/6 subtests
Not a HASH reference at /home/cpan/pit/thr/conf/perl-5.14.1/.cpanplus/5.14.1/build/SQL-Schema-0.31/blib/lib/SQL/Schema/View.pm line 114.
t/06-View/21-drop_statement.t ...........
Dubious, test returned 255 (wstat 65280, 0xff00)
Failed 1/1 subtests
# Test 1 got: "Not a HASH reference at /home/cpan/pit/thr/conf/perl-5.14.1/.cpanplus/5.14.1/build/SQL-Schema-0.31/blib/lib/SQL/Schema/Trigger.pm line 120.\n" (t/07-Trigger/01-new.t at line 22)
# Expected: "/Missing required attribute `trigger_name'/"
# t/07-Trigger/01-new.t line 22 is: ok($@||'',"/Missing required attribute `trigger_name'/");
# Test 3 got: "Not a HASH reference at /home/cpan/pit/thr/conf/perl-5.14.1/.cpanplus/5.14.1/build/SQL-Schema-0.31/blib/lib/SQL/Schema/Trigger.pm line 120.\n" (t/07-Trigger/01-new.t at line 59)
# Expected: ""
# t/07-Trigger/01-new.t line 59 is: ok($@||'','');
# Test 4 got: "Not a HASH reference at /home/cpan/pit/thr/conf/perl-5.14.1/.cpanplus/5.14.1/build/SQL-Schema-0.31/blib/lib/SQL/Schema/Trigger.pm line 120.\n" (t/07-Trigger/01-new.t at line 84)
# Expected: ""
# t/07-Trigger/01-new.t line 84 is: ok($@||'','');
t/07-Trigger/01-new.t ...................
Failed 5/6 subtests
Please set environment DBI_DATA_SOURCE as documented within the file INSTALL
Compilation failed in require at t/07-Trigger/02-select.t line 7.
t/07-Trigger/02-select.t ................
Dubious, test returned 255 (wstat 65280, 0xff00)
Failed 5/5 subtests
Not a HASH reference at /home/cpan/pit/thr/conf/perl-5.14.1/.cpanplus/5.14.1/build/SQL-Schema-0.31/blib/lib/SQL/Schema/Trigger.pm line 120.
t/07-Trigger/10-name.t ..................
Dubious, test returned 255 (wstat 65280, 0xff00)
Failed 1/1 subtests
Not a HASH reference at /home/cpan/pit/thr/conf/perl-5.14.1/.cpanplus/5.14.1/build/SQL-Schema-0.31/blib/lib/SQL/Schema/Trigger.pm line 120.
t/07-Trigger/11-description.t ...........
Dubious, test returned 255 (wstat 65280, 0xff00)
Failed 1/1 subtests
Not a HASH reference at /home/cpan/pit/thr/conf/perl-5.14.1/.cpanplus/5.14.1/build/SQL-Schema-0.31/blib/lib/SQL/Schema/Trigger.pm line 120.
t/07-Trigger/12-when_clause.t ...........
Dubious, test returned 255 (wstat 65280, 0xff00)
Failed 2/2 subtests
Not a HASH reference at /home/cpan/pit/thr/conf/perl-5.14.1/.cpanplus/5.14.1/build/SQL-Schema-0.31/blib/lib/SQL/Schema/Trigger.pm line 120.
t/07-Trigger/13-trigger_body.t ..........
Dubious, test returned 255 (wstat 65280, 0xff00)
Failed 1/1 subtests
Please set environment DBI_DATA_SOURCE as documented within the file INSTALL
Compilation failed in require at t/07-Trigger/20-create_statement.t line 7.
t/07-Trigger/20-create_statement.t ......
Dubious, test returned 255 (wstat 65280, 0xff00)
Failed 4/4 subtests
Not a HASH reference at /home/cpan/pit/thr/conf/perl-5.14.1/.cpanplus/5.14.1/build/SQL-Schema-0.31/blib/lib/SQL/Schema/Trigger.pm line 120.
t/07-Trigger/21-drop_statement.t ........
Dubious, test returned 255 (wstat 65280, 0xff00)
Failed 1/1 subtests
# Test 1 got: "Not a HASH reference at /home/cpan/pit/thr/conf/perl-5.14.1/.cpanplus/5.14.1/build/SQL-Schema-0.31/blib/lib/SQL/Schema/Source.pm line 115.\n" (t/08-Source/01-new.t at line 22)
# Expected: "/Missing required attribute `name'/"
# t/08-Source/01-new.t line 22 is: ok($@||'',"/Missing required attribute `name'/");
# Test 3 got: "Not a HASH reference at /home/cpan/pit/thr/conf/perl-5.14.1/.cpanplus/5.14.1/build/SQL-Schema-0.31/blib/lib/SQL/Schema/Source.pm line 115.\n" (t/08-Source/01-new.t at line 55)
# Expected: ""
# t/08-Source/01-new.t line 55 is: ok($@||'','');
t/08-Source/01-new.t ....................
Failed 3/4 subtests
Please set environment DBI_DATA_SOURCE as documented within the file INSTALL
Compilation failed in require at t/08-Source/02-select.t line 7.
t/08-Source/02-select.t .................
Dubious, test returned 255 (wstat 65280, 0xff00)
Failed 6/6 subtests
Not a HASH reference at /home/cpan/pit/thr/conf/perl-5.14.1/.cpanplus/5.14.1/build/SQL-Schema-0.31/blib/lib/SQL/Schema/Source.pm line 115.
t/08-Source/10-name.t ...................
Dubious, test returned 255 (wstat 65280, 0xff00)
Failed 1/1 subtests
Not a HASH reference at /home/cpan/pit/thr/conf/perl-5.14.1/.cpanplus/5.14.1/build/SQL-Schema-0.31/blib/lib/SQL/Schema/Source.pm line 115.
t/08-Source/11-type.t ...................
Dubious, test returned 255 (wstat 65280, 0xff00)
Failed 1/1 subtests
Not a HASH reference at /home/cpan/pit/thr/conf/perl-5.14.1/.cpanplus/5.14.1/build/SQL-Schema-0.31/blib/lib/SQL/Schema/Source.pm line 115.
t/08-Source/12-text.t ...................
Dubious, test returned 255 (wstat 65280, 0xff00)
Failed 1/1 subtests
Please set environment DBI_DATA_SOURCE as documented within the file INSTALL
Compilation failed in require at t/08-Source/20-create_statement.t line 7.
t/08-Source/20-create_statement.t .......
Dubious, test returned 255 (wstat 65280, 0xff00)
Failed 3/3 subtests
Please set environment DBI_DATA_SOURCE as documented within the file INSTALL
Compilation failed in require at t/08-Source/21-drop_statement.t line 7.
t/08-Source/21-drop_statement.t .........
Dubious, test returned 255 (wstat 65280, 0xff00)
Failed 1/1 subtests
# Test 1 got: "Not a HASH reference at /home/cpan/pit/thr/conf/perl-5.14.1/.cpanplus/5.14.1/build/SQL-Schema-0.31/blib/lib/SQL/Schema/Source.pm line 115.\n" (t/09-Procedure/01-new.t at line 28)
# Expected: ""
# t/09-Procedure/01-new.t line 28 is: ok($@||'','');
t/09-Procedure/01-new.t .................
Failed 2/2 subtests
Please set environment DBI_DATA_SOURCE as documented within the file INSTALL
Compilation failed in require at t/09-Procedure/02-select.t line 7.
t/09-Procedure/02-select.t ..............
Dubious, test returned 255 (wstat 65280, 0xff00)
Failed 2/2 subtests
Not a HASH reference at /home/cpan/pit/thr/conf/perl-5.14.1/.cpanplus/5.14.1/build/SQL-Schema-0.31/blib/lib/SQL/Schema/Source.pm line 115.
t/09-Procedure/10-name.t ................
Dubious, test returned 255 (wstat 65280, 0xff00)
Failed 1/1 subtests
Not a HASH reference at /home/cpan/pit/thr/conf/perl-5.14.1/.cpanplus/5.14.1/build/SQL-Schema-0.31/blib/lib/SQL/Schema/Source.pm line 115.
t/09-Procedure/11-type.t ................
Dubious, test returned 255 (wstat 65280, 0xff00)
Failed 1/1 subtests
Not a HASH reference at /home/cpan/pit/thr/conf/perl-5.14.1/.cpanplus/5.14.1/build/SQL-Schema-0.31/blib/lib/SQL/Schema/Source.pm line 115.
t/09-Procedure/12-text.t ................
Dubious, test returned 255 (wstat 65280, 0xff00)
Failed 1/1 subtests
Please set environment DBI_DATA_SOURCE as documented within the file INSTALL
Compilation failed in require at t/09-Procedure/20-create_statement.t line 7.
t/09-Procedure/20-create_statement.t ....
Dubious, test returned 255 (wstat 65280, 0xff00)
Failed 3/3 subtests
Please set environment DBI_DATA_SOURCE as documented within the file INSTALL
Compilation failed in require at t/09-Procedure/21-drop_statement.t line 7.
t/09-Procedure/21-drop_statement.t ......
Dubious, test returned 255 (wstat 65280, 0xff00)
Failed 1/1 subtests
# Test 1 got: "Not a HASH reference at /home/cpan/pit/thr/conf/perl-5.14.1/.cpanplus/5.14.1/build/SQL-Schema-0.31/blib/lib/SQL/Schema/Source.pm line 115.\n" (t/10-Function/01-new.t at line 29)
# Expected: ""
# t/10-Function/01-new.t line 29 is: ok($@||'','');
t/10-Function/01-new.t ..................
Failed 2/2 subtests
Please set environment DBI_DATA_SOURCE as documented within the file INSTALL
Compilation failed in require at t/10-Function/02-select.t line 7.
t/10-Function/02-select.t ...............
Dubious, test returned 255 (wstat 65280, 0xff00)
Failed 2/2 subtests
Not a HASH reference at /home/cpan/pit/thr/conf/perl-5.14.1/.cpanplus/5.14.1/build/SQL-Schema-0.31/blib/lib/SQL/Schema/Source.pm line 115.
t/10-Function/10-name.t .................
Dubious, test returned 255 (wstat 65280, 0xff00)
Failed 1/1 subtests
Not a HASH reference at /home/cpan/pit/thr/conf/perl-5.14.1/.cpanplus/5.14.1/build/SQL-Schema-0.31/blib/lib/SQL/Schema/Source.pm line 115.
t/10-Function/11-type.t .................
Dubious, test returned 255 (wstat 65280, 0xff00)
Failed 1/1 subtests
Not a HASH reference at /home/cpan/pit/thr/conf/perl-5.14.1/.cpanplus/5.14.1/build/SQL-Schema-0.31/blib/lib/SQL/Schema/Source.pm line 115.
t/10-Function/12-text.t .................
Dubious, test returned 255 (wstat 65280, 0xff00)
Failed 1/1 subtests
Please set environment DBI_DATA_SOURCE as documented within the file INSTALL
Compilation failed in require at t/10-Function/20-create_statement.t line 7.
t/10-Function/20-create_statement.t .....
Dubious, test returned 255 (wstat 65280, 0xff00)
Failed 3/3 subtests
Please set environment DBI_DATA_SOURCE as documented within the file INSTALL
Compilation failed in require at t/10-Function/21-drop_statement.t line 7.
t/10-Function/21-drop_statement.t .......
Dubious, test returned 255 (wstat 65280, 0xff00)
Failed 1/1 subtests
# Test 1 got: "Not a HASH reference at /home/cpan/pit/thr/conf/perl-5.14.1/.cpanplus/5.14.1/build/SQL-Schema-0.31/blib/lib/SQL/Schema/Source.pm line 115.\n" (t/11-Package/01-new.t at line 27)
# Expected: ""
# t/11-Package/01-new.t line 27 is: ok($@||'','');
t/11-Package/01-new.t ...................
Failed 2/2 subtests
Please set environment DBI_DATA_SOURCE as documented within the file INSTALL
Compilation failed in require at t/11-Package/02-select.t line 7.
t/11-Package/02-select.t ................
Dubious, test returned 255 (wstat 65280, 0xff00)
Failed 2/2 subtests
Not a HASH reference at /home/cpan/pit/thr/conf/perl-5.14.1/.cpanplus/5.14.1/build/SQL-Schema-0.31/blib/lib/SQL/Schema/Source.pm line 115.
t/11-Package/10-name.t ..................
Dubious, test returned 255 (wstat 65280, 0xff00)
Failed 1/1 subtests
Not a HASH reference at /home/cpan/pit/thr/conf/perl-5.14.1/.cpanplus/5.14.1/build/SQL-Schema-0.31/blib/lib/SQL/Schema/Source.pm line 115.
t/11-Package/11-type.t ..................
Dubious, test returned 255 (wstat 65280, 0xff00)
Failed 1/1 subtests
Not a HASH reference at /home/cpan/pit/thr/conf/perl-5.14.1/.cpanplus/5.14.1/build/SQL-Schema-0.31/blib/lib/SQL/Schema/Source.pm line 115.
t/11-Package/12-text.t ..................
Dubious, test returned 255 (wstat 65280, 0xff00)
Failed 1/1 subtests
Please set environment DBI_DATA_SOURCE as documented within the file INSTALL
Compilation failed in require at t/11-Package/20-create_statement.t line 7.
t/11-Package/20-create_statement.t ......
Dubious, test returned 255 (wstat 65280, 0xff00)
Failed 3/3 subtests
Please set environment DBI_DATA_SOURCE as documented within the file INSTALL
Compilation failed in require at t/11-Package/21-drop_statement.t line 7.
t/11-Package/21-drop_statement.t ........
Dubious, test returned 255 (wstat 65280, 0xff00)
Failed 1/1 subtests
# Test 1 got: "Not a HASH reference at /home/cpan/pit/thr/conf/perl-5.14.1/.cpanplus/5.14.1/build/SQL-Schema-0.31/blib/lib/SQL/Schema/Source.pm line 115.\n" (t/12-PackageBody/01-new.t at line 30)
# Expected: ""
# t/12-PackageBody/01-new.t line 30 is: ok($@||'','');
t/12-PackageBody/01-new.t ...............
Failed 2/2 subtests
Please set environment DBI_DATA_SOURCE as documented within the file INSTALL
Compilation failed in require at t/12-PackageBody/02-select.t line 7.
t/12-PackageBody/02-select.t ............
Dubious, test returned 255 (wstat 65280, 0xff00)
Failed 2/2 subtests
Not a HASH reference at /home/cpan/pit/thr/conf/perl-5.14.1/.cpanplus/5.14.1/build/SQL-Schema-0.31/blib/lib/SQL/Schema/Source.pm line 115.
t/12-PackageBody/10-name.t ..............
Dubious, test returned 255 (wstat 65280, 0xff00)
Failed 1/1 subtests
Not a HASH reference at /home/cpan/pit/thr/conf/perl-5.14.1/.cpanplus/5.14.1/build/SQL-Schema-0.31/blib/lib/SQL/Schema/Source.pm line 115.
t/12-PackageBody/11-type.t ..............
Dubious, test returned 255 (wstat 65280, 0xff00)
Failed 1/1 subtests
Not a HASH reference at /home/cpan/pit/thr/conf/perl-5.14.1/.cpanplus/5.14.1/build/SQL-Schema-0.31/blib/lib/SQL/Schema/Source.pm line 115.
t/12-PackageBody/12-text.t ..............
Dubious, test returned 255 (wstat 65280, 0xff00)
Failed 1/1 subtests
Please set environment DBI_DATA_SOURCE as documented within the file INSTALL
Compilation failed in require at t/12-PackageBody/20-create_statement.t line 7.
t/12-PackageBody/20-create_statement.t ..
Dubious, test returned 255 (wstat 65280, 0xff00)
Failed 3/3 subtests
Please set environment DBI_DATA_SOURCE as documented within the file INSTALL
Compilation failed in require at t/12-PackageBody/21-drop_statement.t line 7.
t/12-PackageBody/21-drop_statement.t ....
Dubious, test returned 255 (wstat 65280, 0xff00)
Failed 1/1 subtests
Not a HASH reference at /home/cpan/pit/thr/conf/perl-5.14.1/.cpanplus/5.14.1/build/SQL-Schema-0.31/blib/lib/SQL/Schema/Constraint.pm line 141.
Compilation failed in require at /home/cpan/pit/thr/conf/perl-5.14.1/.cpanplus/5.14.1/build/SQL-Schema-0.31/blib/lib/SQL/Schema/Table.pm line 28.
BEGIN failed--compilation aborted at /home/cpan/pit/thr/conf/perl-5.14.1/.cpanplus/5.14.1/build/SQL-Schema-0.31/blib/lib/SQL/Schema/Table.pm line 28.
Compilation failed in require at /home/cpan/pit/thr/conf/perl-5.14.1/.cpanplus/5.14.1/build/SQL-Schema-0.31/blib/lib/SQL/Schema.pm line 38.
BEGIN failed--compilation aborted at /home/cpan/pit/thr/conf/perl-5.14.1/.cpanplus/5.14.1/build/SQL-Schema-0.31/blib/lib/SQL/Schema.pm line 38.
Compilation failed in require at t/97-Schema/01-string.t line 5.
BEGIN failed--compilation aborted at t/97-Schema/01-string.t line 5.
t/97-Schema/01-string.t .................
Dubious, test returned 255 (wstat 65280, 0xff00)
No subtests run
Please set environment DBI_DATA_SOURCE as documented within the file INSTALL
Compilation failed in require at t/98-drop/01-schema.t line 6.
t/98-drop/01-schema.t ...................
Dubious, test returned 255 (wstat 65280, 0xff00)
Failed 14/14 subtests
Not a HASH reference at /home/cpan/pit/thr/conf/perl-5.14.1/.cpanplus/5.14.1/build/SQL-Schema-0.31/blib/lib/SQL/Schema/Constraint.pm line 141.
Compilation failed in require at /home/cpan/pit/thr/conf/perl-5.14.1/.cpanplus/5.14.1/build/SQL-Schema-0.31/blib/lib/SQL/Schema/Table.pm line 28.
BEGIN failed--compilation aborted at /home/cpan/pit/thr/conf/perl-5.14.1/.cpanplus/5.14.1/build/SQL-Schema-0.31/blib/lib/SQL/Schema/Table.pm line 28.
Compilation failed in require at /home/cpan/pit/thr/conf/perl-5.14.1/.cpanplus/5.14.1/build/SQL-Schema-0.31/blib/lib/SQL/Schema.pm line 38.
BEGIN failed--compilation aborted at /home/cpan/pit/thr/conf/perl-5.14.1/.cpanplus/5.14.1/build/SQL-Schema-0.31/blib/lib/SQL/Schema.pm line 38.
Compilation failed in require at t/99-Schema/01-string.t line 5.
BEGIN failed--compilation aborted at t/99-Schema/01-string.t line 5.
t/99-Schema/01-string.t .................
Dubious, test returned 255 (wstat 65280, 0xff00)
No subtests run
Test Summary Report
-------------------
t/00-init/00-schema.t (Wstat: 65280 Tests: 0 Failed: 0)
Non-zero exit status: 255
Parse errors: Bad plan. You planned 14 tests but ran 0.
t/01-Schema/01-new.t (Wstat: 65280 Tests: 0 Failed: 0)
Non-zero exit status: 255
Parse errors: No plan found in TAP output
t/01-Schema/02-name.t (Wstat: 65280 Tests: 0 Failed: 0)
Non-zero exit status: 255
Parse errors: No plan found in TAP output
t/02-Sequence/01-new.t (Wstat: 65280 Tests: 13 Failed: 11)
Failed tests: 3-13
Non-zero exit status: 255
Parse errors: Bad plan. You planned 20 tests but ran 13.
t/02-Sequence/02-select.t (Wstat: 65280 Tests: 0 Failed: 0)
Non-zero exit status: 255
Parse errors: Bad plan. You planned 5 tests but ran 0.
t/02-Sequence/03-schema_name.t (Wstat: 65280 Tests: 0 Failed: 0)
Non-zero exit status: 255
Parse errors: Bad plan. You planned 4 tests but ran 0.
t/02-Sequence/04-name.t (Wstat: 65280 Tests: 0 Failed: 0)
Non-zero exit status: 255
Parse errors: Bad plan. You planned 1 tests but ran 0.
t/02-Sequence/05-min_value.t (Wstat: 65280 Tests: 0 Failed: 0)
Non-zero exit status: 255
Parse errors: Bad plan. You planned 5 tests but ran 0.
t/02-Sequence/06-max_value.t (Wstat: 65280 Tests: 0 Failed: 0)
Non-zero exit status: 255
Parse errors: Bad plan. You planned 5 tests but ran 0.
t/02-Sequence/07-increment_by.t (Wstat: 65280 Tests: 0 Failed: 0)
Non-zero exit status: 255
Parse errors: Bad plan. You planned 4 tests but ran 0.
t/02-Sequence/08-cycle_flag.t (Wstat: 65280 Tests: 0 Failed: 0)
Non-zero exit status: 255
Parse errors: Bad plan. You planned 6 tests but ran 0.
t/02-Sequence/09-order_flag.t (Wstat: 65280 Tests: 0 Failed: 0)
Non-zero exit status: 255
Parse errors: Bad plan. You planned 6 tests but ran 0.
t/02-Sequence/10-cache_size.t (Wstat: 65280 Tests: 0 Failed: 0)
Non-zero exit status: 255
Parse errors: Bad plan. You planned 2 tests but ran 0.
t/02-Sequence/11-start_with.t (Wstat: 65280 Tests: 0 Failed: 0)
Non-zero exit status: 255
Parse errors: Bad plan. You planned 4 tests but ran 0.
t/02-Sequence/12-cycle.t (Wstat: 65280 Tests: 0 Failed: 0)
Non-zero exit status: 255
Parse errors: Bad plan. You planned 6 tests but ran 0.
t/02-Sequence/13-order.t (Wstat: 65280 Tests: 0 Failed: 0)
Non-zero exit status: 255
Parse errors: Bad plan. You planned 6 tests but ran 0.
t/02-Sequence/14-qualified_name.t (Wstat: 65280 Tests: 0 Failed: 0)
Non-zero exit status: 255
Parse errors: Bad plan. You planned 2 tests but ran 0.
t/02-Sequence/15-create_statement.t (Wstat: 65280 Tests: 0 Failed: 0)
Non-zero exit status: 255
Parse errors: Bad plan. You planned 11 tests but ran 0.
t/02-Sequence/16-drop_statement.t (Wstat: 65280 Tests: 0 Failed: 0)
Non-zero exit status: 255
Parse errors: Bad plan. You planned 2 tests but ran 0.
t/03-TColumn/01-new.t (Wstat: 65280 Tests: 9 Failed: 6)
Failed tests: 4-9
Non-zero exit status: 255
Parse errors: Bad plan. You planned 14 tests but ran 9.
t/03-TColumn/02-select.t (Wstat: 65280 Tests: 0 Failed: 0)
Non-zero exit status: 255
Parse errors: Bad plan. You planned 6 tests but ran 0.
t/03-TColumn/03-name.t (Wstat: 65280 Tests: 0 Failed: 0)
Non-zero exit status: 255
Parse errors: Bad plan. You planned 1 tests but ran 0.
t/03-TColumn/04-data_type.t (Wstat: 65280 Tests: 0 Failed: 0)
Non-zero exit status: 255
Parse errors: Bad plan. You planned 1 tests but ran 0.
t/03-TColumn/05-data_length.t (Wstat: 65280 Tests: 0 Failed: 0)
Non-zero exit status: 255
Parse errors: Bad plan. You planned 3 tests but ran 0.
t/03-TColumn/06-data_precision.t (Wstat: 65280 Tests: 0 Failed: 0)
Non-zero exit status: 255
Parse errors: Bad plan. You planned 2 tests but ran 0.
t/03-TColumn/07-data_scale.t (Wstat: 65280 Tests: 0 Failed: 0)
Non-zero exit status: 255
Parse errors: Bad plan. You planned 2 tests but ran 0.
t/03-TColumn/08-nullable.t (Wstat: 65280 Tests: 0 Failed: 0)
Non-zero exit status: 255
Parse errors: Bad plan. You planned 5 tests but ran 0.
t/03-TColumn/09-data_default.t (Wstat: 65280 Tests: 0 Failed: 0)
Non-zero exit status: 255
Parse errors: Bad plan. You planned 3 tests but ran 0.
t/03-TColumn/20-nullable_bool.t (Wstat: 65280 Tests: 0 Failed: 0)
Non-zero exit status: 255
Parse errors: Bad plan. You planned 5 tests but ran 0.
t/03-TColumn/30-column_definition.t (Wstat: 65280 Tests: 0 Failed: 0)
Non-zero exit status: 255
Parse errors: Bad plan. You planned 14 tests but ran 0.
t/04-Constraint/01-new.t (Wstat: 65280 Tests: 0 Failed: 0)
Non-zero exit status: 255
Parse errors: No plan found in TAP output
t/04-Constraint/02-select_columns.t (Wstat: 65280 Tests: 0 Failed: 0)
Non-zero exit status: 255
Parse errors: No plan found in TAP output
t/04-Constraint/03-select.t (Wstat: 65280 Tests: 0 Failed: 0)
Non-zero exit status: 255
Parse errors: No plan found in TAP output
t/04-Constraint/10-name.t (Wstat: 65280 Tests: 0 Failed: 0)
Non-zero exit status: 255
Parse errors: No plan found in TAP output
t/04-Constraint/11-type.t (Wstat: 65280 Tests: 0 Failed: 0)
Non-zero exit status: 255
Parse errors: No plan found in TAP output
t/04-Constraint/12-search_condition.t (Wstat: 65280 Tests: 0 Failed: 0)
Non-zero exit status: 255
Parse errors: No plan found in TAP output
t/04-Constraint/13-delete_rule.t (Wstat: 65280 Tests: 0 Failed: 0)
Non-zero exit status: 255
Parse errors: No plan found in TAP output
t/04-Constraint/14-status.t (Wstat: 65280 Tests: 0 Failed: 0)
Non-zero exit status: 255
Parse errors: No plan found in TAP output
t/04-Constraint/15-deferrable.t (Wstat: 65280 Tests: 0 Failed: 0)
Non-zero exit status: 255
Parse errors: No plan found in TAP output
t/04-Constraint/16-deferred.t (Wstat: 65280 Tests: 0 Failed: 0)
Non-zero exit status: 255
Parse errors: No plan found in TAP output
t/04-Constraint/17-generated.t (Wstat: 65280 Tests: 0 Failed: 0)
Non-zero exit status: 255
Parse errors: No plan found in TAP output
t/04-Constraint/18-validated.t (Wstat: 65280 Tests: 0 Failed: 0)
Non-zero exit status: 255
Parse errors: No plan found in TAP output
t/04-Constraint/19-columns.t (Wstat: 65280 Tests: 0 Failed: 0)
Non-zero exit status: 255
Parse errors: No plan found in TAP output
t/04-Constraint/20-r_schema.t (Wstat: 65280 Tests: 0 Failed: 0)
Non-zero exit status: 255
Parse errors: No plan found in TAP output
t/04-Constraint/21-r_table_name.t (Wstat: 65280 Tests: 0 Failed: 0)
Non-zero exit status: 255
Parse errors: No plan found in TAP output
t/04-Constraint/23-r_columns.t (Wstat: 65280 Tests: 0 Failed: 0)
Non-zero exit status: 255
Parse errors: No plan found in TAP output
t/04-Constraint/30-cascade.t (Wstat: 65280 Tests: 0 Failed: 0)
Non-zero exit status: 255
Parse errors: No plan found in TAP output
t/04-Constraint/31-enabled.t (Wstat: 65280 Tests: 0 Failed: 0)
Non-zero exit status: 255
Parse errors: No plan found in TAP output
t/04-Constraint/32-deferrable_b.t (Wstat: 65280 Tests: 0 Failed: 0)
Non-zero exit status: 255
Parse errors: No plan found in TAP output
t/04-Constraint/33-deferred_b.t (Wstat: 65280 Tests: 0 Failed: 0)
Non-zero exit status: 255
Parse errors: No plan found in TAP output
t/04-Constraint/34-generated_b.t (Wstat: 65280 Tests: 0 Failed: 0)
Non-zero exit status: 255
Parse errors: No plan found in TAP output
t/04-Constraint/35-validated_b.t (Wstat: 65280 Tests: 0 Failed: 0)
Non-zero exit status: 255
Parse errors: No plan found in TAP output
t/04-Constraint/40-constraint_clause.t (Wstat: 65280 Tests: 0 Failed: 0)
Non-zero exit status: 255
Parse errors: No plan found in TAP output
t/05-Table/01-new.t (Wstat: 65280 Tests: 0 Failed: 0)
Non-zero exit status: 255
Parse errors: No plan found in TAP output
t/05-Table/02-select.t (Wstat: 65280 Tests: 0 Failed: 0)
Non-zero exit status: 255
Parse errors: No plan found in TAP output
t/05-Table/03-schema_name.t (Wstat: 65280 Tests: 0 Failed: 0)
Non-zero exit status: 255
Parse errors: No plan found in TAP output
t/05-Table/04-name.t (Wstat: 65280 Tests: 0 Failed: 0)
Non-zero exit status: 255
Parse errors: No plan found in TAP output
t/05-Table/05-columns.t (Wstat: 65280 Tests: 0 Failed: 0)
Non-zero exit status: 255
Parse errors: No plan found in TAP output
t/05-Table/06-pct_free.t (Wstat: 65280 Tests: 0 Failed: 0)
Non-zero exit status: 255
Parse errors: No plan found in TAP output
t/05-Table/07-pct_used.t (Wstat: 65280 Tests: 0 Failed: 0)
Non-zero exit status: 255
Parse errors: No plan found in TAP output
t/05-Table/08-ini_trans.t (Wstat: 65280 Tests: 0 Failed: 0)
Non-zero exit status: 255
Parse errors: No plan found in TAP output
t/05-Table/09-constraints.t (Wstat: 65280 Tests: 0 Failed: 0)
Non-zero exit status: 255
Parse errors: No plan found in TAP output
t/05-Table/20-qualified_name.t (Wstat: 65280 Tests: 0 Failed: 0)
Non-zero exit status: 255
Parse errors: No plan found in TAP output
t/05-Table/21-create_statement.t (Wstat: 65280 Tests: 0 Failed: 0)
Non-zero exit status: 255
Parse errors: No plan found in TAP output
t/05-Table/22-drop_statement.t (Wstat: 65280 Tests: 0 Failed: 0)
Non-zero exit status: 255
Parse errors: No plan found in TAP output
t/06-View/01-new.t (Wstat: 0 Tests: 5 Failed: 4)
Failed tests: 1, 3-5
Parse errors: Bad plan. You planned 7 tests but ran 5.
t/06-View/02-select.t (Wstat: 65280 Tests: 0 Failed: 0)
Non-zero exit status: 255
Parse errors: Bad plan. You planned 5 tests but ran 0.
t/06-View/10-name.t (Wstat: 65280 Tests: 0 Failed: 0)
Non-zero exit status: 255
Parse errors: Bad plan. You planned 1 tests but ran 0.
t/06-View/11-aliases.t (Wstat: 65280 Tests: 0 Failed: 0)
Non-zero exit status: 255
Parse errors: Bad plan. You planned 7 tests but ran 0.
t/06-View/12-subquery.t (Wstat: 65280 Tests: 0 Failed: 0)
Non-zero exit status: 255
Parse errors: Bad plan. You planned 1 tests but ran 0.
t/06-View/13-constraint_name.t (Wstat: 65280 Tests: 0 Failed: 0)
Non-zero exit status: 255
Parse errors: Bad plan. You planned 2 tests but ran 0.
t/06-View/20-create_statement.t (Wstat: 65280 Tests: 0 Failed: 0)
Non-zero exit status: 255
Parse errors: Bad plan. You planned 6 tests but ran 0.
t/06-View/21-drop_statement.t (Wstat: 65280 Tests: 0 Failed: 0)
Non-zero exit status: 255
Parse errors: Bad plan. You planned 1 tests but ran 0.
t/07-Trigger/01-new.t (Wstat: 0 Tests: 4 Failed: 3)
Failed tests: 1, 3-4
Parse errors: Bad plan. You planned 6 tests but ran 4.
t/07-Trigger/02-select.t (Wstat: 65280 Tests: 0 Failed: 0)
Non-zero exit status: 255
Parse errors: Bad plan. You planned 5 tests but ran 0.
t/07-Trigger/10-name.t (Wstat: 65280 Tests: 0 Failed: 0)
Non-zero exit status: 255
Parse errors: Bad plan. You planned 1 tests but ran 0.
t/07-Trigger/11-description.t (Wstat: 65280 Tests: 0 Failed: 0)
Non-zero exit status: 255
Parse errors: Bad plan. You planned 1 tests but ran 0.
t/07-Trigger/12-when_clause.t (Wstat: 65280 Tests: 0 Failed: 0)
Non-zero exit status: 255
Parse errors: Bad plan. You planned 2 tests but ran 0.
t/07-Trigger/13-trigger_body.t (Wstat: 65280 Tests: 0 Failed: 0)
Non-zero exit status: 255
Parse errors: Bad plan. You planned 1 tests but ran 0.
t/07-Trigger/20-create_statement.t (Wstat: 65280 Tests: 0 Failed: 0)
Non-zero exit status: 255
Parse errors: Bad plan. You planned 4 tests but ran 0.
t/07-Trigger/21-drop_statement.t (Wstat: 65280 Tests: 0 Failed: 0)
Non-zero exit status: 255
Parse errors: Bad plan. You planned 1 tests but ran 0.
t/08-Source/01-new.t (Wstat: 0 Tests: 3 Failed: 2)
Failed tests: 1, 3
Parse errors: Bad plan. You planned 4 tests but ran 3.
t/08-Source/02-select.t (Wstat: 65280 Tests: 0 Failed: 0)
Non-zero exit status: 255
Parse errors: Bad plan. You planned 6 tests but ran 0.
t/08-Source/10-name.t (Wstat: 65280 Tests: 0 Failed: 0)
Non-zero exit status: 255
Parse errors: Bad plan. You planned 1 tests but ran 0.
t/08-Source/11-type.t (Wstat: 65280 Tests: 0 Failed: 0)
Non-zero exit status: 255
Parse errors: Bad plan. You planned 1 tests but ran 0.
t/08-Source/12-text.t (Wstat: 65280 Tests: 0 Failed: 0)
Non-zero exit status: 255
Parse errors: Bad plan. You planned 1 tests but ran 0.
t/08-Source/20-create_statement.t (Wstat: 65280 Tests: 0 Failed: 0)
Non-zero exit status: 255
Parse errors: Bad plan. You planned 3 tests but ran 0.
t/08-Source/21-drop_statement.t (Wstat: 65280 Tests: 0 Failed: 0)
Non-zero exit status: 255
Parse errors: Bad plan. You planned 1 tests but ran 0.
t/09-Procedure/01-new.t (Wstat: 0 Tests: 1 Failed: 1)
Failed test: 1
Parse errors: Bad plan. You planned 2 tests but ran 1.
t/09-Procedure/02-select.t (Wstat: 65280 Tests: 0 Failed: 0)
Non-zero exit status: 255
Parse errors: Bad plan. You planned 2 tests but ran 0.
t/09-Procedure/10-name.t (Wstat: 65280 Tests: 0 Failed: 0)
Non-zero exit status: 255
Parse errors: Bad plan. You planned 1 tests but ran 0.
t/09-Procedure/11-type.t (Wstat: 65280 Tests: 0 Failed: 0)
Non-zero exit status: 255
Parse errors: Bad plan. You planned 1 tests but ran 0.
t/09-Procedure/12-text.t (Wstat: 65280 Tests: 0 Failed: 0)
Non-zero exit status: 255
Parse errors: Bad plan. You planned 1 tests but ran 0.
t/09-Procedure/20-create_statement.t (Wstat: 65280 Tests: 0 Failed: 0)
Non-zero exit status: 255
Parse errors: Bad plan. You planned 3 tests but ran 0.
t/09-Procedure/21-drop_statement.t (Wstat: 65280 Tests: 0 Failed: 0)
Non-zero exit status: 255
Parse errors: Bad plan. You planned 1 tests but ran 0.
t/10-Function/01-new.t (Wstat: 0 Tests: 1 Failed: 1)
Failed test: 1
Parse errors: Bad plan. You planned 2 tests but ran 1.
t/10-Function/02-select.t (Wstat: 65280 Tests: 0 Failed: 0)
Non-zero exit status: 255
Parse errors: Bad plan. You planned 2 tests but ran 0.
t/10-Function/10-name.t (Wstat: 65280 Tests: 0 Failed: 0)
Non-zero exit status: 255
Parse errors: Bad plan. You planned 1 tests but ran 0.
t/10-Function/11-type.t (Wstat: 65280 Tests: 0 Failed: 0)
Non-zero exit status: 255
Parse errors: Bad plan. You planned 1 tests but ran 0.
t/10-Function/12-text.t (Wstat: 65280 Tests: 0 Failed: 0)
Non-zero exit status: 255
Parse errors: Bad plan. You planned 1 tests but ran 0.
t/10-Function/20-create_statement.t (Wstat: 65280 Tests: 0 Failed: 0)
Non-zero exit status: 255
Parse errors: Bad plan. You planned 3 tests but ran 0.
t/10-Function/21-drop_statement.t (Wstat: 65280 Tests: 0 Failed: 0)
Non-zero exit status: 255
Parse errors: Bad plan. You planned 1 tests but ran 0.
t/11-Package/01-new.t (Wstat: 0 Tests: 1 Failed: 1)
Failed test: 1
Parse errors: Bad plan. You planned 2 tests but ran 1.
t/11-Package/02-select.t (Wstat: 65280 Tests: 0 Failed: 0)
Non-zero exit status: 255
Parse errors: Bad plan. You planned 2 tests but ran 0.
t/11-Package/10-name.t (Wstat: 65280 Tests: 0 Failed: 0)
Non-zero exit status: 255
Parse errors: Bad plan. You planned 1 tests but ran 0.
t/11-Package/11-type.t (Wstat: 65280 Tests: 0 Failed: 0)
Non-zero exit status: 255
Parse errors: Bad plan. You planned 1 tests but ran 0.
t/11-Package/12-text.t (Wstat: 65280 Tests: 0 Failed: 0)
Non-zero exit status: 255
Parse errors: Bad plan. You planned 1 tests but ran 0.
t/11-Package/20-create_statement.t (Wstat: 65280 Tests: 0 Failed: 0)
Non-zero exit status: 255
Parse errors: Bad plan. You planned 3 tests but ran 0.
t/11-Package/21-drop_statement.t (Wstat: 65280 Tests: 0 Failed: 0)
Non-zero exit status: 255
Parse errors: Bad plan. You planned 1 tests but ran 0.
t/12-PackageBody/01-new.t (Wstat: 0 Tests: 1 Failed: 1)
Failed test: 1
Parse errors: Bad plan. You planned 2 tests but ran 1.
t/12-PackageBody/02-select.t (Wstat: 65280 Tests: 0 Failed: 0)
Non-zero exit status: 255
Parse errors: Bad plan. You planned 2 tests but ran 0.
t/12-PackageBody/10-name.t (Wstat: 65280 Tests: 0 Failed: 0)
Non-zero exit status: 255
Parse errors: Bad plan. You planned 1 tests but ran 0.
t/12-PackageBody/11-type.t (Wstat: 65280 Tests: 0 Failed: 0)
Non-zero exit status: 255
Parse errors: Bad plan. You planned 1 tests but ran 0.
t/12-PackageBody/12-text.t (Wstat: 65280 Tests: 0 Failed: 0)
Non-zero exit status: 255
Parse errors: Bad plan. You planned 1 tests but ran 0.
t/12-PackageBody/20-create_statement.t (Wstat: 65280 Tests: 0 Failed: 0)
Non-zero exit status: 255
Parse errors: Bad plan. You planned 3 tests but ran 0.
t/12-PackageBody/21-drop_statement.t (Wstat: 65280 Tests: 0 Failed: 0)
Non-zero exit status: 255
Parse errors: Bad plan. You planned 1 tests but ran 0.
t/97-Schema/01-string.t (Wstat: 65280 Tests: 0 Failed: 0)
Non-zero exit status: 255
Parse errors: No plan found in TAP output
t/98-drop/01-schema.t (Wstat: 65280 Tests: 0 Failed: 0)
Non-zero exit status: 255
Parse errors: Bad plan. You planned 14 tests but ran 0.
t/99-Schema/01-string.t (Wstat: 65280 Tests: 0 Failed: 0)
Non-zero exit status: 255
Parse errors: No plan found in TAP output
Files=119, Tests=38, 3 wallclock secs ( 0.24 usr 0.12 sys + 1.67 cusr 0.32 csys = 2.35 CPU)
Result: FAIL
Failed 119/119 test programs. 30/38 subtests failed.
make: *** [test_dynamic] Error 255
[MSG] [Fri Nov 11 09:59:18 2011] DEFAULT 'proceed_on_test_failure' HANDLER RETURNING 'sub return value'
PREREQUISITES:
Here is a list of prerequisites you specified and versions we
managed to load:
Module Name Have Want
DBI 1.616 1.13
ExtUtils::MakeMaker 6.62 0
Perl module toolchain versions installed:
Module Name Have
CPANPLUS 0.9111
CPANPLUS::Dist::Build 0.60
Cwd 3.36
ExtUtils::CBuilder 0.280203
ExtUtils::Command 1.17
ExtUtils::Install 1.56
ExtUtils::MakeMaker 6.62
ExtUtils::Manifest 1.60
ExtUtils::ParseXS 3.05
File::Spec 3.33
Module::Build 0.3800
Test::Harness 3.23
Test::More 0.98
version 0.94
******************************** NOTE ********************************
The comments above are created mechanically, possibly without manual
checking by the sender. As there are many people performing automatic
tests on each upload to CPAN, it is likely that you will receive
identical messages about the same problem.
If you believe that the message is mistaken, please reply to the first
one with correction and/or additional informations, and do not take
it personally. We appreciate your patience. :)
**********************************************************************
Additional comments:
This report was machine-generated by CPANPLUS::Dist::YACSmoke 0.64.
Powered by minismokebox version 0.54
------------------------------
ENVIRONMENT AND OTHER CONTEXT
------------------------------
Environment variables:
AUTOMATED_TESTING = 1
LANG = en_US
LC_COLLATE = C
PATH = /usr/local/bin:/usr/bin:/bin:/usr/games:/usr/lib64/java/bin:/usr/lib64/qt/bin:/usr/share/texmf/bin:.
PERL5LIB = :/home/cpan/pit/thr/conf/perl-5.14.1/.cpanplus/5.14.1/build/DBI-1.616/blib/lib:/home/cpan/pit/thr/conf/perl-5.14.1/.cpanplus/5.14.1/build/DBI-1.616/blib/arch:/home/cpan/pit/thr/conf/perl-5.14.1/.cpanplus/5.14.1/build/SQL-Schema-0.31/blib/lib:/home/cpan/pit/thr/conf/perl-5.14.1/.cpanplus/5.14.1/build/SQL-Schema-0.31/blib/arch
PERL5_CPANPLUS_IS_RUNNING = 5521
PERL5_CPANPLUS_IS_VERSION = 0.9111
PERL5_MINISMOKEBOX = 0.54
PERL5_YACSMOKE_BASE = /home/cpan/pit/thr/conf/perl-5.14.1
PERL_EXTUTILS_AUTOINSTALL = --defaultdeps
PERL_MM_USE_DEFAULT = 1
SHELL = /bin/bash
TERM = screen
Perl special variables (and OS-specific diagnostics, for MSWin32):
Perl: $^X = /home/cpan/pit/thr/perl-5.14.1/bin/perl
UID: $< = 1001
EUID: $> = 1001
GID: $( = 100 100
EGID: $) = 100 100
-------------------------------
--
Summary of my perl5 (revision 5 version 14 subversion 1) configuration:
Platform:
osname=linux, osvers=2.6.33.4, archname=x86_64-linux-thread-multi
uname='linux slack64 2.6.33.4 #3 smp wed may 12 23:13:09 cdt 2010 x86_64 intel(r) xeon(r) cpu e5520 @ 2.27ghz genuineintel gnulinux '
config_args='-des -Dprefix=/home/cpan/pit/thr/perl-5.14.1 -Dusethreads'
hint=recommended, useposix=true, d_sigaction=define
useithreads=define, usemultiplicity=define
useperlio=define, d_sfio=undef, uselargefiles=define, usesocks=undef
use64bitint=define, use64bitall=define, uselongdouble=undef
usemymalloc=n, bincompat5005=undef
Compiler:
cc='cc', ccflags ='-D_REENTRANT -D_GNU_SOURCE -fno-strict-aliasing -pipe -fstack-protector -I/usr/local/include -D_LARGEFILE_SOURCE -D_FILE_OFFSET_BITS=64',
optimize='-O2',
cppflags='-D_REENTRANT -D_GNU_SOURCE -fno-strict-aliasing -pipe -fstack-protector -I/usr/local/include'
ccversion='', gccversion='4.4.4', gccosandvers=''
intsize=4, longsize=8, ptrsize=8, doublesize=8, byteorder=12345678
d_longlong=define, longlongsize=8, d_longdbl=define, longdblsize=16
ivtype='long', ivsize=8, nvtype='double', nvsize=8, Off_t='off_t', lseeksize=8
alignbytes=8, prototype=define
Linker and Libraries:
ld='cc', ldflags =' -fstack-protector -L/usr/local/lib'
libpth=/usr/local/lib /lib/../lib64 /usr/lib/../lib64 /lib /usr/lib /lib64 /usr/lib64 /usr/local/lib64
libs=-lnsl -lgdbm -ldb -ldl -lm -lcrypt -lutil -lpthread -lc
perllibs=-lnsl -ldl -lm -lcrypt -lutil -lpthread -lc
libc=, so=so, useshrplib=false, libperl=libperl.a
gnulibc_version='2.11.1'
Dynamic Linking:
dlsrc=dl_dlopen.xs, dlext=so, d_dlsymun=undef, ccdlflags='-Wl,-E'
cccdlflags='-fPIC', lddlflags='-shared -O2 -L/usr/local/lib -fstack-protector'
Characteristics of this binary (from libperl):
Compile-time options: MULTIPLICITY PERL_DONT_CREATE_GVSV
PERL_IMPLICIT_CONTEXT PERL_MALLOC_WRAP
PERL_PRESERVE_IVUV USE_64_BIT_ALL USE_64_BIT_INT
USE_ITHREADS USE_LARGE_FILES USE_PERLIO USE_PERL_ATOF
USE_REENTRANT_API
Built under linux
Compiled at Jun 18 2011 17:27:21
%ENV:
PERL5LIB=":/home/cpan/pit/thr/conf/perl-5.14.1/.cpanplus/5.14.1/build/DBI-1.616/blib/lib:/home/cpan/pit/thr/conf/perl-5.14.1/.cpanplus/5.14.1/build/DBI-1.616/blib/arch:/home/cpan/pit/thr/conf/perl-5.14.1/.cpanplus/5.14.1/build/SQL-Schema-0.31/blib/lib:/home/cpan/pit/thr/conf/perl-5.14.1/.cpanplus/5.14.1/build/SQL-Schema-0.31/blib/arch"
PERL5_CPANPLUS_IS_RUNNING="5521"
PERL5_CPANPLUS_IS_VERSION="0.9111"
PERL5_MINISMOKEBOX="0.54"
PERL5_YACSMOKE_BASE="/home/cpan/pit/thr/conf/perl-5.14.1"
PERL_EXTUTILS_AUTOINSTALL="--defaultdeps"
PERL_MM_USE_DEFAULT="1"
@INC:
/home/cpan/pit/thr/conf/perl-5.14.1/.cpanplus/5.14.1/build/DBI-1.616/blib/lib
/home/cpan/pit/thr/conf/perl-5.14.1/.cpanplus/5.14.1/build/DBI-1.616/blib/arch
/home/cpan/pit/thr/conf/perl-5.14.1/.cpanplus/5.14.1/build/SQL-Schema-0.31/blib/lib
/home/cpan/pit/thr/conf/perl-5.14.1/.cpanplus/5.14.1/build/SQL-Schema-0.31/blib/arch
/home/cpan/pit/thr/perl-5.14.1/lib/site_perl/5.14.1/x86_64-linux-thread-multi
/home/cpan/pit/thr/perl-5.14.1/lib/site_perl/5.14.1
/home/cpan/pit/thr/perl-5.14.1/lib/5.14.1/x86_64-linux-thread-multi
/home/cpan/pit/thr/perl-5.14.1/lib/5.14.1
.