Report for PerlBuildSystem-0.44

Back
From: metabase:user:320bfe00-2aae-11df-837a-5e0a49663a4f
Subject: FAIL PerlBuildSystem-0.44 v5.8.3 GNU/Linux
Date: 2017-05-29T07:52:55Z

This distribution has been tested as part of the CPAN Testers
project, supporting the Perl programming language.  See
http://wiki.cpantesters.org/ for more information or email
questions to cpan-testers-discuss@perl.org


--
Dear Nadim Ibn Hamouda El Khemir,

This is a computer-generated report for PerlBuildSystem-0.44
on perl 5.8.3, created by CPAN-Reporter-1.2018.

Thank you for uploading your work to CPAN.  However, there was a problem
testing your distribution.

If you think this report is invalid, please consult the CPAN Testers Wiki
for suggestions on how to avoid getting FAIL reports for missing library
or binary dependencies, unsupported operating systems, and so on:

http://wiki.cpantesters.org/wiki/CPANAuthorNotes

Sections of this report:

    * Tester comments
    * Program output
    * Prerequisites
    * Environment and other context

------------------------------
TESTER COMMENTS
------------------------------

Additional comments from tester:

this report is from an automated smoke testing program
and was not reviewed by a human for accuracy

------------------------------
PROGRAM OUTPUT
------------------------------

Output from '/usr/bin/make test':

/home/sand/src/perl/repoperls/installed-perls/host/k93msid/perl-5.8.3/89ad/bin/perl Build --makefile_env_macros 1 test
t/run_many_times.t .. ok

#   Failed test 'Build failed'
#   at t/Correctness/CDepender.pm line 71.
#   (in t::Correctness::CDepender->abort_between_build_of_c_and_o_file)
#          got: '0'
#     expected: anything else

#   Failed test 'Output from target when run'
#   at t/Correctness/CDepender.pm line 80.
#   (in t::Correctness::CDepender->abort_between_build_of_c_and_o_file)
#          got: 'ab'
#     expected: 'a2'

#   Failed test 'Output from target when run'
#   at t/Correctness/CDepender.pm line 54.
#   (in t::Correctness::CDepender->change_include_file)
#          got: 'ab'
#     expected: 'a2b'

#   Failed test 'Build failed'
#   at t/Correctness/CDepender.pm line 166.
#   (in t::Correctness::CDepender->do_not_use_unsynchronized_cache)
#          got: '0'
#     expected: anything else

#   Failed test 'Second C file was redepended'
#   at t/Correctness/CDepender.pm line 171.
#   (in t::Correctness::CDepender->do_not_use_unsynchronized_cache)
#                   'PBS plugin path not defined, using distribution plugins from /tmp/loop_over_bdir-21981-fA6Q4Q/PerlBuildSystem-0.44-0/blib/lib/PBS/Plugins! See --ppp.
# PBS lib path not defined, using distribution lib from /tmp/loop_over_bdir-21981-fA6Q4Q/PerlBuildSystem-0.44-0/blib/lib/PBS/PBSLib/! See --plp.
# Verifying warp: 7 nodes ...
# 
0
Warp: Up to date.
# '
#     doesn't match '(?-xism:(?x)C_depender\:\ \'[^']*2\.c\'\ \[difference\]\:\s*
# 		\[__VARIABLE\:C_FILE\]\.)'

#   Failed test 'Output from target when run'
#   at t/Correctness/CDepender.pm line 188.
#   (in t::Correctness::CDepender->do_not_use_unsynchronized_cache)
#          got: 'ab'
#     expected: 'ab3'

#   Failed test 'Build failed'
#   at t/Correctness/CDepender.pm line 117.
#   (in t::Correctness::CDepender->use_unsynchronized_cache)
#          got: '0'
#     expected: anything else

#   Failed test 'Second C file was redepended'
#   at t/Correctness/CDepender.pm line 122.
#   (in t::Correctness::CDepender->use_unsynchronized_cache)
#                   'PBS plugin path not defined, using distribution plugins from /tmp/loop_over_bdir-21981-fA6Q4Q/PerlBuildSystem-0.44-0/blib/lib/PBS/Plugins! See --ppp.
# PBS lib path not defined, using distribution lib from /tmp/loop_over_bdir-21981-fA6Q4Q/PerlBuildSystem-0.44-0/blib/lib/PBS/PBSLib/! See --plp.
# Verifying warp: 7 nodes ...
# 
0
Warp: Up to date.
# '
#     doesn't match '(?-xism:(?x)C_depender\:\ \'[^']*2\.c\'\ \[MD5\ difference\]\s*
# 		\[[^\]]*b\.h\]\.)'

#   Failed test 'Synchronized C cache for first C file'
#   at t/Correctness/CDepender.pm line 137.
#   (in t::Correctness::CDepender->use_unsynchronized_cache)
#                   'PBS plugin path not defined, using distribution plugins from /tmp/loop_over_bdir-21981-fA6Q4Q/PerlBuildSystem-0.44-0/blib/lib/PBS/Plugins! See --ppp.
# PBS lib path not defined, using distribution lib from /tmp/loop_over_bdir-21981-fA6Q4Q/PerlBuildSystem-0.44-0/blib/lib/PBS/PBSLib/! See --plp.
# Verifying warp: 7 nodes ...
# 
0
Warp: Up to date.
# '
#     doesn't match '(?-xism:Synchronized\ C\ cache\ file\ for\ \'\.\/1\.c\')'

#   Failed test 'Found unsynchronized valid cache for second C file'
#   at t/Correctness/CDepender.pm line 139.
#   (in t::Correctness::CDepender->use_unsynchronized_cache)
#                   'PBS plugin path not defined, using distribution plugins from /tmp/loop_over_bdir-21981-fA6Q4Q/PerlBuildSystem-0.44-0/blib/lib/PBS/Plugins! See --ppp.
# PBS lib path not defined, using distribution lib from /tmp/loop_over_bdir-21981-fA6Q4Q/PerlBuildSystem-0.44-0/blib/lib/PBS/PBSLib/! See --plp.
# Verifying warp: 7 nodes ...
# 
0
Warp: Up to date.
# '
#     doesn't match '(?-xism:(?x)C_depender\:\ \'[^']*2\.c\'\ \[MD5\ difference\]\s*
# 		\[[^\]]*b\.h\]\.\s*
# 		Verifying\ unsynchronized\ cache\ \.\.\.\ Valid\.)'

#   Failed test 'Synchronized C cache for second C file'
#   at t/Correctness/CDepender.pm line 144.
#   (in t::Correctness::CDepender->use_unsynchronized_cache)
#                   'PBS plugin path not defined, using distribution plugins from /tmp/loop_over_bdir-21981-fA6Q4Q/PerlBuildSystem-0.44-0/blib/lib/PBS/Plugins! See --ppp.
# PBS lib path not defined, using distribution lib from /tmp/loop_over_bdir-21981-fA6Q4Q/PerlBuildSystem-0.44-0/blib/lib/PBS/PBSLib/! See --plp.
# Verifying warp: 7 nodes ...
# 
0
Warp: Up to date.
# '
#     doesn't match '(?-xism:Synchronized\ C\ cache\ file\ for\ \'\.\/2\.c\')'

#   Failed test 'Output from target when run'
#   at t/Correctness/CDepender.pm line 147.
#   (in t::Correctness::CDepender->use_unsynchronized_cache)
#          got: 'ab'
#     expected: 'ab2'
# Looks like you failed 12 tests of 379.
t/with_warp_1_5.t ... 
Dubious, test returned 12 (wstat 3072, 0xc00)
Failed 12/379 subtests 

#   Failed test 'Build successful'
#   at t/Rules/Dependencies.pm line 171.
#   (in t::Rules::Dependencies->creator_sub)
#          got: '256'
#     expected: '0'

#   Failed test 'creator_sub died (Died at t/PBS.pm line 491.)'
#   at t/with_warp_1_7.t line 9.
#   (in t::Rules::Dependencies->creator_sub)

#   Failed test 'Build successful'
#   at /home/sand/src/perl/repoperls/installed-perls/host/k93msid/perl-5.8.3/89ad/lib/site_perl/5.8.3/Test/Class.pm line 293.
#   (in t::Rules::Dependencies->dependencies_sub)
#          got: '256'
#     expected: '0'

#   Failed test 'dependencies_sub died (Died at t/PBS.pm line 491.)'
#   at t/with_warp_1_7.t line 9.
#   (in t::Rules::Dependencies->dependencies_sub)

#   Failed test 'Build successful'
#   at /home/sand/src/perl/repoperls/installed-perls/host/k93msid/perl-5.8.3/89ad/lib/site_perl/5.8.3/Try/Tiny.pm line 98.
#   (in t::Rules::Dependencies->dependent_matchers)
#          got: '256'
#     expected: '0'

#   Failed test 'dependent_matchers died (Died at t/PBS.pm line 491.)'
#   at t/with_warp_1_7.t line 9.
#   (in t::Rules::Dependencies->dependent_matchers)

#   Failed test 'Build successful'
#   at /home/sand/src/perl/repoperls/installed-perls/host/k93msid/perl-5.8.3/89ad/lib/site_perl/5.8.3/Try/Tiny.pm line 94.
#   (in t::Rules::Dependencies->dependent_regex)
#          got: '256'
#     expected: '0'

#   Failed test 'dependent_regex died (Died at t/PBS.pm line 491.)'
#   at t/with_warp_1_7.t line 9.
#   (in t::Rules::Dependencies->dependent_regex)

#   Failed test 'Correct error message in output'
#   at /home/sand/src/perl/repoperls/installed-perls/host/k93msid/perl-5.8.3/89ad/lib/site_perl/5.8.3/Test/Class.pm line 293.
#   (in t::Rules::Dependencies->dependent_regex_error_in_dependencies)
#                   'Can't locate GDBM_File.pm in @INC (@INC contains: /tmp/loop_over_bdir-21981-fA6Q4Q/PerlBuildSystem-0.44-0/blib/lib /tmp/loop_over_bdir-21981-fA6Q4Q/PerlBuildSystem-0.44-0/blib/arch /tmp/loop_over_bdir-21981-fA6Q4Q/PerlBuildSystem-0.44-0/_build/lib /home/sand/src/perl/repoperls/installed-perls/host/k93msid/perl-5.8.3/89ad/lib/5.8.3/x86_64-linux /home/sand/src/perl/repoperls/installed-perls/host/k93msid/perl-5.8.3/89ad/lib/5.8.3 /home/sand/src/perl/repoperls/installed-perls/host/k93msid/perl-5.8.3/89ad/lib/site_perl/5.8.3/x86_64-linux /home/sand/src/perl/repoperls/installed-perls/host/k93msid/perl-5.8.3/89ad/lib/site_perl/5.8.3 /home/sand/src/perl/repoperls/installed-perls/host/k93msid/perl-5.8.3/89ad/lib/site_perl .) at /tmp/loop_over_bdir-21981-fA6Q4Q/PerlBuildSystem-0.44-0/blib/lib/PBS/Warp/Warp1_7.pm line 327.
# BEGIN failed--compilation aborted at /tmp/loop_over_bdir-21981-fA6Q4Q/PerlBuildSystem-0.44-0/blib/lib/PBS/Warp/Warp1_7.pm line 327.
# Compilation failed in require at (eval 104) line 2.
# BEGIN failed--compilation aborted at (eval 104) line 2.
# PBS run 1 building './file.target' with './Pbsfile.pl'
# '
#     doesn't match '(?-xism:\$undefined_variable' : BUILD_FAILED : No matching rule\.\n)'

#   Failed test 'Build successful'
#   at /home/sand/src/perl/repoperls/installed-perls/host/k93msid/perl-5.8.3/89ad/lib/site_perl/5.8.3/Test/Class.pm line 293.
#   (in t::Rules::Dependencies->depender_sub)
#          got: '256'
#     expected: '0'

#   Failed test 'depender_sub died (Died at t/PBS.pm line 491.)'
#   at t/with_warp_1_7.t line 9.
#   (in t::Rules::Dependencies->depender_sub)

#   Failed test 'Build successful'
#   at /home/sand/src/perl/repoperls/installed-perls/host/k93msid/perl-5.8.3/89ad/lib/site_perl/5.8.3/Test/Class.pm line 395.
#   (in t::Rules::Dependencies->globbing)
#          got: '256'
#     expected: '0'

#   Failed test 'globbing died (Died at t/PBS.pm line 491.)'
#   at t/with_warp_1_7.t line 9.
#   (in t::Rules::Dependencies->globbing)

#   Failed test 'Build successful'
#   at t/with_warp_1_7.t line 9.
#   (in t::Rules::Dependencies->multiple_rules)
#          got: '256'
#     expected: '0'

#   Failed test 'multiple_rules died (Died at t/PBS.pm line 491.)'
#   at t/with_warp_1_7.t line 9.
#   (in t::Rules::Dependencies->multiple_rules)

#   Failed test 'Build successful'
#   at t/with_warp_1_7.t line 9.
#   (in t::Rules::Dependencies->no_dependencies)
#          got: '256'
#     expected: '0'

#   Failed test 'no_dependencies died (Died at t/PBS.pm line 491.)'
#   at t/with_warp_1_7.t line 9.
#   (in t::Rules::Dependencies->no_dependencies)

#   Failed test 'Build successful'
#   at t/with_warp_1_7.t line 9.
#   (in t::Rules::Dependencies->no_dependencies2)
#          got: '256'
#     expected: '0'

#   Failed test 'no_dependencies2 died (Died at t/PBS.pm line 491.)'
#   at t/with_warp_1_7.t line 9.
#   (in t::Rules::Dependencies->no_dependencies2)

#   Failed test 'Build successful'
#   at t/with_warp_1_7.t line 9.
#   (in t::Rules::Dependencies->relative_absolute_path_basename)
#          got: '256'
#     expected: '0'

#   Failed test 'relative_absolute_path_basename died (Died at t/PBS.pm line 491.)'
#   at t/with_warp_1_7.t line 9.
#   (in t::Rules::Dependencies->relative_absolute_path_basename)

#   Failed test 'Build successful'
#   at t/with_warp_1_7.t line 9.
#   (in t::Rules::NodeAttributes->node_attributes)
#          got: '256'
#     expected: '0'

#   Failed test 'node_attributes died (Died at t/PBS.pm line 491.)'
#   at t/with_warp_1_7.t line 9.
#   (in t::Rules::NodeAttributes->node_attributes)

#   Failed test 'Build successful'
#   at t/with_warp_1_7.t line 9.
#   (in t::Misc::CommandLineFlags->flag_a)
#          got: '256'
#     expected: '0'

#   Failed test 'Correct output from build with ancestors'
#   at t/with_warp_1_7.t line 9.
#   (in t::Misc::CommandLineFlags->flag_a)
#                   'PBS plugin path not defined, using distribution plugins from /tmp/loop_over_bdir-21981-fA6Q4Q/PerlBuildSystem-0.44-0/blib/lib/PBS/Plugins! See --ppp.
# PBS lib path not defined, using distribution lib from /tmp/loop_over_bdir-21981-fA6Q4Q/PerlBuildSystem-0.44-0/blib/lib/PBS/PBSLib/! See --plp.
# '
#     doesn't match '(?s-xim:file\.in' ancestors.*file1\.immediate.*file\.target.*file2\.immediate.*file\.target)'

#   Failed test 'Build successful'
#   at t/with_warp_1_7.t line 9.
#   (in t::Misc::CommandLineFlags->flag_dd)
#          got: '256'
#     expected: '0'

#   Failed test 'Correct dependency display'
#   at t/with_warp_1_7.t line 9.
#   (in t::Misc::CommandLineFlags->flag_dd)
#                   'PBS plugin path not defined, using distribution plugins from /tmp/loop_over_bdir-21981-fA6Q4Q/PerlBuildSystem-0.44-0/blib/lib/PBS/Plugins! See --ppp.
# PBS lib path not defined, using distribution lib from /tmp/loop_over_bdir-21981-fA6Q4Q/PerlBuildSystem-0.44-0/blib/lib/PBS/PBSLib/! See --plp.
# '
#     doesn't match '(?-xism:'\./file\.target' has dependencies \[\./file.in\], rule 1:target:\[B\]\[S\])'

#   Failed test 'Correct no dependencies display'
#   at t/with_warp_1_7.t line 9.
#   (in t::Misc::CommandLineFlags->flag_dd)
#                   'PBS plugin path not defined, using distribution plugins from /tmp/loop_over_bdir-21981-fA6Q4Q/PerlBuildSystem-0.44-0/blib/lib/PBS/Plugins! See --ppp.
# PBS lib path not defined, using distribution lib from /tmp/loop_over_bdir-21981-fA6Q4Q/PerlBuildSystem-0.44-0/blib/lib/PBS/PBSLib/! See --plp.
# '
#     doesn't match '(?-xism:'\./file\.in' wasn't depended \(rules from '\./Pbsfile\.pl'\)\.)'

#   Failed test 'Build successful'
#   at t/with_warp_1_7.t line 9.
#   (in t::Misc::CommandLineFlags->flag_gtg)
#          got: '256'
#     expected: '0'

#   Failed test 'Graph file has nonzero size'
#   at t/with_warp_1_7.t line 9.
#   (in t::Misc::CommandLineFlags->flag_gtg)

#   Failed test 'Build successful'
#   at t/with_warp_1_7.t line 9.
#   (in t::Misc::CommandLineFlags->flag_kpbb)
#          got: '256'
#     expected: '0'

#   Failed test 'File exists'
#   at t/with_warp_1_7.t line 9.
#   (in t::Misc::CommandLineFlags->flag_kpbb)

#   Failed test 'Build successful'
#   at t/with_warp_1_7.t line 9.
#   (in t::Misc::CommandLineFlags->flag_l)
#          got: '256'
#     expected: '0'

#   Failed test 'Build successful'
#   at t/with_warp_1_7.t line 9.
#   (in t::Misc::CommandLineFlags->flag_p)
#          got: '256'
#     expected: '0'

#   Failed test 'flag_p died (Died at t/PBS.pm line 491.)'
#   at t/with_warp_1_7.t line 9.
#   (in t::Misc::CommandLineFlags->flag_p)

#   Failed test 'Build successful'
#   at t/with_warp_1_7.t line 9.
#   (in t::Misc::CommandLineFlags->flag_plp)
#          got: '256'
#     expected: '0'

#   Failed test 'flag_plp died (Died at t/PBS.pm line 491.)'
#   at t/with_warp_1_7.t line 9.
#   (in t::Misc::CommandLineFlags->flag_plp)

#   Failed test 'Build successful'
#   at t/with_warp_1_7.t line 9.
#   (in t::Misc::CommandLineFlags->flag_ppp)
#          got: '256'
#     expected: '0'

#   Failed test 'Plugin output'
#   at t/with_warp_1_7.t line 9.
#   (in t::Misc::CommandLineFlags->flag_ppp)
#                   'PBS lib path not defined, using distribution lib from /tmp/loop_over_bdir-21981-fA6Q4Q/PerlBuildSystem-0.44-0/blib/lib/PBS/PBSLib/! See --plp.
# '
#     doesn't match '(?-xism:Test plugin\n)'

#   Failed test 'Build successful'
#   at t/with_warp_1_7.t line 9.
#   (in t::Misc::CommandLineFlags->flag_prf)
#          got: '256'
#     expected: '0'

#   Failed test 'flag_prf died (Died at t/PBS.pm line 491.)'
#   at t/with_warp_1_7.t line 9.
#   (in t::Misc::CommandLineFlags->flag_prf)

#   Failed test 'Build successful'
#   at t/with_warp_1_7.t line 9.
#   (in t::Rules::Builder->builder_sub)
#          got: '256'
#     expected: '0'

#   Failed test 'builder_sub died (Died at t/PBS.pm line 491.)'
#   at t/with_warp_1_7.t line 9.
#   (in t::Rules::Builder->builder_sub)

#   Failed test 'Error message from builder sub'
#   at t/with_warp_1_7.t line 9.
#   (in t::Rules::Builder->builder_sub_error)
#                   'Can't locate GDBM_File.pm in @INC (@INC contains: /tmp/loop_over_bdir-21981-fA6Q4Q/PerlBuildSystem-0.44-0/blib/lib /tmp/loop_over_bdir-21981-fA6Q4Q/PerlBuildSystem-0.44-0/blib/arch /tmp/loop_over_bdir-21981-fA6Q4Q/PerlBuildSystem-0.44-0/_build/lib /home/sand/src/perl/repoperls/installed-perls/host/k93msid/perl-5.8.3/89ad/lib/5.8.3/x86_64-linux /home/sand/src/perl/repoperls/installed-perls/host/k93msid/perl-5.8.3/89ad/lib/5.8.3 /home/sand/src/perl/repoperls/installed-perls/host/k93msid/perl-5.8.3/89ad/lib/site_perl/5.8.3/x86_64-linux /home/sand/src/perl/repoperls/installed-perls/host/k93msid/perl-5.8.3/89ad/lib/site_perl/5.8.3 /home/sand/src/perl/repoperls/installed-perls/host/k93msid/perl-5.8.3/89ad/lib/site_perl .) at /tmp/loop_over_bdir-21981-fA6Q4Q/PerlBuildSystem-0.44-0/blib/lib/PBS/Warp/Warp1_7.pm line 327.
# BEGIN failed--compilation aborted at /tmp/loop_over_bdir-21981-fA6Q4Q/PerlBuildSystem-0.44-0/blib/lib/PBS/Warp/Warp1_7.pm line 327.
# Compilation failed in require at (eval 104) line 2.
# BEGIN failed--compilation aborted at (eval 104) line 2.
# PBS run 1 building './file.target' with './Pbsfile.pl'
# '
#     doesn't match '(?-xism:BUILD_FAILED : Builder sub error)'

#   Failed test 'Build successful'
#   at t/with_warp_1_7.t line 9.
#   (in t::Rules::Builder->builder_sub_shell)
#          got: '256'
#     expected: '0'

#   Failed test 'builder_sub_shell died (Died at t/PBS.pm line 491.)'
#   at t/with_warp_1_7.t line 9.
#   (in t::Rules::Builder->builder_sub_shell)

#   Failed test 'Error message from PBS::Shell::RunShellCommands'
#   at t/with_warp_1_7.t line 9.
#   (in t::Rules::Builder->builder_sub_shell_error)
#                   'Can't locate GDBM_File.pm in @INC (@INC contains: /tmp/loop_over_bdir-21981-fA6Q4Q/PerlBuildSystem-0.44-0/blib/lib /tmp/loop_over_bdir-21981-fA6Q4Q/PerlBuildSystem-0.44-0/blib/arch /tmp/loop_over_bdir-21981-fA6Q4Q/PerlBuildSystem-0.44-0/_build/lib /home/sand/src/perl/repoperls/installed-perls/host/k93msid/perl-5.8.3/89ad/lib/5.8.3/x86_64-linux /home/sand/src/perl/repoperls/installed-perls/host/k93msid/perl-5.8.3/89ad/lib/5.8.3 /home/sand/src/perl/repoperls/installed-perls/host/k93msid/perl-5.8.3/89ad/lib/site_perl/5.8.3/x86_64-linux /home/sand/src/perl/repoperls/installed-perls/host/k93msid/perl-5.8.3/89ad/lib/site_perl/5.8.3 /home/sand/src/perl/repoperls/installed-perls/host/k93msid/perl-5.8.3/89ad/lib/site_perl .) at /tmp/loop_over_bdir-21981-fA6Q4Q/PerlBuildSystem-0.44-0/blib/lib/PBS/Warp/Warp1_7.pm line 327.
# BEGIN failed--compilation aborted at /tmp/loop_over_bdir-21981-fA6Q4Q/PerlBuildSystem-0.44-0/blib/lib/PBS/Warp/Warp1_7.pm line 327.
# Compilation failed in require at (eval 104) line 2.
# BEGIN failed--compilation aborted at (eval 104) line 2.
# PBS run 1 building './file.target' with './Pbsfile.pl'
# '
#     doesn't match '(?-xism:Shell command failed!)'

#   Failed test 'Build successful'
#   at t/with_warp_1_7.t line 9.
#   (in t::Rules::Builder->shell_commands_configuration)
#          got: '256'
#     expected: '0'

#   Failed test 'shell_commands_configuration died (Died at t/PBS.pm line 491.)'
#   at t/with_warp_1_7.t line 9.
#   (in t::Rules::Builder->shell_commands_configuration)

#   Failed test 'Build successful'
#   at t/with_warp_1_7.t line 9.
#   (in t::Rules::Builder->shell_commands_file_to_build_dependency_list)
#          got: '256'
#     expected: '0'

#   Failed test 'shell_commands_file_to_build_dependency_list died (Died at t/PBS.pm line 491.)'
#   at t/with_warp_1_7.t line 9.
#   (in t::Rules::Builder->shell_commands_file_to_build_dependency_list)

#   Failed test 'Build successful'
#   at t/with_warp_1_7.t line 9.
#   (in t::Rules::Builder->shell_commands_multiple)
#          got: '256'
#     expected: '0'

#   Failed test 'shell_commands_multiple died (Died at t/PBS.pm line 491.)'
#   at t/with_warp_1_7.t line 9.
#   (in t::Rules::Builder->shell_commands_multiple)

#   Failed test ''
#   at t/with_warp_1_7.t line 9.
#   (in t::ErrorHandling::CyclicDependencies->cyclic_dependencies)
#                   'PBS plugin path not defined, using distribution plugins from /tmp/loop_over_bdir-21981-fA6Q4Q/PerlBuildSystem-0.44-0/blib/lib/PBS/Plugins! See --ppp.
# PBS lib path not defined, using distribution lib from /tmp/loop_over_bdir-21981-fA6Q4Q/PerlBuildSystem-0.44-0/blib/lib/PBS/PBSLib/! See --plp.
# '
#     doesn't match '(?ms-xi:Cycle at node '.*inc_a\.h'.*Cycle at node '.*inc_b\.h.'*)'

#   Failed test ''
#   at t/with_warp_1_7.t line 9.
#   (in t::ErrorHandling::CyclicDependencies->cyclic_dependencies)
#                   'PBS plugin path not defined, using distribution plugins from /tmp/loop_over_bdir-21981-fA6Q4Q/PerlBuildSystem-0.44-0/blib/lib/PBS/Plugins! See --ppp.
# PBS lib path not defined, using distribution lib from /tmp/loop_over_bdir-21981-fA6Q4Q/PerlBuildSystem-0.44-0/blib/lib/PBS/PBSLib/! See --plp.
# '
#     doesn't match '(?ms-xi:.*Cycle at node '.*inc_a\.h'.*Cycle at node '.*inc_b\.h')'

#   Failed test 'Build successful'
#   at t/with_warp_1_7.t line 9.
#   (in t::ErrorHandling::CyclicDependencies->cyclic_dependencies)
#          got: '256'
#     expected: '0'

#   Failed test 'Output from target when run'
#   at t/with_warp_1_7.t line 9.
#   (in t::ErrorHandling::CyclicDependencies->cyclic_dependencies)
#          got: ''
#     expected: 'a
# b
# main.c
# '

#   Failed test 'Build successful'
#   at t/with_warp_1_7.t line 9.
#   (in t::Rules::ReplaceRule->replace_rule)
#          got: '256'
#     expected: '0'

#   Failed test 'replace_rule died (Died at t/PBS.pm line 491.)'
#   at t/with_warp_1_7.t line 9.
#   (in t::Rules::ReplaceRule->replace_rule)

#   Failed test 'Build successful'
#   at t/with_warp_1_7.t line 9.
#   (in t::Correctness::OneCFile->normal_build)
#          got: '256'
#     expected: '0'

#   Failed test 'Output from target when run'
#   at t/with_warp_1_7.t line 9.
#   (in t::Correctness::OneCFile->normal_build)
#          got: ''
#     expected: 'main.c
# '

#   Failed test 'Build successful'
#   at t/with_warp_1_7.t line 9.
#   (in t::Correctness::OneCFile->normal_build)
#          got: '256'
#     expected: '0'

#   Failed test 'Up to date'
#   at t/with_warp_1_7.t line 9.
#   (in t::Correctness::OneCFile->normal_build)
#                   'PBS plugin path not defined, using distribution plugins from /tmp/loop_over_bdir-21981-fA6Q4Q/PerlBuildSystem-0.44-0/blib/lib/PBS/Plugins! See --ppp.
# PBS lib path not defined, using distribution lib from /tmp/loop_over_bdir-21981-fA6Q4Q/PerlBuildSystem-0.44-0/blib/lib/PBS/PBSLib/! See --plp.
# '
#     doesn't match '(?m-xis:Warp: Up to date.$|Nothing to build.$)'

#   Failed test 'Build successful'
#   at t/with_warp_1_7.t line 9.
#   (in t::Correctness::OneCFile->normal_build)
#          got: '256'
#     expected: '0'

#   Failed test 'Output from target when run'
#   at t/with_warp_1_7.t line 9.
#   (in t::Correctness::OneCFile->normal_build)
#          got: ''
#     expected: 'main2.c
# '

#   Failed test 'Build successful'
#   at t/with_warp_1_7.t line 9.
#   (in t::Correctness::OneCFile->normal_build)
#          got: '256'
#     expected: '0'

#   Failed test 'Up to date'
#   at t/with_warp_1_7.t line 9.
#   (in t::Correctness::OneCFile->normal_build)
#                   'PBS plugin path not defined, using distribution plugins from /tmp/loop_over_bdir-21981-fA6Q4Q/PerlBuildSystem-0.44-0/blib/lib/PBS/Plugins! See --ppp.
# PBS lib path not defined, using distribution lib from /tmp/loop_over_bdir-21981-fA6Q4Q/PerlBuildSystem-0.44-0/blib/lib/PBS/PBSLib/! See --plp.
# '
#     doesn't match '(?m-xis:Warp: Up to date.$|Nothing to build.$)'

#   Failed test 'normal_build died (Died at t/PBS.pm line 474.)'
#   at t/with_warp_1_7.t line 9.
#   (in t::Correctness::OneCFile->normal_build)

#   Failed test 'Build successful'
#   at t/with_warp_1_7.t line 9.
#   (in t::Correctness::OneCFile->wrong_timestamp)
#          got: '256'
#     expected: '0'

#   Failed test 'Output from target when run'
#   at t/with_warp_1_7.t line 9.
#   (in t::Correctness::OneCFile->wrong_timestamp)
#          got: ''
#     expected: 'main.c
# '

#   Failed test 'Build successful'
#   at t/with_warp_1_7.t line 9.
#   (in t::Correctness::OneCFile->wrong_timestamp)
#          got: '256'
#     expected: '0'

#   Failed test 'Output from target when run'
#   at t/with_warp_1_7.t line 9.
#   (in t::Correctness::OneCFile->wrong_timestamp)
#          got: ''
#     expected: 'main2.c
# '

#   Failed test 'Build successful'
#   at t/with_warp_1_7.t line 9.
#   (in t::Correctness::OneCFile->wrong_timestamp)
#          got: '256'
#     expected: '0'

#   Failed test 'Up to date'
#   at t/with_warp_1_7.t line 9.
#   (in t::Correctness::OneCFile->wrong_timestamp)
#                   'PBS plugin path not defined, using distribution plugins from /tmp/loop_over_bdir-21981-fA6Q4Q/PerlBuildSystem-0.44-0/blib/lib/PBS/Plugins! See --ppp.
# PBS lib path not defined, using distribution lib from /tmp/loop_over_bdir-21981-fA6Q4Q/PerlBuildSystem-0.44-0/blib/lib/PBS/PBSLib/! See --plp.
# '
#     doesn't match '(?m-xis:Warp: Up to date.$|Nothing to build.$)'

#   Failed test 'Build successful'
#   at t/with_warp_1_7.t line 9.
#   (in t::Correctness::OneCFile->wrong_timestamp2)
#          got: '256'
#     expected: '0'

#   Failed test 'Output from target when run'
#   at t/with_warp_1_7.t line 9.
#   (in t::Correctness::OneCFile->wrong_timestamp2)
#          got: ''
#     expected: 'main.c
# '

#   Failed test 'Build successful'
#   at t/with_warp_1_7.t line 9.
#   (in t::Correctness::OneCFile->wrong_timestamp2)
#          got: '256'
#     expected: '0'

#   Failed test 'Up to date'
#   at t/with_warp_1_7.t line 9.
#   (in t::Correctness::OneCFile->wrong_timestamp2)
#                   'PBS plugin path not defined, using distribution plugins from /tmp/loop_over_bdir-21981-fA6Q4Q/PerlBuildSystem-0.44-0/blib/lib/PBS/Plugins! See --ppp.
# PBS lib path not defined, using distribution lib from /tmp/loop_over_bdir-21981-fA6Q4Q/PerlBuildSystem-0.44-0/blib/lib/PBS/PBSLib/! See --plp.
# '
#     doesn't match '(?m-xis:Warp: Up to date.$|Nothing to build.$)'

#   Failed test 'Build successful'
#   at t/with_warp_1_7.t line 9.
#   (in t::Misc::ExtraDependencies->add_environment_dependencies)
#          got: '256'
#     expected: '0'

#   Failed test 'add_environment_dependencies died (Died at t/PBS.pm line 491.)'
#   at t/with_warp_1_7.t line 9.
#   (in t::Misc::ExtraDependencies->add_environment_dependencies)

#   Failed test 'Build successful'
#   at t/with_warp_1_7.t line 9.
#   (in t::Misc::ExtraDependencies->add_file_dependencies)
#          got: '256'
#     expected: '0'

#   Failed test 'add_file_dependencies died (Died at t/PBS.pm line 491.)'
#   at t/with_warp_1_7.t line 9.
#   (in t::Misc::ExtraDependencies->add_file_dependencies)

#   Failed test 'Build successful'
#   at t/with_warp_1_7.t line 9.
#   (in t::Misc::ExtraDependencies->add_switch_dependencies)
#          got: '256'
#     expected: '0'

#   Failed test 'add_switch_dependencies died (Died at t/PBS.pm line 491.)'
#   at t/with_warp_1_7.t line 9.
#   (in t::Misc::ExtraDependencies->add_switch_dependencies)

#   Failed test 'Build successful'
#   at t/with_warp_1_7.t line 9.
#   (in t::Misc::ExtraDependencies->add_switch_dependencies_wildcards)
#          got: '256'
#     expected: '0'

#   Failed test 'add_switch_dependencies_wildcards died (Died at t/PBS.pm line 491.)'
#   at t/with_warp_1_7.t line 9.
#   (in t::Misc::ExtraDependencies->add_switch_dependencies_wildcards)

#   Failed test 'Build successful'
#   at t/with_warp_1_7.t line 9.
#   (in t::Misc::ExtraDependencies->add_variable_dependency)
#          got: '256'
#     expected: '0'

#   Failed test 'add_variable_dependency died (Died at t/PBS.pm line 491.)'
#   at t/with_warp_1_7.t line 9.
#   (in t::Misc::ExtraDependencies->add_variable_dependency)

#   Failed test 'Build successful'
#   at t/with_warp_1_7.t line 9.
#   (in t::Misc::ExtraDependencies->force_digest_generation)
#          got: '256'
#     expected: '0'

#   Failed test 'force_digest_generation died (Died at t/PBS.pm line 491.)'
#   at t/with_warp_1_7.t line 9.
#   (in t::Misc::ExtraDependencies->force_digest_generation)

#   Failed test 'Build successful'
#   at t/with_warp_1_7.t line 9.
#   (in t::Correctness::IncludeFiles->include_path)
#          got: '256'
#     expected: '0'

#   Failed test 'Output from target when run'
#   at t/with_warp_1_7.t line 9.
#   (in t::Correctness::IncludeFiles->include_path)
#          got: ''
#     expected: 'inc_a.h
# '

#   Failed test 'Build successful'
#   at t/with_warp_1_7.t line 9.
#   (in t::Correctness::IncludeFiles->include_path)
#          got: '256'
#     expected: '0'

#   Failed test 'Output from target when run'
#   at t/with_warp_1_7.t line 9.
#   (in t::Correctness::IncludeFiles->include_path)
#          got: ''
#     expected: 'inc_a2.h
# '

#   Failed test 'Build successful'
#   at t/with_warp_1_7.t line 9.
#   (in t::Correctness::IncludeFiles->include_path)
#          got: '256'
#     expected: '0'

#   Failed test 'Up to date'
#   at t/with_warp_1_7.t line 9.
#   (in t::Correctness::IncludeFiles->include_path)
#                   'PBS plugin path not defined, using distribution plugins from /tmp/loop_over_bdir-21981-fA6Q4Q/PerlBuildSystem-0.44-0/blib/lib/PBS/Plugins! See --ppp.
# PBS lib path not defined, using distribution lib from /tmp/loop_over_bdir-21981-fA6Q4Q/PerlBuildSystem-0.44-0/blib/lib/PBS/PBSLib/! See --plp.
# '
#     doesn't match '(?m-xis:Warp: Up to date.$|Nothing to build.$)'

#   Failed test 'Build successful'
#   at t/with_warp_1_7.t line 9.
#   (in t::Correctness::IncludeFiles->include_path_two_include_files_with_the_same_name)
#          got: '256'
#     expected: '0'

#   Failed test 'Output from target when run'
#   at t/with_warp_1_7.t line 9.
#   (in t::Correctness::IncludeFiles->include_path_two_include_files_with_the_same_name)
#          got: ''
#     expected: 'inc_b.h
# '

#   Failed test 'Build successful'
#   at t/with_warp_1_7.t line 9.
#   (in t::Correctness::IncludeFiles->include_path_two_include_files_with_the_same_name)
#          got: '256'
#     expected: '0'

#   Failed test 'Up to date'
#   at t/with_warp_1_7.t line 9.
#   (in t::Correctness::IncludeFiles->include_path_two_include_files_with_the_same_name)
#                   'PBS plugin path not defined, using distribution plugins from /tmp/loop_over_bdir-21981-fA6Q4Q/PerlBuildSystem-0.44-0/blib/lib/PBS/Plugins! See --ppp.
# PBS lib path not defined, using distribution lib from /tmp/loop_over_bdir-21981-fA6Q4Q/PerlBuildSystem-0.44-0/blib/lib/PBS/PBSLib/! See --plp.
# '
#     doesn't match '(?m-xis:Warp: Up to date.$|Nothing to build.$)'

#   Failed test 'Build successful'
#   at t/with_warp_1_7.t line 9.
#   (in t::Correctness::IncludeFiles->include_path_two_include_files_with_the_same_name)
#          got: '256'
#     expected: '0'

#   Failed test 'Output from target when run'
#   at t/with_warp_1_7.t line 9.
#   (in t::Correctness::IncludeFiles->include_path_two_include_files_with_the_same_name)
#          got: ''
#     expected: 'inc_b2.h
# '

#   Failed test 'Build successful'
#   at t/with_warp_1_7.t line 9.
#   (in t::Correctness::IncludeFiles->include_path_two_include_files_with_the_same_name)
#          got: '256'
#     expected: '0'

#   Failed test 'Up to date'
#   at t/with_warp_1_7.t line 9.
#   (in t::Correctness::IncludeFiles->include_path_two_include_files_with_the_same_name)
#                   'PBS plugin path not defined, using distribution plugins from /tmp/loop_over_bdir-21981-fA6Q4Q/PerlBuildSystem-0.44-0/blib/lib/PBS/Plugins! See --ppp.
# PBS lib path not defined, using distribution lib from /tmp/loop_over_bdir-21981-fA6Q4Q/PerlBuildSystem-0.44-0/blib/lib/PBS/PBSLib/! See --plp.
# '
#     doesn't match '(?m-xis:Warp: Up to date.$|Nothing to build.$)'

#   Failed test 'Build successful'
#   at t/with_warp_1_7.t line 9.
#   (in t::Correctness::IncludeFiles->normal_include)
#          got: '256'
#     expected: '0'

#   Failed test 'Output from target when run'
#   at t/with_warp_1_7.t line 9.
#   (in t::Correctness::IncludeFiles->normal_include)
#          got: ''
#     expected: 'inc_a.h
# '

#   Failed test 'Build successful'
#   at t/with_warp_1_7.t line 9.
#   (in t::Correctness::IncludeFiles->normal_include)
#          got: '256'
#     expected: '0'

#   Failed test 'Up to date'
#   at t/with_warp_1_7.t line 9.
#   (in t::Correctness::IncludeFiles->normal_include)
#                   'PBS plugin path not defined, using distribution plugins from /tmp/loop_over_bdir-21981-fA6Q4Q/PerlBuildSystem-0.44-0/blib/lib/PBS/Plugins! See --ppp.
# PBS lib path not defined, using distribution lib from /tmp/loop_over_bdir-21981-fA6Q4Q/PerlBuildSystem-0.44-0/blib/lib/PBS/PBSLib/! See --plp.
# '
#     doesn't match '(?m-xis:Warp: Up to date.$|Nothing to build.$)'

#   Failed test 'Build successful'
#   at t/with_warp_1_7.t line 9.
#   (in t::Correctness::IncludeFiles->normal_include)
#          got: '256'
#     expected: '0'

#   Failed test 'Output from target when run'
#   at t/with_warp_1_7.t line 9.
#   (in t::Correctness::IncludeFiles->normal_include)
#          got: ''
#     expected: 'inc_a2.h
# '

#   Failed test 'Build successful'
#   at t/with_warp_1_7.t line 9.
#   (in t::Correctness::IncludeFiles->normal_include)
#          got: '256'
#     expected: '0'

#   Failed test 'Up to date'
#   at t/with_warp_1_7.t line 9.
#   (in t::Correctness::IncludeFiles->normal_include)
#                   'PBS plugin path not defined, using distribution plugins from /tmp/loop_over_bdir-21981-fA6Q4Q/PerlBuildSystem-0.44-0/blib/lib/PBS/Plugins! See --ppp.
# PBS lib path not defined, using distribution lib from /tmp/loop_over_bdir-21981-fA6Q4Q/PerlBuildSystem-0.44-0/blib/lib/PBS/PBSLib/! See --plp.
# '
#     doesn't match '(?m-xis:Warp: Up to date.$|Nothing to build.$)'

#   Failed test 'Build successful'
#   at t/with_warp_1_7.t line 9.
#   (in t::Correctness::IncludeFiles->two_c_files_two_include_files)
#          got: '256'
#     expected: '0'

#   Failed test 'Output from target when run'
#   at t/with_warp_1_7.t line 9.
#   (in t::Correctness::IncludeFiles->two_c_files_two_include_files)
#          got: ''
#     expected: 'inc_a.h
# inc_b.h
# '

#   Failed test 'Build successful'
#   at t/with_warp_1_7.t line 9.
#   (in t::Correctness::IncludeFiles->two_c_files_two_include_files)
#          got: '256'
#     expected: '0'

#   Failed test 'Node was rebuilt'
#   at t/with_warp_1_7.t line 9.
#   (in t::Correctness::IncludeFiles->two_c_files_two_include_files)
#                   'PBS plugin path not defined, using distribution plugins from /tmp/loop_over_bdir-21981-fA6Q4Q/PerlBuildSystem-0.44-0/blib/lib/PBS/Plugins! See --ppp.
# PBS lib path not defined, using distribution lib from /tmp/loop_over_bdir-21981-fA6Q4Q/PerlBuildSystem-0.44-0/blib/lib/PBS/PBSLib/! See --plp.
# '
#     doesn't match '(?-xism:Rebuild node \.\/1\.c\n)'

#   Failed test 'Output from target when run'
#   at t/with_warp_1_7.t line 9.
#   (in t::Correctness::IncludeFiles->two_c_files_two_include_files)
#          got: ''
#     expected: 'inc_a2.h
# inc_b.h
# '

#   Failed test 'Build successful'
#   at t/with_warp_1_7.t line 9.
#   (in t::Correctness::IncludeFiles->two_c_files_two_include_files)
#          got: '256'
#     expected: '0'

#   Failed test 'Up to date'
#   at t/with_warp_1_7.t line 9.
#   (in t::Correctness::IncludeFiles->two_c_files_two_include_files)
#                   'PBS plugin path not defined, using distribution plugins from /tmp/loop_over_bdir-21981-fA6Q4Q/PerlBuildSystem-0.44-0/blib/lib/PBS/Plugins! See --ppp.
# PBS lib path not defined, using distribution lib from /tmp/loop_over_bdir-21981-fA6Q4Q/PerlBuildSystem-0.44-0/blib/lib/PBS/PBSLib/! See --plp.
# '
#     doesn't match '(?m-xis:Warp: Up to date.$|Nothing to build.$)'

#   Failed test 'Build successful'
#   at t/with_warp_1_7.t line 9.
#   (in t::Correctness::IncludeFiles->two_c_files_two_include_files)
#          got: '256'
#     expected: '0'

#   Failed test 'Node was rebuilt'
#   at t/with_warp_1_7.t line 9.
#   (in t::Correctness::IncludeFiles->two_c_files_two_include_files)
#                   'PBS plugin path not defined, using distribution plugins from /tmp/loop_over_bdir-21981-fA6Q4Q/PerlBuildSystem-0.44-0/blib/lib/PBS/Plugins! See --ppp.
# PBS lib path not defined, using distribution lib from /tmp/loop_over_bdir-21981-fA6Q4Q/PerlBuildSystem-0.44-0/blib/lib/PBS/PBSLib/! See --plp.
# '
#     doesn't match '(?-xism:Rebuild node \.\/2\.c\n)'

#   Failed test 'Output from target when run'
#   at t/with_warp_1_7.t line 9.
#   (in t::Correctness::IncludeFiles->two_c_files_two_include_files)
#          got: ''
#     expected: 'inc_a2.h
# inc_b2.h
# '

#   Failed test 'Build successful'
#   at t/with_warp_1_7.t line 9.
#   (in t::Correctness::IncludeFiles->two_c_files_two_include_files)
#          got: '256'
#     expected: '0'

#   Failed test 'Up to date'
#   at t/with_warp_1_7.t line 9.
#   (in t::Correctness::IncludeFiles->two_c_files_two_include_files)
#                   'PBS plugin path not defined, using distribution plugins from /tmp/loop_over_bdir-21981-fA6Q4Q/PerlBuildSystem-0.44-0/blib/lib/PBS/Plugins! See --ppp.
# PBS lib path not defined, using distribution lib from /tmp/loop_over_bdir-21981-fA6Q4Q/PerlBuildSystem-0.44-0/blib/lib/PBS/PBSLib/! See --plp.
# '
#     doesn't match '(?m-xis:Warp: Up to date.$|Nothing to build.$)'

#   Failed test 'Build successful'
#   at t/with_warp_1_7.t line 9.
#   (in t::Correctness::IncludeFiles->two_include_files)
#          got: '256'
#     expected: '0'

#   Failed test 'Output from target when run'
#   at t/with_warp_1_7.t line 9.
#   (in t::Correctness::IncludeFiles->two_include_files)
#          got: ''
#     expected: 'inc_a.h
# inc_b.h
# '

#   Failed test 'Build successful'
#   at t/with_warp_1_7.t line 9.
#   (in t::Correctness::IncludeFiles->two_include_files)
#          got: '256'
#     expected: '0'

#   Failed test 'Output from target when run'
#   at t/with_warp_1_7.t line 9.
#   (in t::Correctness::IncludeFiles->two_include_files)
#          got: ''
#     expected: 'inc_a2.h
# inc_b.h
# '

#   Failed test 'Build successful'
#   at t/with_warp_1_7.t line 9.
#   (in t::Correctness::IncludeFiles->two_include_files)
#          got: '256'
#     expected: '0'

#   Failed test 'Up to date'
#   at t/with_warp_1_7.t line 9.
#   (in t::Correctness::IncludeFiles->two_include_files)
#                   'PBS plugin path not defined, using distribution plugins from /tmp/loop_over_bdir-21981-fA6Q4Q/PerlBuildSystem-0.44-0/blib/lib/PBS/Plugins! See --ppp.
# PBS lib path not defined, using distribution lib from /tmp/loop_over_bdir-21981-fA6Q4Q/PerlBuildSystem-0.44-0/blib/lib/PBS/PBSLib/! See --plp.
# '
#     doesn't match '(?m-xis:Warp: Up to date.$|Nothing to build.$)'

#   Failed test 'Build successful'
#   at t/with_warp_1_7.t line 9.
#   (in t::Correctness::IncludeFiles->two_include_files)
#          got: '256'
#     expected: '0'

#   Failed test 'Output from target when run'
#   at t/with_warp_1_7.t line 9.
#   (in t::Correctness::IncludeFiles->two_include_files)
#          got: ''
#     expected: 'inc_a2.h
# inc_b2.h
# '

#   Failed test 'Build successful'
#   at t/with_warp_1_7.t line 9.
#   (in t::Correctness::IncludeFiles->two_include_files)
#          got: '256'
#     expected: '0'

#   Failed test 'Up to date'
#   at t/with_warp_1_7.t line 9.
#   (in t::Correctness::IncludeFiles->two_include_files)
#                   'PBS plugin path not defined, using distribution plugins from /tmp/loop_over_bdir-21981-fA6Q4Q/PerlBuildSystem-0.44-0/blib/lib/PBS/Plugins! See --ppp.
# PBS lib path not defined, using distribution lib from /tmp/loop_over_bdir-21981-fA6Q4Q/PerlBuildSystem-0.44-0/blib/lib/PBS/PBSLib/! See --plp.
# '
#     doesn't match '(?m-xis:Warp: Up to date.$|Nothing to build.$)'

#   Failed test 'Build successful'
#   at t/with_warp_1_7.t line 9.
#   (in t::Correctness::IncludeFiles->two_include_files_one_includes_the_other)
#          got: '256'
#     expected: '0'

#   Failed test 'Output from target when run'
#   at t/with_warp_1_7.t line 9.
#   (in t::Correctness::IncludeFiles->two_include_files_one_includes_the_other)
#          got: ''
#     expected: 'inc_a.hinc_b.h
# '

#   Failed test 'Build successful'
#   at t/with_warp_1_7.t line 9.
#   (in t::Correctness::IncludeFiles->two_include_files_one_includes_the_other)
#          got: '256'
#     expected: '0'

#   Failed test 'Output from target when run'
#   at t/with_warp_1_7.t line 9.
#   (in t::Correctness::IncludeFiles->two_include_files_one_includes_the_other)
#          got: ''
#     expected: 'inc_a2.hinc_b.h
# '

#   Failed test 'Build successful'
#   at t/with_warp_1_7.t line 9.
#   (in t::Correctness::IncludeFiles->two_include_files_one_includes_the_other)
#          got: '256'
#     expected: '0'

#   Failed test 'Up to date'
#   at t/with_warp_1_7.t line 9.
#   (in t::Correctness::IncludeFiles->two_include_files_one_includes_the_other)
#                   'PBS plugin path not defined, using distribution plugins from /tmp/loop_over_bdir-21981-fA6Q4Q/PerlBuildSystem-0.44-0/blib/lib/PBS/Plugins! See --ppp.
# PBS lib path not defined, using distribution lib from /tmp/loop_over_bdir-21981-fA6Q4Q/PerlBuildSystem-0.44-0/blib/lib/PBS/PBSLib/! See --plp.
# '
#     doesn't match '(?m-xis:Warp: Up to date.$|Nothing to build.$)'

#   Failed test 'Build successful'
#   at t/with_warp_1_7.t line 9.
#   (in t::Correctness::IncludeFiles->two_include_files_one_includes_the_other)
#          got: '256'
#     expected: '0'

#   Failed test 'Output from target when run'
#   at t/with_warp_1_7.t line 9.
#   (in t::Correctness::IncludeFiles->two_include_files_one_includes_the_other)
#          got: ''
#     expected: 'inc_a2.hinc_b2.h
# '

#   Failed test 'Build successful'
#   at t/with_warp_1_7.t line 9.
#   (in t::Correctness::IncludeFiles->two_include_files_one_includes_the_other)
#          got: '256'
#     expected: '0'

#   Failed test 'Up to date'
#   at t/with_warp_1_7.t line 9.
#   (in t::Correctness::IncludeFiles->two_include_files_one_includes_the_other)
#                   'PBS plugin path not defined, using distribution plugins from /tmp/loop_over_bdir-21981-fA6Q4Q/PerlBuildSystem-0.44-0/blib/lib/PBS/Plugins! See --ppp.
# PBS lib path not defined, using distribution lib from /tmp/loop_over_bdir-21981-fA6Q4Q/PerlBuildSystem-0.44-0/blib/lib/PBS/PBSLib/! See --plp.
# '
#     doesn't match '(?m-xis:Warp: Up to date.$|Nothing to build.$)'

#   Failed test 'Build successful'
#   at t/with_warp_1_7.t line 9.
#   (in t::Misc::PbsUse->pbs_lib_path)
#          got: '256'
#     expected: '0'

#   Failed test 'pbs_lib_path died (Died at t/PBS.pm line 491.)'
#   at t/with_warp_1_7.t line 9.
#   (in t::Misc::PbsUse->pbs_lib_path)

#   Failed test 'Build successful'
#   at t/with_warp_1_7.t line 9.
#   (in t::Correctness::DependencyGraphIsNotATree->three_c_files_one_include_file)
#          got: '256'
#     expected: '0'

#   Failed test 'Output from target when run'
#   at t/with_warp_1_7.t line 9.
#   (in t::Correctness::DependencyGraphIsNotATree->three_c_files_one_include_file)
#          got: ''
#     expected: 'inc
# 3.c
# inc
# 2.c
# 1.c
# '

#   Failed test 'Build successful'
#   at t/with_warp_1_7.t line 9.
#   (in t::Correctness::DependencyGraphIsNotATree->three_c_files_one_include_file)
#          got: '256'
#     expected: '0'

#   Failed test 'Up to date'
#   at t/with_warp_1_7.t line 9.
#   (in t::Correctness::DependencyGraphIsNotATree->three_c_files_one_include_file)
#                   'PBS plugin path not defined, using distribution plugins from /tmp/loop_over_bdir-21981-fA6Q4Q/PerlBuildSystem-0.44-0/blib/lib/PBS/Plugins! See --ppp.
# PBS lib path not defined, using distribution lib from /tmp/loop_over_bdir-21981-fA6Q4Q/PerlBuildSystem-0.44-0/blib/lib/PBS/PBSLib/! See --plp.
# '
#     doesn't match '(?m-xis:Warp: Up to date.$|Nothing to build.$)'

#   Failed test 'Build successful'
#   at t/with_warp_1_7.t line 9.
#   (in t::Correctness::DependencyGraphIsNotATree->three_c_files_one_include_file)
#          got: '256'
#     expected: '0'

#   Failed test 'Output from target when run'
#   at t/with_warp_1_7.t line 9.
#   (in t::Correctness::DependencyGraphIsNotATree->three_c_files_one_include_file)
#          got: ''
#     expected: 'inc2
# 3.c
# inc2
# 2.c
# 1.c
# '

#   Failed test 'Build successful'
#   at t/with_warp_1_7.t line 9.
#   (in t::Correctness::DependencyGraphIsNotATree->three_c_files_one_include_file)
#          got: '256'
#     expected: '0'

#   Failed test 'Up to date'
#   at t/with_warp_1_7.t line 9.
#   (in t::Correctness::DependencyGraphIsNotATree->three_c_files_one_include_file)
#                   'PBS plugin path not defined, using distribution plugins from /tmp/loop_over_bdir-21981-fA6Q4Q/PerlBuildSystem-0.44-0/blib/lib/PBS/Plugins! See --ppp.
# PBS lib path not defined, using distribution lib from /tmp/loop_over_bdir-21981-fA6Q4Q/PerlBuildSystem-0.44-0/blib/lib/PBS/PBSLib/! See --plp.
# '
#     doesn't match '(?m-xis:Warp: Up to date.$|Nothing to build.$)'

#   Failed test 'Build successful'
#   at t/with_warp_1_7.t line 9.
#   (in t::Correctness::CDepender->abort_between_build_of_c_and_o_file)
#          got: '256'
#     expected: '0'

#   Failed test 'Build successful'
#   at t/with_warp_1_7.t line 9.
#   (in t::Correctness::CDepender->abort_between_build_of_c_and_o_file)
#          got: '256'
#     expected: '0'

#   Failed test 'Output from target when run'
#   at t/with_warp_1_7.t line 9.
#   (in t::Correctness::CDepender->abort_between_build_of_c_and_o_file)
#          got: ''
#     expected: 'a2'

#   Failed test 'Build successful'
#   at t/with_warp_1_7.t line 9.
#   (in t::Correctness::CDepender->change_include_file)
#          got: '256'
#     expected: '0'

#   Failed test 'Output from target when run'
#   at t/with_warp_1_7.t line 9.
#   (in t::Correctness::CDepender->change_include_file)
#          got: ''
#     expected: 'ab'

#   Failed test 'Build successful'
#   at t/with_warp_1_7.t line 9.
#   (in t::Correctness::CDepender->change_include_file)
#          got: '256'
#     expected: '0'

#   Failed test 'Up to date'
#   at t/with_warp_1_7.t line 9.
#   (in t::Correctness::CDepender->change_include_file)
#                   'PBS plugin path not defined, using distribution plugins from /tmp/loop_over_bdir-21981-fA6Q4Q/PerlBuildSystem-0.44-0/blib/lib/PBS/Plugins! See --ppp.
# PBS lib path not defined, using distribution lib from /tmp/loop_over_bdir-21981-fA6Q4Q/PerlBuildSystem-0.44-0/blib/lib/PBS/PBSLib/! See --plp.
# '
#     doesn't match '(?m-xis:Warp: Up to date.$|Nothing to build.$)'

#   Failed test 'Build successful'
#   at t/with_warp_1_7.t line 9.
#   (in t::Correctness::CDepender->change_include_file)
#          got: '256'
#     expected: '0'

#   Failed test 'Output from target when run'
#   at t/with_warp_1_7.t line 9.
#   (in t::Correctness::CDepender->change_include_file)
#          got: ''
#     expected: 'a2b'

#   Failed test 'Build successful'
#   at t/with_warp_1_7.t line 9.
#   (in t::Correctness::CDepender->change_include_file)
#          got: '256'
#     expected: '0'

#   Failed test 'Up to date'
#   at t/with_warp_1_7.t line 9.
#   (in t::Correctness::CDepender->change_include_file)
#                   'PBS plugin path not defined, using distribution plugins from /tmp/loop_over_bdir-21981-fA6Q4Q/PerlBuildSystem-0.44-0/blib/lib/PBS/Plugins! See --ppp.
# PBS lib path not defined, using distribution lib from /tmp/loop_over_bdir-21981-fA6Q4Q/PerlBuildSystem-0.44-0/blib/lib/PBS/PBSLib/! See --plp.
# '
#     doesn't match '(?m-xis:Warp: Up to date.$|Nothing to build.$)'

#   Failed test 'Build successful'
#   at t/with_warp_1_7.t line 9.
#   (in t::Correctness::CDepender->do_not_use_unsynchronized_cache)
#          got: '256'
#     expected: '0'

#   Failed test 'Second C file was redepended'
#   at t/with_warp_1_7.t line 9.
#   (in t::Correctness::CDepender->do_not_use_unsynchronized_cache)
#                   'PBS plugin path not defined, using distribution plugins from /tmp/loop_over_bdir-21981-fA6Q4Q/PerlBuildSystem-0.44-0/blib/lib/PBS/Plugins! See --ppp.
# PBS lib path not defined, using distribution lib from /tmp/loop_over_bdir-21981-fA6Q4Q/PerlBuildSystem-0.44-0/blib/lib/PBS/PBSLib/! See --plp.
# '
#     doesn't match '(?-xism:(?x)C_depender\:\ \'[^']*2\.c\'\ \[difference\]\:\s*
# 		\[__VARIABLE\:C_FILE\]\.)'

#   Failed test 'Build successful'
#   at t/with_warp_1_7.t line 9.
#   (in t::Correctness::CDepender->do_not_use_unsynchronized_cache)
#          got: '256'
#     expected: '0'

#   Failed test 'Output from target when run'
#   at t/with_warp_1_7.t line 9.
#   (in t::Correctness::CDepender->do_not_use_unsynchronized_cache)
#          got: ''
#     expected: 'ab3'

#   Failed test 'Build successful'
#   at t/with_warp_1_7.t line 9.
#   (in t::Correctness::CDepender->do_not_use_unsynchronized_cache)
#          got: '256'
#     expected: '0'

#   Failed test 'Output from target when run'
#   at t/with_warp_1_7.t line 9.
#   (in t::Correctness::CDepender->do_not_use_unsynchronized_cache)
#          got: ''
#     expected: 'ab'

#   Failed test 'Build successful'
#   at t/with_warp_1_7.t line 9.
#   (in t::Correctness::CDepender->use_dependency_cache)
#          got: '256'
#     expected: '0'

#   Failed test 'Output from target when run'
#   at t/with_warp_1_7.t line 9.
#   (in t::Correctness::CDepender->use_dependency_cache)
#          got: ''
#     expected: 'ab'

#   Failed test 'Build successful'
#   at t/with_warp_1_7.t line 9.
#   (in t::Correctness::CDepender->use_dependency_cache)
#          got: '256'
#     expected: '0'

#   Failed test 'Build successful'
#   at t/with_warp_1_7.t line 9.
#   (in t::Correctness::CDepender->use_unsynchronized_cache)
#          got: '256'
#     expected: '0'

#   Failed test 'Second C file was redepended'
#   at t/with_warp_1_7.t line 9.
#   (in t::Correctness::CDepender->use_unsynchronized_cache)
#                   'PBS plugin path not defined, using distribution plugins from /tmp/loop_over_bdir-21981-fA6Q4Q/PerlBuildSystem-0.44-0/blib/lib/PBS/Plugins! See --ppp.
# PBS lib path not defined, using distribution lib from /tmp/loop_over_bdir-21981-fA6Q4Q/PerlBuildSystem-0.44-0/blib/lib/PBS/PBSLib/! See --plp.
# '
#     doesn't match '(?-xism:(?x)C_depender\:\ \'[^']*2\.c\'\ \[MD5\ difference\]\s*
# 		\[[^\]]*b\.h\]\.)'

#   Failed test 'Build successful'
#   at t/with_warp_1_7.t line 9.
#   (in t::Correctness::CDepender->use_unsynchronized_cache)
#          got: '256'
#     expected: '0'

#   Failed test 'Synchronized C cache for first C file'
#   at t/with_warp_1_7.t line 9.
#   (in t::Correctness::CDepender->use_unsynchronized_cache)
#                   'PBS plugin path not defined, using distribution plugins from /tmp/loop_over_bdir-21981-fA6Q4Q/PerlBuildSystem-0.44-0/blib/lib/PBS/Plugins! See --ppp.
# PBS lib path not defined, using distribution lib from /tmp/loop_over_bdir-21981-fA6Q4Q/PerlBuildSystem-0.44-0/blib/lib/PBS/PBSLib/! See --plp.
# '
#     doesn't match '(?-xism:Synchronized\ C\ cache\ file\ for\ \'\.\/1\.c\')'

#   Failed test 'Found unsynchronized valid cache for second C file'
#   at t/with_warp_1_7.t line 9.
#   (in t::Correctness::CDepender->use_unsynchronized_cache)
#                   'PBS plugin path not defined, using distribution plugins from /tmp/loop_over_bdir-21981-fA6Q4Q/PerlBuildSystem-0.44-0/blib/lib/PBS/Plugins! See --ppp.
# PBS lib path not defined, using distribution lib from /tmp/loop_over_bdir-21981-fA6Q4Q/PerlBuildSystem-0.44-0/blib/lib/PBS/PBSLib/! See --plp.
# '
#     doesn't match '(?-xism:(?x)C_depender\:\ \'[^']*2\.c\'\ \[MD5\ difference\]\s*
# 		\[[^\]]*b\.h\]\.\s*
# 		Verifying\ unsynchronized\ cache\ \.\.\.\ Valid\.)'

#   Failed test 'Synchronized C cache for second C file'
#   at t/with_warp_1_7.t line 9.
#   (in t::Correctness::CDepender->use_unsynchronized_cache)
#                   'PBS plugin path not defined, using distribution plugins from /tmp/loop_over_bdir-21981-fA6Q4Q/PerlBuildSystem-0.44-0/blib/lib/PBS/Plugins! See --ppp.
# PBS lib path not defined, using distribution lib from /tmp/loop_over_bdir-21981-fA6Q4Q/PerlBuildSystem-0.44-0/blib/lib/PBS/PBSLib/! See --plp.
# '
#     doesn't match '(?-xism:Synchronized\ C\ cache\ file\ for\ \'\.\/2\.c\')'

#   Failed test 'Output from target when run'
#   at t/with_warp_1_7.t line 9.
#   (in t::Correctness::CDepender->use_unsynchronized_cache)
#          got: ''
#     expected: 'ab2'

#   Failed test 'Build successful'
#   at t/with_warp_1_7.t line 9.
#   (in t::Misc::Targets->default_target)
#          got: '256'
#     expected: '0'

#   Failed test 'default_target died (Died at t/PBS.pm line 491.)'
#   at t/with_warp_1_7.t line 9.
#   (in t::Misc::Targets->default_target)

#   Failed test 'Build successful'
#   at t/with_warp_1_7.t line 9.
#   (in t::Misc::Targets->multiple_targets)
#          got: '256'
#     expected: '0'

#   Failed test 'multiple_targets died (Died at t/PBS.pm line 491.)'
#   at t/with_warp_1_7.t line 9.
#   (in t::Misc::Targets->multiple_targets)

#   Failed test 'Build successful'
#   at t/with_warp_1_7.t line 9.
#   (in t::Misc::SourceDirectory->multiple_source_directories)
#          got: '256'
#     expected: '0'

#   Failed test 'multiple_source_directories died (Died at t/PBS.pm line 491.)'
#   at t/with_warp_1_7.t line 9.
#   (in t::Misc::SourceDirectory->multiple_source_directories)

#   Failed test 'Build successful'
#   at t/with_warp_1_7.t line 9.
#   (in t::Misc::SourceDirectory->no_search_in_current_directory)
#          got: '256'
#     expected: '0'

#   Failed test 'no_search_in_current_directory died (Died at t/PBS.pm line 491.)'
#   at t/with_warp_1_7.t line 9.
#   (in t::Misc::SourceDirectory->no_search_in_current_directory)

#   Failed test 'Build successful'
#   at t/with_warp_1_7.t line 9.
#   (in t::Misc::SourceDirectory->order_between_source_directories)
#          got: '256'
#     expected: '0'

#   Failed test 'order_between_source_directories died (Died at t/PBS.pm line 491.)'
#   at t/with_warp_1_7.t line 9.
#   (in t::Misc::SourceDirectory->order_between_source_directories)

#   Failed test 'Build successful'
#   at t/with_warp_1_7.t line 9.
#   (in t::Correctness::DependingPbsfile->depending_pbsfile)
#          got: '256'
#     expected: '0'

#   Failed test 'depending_pbsfile died (Died at t/PBS.pm line 491.)'
#   at t/with_warp_1_7.t line 9.
#   (in t::Correctness::DependingPbsfile->depending_pbsfile)

#   Failed test 'Build successful'
#   at t/with_warp_1_7.t line 9.
#   (in t::ErrorHandling::BuildError->correct_continuation_after_corrected_error)
#          got: '256'
#     expected: '0'

#   Failed test 'Node was rebuilt'
#   at t/with_warp_1_7.t line 9.
#   (in t::ErrorHandling::BuildError->correct_continuation_after_corrected_error)
#                   'PBS plugin path not defined, using distribution plugins from /tmp/loop_over_bdir-21981-fA6Q4Q/PerlBuildSystem-0.44-0/blib/lib/PBS/Plugins! See --ppp.
# PBS lib path not defined, using distribution lib from /tmp/loop_over_bdir-21981-fA6Q4Q/PerlBuildSystem-0.44-0/blib/lib/PBS/PBSLib/! See --plp.
# '
#     doesn't match '(?-xism:Rebuild node \.\/main\.c\n)'

#   Failed test 'Output from target when run'
#   at t/with_warp_1_7.t line 9.
#   (in t::ErrorHandling::BuildError->correct_continuation_after_corrected_error)
#          got: ''
#     expected: '2.c
# '

#   Failed test 'Build successful'
#   at t/with_warp_1_7.t line 9.
#   (in t::ErrorHandling::BuildError->correct_continuation_after_corrected_error)
#          got: '256'
#     expected: '0'

#   Failed test 'Up to date'
#   at t/with_warp_1_7.t line 9.
#   (in t::ErrorHandling::BuildError->correct_continuation_after_corrected_error)
#                   'PBS plugin path not defined, using distribution plugins from /tmp/loop_over_bdir-21981-fA6Q4Q/PerlBuildSystem-0.44-0/blib/lib/PBS/Plugins! See --ppp.
# PBS lib path not defined, using distribution lib from /tmp/loop_over_bdir-21981-fA6Q4Q/PerlBuildSystem-0.44-0/blib/lib/PBS/PBSLib/! See --plp.
# '
#     doesn't match '(?m-xis:Warp: Up to date.$|Nothing to build.$)'

#   Failed test 'Build successful'
#   at t/with_warp_1_7.t line 9.
#   (in t::Misc::CDependencyGraph->c_dependency_graph)
#          got: '256'
#     expected: '0'

#   Failed test 'Include file is in dependency graph'
#   at t/with_warp_1_7.t line 9.
#   (in t::Misc::CDependencyGraph->c_dependency_graph)
#                   'PBS plugin path not defined, using distribution plugins from /tmp/loop_over_bdir-21981-fA6Q4Q/PerlBuildSystem-0.44-0/blib/lib/PBS/Plugins! See --ppp.
# PBS lib path not defined, using distribution lib from /tmp/loop_over_bdir-21981-fA6Q4Q/PerlBuildSystem-0.44-0/blib/lib/PBS/PBSLib/! See --plp.
# '
#     doesn't match '(?-xism:inc\.h)'

#   Failed test 'Build successful'
#   at t/with_warp_1_7.t line 9.
#   (in t::Misc::CDependencyGraph->c_dependency_graph)
#          got: '256'
#     expected: '0'

#   Failed test 'Up to date'
#   at t/with_warp_1_7.t line 9.
#   (in t::Misc::CDependencyGraph->c_dependency_graph)
#                   'PBS plugin path not defined, using distribution plugins from /tmp/loop_over_bdir-21981-fA6Q4Q/PerlBuildSystem-0.44-0/blib/lib/PBS/Plugins! See --ppp.
# PBS lib path not defined, using distribution lib from /tmp/loop_over_bdir-21981-fA6Q4Q/PerlBuildSystem-0.44-0/blib/lib/PBS/PBSLib/! See --plp.
# '
#     doesn't match '(?m-xis:Warp: Up to date.$|Nothing to build.$)'

#   Failed test 'Include file is in dependency graph'
#   at t/with_warp_1_7.t line 9.
#   (in t::Misc::CDependencyGraph->c_dependency_graph)
#                   'PBS plugin path not defined, using distribution plugins from /tmp/loop_over_bdir-21981-fA6Q4Q/PerlBuildSystem-0.44-0/blib/lib/PBS/Plugins! See --ppp.
# PBS lib path not defined, using distribution lib from /tmp/loop_over_bdir-21981-fA6Q4Q/PerlBuildSystem-0.44-0/blib/lib/PBS/PBSLib/! See --plp.
# '
#     doesn't match '(?-xism:inc\.h)'

#   Failed test 'Build successful'
#   at t/with_warp_1_7.t line 9.
#   (in t::Misc::Subpbs->configuration_is_inherited_with_higher_priority)
#          got: '256'
#     expected: '0'

#   Failed test 'configuration_is_inherited_with_higher_priority died (Died at t/PBS.pm line 491.)'
#   at t/with_warp_1_7.t line 9.
#   (in t::Misc::Subpbs->configuration_is_inherited_with_higher_priority)

#   Failed test 'Build successful'
#   at t/with_warp_1_7.t line 9.
#   (in t::Misc::Subpbs->node_regex_pbsfile)
#          got: '256'
#     expected: '0'

#   Failed test 'node_regex_pbsfile died (Died at t/PBS.pm line 491.)'
#   at t/with_warp_1_7.t line 9.
#   (in t::Misc::Subpbs->node_regex_pbsfile)

#   Failed test 'Build successful'
#   at t/with_warp_1_7.t line 9.
#   (in t::Misc::Subpbs->rules_are_not_inherited)
#          got: '256'
#     expected: '0'

#   Failed test 'rules_are_not_inherited died (Died at t/PBS.pm line 512.)'
#   at t/with_warp_1_7.t line 9.
#   (in t::Misc::Subpbs->rules_are_not_inherited)

#   Failed test 'Build successful'
#   at t/with_warp_1_7.t line 9.
#   (in t::Misc::Subpbs->subpbs_package)
#          got: '256'
#     expected: '0'

#   Failed test 'subpbs_package died (Died at t/PBS.pm line 491.)'
#   at t/with_warp_1_7.t line 9.
#   (in t::Misc::Subpbs->subpbs_package)

#   Failed test 'Build successful'
#   at t/with_warp_1_7.t line 9.
#   (in t::Misc::AddConfig->add_config)
#          got: '256'
#     expected: '0'

#   Failed test 'add_config died (Died at t/PBS.pm line 491.)'
#   at t/with_warp_1_7.t line 9.
#   (in t::Misc::AddConfig->add_config)

#   Failed test 'Build successful'
#   at t/with_warp_1_7.t line 9.
#   (in t::Misc::AddConfig->add_config_to)
#          got: '256'
#     expected: '0'

#   Failed test 'add_config_to died (Died at t/PBS.pm line 491.)'
#   at t/with_warp_1_7.t line 9.
#   (in t::Misc::AddConfig->add_config_to)

#   Failed test 'Build successful'
#   at t/with_warp_1_7.t line 9.
#   (in t::Misc::AddConfig->config_force)
#          got: '256'
#     expected: '0'

#   Failed test 'Message about overriding a config variable'
#   at t/with_warp_1_7.t line 9.
#   (in t::Misc::AddConfig->config_force)
#                   'PBS plugin path not defined, using distribution plugins from /tmp/loop_over_bdir-21981-fA6Q4Q/PerlBuildSystem-0.44-0/blib/lib/PBS/Plugins! See --ppp.
# PBS lib path not defined, using distribution lib from /tmp/loop_over_bdir-21981-fA6Q4Q/PerlBuildSystem-0.44-0/blib/lib/PBS/PBSLib/! See --plp.
# '
#     doesn't match '(?-xism:Overriding config)'

#   Failed test 'config_force died (Died at t/PBS.pm line 491.)'
#   at t/with_warp_1_7.t line 9.
#   (in t::Misc::AddConfig->config_force)

#   Failed test 'Build successful'
#   at t/with_warp_1_7.t line 9.
#   (in t::Misc::AddConfig->config_local)
#          got: '256'
#     expected: '0'

#   Failed test 'config_local died (Died at t/PBS.pm line 491.)'
#   at t/with_warp_1_7.t line 9.
#   (in t::Misc::AddConfig->config_local)

#   Failed test 'Message about overriding a locked config variable'
#   at t/with_warp_1_7.t line 9.
#   (in t::Misc::AddConfig->config_locked)
#                   'Can't locate GDBM_File.pm in @INC (@INC contains: /tmp/loop_over_bdir-21981-fA6Q4Q/PerlBuildSystem-0.44-0/blib/lib /tmp/loop_over_bdir-21981-fA6Q4Q/PerlBuildSystem-0.44-0/blib/arch /tmp/loop_over_bdir-21981-fA6Q4Q/PerlBuildSystem-0.44-0/_build/lib /home/sand/src/perl/repoperls/installed-perls/host/k93msid/perl-5.8.3/89ad/lib/5.8.3/x86_64-linux /home/sand/src/perl/repoperls/installed-perls/host/k93msid/perl-5.8.3/89ad/lib/5.8.3 /home/sand/src/perl/repoperls/installed-perls/host/k93msid/perl-5.8.3/89ad/lib/site_perl/5.8.3/x86_64-linux /home/sand/src/perl/repoperls/installed-perls/host/k93msid/perl-5.8.3/89ad/lib/site_perl/5.8.3 /home/sand/src/perl/repoperls/installed-perls/host/k93msid/perl-5.8.3/89ad/lib/site_perl .) at /tmp/loop_over_bdir-21981-fA6Q4Q/PerlBuildSystem-0.44-0/blib/lib/PBS/Warp/Warp1_7.pm line 327.
# BEGIN failed--compilation aborted at /tmp/loop_over_bdir-21981-fA6Q4Q/PerlBuildSystem-0.44-0/blib/lib/PBS/Warp/Warp1_7.pm line 327.
# Compilation failed in require at (eval 104) line 2.
# BEGIN failed--compilation aborted at (eval 104) line 2.
# PBS run 1 building './file.target' with './Pbsfile.pl'
# '
#     doesn't match '(?-xism:wants to override locked variable)'

#   Failed test 'Build successful'
#   at t/with_warp_1_7.t line 9.
#   (in t::Misc::AddConfig->config_override_parent)
#          got: '256'
#     expected: '0'

#   Failed test 'Message about overridden config'
#   at t/with_warp_1_7.t line 9.
#   (in t::Misc::AddConfig->config_override_parent)
#                   'PBS plugin path not defined, using distribution plugins from /tmp/loop_over_bdir-21981-fA6Q4Q/PerlBuildSystem-0.44-0/blib/lib/PBS/Plugins! See --ppp.
# PBS lib path not defined, using distribution lib from /tmp/loop_over_bdir-21981-fA6Q4Q/PerlBuildSystem-0.44-0/blib/lib/PBS/PBSLib/! See --plp.
# '
#     doesn't match '(?-xism:Overriding config)'

#   Failed test 'config_override_parent died (Died at t/PBS.pm line 491.)'
#   at t/with_warp_1_7.t line 9.
#   (in t::Misc::AddConfig->config_override_parent)

#   Failed test 'Build successful'
#   at t/with_warp_1_7.t line 9.
#   (in t::Misc::AddConfig->config_override_parent_silent_override)
#          got: '256'
#     expected: '0'

#   Failed test 'config_override_parent_silent_override died (Died at t/PBS.pm line 491.)'
#   at t/with_warp_1_7.t line 9.
#   (in t::Misc::AddConfig->config_override_parent_silent_override)

#   Failed test 'Build successful'
#   at t/with_warp_1_7.t line 9.
#   (in t::Misc::Triggers->triggers)
#          got: '256'
#     expected: '0'

#   Failed test 'triggers died (Died at t/PBS.pm line 491.)'
#   at t/with_warp_1_7.t line 9.
#   (in t::Misc::Triggers->triggers)

#   Failed test 'Build successful'
#   at t/with_warp_1_7.t line 9.
#   (in t::Misc::Nodetypes->type_forced)
#          got: '256'
#     expected: '0'

#   Failed test 'type_forced died (Died at t/PBS.pm line 491.)'
#   at t/with_warp_1_7.t line 9.
#   (in t::Misc::Nodetypes->type_forced)

#   Failed test 'Build successful'
#   at t/with_warp_1_7.t line 9.
#   (in t::Misc::Nodetypes->type_immediate_build)
#          got: '256'
#     expected: '0'

#   Failed test 'type_immediate_build died (Died at t/PBS.pm line 491.)'
#   at t/with_warp_1_7.t line 9.
#   (in t::Misc::Nodetypes->type_immediate_build)

#   Failed test 'Build successful'
#   at t/with_warp_1_7.t line 9.
#   (in t::Misc::Nodetypes->type_local)
#          got: '256'
#     expected: '0'

#   Failed test 'type_local died (Died at t/PBS.pm line 491.)'
#   at t/with_warp_1_7.t line 9.
#   (in t::Misc::Nodetypes->type_local)

#   Failed test 'Build successful'
#   at t/with_warp_1_7.t line 9.
#   (in t::Misc::Nodetypes->type_post_depend)
#          got: '256'
#     expected: '0'

#   Failed test 'type_post_depend died (Died at t/PBS.pm line 491.)'
#   at t/with_warp_1_7.t line 9.
#   (in t::Misc::Nodetypes->type_post_depend)

#   Failed test 'Build successful'
#   at t/with_warp_1_7.t line 9.
#   (in t::Misc::Nodetypes->type_virtual)
#          got: '256'
#     expected: '0'

#   Failed test 'type_virtual died (Died at t/PBS.pm line 491.)'
#   at t/with_warp_1_7.t line 9.
#   (in t::Misc::Nodetypes->type_virtual)

#   Failed test 'Build successful'
#   at t/with_warp_1_7.t line 9.
#   (in t::Misc::Nodetypes->type_virtual_forced)
#          got: '256'
#     expected: '0'

#   Failed test 'type_virtual_forced died (Died at t/PBS.pm line 491.)'
#   at t/with_warp_1_7.t line 9.
#   (in t::Misc::Nodetypes->type_virtual_forced)

#   Failed test 'Build successful'
#   at t/with_warp_1_7.t line 9.
#   (in t::Misc::Nodetypes->type_virtual_no_dependencies)
#          got: '256'
#     expected: '0'

#   Failed test 'Up to date'
#   at t/with_warp_1_7.t line 9.
#   (in t::Misc::Nodetypes->type_virtual_no_dependencies)
#                   'PBS plugin path not defined, using distribution plugins from /tmp/loop_over_bdir-21981-fA6Q4Q/PerlBuildSystem-0.44-0/blib/lib/PBS/Plugins! See --ppp.
# PBS lib path not defined, using distribution lib from /tmp/loop_over_bdir-21981-fA6Q4Q/PerlBuildSystem-0.44-0/blib/lib/PBS/PBSLib/! See --plp.
# '
#     doesn't match '(?m-xis:Warp: Up to date.$|Nothing to build.$)'

#   Failed test 'Build successful'
#   at t/with_warp_1_7.t line 9.
#   (in t::Rules::NodeSubs->node_subs)
#          got: '256'
#     expected: '0'

#   Failed test 'node_subs died (Died at t/PBS.pm line 491.)'
#   at t/with_warp_1_7.t line 9.
#   (in t::Rules::NodeSubs->node_subs)

#   Failed test 'Correct error message on non existing file'
#   at t/with_warp_1_7.t line 9.
#   (in t::ErrorHandling::NonExisting->non_existing_files)
#                   'Can't locate GDBM_File.pm in @INC (@INC contains: /tmp/loop_over_bdir-21981-fA6Q4Q/PerlBuildSystem-0.44-0/blib/lib /tmp/loop_over_bdir-21981-fA6Q4Q/PerlBuildSystem-0.44-0/blib/arch /tmp/loop_over_bdir-21981-fA6Q4Q/PerlBuildSystem-0.44-0/_build/lib /home/sand/src/perl/repoperls/installed-perls/host/k93msid/perl-5.8.3/89ad/lib/5.8.3/x86_64-linux /home/sand/src/perl/repoperls/installed-perls/host/k93msid/perl-5.8.3/89ad/lib/5.8.3 /home/sand/src/perl/repoperls/installed-perls/host/k93msid/perl-5.8.3/89ad/lib/site_perl/5.8.3/x86_64-linux /home/sand/src/perl/repoperls/installed-perls/host/k93msid/perl-5.8.3/89ad/lib/site_perl/5.8.3 /home/sand/src/perl/repoperls/installed-perls/host/k93msid/perl-5.8.3/89ad/lib/site_perl .) at /tmp/loop_over_bdir-21981-fA6Q4Q/PerlBuildSystem-0.44-0/blib/lib/PBS/Warp/Warp1_7.pm line 327.
# BEGIN failed--compilation aborted at /tmp/loop_over_bdir-21981-fA6Q4Q/PerlBuildSystem-0.44-0/blib/lib/PBS/Warp/Warp1_7.pm line 327.
# Compilation failed in require at (eval 104) line 2.
# BEGIN failed--compilation aborted at (eval 104) line 2.
# PBS run 1 building './test-c' with './Pbsfile.pl'
# '
#     doesn't match '(?-xism:non existing C file: '\./main\.c')'

#   Failed test 'Correct error message on non existing target'
#   at t/with_warp_1_7.t line 9.
#   (in t::ErrorHandling::NonExisting->non_existing_targets)
#                   'Can't locate GDBM_File.pm in @INC (@INC contains: /tmp/loop_over_bdir-21981-fA6Q4Q/PerlBuildSystem-0.44-0/blib/lib /tmp/loop_over_bdir-21981-fA6Q4Q/PerlBuildSystem-0.44-0/blib/arch /tmp/loop_over_bdir-21981-fA6Q4Q/PerlBuildSystem-0.44-0/_build/lib /home/sand/src/perl/repoperls/installed-perls/host/k93msid/perl-5.8.3/89ad/lib/5.8.3/x86_64-linux /home/sand/src/perl/repoperls/installed-perls/host/k93msid/perl-5.8.3/89ad/lib/5.8.3 /home/sand/src/perl/repoperls/installed-perls/host/k93msid/perl-5.8.3/89ad/lib/site_perl/5.8.3/x86_64-linux /home/sand/src/perl/repoperls/installed-perls/host/k93msid/perl-5.8.3/89ad/lib/site_perl/5.8.3 /home/sand/src/perl/repoperls/installed-perls/host/k93msid/perl-5.8.3/89ad/lib/site_perl .) at /tmp/loop_over_bdir-21981-fA6Q4Q/PerlBuildSystem-0.44-0/blib/lib/PBS/Warp/Warp1_7.pm line 327.
# BEGIN failed--compilation aborted at /tmp/loop_over_bdir-21981-fA6Q4Q/PerlBuildSystem-0.44-0/blib/lib/PBS/Warp/Warp1_7.pm line 327.
# Compilation failed in require at (eval 104) line 2.
# BEGIN failed--compilation aborted at (eval 104) line 2.
# PBS run 1 building './test-c' with './Pbsfile.pl'
# '
#     doesn't match '(?-xism:No matching rule)'

#   Failed test 'Build successful'
#   at t/with_warp_1_7.t line 9.
#   (in t::Correctness::TwoCFiles->one_directory)
#          got: '256'
#     expected: '0'

#   Failed test 'Output from target when run'
#   at t/with_warp_1_7.t line 9.
#   (in t::Correctness::TwoCFiles->one_directory)
#          got: ''
#     expected: '1.c
# 2.c
# '

#   Failed test 'Build successful'
#   at t/with_warp_1_7.t line 9.
#   (in t::Correctness::TwoCFiles->one_directory)
#          got: '256'
#     expected: '0'

#   Failed test 'Up to date'
#   at t/with_warp_1_7.t line 9.
#   (in t::Correctness::TwoCFiles->one_directory)
#                   'PBS plugin path not defined, using distribution plugins from /tmp/loop_over_bdir-21981-fA6Q4Q/PerlBuildSystem-0.44-0/blib/lib/PBS/Plugins! See --ppp.
# PBS lib path not defined, using distribution lib from /tmp/loop_over_bdir-21981-fA6Q4Q/PerlBuildSystem-0.44-0/blib/lib/PBS/PBSLib/! See --plp.
# '
#     doesn't match '(?m-xis:Warp: Up to date.$|Nothing to build.$)'

#   Failed test 'Build successful'
#   at t/with_warp_1_7.t line 9.
#   (in t::Correctness::TwoCFiles->one_directory)
#          got: '256'
#     expected: '0'

#   Failed test 'Node was rebuilt'
#   at t/with_warp_1_7.t line 9.
#   (in t::Correctness::TwoCFiles->one_directory)
#                   'PBS plugin path not defined, using distribution plugins from /tmp/loop_over_bdir-21981-fA6Q4Q/PerlBuildSystem-0.44-0/blib/lib/PBS/Plugins! See --ppp.
# PBS lib path not defined, using distribution lib from /tmp/loop_over_bdir-21981-fA6Q4Q/PerlBuildSystem-0.44-0/blib/lib/PBS/PBSLib/! See --plp.
# '
#     doesn't match '(?-xism:Rebuild node \.\/1\.c\n)'

#   Failed test 'Output from target when run'
#   at t/with_warp_1_7.t line 9.
#   (in t::Correctness::TwoCFiles->one_directory)
#          got: ''
#     expected: '1_2.c
# 2.c
# '

#   Failed test 'Build successful'
#   at t/with_warp_1_7.t line 9.
#   (in t::Correctness::TwoCFiles->one_directory)
#          got: '256'
#     expected: '0'

#   Failed test 'Up to date'
#   at t/with_warp_1_7.t line 9.
#   (in t::Correctness::TwoCFiles->one_directory)
#                   'PBS plugin path not defined, using distribution plugins from /tmp/loop_over_bdir-21981-fA6Q4Q/PerlBuildSystem-0.44-0/blib/lib/PBS/Plugins! See --ppp.
# PBS lib path not defined, using distribution lib from /tmp/loop_over_bdir-21981-fA6Q4Q/PerlBuildSystem-0.44-0/blib/lib/PBS/PBSLib/! See --plp.
# '
#     doesn't match '(?m-xis:Warp: Up to date.$|Nothing to build.$)'

#   Failed test 'Build successful'
#   at t/with_warp_1_7.t line 9.
#   (in t::Correctness::TwoCFiles->one_directory)
#          got: '256'
#     expected: '0'

#   Failed test 'Node was rebuilt'
#   at t/with_warp_1_7.t line 9.
#   (in t::Correctness::TwoCFiles->one_directory)
#                   'PBS plugin path not defined, using distribution plugins from /tmp/loop_over_bdir-21981-fA6Q4Q/PerlBuildSystem-0.44-0/blib/lib/PBS/Plugins! See --ppp.
# PBS lib path not defined, using distribution lib from /tmp/loop_over_bdir-21981-fA6Q4Q/PerlBuildSystem-0.44-0/blib/lib/PBS/PBSLib/! See --plp.
# '
#     doesn't match '(?-xism:Rebuild node \.\/1\.c\n)'

#   Failed test 'Node was rebuilt'
#   at t/with_warp_1_7.t line 9.
#   (in t::Correctness::TwoCFiles->one_directory)
#                   'PBS plugin path not defined, using distribution plugins from /tmp/loop_over_bdir-21981-fA6Q4Q/PerlBuildSystem-0.44-0/blib/lib/PBS/Plugins! See --ppp.
# PBS lib path not defined, using distribution lib from /tmp/loop_over_bdir-21981-fA6Q4Q/PerlBuildSystem-0.44-0/blib/lib/PBS/PBSLib/! See --plp.
# '
#     doesn't match '(?-xism:Rebuild node \.\/2\.c\n)'

#   Failed test 'Output from target when run'
#   at t/with_warp_1_7.t line 9.
#   (in t::Correctness::TwoCFiles->one_directory)
#          got: ''
#     expected: '1_3.c
# 2_3.c
# '

#   Failed test 'Build successful'
#   at t/with_warp_1_7.t line 9.
#   (in t::Correctness::TwoCFiles->one_directory)
#          got: '256'
#     expected: '0'

#   Failed test 'Up to date'
#   at t/with_warp_1_7.t line 9.
#   (in t::Correctness::TwoCFiles->one_directory)
#                   'PBS plugin path not defined, using distribution plugins from /tmp/loop_over_bdir-21981-fA6Q4Q/PerlBuildSystem-0.44-0/blib/lib/PBS/Plugins! See --ppp.
# PBS lib path not defined, using distribution lib from /tmp/loop_over_bdir-21981-fA6Q4Q/PerlBuildSystem-0.44-0/blib/lib/PBS/PBSLib/! See --plp.
# '
#     doesn't match '(?m-xis:Warp: Up to date.$|Nothing to build.$)'

#   Failed test 'Build successful'
#   at t/with_warp_1_7.t line 9.
#   (in t::Correctness::TwoCFiles->subdirectories)
#          got: '256'
#     expected: '0'

#   Failed test 'Output from target when run'
#   at t/with_warp_1_7.t line 9.
#   (in t::Correctness::TwoCFiles->subdirectories)
#          got: ''
#     expected: '1.c
# 2.c
# '

#   Failed test 'Build successful'
#   at t/with_warp_1_7.t line 9.
#   (in t::Correctness::TwoCFiles->subdirectories)
#          got: '256'
#     expected: '0'

#   Failed test 'Up to date'
#   at t/with_warp_1_7.t line 9.
#   (in t::Correctness::TwoCFiles->subdirectories)
#                   'PBS plugin path not defined, using distribution plugins from /tmp/loop_over_bdir-21981-fA6Q4Q/PerlBuildSystem-0.44-0/blib/lib/PBS/Plugins! See --ppp.
# PBS lib path not defined, using distribution lib from /tmp/loop_over_bdir-21981-fA6Q4Q/PerlBuildSystem-0.44-0/blib/lib/PBS/PBSLib/! See --plp.
# '
#     doesn't match '(?m-xis:Warp: Up to date.$|Nothing to build.$)'

#   Failed test 'Build successful'
#   at t/with_warp_1_7.t line 9.
#   (in t::Correctness::TwoCFiles->subdirectories)
#          got: '256'
#     expected: '0'

#   Failed test 'Node was rebuilt'
#   at t/with_warp_1_7.t line 9.
#   (in t::Correctness::TwoCFiles->subdirectories)
#                   'PBS plugin path not defined, using distribution plugins from /tmp/loop_over_bdir-21981-fA6Q4Q/PerlBuildSystem-0.44-0/blib/lib/PBS/Plugins! See --ppp.
# PBS lib path not defined, using distribution lib from /tmp/loop_over_bdir-21981-fA6Q4Q/PerlBuildSystem-0.44-0/blib/lib/PBS/PBSLib/! See --plp.
# '
#     doesn't match '(?-xism:Rebuild node \.\/dir1\/1\.c\n)'

#   Failed test 'Output from target when run'
#   at t/with_warp_1_7.t line 9.
#   (in t::Correctness::TwoCFiles->subdirectories)
#          got: ''
#     expected: '1_2.c
# 2.c
# '

#   Failed test 'Build successful'
#   at t/with_warp_1_7.t line 9.
#   (in t::Correctness::TwoCFiles->subdirectories)
#          got: '256'
#     expected: '0'

#   Failed test 'Up to date'
#   at t/with_warp_1_7.t line 9.
#   (in t::Correctness::TwoCFiles->subdirectories)
#                   'PBS plugin path not defined, using distribution plugins from /tmp/loop_over_bdir-21981-fA6Q4Q/PerlBuildSystem-0.44-0/blib/lib/PBS/Plugins! See --ppp.
# PBS lib path not defined, using distribution lib from /tmp/loop_over_bdir-21981-fA6Q4Q/PerlBuildSystem-0.44-0/blib/lib/PBS/PBSLib/! See --plp.
# '
#     doesn't match '(?m-xis:Warp: Up to date.$|Nothing to build.$)'

#   Failed test 'Build successful'
#   at t/with_warp_1_7.t line 9.
#   (in t::Correctness::TwoCFiles->subdirectories)
#          got: '256'
#     expected: '0'

#   Failed test 'Node was rebuilt'
#   at t/with_warp_1_7.t line 9.
#   (in t::Correctness::TwoCFiles->subdirectories)
#                   'PBS plugin path not defined, using distribution plugins from /tmp/loop_over_bdir-21981-fA6Q4Q/PerlBuildSystem-0.44-0/blib/lib/PBS/Plugins! See --ppp.
# PBS lib path not defined, using distribution lib from /tmp/loop_over_bdir-21981-fA6Q4Q/PerlBuildSystem-0.44-0/blib/lib/PBS/PBSLib/! See --plp.
# '
#     doesn't match '(?-xism:Rebuild node \.\/dir1\/1\.c\n)'

#   Failed test 'Node was rebuilt'
#   at t/with_warp_1_7.t line 9.
#   (in t::Correctness::TwoCFiles->subdirectories)
#                   'PBS plugin path not defined, using distribution plugins from /tmp/loop_over_bdir-21981-fA6Q4Q/PerlBuildSystem-0.44-0/blib/lib/PBS/Plugins! See --ppp.
# PBS lib path not defined, using distribution lib from /tmp/loop_over_bdir-21981-fA6Q4Q/PerlBuildSystem-0.44-0/blib/lib/PBS/PBSLib/! See --plp.
# '
#     doesn't match '(?-xism:Rebuild node \.\/dir2\/2\.c\n)'

#   Failed test 'Output from target when run'
#   at t/with_warp_1_7.t line 9.
#   (in t::Correctness::TwoCFiles->subdirectories)
#          got: ''
#     expected: '1_3.c
# 2_3.c
# '

#   Failed test 'Build successful'
#   at t/with_warp_1_7.t line 9.
#   (in t::Correctness::TwoCFiles->subdirectories)
#          got: '256'
#     expected: '0'

#   Failed test 'Up to date'
#   at t/with_warp_1_7.t line 9.
#   (in t::Correctness::TwoCFiles->subdirectories)
#                   'PBS plugin path not defined, using distribution plugins from /tmp/loop_over_bdir-21981-fA6Q4Q/PerlBuildSystem-0.44-0/blib/lib/PBS/Plugins! See --ppp.
# PBS lib path not defined, using distribution lib from /tmp/loop_over_bdir-21981-fA6Q4Q/PerlBuildSystem-0.44-0/blib/lib/PBS/PBSLib/! See --plp.
# '
#     doesn't match '(?m-xis:Warp: Up to date.$|Nothing to build.$)'
# Looks like you failed 276 tests of 379.
t/with_warp_1_7.t ... 
Dubious, test returned 254 (wstat 65024, 0xfe00)
Failed 276/379 subtests 
	(less 80 skipped subtests: 23 okay)

#   Failed test 'Build failed'
#   at t/Correctness/CDepender.pm line 71.
#   (in t::Correctness::CDepender->abort_between_build_of_c_and_o_file)
#          got: '0'
#     expected: anything else

#   Failed test 'Output from target when run'
#   at t/Correctness/CDepender.pm line 80.
#   (in t::Correctness::CDepender->abort_between_build_of_c_and_o_file)
#          got: 'ab'
#     expected: 'a2'

#   Failed test 'Output from target when run'
#   at t/Correctness/CDepender.pm line 54.
#   (in t::Correctness::CDepender->change_include_file)
#          got: 'ab'
#     expected: 'a2b'

#   Failed test 'Build failed'
#   at t/Correctness/CDepender.pm line 166.
#   (in t::Correctness::CDepender->do_not_use_unsynchronized_cache)
#          got: '0'
#     expected: anything else

#   Failed test 'Second C file was redepended'
#   at t/Correctness/CDepender.pm line 171.
#   (in t::Correctness::CDepender->do_not_use_unsynchronized_cache)
#                   'PBS plugin path not defined, using distribution plugins from /tmp/loop_over_bdir-21981-fA6Q4Q/PerlBuildSystem-0.44-0/blib/lib/PBS/Plugins! See --ppp.
# PBS lib path not defined, using distribution lib from /tmp/loop_over_bdir-21981-fA6Q4Q/PerlBuildSystem-0.44-0/blib/lib/PBS/PBSLib/! See --plp.
# ** Depending [PBS/0] **          
# Processed 1 Pbsfile.                
# 
# ** Checking **
#        
# ** Building **
# Number of nodes in the dependency tree: 7 nodes.
# Nothing to build.
# Build Done.
# '
#     doesn't match '(?-xism:(?x)C_depender\:\ \'[^']*2\.c\'\ \[difference\]\:\s*
# 		\[__VARIABLE\:C_FILE\]\.)'

#   Failed test 'Output from target when run'
#   at t/Correctness/CDepender.pm line 188.
#   (in t::Correctness::CDepender->do_not_use_unsynchronized_cache)
#          got: 'ab'
#     expected: 'ab3'

#   Failed test 'Build failed'
#   at t/Correctness/CDepender.pm line 117.
#   (in t::Correctness::CDepender->use_unsynchronized_cache)
#          got: '0'
#     expected: anything else

#   Failed test 'Second C file was redepended'
#   at t/Correctness/CDepender.pm line 122.
#   (in t::Correctness::CDepender->use_unsynchronized_cache)
#                   'PBS plugin path not defined, using distribution plugins from /tmp/loop_over_bdir-21981-fA6Q4Q/PerlBuildSystem-0.44-0/blib/lib/PBS/Plugins! See --ppp.
# PBS lib path not defined, using distribution lib from /tmp/loop_over_bdir-21981-fA6Q4Q/PerlBuildSystem-0.44-0/blib/lib/PBS/PBSLib/! See --plp.
# ** Depending [PBS/0] **          
# Processed 1 Pbsfile.                
# 
# ** Checking **
#        
# ** Building **
# Number of nodes in the dependency tree: 7 nodes.
# Nothing to build.
# Build Done.
# '
#     doesn't match '(?-xism:(?x)C_depender\:\ \'[^']*2\.c\'\ \[MD5\ difference\]\s*
# 		\[[^\]]*b\.h\]\.)'

#   Failed test 'Synchronized C cache for first C file'
#   at t/Correctness/CDepender.pm line 137.
#   (in t::Correctness::CDepender->use_unsynchronized_cache)
#                   'PBS plugin path not defined, using distribution plugins from /tmp/loop_over_bdir-21981-fA6Q4Q/PerlBuildSystem-0.44-0/blib/lib/PBS/Plugins! See --ppp.
# PBS lib path not defined, using distribution lib from /tmp/loop_over_bdir-21981-fA6Q4Q/PerlBuildSystem-0.44-0/blib/lib/PBS/PBSLib/! See --plp.
# ** Depending [PBS/0] **          
# Processed 1 Pbsfile.                
# 
# ** Checking **
#        
# ** Building **
# Number of nodes in the dependency tree: 7 nodes.
# Nothing to build.
# Build Done.
# '
#     doesn't match '(?-xism:Synchronized\ C\ cache\ file\ for\ \'\.\/1\.c\')'

#   Failed test 'Found unsynchronized valid cache for second C file'
#   at t/Correctness/CDepender.pm line 139.
#   (in t::Correctness::CDepender->use_unsynchronized_cache)
#                   'PBS plugin path not defined, using distribution plugins from /tmp/loop_over_bdir-21981-fA6Q4Q/PerlBuildSystem-0.44-0/blib/lib/PBS/Plugins! See --ppp.
# PBS lib path not defined, using distribution lib from /tmp/loop_over_bdir-21981-fA6Q4Q/PerlBuildSystem-0.44-0/blib/lib/PBS/PBSLib/! See --plp.
# ** Depending [PBS/0] **          
# Processed 1 Pbsfile.                
# 
# ** Checking **
#        
# ** Building **
# Number of nodes in the dependency tree: 7 nodes.
# Nothing to build.
# Build Done.
# '
#     doesn't match '(?-xism:(?x)C_depender\:\ \'[^']*2\.c\'\ \[MD5\ difference\]\s*
# 		\[[^\]]*b\.h\]\.\s*
# 		Verifying\ unsynchronized\ cache\ \.\.\.\ Valid\.)'

#   Failed test 'Synchronized C cache for second C file'
#   at t/Correctness/CDepender.pm line 144.
#   (in t::Correctness::CDepender->use_unsynchronized_cache)
#                   'PBS plugin path not defined, using distribution plugins from /tmp/loop_over_bdir-21981-fA6Q4Q/PerlBuildSystem-0.44-0/blib/lib/PBS/Plugins! See --ppp.
# PBS lib path not defined, using distribution lib from /tmp/loop_over_bdir-21981-fA6Q4Q/PerlBuildSystem-0.44-0/blib/lib/PBS/PBSLib/! See --plp.
# ** Depending [PBS/0] **          
# Processed 1 Pbsfile.                
# 
# ** Checking **
#        
# ** Building **
# Number of nodes in the dependency tree: 7 nodes.
# Nothing to build.
# Build Done.
# '
#     doesn't match '(?-xism:Synchronized\ C\ cache\ file\ for\ \'\.\/2\.c\')'

#   Failed test 'Output from target when run'
#   at t/Correctness/CDepender.pm line 147.
#   (in t::Correctness::CDepender->use_unsynchronized_cache)
#          got: 'ab'
#     expected: 'ab2'
# Looks like you failed 12 tests of 379.
t/without_warp.t .... 
Dubious, test returned 12 (wstat 3072, 0xc00)
Failed 12/379 subtests 

Test Summary Report
-------------------
t/with_warp_1_5.t (Wstat: 3072 Tests: 379 Failed: 12)
  Failed tests:  235, 237, 243, 247, 249, 252, 260, 262
                265-268
  Non-zero exit status: 12
t/with_warp_1_7.t (Wstat: 65024 Tests: 379 Failed: 276)
  Failed tests:  1-8, 10-16, 23-24, 27-28, 31-44, 46-55
                57-59, 61-82, 92-103, 112-113, 122-123
                134-135, 148-149, 158-159, 168-193, 195-198
                200-234, 236-246, 249, 251-257, 259, 262
                264-269, 271-272, 274, 276-283, 287, 289-292
                294-315, 317-321, 323-325, 327-328, 331-342
                344-353, 355-369, 371-379
  Non-zero exit status: 254
t/without_warp.t  (Wstat: 3072 Tests: 379 Failed: 12)
  Failed tests:  235, 237, 243, 247, 249, 252, 260, 262
                265-268
  Non-zero exit status: 12
Files=4, Tests=1153, 374 wallclock secs ( 0.12 usr  0.10 sys + 103.55 cusr 42.90 csys = 146.67 CPU)
Result: FAIL
Failed 3/4 test programs. 300/1153 subtests failed.
Makefile:103: recipe for target 'test' failed
make: *** [test] Error 12

------------------------------
PREREQUISITES
------------------------------

Prerequisite modules loaded:

requires:

    Module                Need   Have   
    --------------------- ------ -------
    Class::MethodMaker    0      2.24   
    Cwd                   2.06   3.62   
    Data::Compare         0      1.25   
    Data::Dumper          2.12   2.161  
    Data::TreeDumper      0.24   0.40   
    Devel::Cycle          0      1.12   
    Devel::Depend::Cl     0.04   0.06   
    Devel::Depend::Cpp    0.08   0.10   
    File::Basename        2.71   2.72   
    File::Copy::Recursive 0      0.38   
    File::MkTemp          0      1.0.6  
    File::Slurp           0      9999.19
    File::Spec            0      3.62   
    Getopt::Long          2.32   2.5    
    IO::String            0      1.08   
    Module::Build         0.2611 0.42_23
    Module::Util          0.2611 1.09   
    Pod::Simple::Search   0      3.35   
    Term::ReadKey         0      2.37   
    Test::Class           0      0.50   
    Test::Cmd             0      1.09   
    Tie::Hash::Indexed    0.03   0.05   


------------------------------
ENVIRONMENT AND OTHER CONTEXT
------------------------------

Environment variables:

    AUTOMATED_TESTING = 1
    LANG = en_US.UTF-8
    PATH = /home/sand/bin:/usr/local/bin:/usr/bin:/bin:/usr/games:/usr/local/perl/bin:/usr/X11/bin:/sbin:/usr/sbin
    PERL5LIB = 
    PERL5OPT = 
    PERL5_CPANPLUS_IS_RUNNING = 21996
    PERL5_CPAN_IS_RUNNING = 21996
    PERL_CANARY_STABILITY_NOPROMPT = 1
    PERL_MM_USE_DEFAULT = 1
    PERL_USE_UNSAFE_INC = 1
    SHELL = /usr/bin/zsh
    TERM = screen

Perl special variables (and OS-specific diagnostics, for MSWin32):

    $^X = /home/sand/src/perl/repoperls/installed-perls/host/k93msid/perl-5.8.3/89ad/bin/perl
    $UID/$EUID = 1005 / 1005
    $GID = 1005 1005
    $EGID = 1005 1005

Perl module toolchain versions installed:

    Module              Have    
    ------------------- --------
    CPAN                2.18    
    CPAN::Meta          2.150010
    Cwd                 3.62    
    ExtUtils::CBuilder  0.280224
    ExtUtils::Command   1.20    
    ExtUtils::Install   2.12    
    ExtUtils::MakeMaker 7.25_04 
    ExtUtils::Manifest  1.70    
    ExtUtils::ParseXS   3.30    
    File::Spec          3.62    
    JSON                2.94    
    JSON::PP            2.93    
    Module::Build       0.42_23 
    Module::Signature   0.81    
    Parse::CPAN::Meta   1.4422  
    Test::Harness       3.39    
    Test::More          1.302085
    YAML                1.23    
    YAML::Syck          1.30    
    version             0.9917  


--

Summary of my perl5 (revision 5.0 version 8 subversion 3) configuration:
  Platform:
    osname=linux, osvers=4.9.0-2-amd64, archname=x86_64-linux
    uname='linux k93msid 4.9.0-2-amd64 #1 smp debian 4.9.18-1 (2017-03-30) x86_64 gnulinux '
    config_args='-Dprefix=/home/sand/src/perl/repoperls/installed-perls/host/k93msid/perl-5.8.3/89ad -Dmyhostname=k93msid -Dinstallusrbinperl=n -Uversiononly -Dusedevel -des -Ui_db -Dlibswanted=cl pthread socket inet nsl gdbm dbm malloc dl ld sun m crypt sec util c cposix posix ucb BSD gdbm_compat -Uuseithreads -Uuselongdouble -DDEBUGGING=-g'
    hint=recommended, useposix=true, d_sigaction=define
    usethreads=undef use5005threads=undef useithreads=undef usemultiplicity=undef
    useperlio=define d_sfio=undef uselargefiles=define usesocks=undef
    use64bitint=define use64bitall=define uselongdouble=undef
    usemymalloc=n, bincompat5005=undef
  Compiler:
    cc='cc', ccflags ='-fno-strict-aliasing -I/usr/local/include -D_LARGEFILE_SOURCE -D_FILE_OFFSET_BITS=64',
    optimize='-O2',
    cppflags='-fno-strict-aliasing -I/usr/local/include'
    ccversion='', gccversion='6.3.0 20170406', gccosandvers=''
    intsize=4, longsize=8, ptrsize=8, doublesize=8, byteorder=12345678
    d_longlong=define, longlongsize=8, d_longdbl=define, longdblsize=16
    ivtype='long', ivsize=8, nvtype='double', nvsize=8, Off_t='off_t', lseeksize=8
    alignbytes=8, prototype=define
  Linker and Libraries:
    ld='cc', ldflags =' -L/usr/local/lib'
    libpth=/usr/local/lib /lib/x86_64-linux-gnu /lib/../lib /usr/lib/x86_64-linux-gnu /usr/lib/../lib /lib /usr/lib
    libs=-lpthread -lnsl -ldl -lm -lcrypt -lutil -lc
    perllibs=-lpthread -lnsl -ldl -lm -lcrypt -lutil -lc
    libc=libc-2.24.so, so=so, useshrplib=false, libperl=libperl.a
    gnulibc_version='2.24'
  Dynamic Linking:
    dlsrc=dl_dlopen.xs, dlext=so, d_dlsymun=undef, ccdlflags='-rdynamic'
    cccdlflags='-fpic', lddlflags='-shared -L/usr/local/lib'


Characteristics of this binary (from libperl): 
  Compile-time options: USE_64_BIT_INT USE_64_BIT_ALL USE_LARGE_FILES
  Built under linux
  Compiled at Apr 17 2017 11:16:01
  %ENV:
    PERL5LIB=""
    PERL5OPT=""
    PERL5_CPANPLUS_IS_RUNNING="21996"
    PERL5_CPAN_IS_RUNNING="21996"
    PERL_CANARY_STABILITY_NOPROMPT="1"
    PERL_MM_USE_DEFAULT="1"
    PERL_USE_UNSAFE_INC="1"
  @INC:
    /home/sand/src/perl/repoperls/installed-perls/host/k93msid/perl-5.8.3/89ad/lib/5.8.3/x86_64-linux
    /home/sand/src/perl/repoperls/installed-perls/host/k93msid/perl-5.8.3/89ad/lib/5.8.3
    /home/sand/src/perl/repoperls/installed-perls/host/k93msid/perl-5.8.3/89ad/lib/site_perl/5.8.3/x86_64-linux
    /home/sand/src/perl/repoperls/installed-perls/host/k93msid/perl-5.8.3/89ad/lib/site_perl/5.8.3
    /home/sand/src/perl/repoperls/installed-perls/host/k93msid/perl-5.8.3/89ad/lib/site_perl
    .