Report for HTML-DBTable-0.05

Back
From: metabase:user:e3434da8-b236-11df-85ca-0247c6d74bde
Subject: FAIL HTML-DBTable-0.05 v5.12.2 GNU/Linux
Date: 2010-10-19T07:09:33Z

This distribution has been tested as part of the CPAN Testers
project, supporting the Perl programming language.  See
http://wiki.cpantesters.org/ for more information or email
questions to cpan-testers-discuss@perl.org


--
Dear Bruni Emiliano,

This is a computer-generated report for HTML-DBTable-0.05
on perl 5.12.2, created by CPAN-Reporter-1.1801.

Thank you for uploading your work to CPAN.  However, there was a problem
testing your distribution.

If you think this report is invalid, please consult the CPAN Testers Wiki
for suggestions on how to avoid getting FAIL reports for missing library
or binary dependencies, unsupported operating systems, and so on:

http://wiki.cpantesters.org/wiki/CPANAuthorNotes

Sections of this report:

    * Tester comments
    * Program output
    * Prerequisites
    * Environment and other context

------------------------------
TESTER COMMENTS
------------------------------

Additional comments from tester:

this report is from an automated smoke testing program
and was not reviewed by a human for accuracy

------------------------------
PROGRAM OUTPUT
------------------------------

Output from '/usr/bin/make test':

PERL_DL_NONLAZY=1 /home/cpt1/cpantesting/perl-5.12.2/bin/perl "-MExtUtils::Command::MM" "-e" "test_harness(0, 'blib/lib', 'blib/arch')" t/*.t
Old-style DBIx::DBSchema::Table creation without named parameters is deprecated! at t/01__DBSchema.t line 32
t/01__DBSchema.t ......... ok
# Tests were run but no plan was declared and done_testing() was not seen.
t/02__DBSchemaPatched.t .. skipped: You haven't patched DBIx::DBSchema. If you think to use Mysql datbase take a look to INSTALL file of this distribution and patch you DBIx::DBSchema modules
install_driver(mysql) failed: Can't locate DBD/mysql.pm in @INC (@INC contains: /home/cpt1/.cpan/build/HTML-DBTable-0.05-KXZiC5/blib/lib /home/cpt1/.cpan/build/HTML-DBTable-0.05-KXZiC5/blib/arch /home/cpt1/.cpan/build/DBIx-DBSchema-0.39-7gC9HR/blib/arch /home/cpt1/.cpan/build/DBIx-DBSchema-0.39-7gC9HR/blib/lib /home/cpt1/.cpan/build/FreezeThaw-0.5001-6TY4jJ/blib/arch /home/cpt1/.cpan/build/FreezeThaw-0.5001-6TY4jJ/blib/lib /home/cpt1/.cpan/build/DBIx-DBSchema-0.39-7gC9HR/blib/arch /home/cpt1/.cpan/build/DBIx-DBSchema-0.39-7gC9HR/blib/lib /home/cpt1/.cpan/build/FreezeThaw-0.5001-6TY4jJ/blib/arch /home/cpt1/.cpan/build/FreezeThaw-0.5001-6TY4jJ/blib/lib /home/cpt1/cpantesting/perl-5.12.2/lib/site_perl/5.12.2/x86_64-linux /home/cpt1/cpantesting/perl-5.12.2/lib/site_perl/5.12.2 /home/cpt1/cpantesting/perl-5.12.2/lib/5.12.2/x86_64-linux /home/cpt1/cpantesting/perl-5.12.2/lib/5.12.2 .) at (eval 13) line 3.
Perhaps the DBD::mysql perl module hasn't been fully installed,
or perhaps the capitalisation of 'mysql' isn't right.
Available drivers: DBM, ExampleP, File, Gofer, Pg, Proxy, Sponge.
 at t/03__DBTable.t line 22
# Looks like you planned 10 tests but ran 2.
# Looks like your test exited with 2 just after 2.
t/03__DBTable.t .......... 
Dubious, test returned 2 (wstat 512, 0x200)
Failed 8/10 subtests 

Test Summary Report
-------------------
t/02__DBSchemaPatched.t (Wstat: 0 Tests: 1 Failed: 0)
  Parse errors: Bad plan.  You planned 0 tests but ran 1.
t/03__DBTable.t        (Wstat: 512 Tests: 2 Failed: 0)
  Non-zero exit status: 2
  Parse errors: Plan (1..10) must be at the beginning or end of the TAP output
                Bad plan.  You planned 10 tests but ran 2.
Files=3, Tests=14,  0 wallclock secs ( 0.02 usr  0.01 sys +  0.22 cusr  0.03 csys =  0.28 CPU)
Result: FAIL
Failed 2/3 test programs. 0/14 subtests failed.
make: *** [test_dynamic] Error 2

------------------------------
PREREQUISITES
------------------------------

Prerequisite modules loaded:

requires:

    Module           Need Have 
    ---------------- ---- -----
    DBI              0    1.615
    DBIx::DBSchema   0    0.39 
    HTML::Template   0    2.9  
    Params::Validate 0    0.95 


------------------------------
ENVIRONMENT AND OTHER CONTEXT
------------------------------

Environment variables:

    AUTOMATED_TESTING = 1
    LANG = en_US.utf8
    PATH = /usr/local/bin:/usr/bin:/bin:/usr/local/games:/usr/games
    PERL5LIB = /home/cpt1/.cpan/build/DBIx-DBSchema-0.39-7gC9HR/blib/arch:/home/cpt1/.cpan/build/DBIx-DBSchema-0.39-7gC9HR/blib/lib:/home/cpt1/.cpan/build/FreezeThaw-0.5001-6TY4jJ/blib/arch:/home/cpt1/.cpan/build/FreezeThaw-0.5001-6TY4jJ/blib/lib
    PERL5OPT = 
    PERL5_CPANPLUS_IS_RUNNING = 19153
    PERL5_CPAN_IS_RUNNING = 19153
    PERL5_CPAN_IS_RUNNING_IN_RECURSION = 25168,19153
    PERL_CR_SMOKER_CURRENT = HTML-DBTable-0.05
    PERL_EXTUTILS_AUTOINSTALL = --defaultdeps
    PERL_MM_USE_DEFAULT = 1
    SHELL = /bin/bash
    TERM = screen

Perl special variables (and OS-specific diagnostics, for MSWin32):

    $^X = /home/cpt1/cpantesting/perl-5.12.2/bin/perl
    $UID/$EUID = 1002 / 1002
    $GID = 1002 20 24 25 27 29 30 44 46 100 102 106 112 114 1002
    $EGID = 1002 20 24 25 27 29 30 44 46 100 102 106 112 114 1002

Perl module toolchain versions installed:

    Module              Have   
    ------------------- -------
    CPAN                1.94_56
    Cwd                 3.31   
    ExtUtils::CBuilder  0.27   
    ExtUtils::Command   1.16   
    ExtUtils::Install   1.55   
    ExtUtils::MakeMaker 6.56   
    ExtUtils::Manifest  1.57   
    ExtUtils::ParseXS   2.21   
    File::Spec          3.31_01
    Module::Build       0.3603 
    Module::Signature   n/a    
    Test::Harness       3.17   
    Test::More          0.94   
    YAML                0.72   
    YAML::Syck          1.15   
    version             0.82   


--

Summary of my perl5 (revision 5 version 12 subversion 2) configuration:
   
  Platform:
    osname=linux, osvers=2.6.34-0.slh.9-sidux-amd64, archname=x86_64-linux
    uname='linux verona 2.6.34-0.slh.9-sidux-amd64 #1 smp preempt sat jun 12 23:27:41 utc 2010 x86_64 gnulinux '
    config_args='-Dprefix=/home/cpt1/cpantesting/perl-5.12.2'
    hint=recommended, useposix=true, d_sigaction=define
    useithreads=undef, usemultiplicity=undef
    useperlio=define, d_sfio=undef, uselargefiles=define, usesocks=undef
    use64bitint=define, use64bitall=define, uselongdouble=undef
    usemymalloc=n, bincompat5005=undef
  Compiler:
    cc='cc', ccflags ='-fno-strict-aliasing -pipe -fstack-protector -I/usr/local/include -D_LARGEFILE_SOURCE -D_FILE_OFFSET_BITS=64',
    optimize='-O2',
    cppflags='-fno-strict-aliasing -pipe -fstack-protector -I/usr/local/include'
    ccversion='', gccversion='4.4.5 20100902 (prerelease)', gccosandvers=''
    intsize=4, longsize=8, ptrsize=8, doublesize=8, byteorder=12345678
    d_longlong=define, longlongsize=8, d_longdbl=define, longdblsize=16
    ivtype='long', ivsize=8, nvtype='double', nvsize=8, Off_t='off_t', lseeksize=8
    alignbytes=8, prototype=define
  Linker and Libraries:
    ld='cc', ldflags =' -fstack-protector -L/usr/local/lib'
    libpth=/usr/local/lib /lib /usr/lib /lib64 /usr/lib64
    libs=-lnsl -lgdbm -ldb -ldl -lm -lcrypt -lutil -lc -lgdbm_compat
    perllibs=-lnsl -ldl -lm -lcrypt -lutil -lc
    libc=/lib/libc-2.11.1.so, so=so, useshrplib=false, libperl=libperl.a
    gnulibc_version='2.11.1'
  Dynamic Linking:
    dlsrc=dl_dlopen.xs, dlext=so, d_dlsymun=undef, ccdlflags='-Wl,-E'
    cccdlflags='-fPIC', lddlflags='-shared -O2 -L/usr/local/lib -fstack-protector'


Characteristics of this binary (from libperl): 
  Compile-time options: PERL_DONT_CREATE_GVSV PERL_MALLOC_WRAP USE_64_BIT_ALL
                        USE_64_BIT_INT USE_LARGE_FILES USE_PERLIO
                        USE_PERL_ATOF
  Built under linux
  Compiled at Sep 17 2010 19:05:46
  %ENV:
    PERL5LIB="/home/cpt1/.cpan/build/DBIx-DBSchema-0.39-7gC9HR/blib/arch:/home/cpt1/.cpan/build/DBIx-DBSchema-0.39-7gC9HR/blib/lib:/home/cpt1/.cpan/build/FreezeThaw-0.5001-6TY4jJ/blib/arch:/home/cpt1/.cpan/build/FreezeThaw-0.5001-6TY4jJ/blib/lib"
    PERL5OPT=""
    PERL5_CPANPLUS_IS_RUNNING="19153"
    PERL5_CPAN_IS_RUNNING="19153"
    PERL5_CPAN_IS_RUNNING_IN_RECURSION="25168,19153"
    PERL_CR_SMOKER_CURRENT="HTML-DBTable-0.05"
    PERL_EXTUTILS_AUTOINSTALL="--defaultdeps"
    PERL_MM_USE_DEFAULT="1"
  @INC:
    /home/cpt1/.cpan/build/DBIx-DBSchema-0.39-7gC9HR/blib/arch
    /home/cpt1/.cpan/build/DBIx-DBSchema-0.39-7gC9HR/blib/lib
    /home/cpt1/.cpan/build/FreezeThaw-0.5001-6TY4jJ/blib/arch
    /home/cpt1/.cpan/build/FreezeThaw-0.5001-6TY4jJ/blib/lib
    /home/cpt1/cpantesting/perl-5.12.2/lib/site_perl/5.12.2/x86_64-linux
    /home/cpt1/cpantesting/perl-5.12.2/lib/site_perl/5.12.2
    /home/cpt1/cpantesting/perl-5.12.2/lib/5.12.2/x86_64-linux
    /home/cpt1/cpantesting/perl-5.12.2/lib/5.12.2
    .