Report for Tk-Wizard-2.158

Back
From: metabase:user:314402c4-2aae-11df-837a-5e0a49663a4f
Subject: FAIL Tk-Wizard-2.158 v5.22.2 GNU/Linux
Date: 2017-01-30T04:08:58Z

This distribution has been tested as part of the CPAN Testers
project, supporting the Perl programming language.  See
http://wiki.cpantesters.org/ for more information or email
questions to cpan-testers-discuss@perl.org


--
Dear Lee Goddard,

This is a computer-generated report for Tk-Wizard-2.158
on perl 5.22.2, created by CPAN-Reporter-1.2018.

Thank you for uploading your work to CPAN.  However, there was a problem
testing your distribution.

If you think this report is invalid, please consult the CPAN Testers Wiki
for suggestions on how to avoid getting FAIL reports for missing library
or binary dependencies, unsupported operating systems, and so on:

http://wiki.cpantesters.org/wiki/CPANAuthorNotes

Sections of this report:

    * Tester comments
    * Program output
    * Prerequisites
    * Environment and other context

------------------------------
TESTER COMMENTS
------------------------------

Additional comments from tester:

none provided

------------------------------
PROGRAM OUTPUT
------------------------------

Output from '/usr/bin/make test':

PERL_DL_NONLAZY=1 "/opt/perl-5.22.2/bin/perl5.22.2" "-MExtUtils::Command::MM" "-MTest::Harness" "-e" "undef *Test::Harness::Switches; test_harness(0, 'inc', 'blib/lib', 'blib/arch')" t/*.t
t/001_MANIFEST.t ......... ok
t/020_pod.t .............. ok
t/021_pod-coverage.t ..... ok
t/040_Import.t ........... ok
t/040_Import_default.t ... ok
t/042_Import_none.t ...... ok
t/044_Import_one.t ....... ok
t/045_Import_one_list.t .. ok
t/045_Import_one_ref.t ... ok
t/050_Wizard.t ........... ok
t/055_Pages.t ............ ok
t/060_e.t ................ ok
t/110_warnings.t ......... ok
Unknown warnings category 'Tk::Wizard' at t/112_AutoDestroy.t line 51.
BEGIN failed--compilation aborted at t/112_AutoDestroy.t line 51.
t/112_AutoDestroy.t ...... 
Dubious, test returned 2 (wstat 512, 0x200)
No subtests run 
t/120_bad_arg.t .......... skipped: No longer used
t/122_skip.t ............. ok
t/130_pb.t ............... ok
t/140_Win32.t ............ skipped: You are not Windows, you lucky box
t/150_Installer.t ........ ok
t/152_Licence.t .......... ok
# TEST: _uninstall_db_path = /home/cpansand/.cpan/build/2017013003/Tk-Wizard-2.158-0/t/tmp/uninstall.db
t/155_Uninstaller.t ...... ok
t/160_textbox.t .......... ok
t/165_fonts.t ............ 
Failed 28/30 subtests 
t/166_single.t ........... ok
t/170_TopLevel.t ......... ok
Subroutine Tk::Wizard::MainLoop redefined at /opt/perl-5.22.2/lib/site_perl/5.22.2/Exporter.pm line 66.
 at t/177_dirselect.t line 25.
t/177_dirselect.t ........ ok
Subroutine Tk::Wizard::MainLoop redefined at /opt/perl-5.22.2/lib/site_perl/5.22.2/Exporter.pm line 66.
 at (eval 8) line 1.
t/199_prepost.t .......... ok
t/200_tasklist.t ......... ok

#   Failed test 'use Tk::Wizard;'
#   at t/210_images.t line 36.
#     Tried to use 'Tk::Wizard'.
#     Error:  Tk::Wizard version 2.1 required--this is only version 2.086 at t/210_images.t line 36.
# BEGIN failed--compilation aborted at t/210_images.t line 36.
# Looks like you failed 1 test of 12.
t/210_images.t ........... 
Dubious, test returned 1 (wstat 256, 0x100)
Failed 1/12 subtests 
t/300_next.t ............. ok

Test Summary Report
-------------------
t/112_AutoDestroy.t    (Wstat: 512 Tests: 0 Failed: 0)
  Non-zero exit status: 2
  Parse errors: No plan found in TAP output
t/165_fonts.t          (Wstat: 11 Tests: 2 Failed: 0)
  Non-zero wait status: 11
  Parse errors: Bad plan.  You planned 30 tests but ran 2.
t/210_images.t         (Wstat: 256 Tests: 12 Failed: 1)
  Failed test:  1
  Non-zero exit status: 1
Files=30, Tests=297, 50 wallclock secs ( 0.16 usr  0.07 sys +  7.46 cusr  1.29 csys =  8.98 CPU)
Result: FAIL
Failed 3/30 test programs. 1/297 subtests failed.
Makefile:802: recipe for target 'test_dynamic' failed
make: *** [test_dynamic] Error 255

------------------------------
PREREQUISITES
------------------------------

Prerequisite modules loaded:

requires:

    Module                        Need Have    
    ----------------------------- ---- --------
    Carp                          0    1.38    
    Cwd                           0    3.62    
    ExtUtils::testlib             0    7.24    
    File::Copy                    0    2.30    
    File::Path                    0    2.12    
    File::Spec                    0    3.62    
    FileHandle                    0    2.02    
    IO::Capture::Stderr::Extended 0    0       
    IO::Handle                    0    1.35    
    LWP::UserAgent                0    6.16    
    Scalar::Util                  0    1.47    
    Test::More                    0    1.302075
    Tk                            0    804.033 
    Tk::After                     0    4.008   
    Tk::DialogBox                 0    4.016   
    Tk::DirTree                   0    4.022   
    Tk::ErrorDialog               0    4.008   
    Tk::Frame                     0    4.010   
    Tk::LabFrame                  0    4.010   
    Tk::MainWindow                0    4.015   
    Tk::ProgressBar               0    4.015   
    Tk::ROText                    0    4.011   

build_requires:

    Module                        Need Have    
    ----------------------------- ---- --------
    ExtUtils::MakeMaker           0    7.24    

opt_requires:

    Module                        Need Have    
    ----------------------------- ---- --------
    HTTP::Request                 0    6.11    
    LWP::UserAgent                0    6.16    


------------------------------
ENVIRONMENT AND OTHER CONTEXT
------------------------------

Environment variables:

    LANG = en_US.UTF-8
    PATH = /usr/local/bin:/usr/bin:/bin:/usr/local/sbin:/usr/sbin:/sbin:/home/cpansand/bin/linux-gnu:/home/cpansand/bin/sh:/home/cpansand/bin:/usr/games:/home/cpansand/devel:/home/eserte/src/srezic-misc/scripts
    PERL5LIB = 
    PERL5OPT = 
    PERL5_CPANPLUS_IS_RUNNING = 20762
    PERL5_CPAN_IS_RUNNING = 20762
    PERL5_CPAN_IS_RUNNING_IN_RECURSION = 9125,20762
    PERLDOC = -MPod::Perldoc::ToTextOverstrike
    PERL_BATCH = yes
    PERL_CANARY_STABILITY_NOPROMPT = 1
    PERL_CPAN_REPORTER_CONFIG = /var/tmp/cpansmoker-1002/2017012912/cpanreporter_000_config.ini
    PERL_EXTUTILS_AUTOINSTALL = --defaultdeps
    SHELL = /bin/zsh
    TERM = screen
    TMPDIR = /var/tmp/cpansmoker-1002/2017012912

Perl special variables (and OS-specific diagnostics, for MSWin32):

    $^X = /opt/perl-5.22.2/bin/perl5.22.2
    $UID/$EUID = 1002 / 1002
    $GID = 1002 1002
    $EGID = 1002 1002

Perl module toolchain versions installed:

    Module              Have    
    ------------------- --------
    CPAN                2.14    
    CPAN::Meta          2.150010
    Cwd                 3.62    
    ExtUtils::CBuilder  0.280224
    ExtUtils::Command   7.24    
    ExtUtils::Install   2.04    
    ExtUtils::MakeMaker 7.24    
    ExtUtils::Manifest  1.70    
    ExtUtils::ParseXS   3.30    
    File::Spec          3.62    
    JSON                2.90    
    JSON::PP            2.27400 
    Module::Build       0.4220  
    Module::Signature   0.81    
    Parse::CPAN::Meta   2.150010
    Test::Harness       3.35    
    Test::More          1.302075
    YAML                1.21    
    YAML::Syck          1.29    
    version             0.9917  


--

Summary of my perl5 (revision 5 version 22 subversion 2) configuration:
   
  Platform:
    osname=linux, osvers=4.4.0-59-generic, archname=x86_64-linux
    uname='linux prod3.bbbike.org 4.4.0-59-generic #80-ubuntu smp fri jan 6 17:47:47 utc 2017 x86_64 x86_64 x86_64 gnulinux '
    config_args='-ds -e -Dprefix=/opt/perl-5.22.2 -Dcf_email=srezic@cpan.org'
    hint=recommended, useposix=true, d_sigaction=define
    useithreads=undef, usemultiplicity=undef
    use64bitint=define, use64bitall=define, uselongdouble=undef
    usemymalloc=n, bincompat5005=undef
  Compiler:
    cc='cc', ccflags ='-fwrapv -fno-strict-aliasing -pipe -fstack-protector-strong -I/usr/local/include -D_LARGEFILE_SOURCE -D_FILE_OFFSET_BITS=64',
    optimize='-O2',
    cppflags='-fwrapv -fno-strict-aliasing -pipe -fstack-protector-strong -I/usr/local/include'
    ccversion='', gccversion='5.4.0 20160609', gccosandvers=''
    intsize=4, longsize=8, ptrsize=8, doublesize=8, byteorder=12345678, doublekind=3
    d_longlong=define, longlongsize=8, d_longdbl=define, longdblsize=16, longdblkind=3
    ivtype='long', ivsize=8, nvtype='double', nvsize=8, Off_t='off_t', lseeksize=8
    alignbytes=8, prototype=define
  Linker and Libraries:
    ld='cc', ldflags =' -fstack-protector-strong -L/usr/local/lib'
    libpth=/usr/local/lib /usr/lib/gcc/x86_64-linux-gnu/5/include-fixed /usr/include/x86_64-linux-gnu /usr/lib /lib/x86_64-linux-gnu /lib/../lib /usr/lib/x86_64-linux-gnu /usr/lib/../lib /lib
    libs=-lpthread -lnsl -lgdbm -ldb -ldl -lm -lcrypt -lutil -lc -lgdbm_compat
    perllibs=-lpthread -lnsl -ldl -lm -lcrypt -lutil -lc
    libc=libc-2.23.so, so=so, useshrplib=false, libperl=libperl.a
    gnulibc_version='2.23'
  Dynamic Linking:
    dlsrc=dl_dlopen.xs, dlext=so, d_dlsymun=undef, ccdlflags='-Wl,-E'
    cccdlflags='-fPIC', lddlflags='-shared -O2 -L/usr/local/lib -fstack-protector-strong'


Characteristics of this binary (from libperl): 
  Compile-time options: HAS_TIMES PERLIO_LAYERS PERL_DONT_CREATE_GVSV
                        PERL_HASH_FUNC_ONE_AT_A_TIME_HARD PERL_MALLOC_WRAP
                        PERL_NEW_COPY_ON_WRITE PERL_PRESERVE_IVUV
                        USE_64_BIT_ALL USE_64_BIT_INT USE_LARGE_FILES
                        USE_LOCALE USE_LOCALE_COLLATE USE_LOCALE_CTYPE
                        USE_LOCALE_NUMERIC USE_LOCALE_TIME USE_PERLIO
                        USE_PERL_ATOF
  Built under linux
  Compiled at Jan 14 2017 19:54:11
  %ENV:
    PERL5LIB=""
    PERL5OPT=""
    PERL5_CPANPLUS_IS_RUNNING="20762"
    PERL5_CPAN_IS_RUNNING="20762"
    PERL5_CPAN_IS_RUNNING_IN_RECURSION="9125,20762"
    PERLDOC="-MPod::Perldoc::ToTextOverstrike"
    PERL_BATCH="yes"
    PERL_CANARY_STABILITY_NOPROMPT="1"
    PERL_CPAN_REPORTER_CONFIG="/var/tmp/cpansmoker-1002/2017012912/cpanreporter_000_config.ini"
    PERL_EXTUTILS_AUTOINSTALL="--defaultdeps"
  @INC:
    /opt/perl-5.22.2/lib/site_perl/5.22.2/x86_64-linux
    /opt/perl-5.22.2/lib/site_perl/5.22.2
    /opt/perl-5.22.2/lib/5.22.2/x86_64-linux
    /opt/perl-5.22.2/lib/5.22.2
    .