Report for Perl-Tags-0.31

Back
From: metabase:user:314402c4-2aae-11df-837a-5e0a49663a4f
Subject: FAIL Perl-Tags-0.31 v5.20.0 RC1 GNU/Linux
Date: 2014-05-19T06:35:52Z

This distribution has been tested as part of the CPAN Testers
project, supporting the Perl programming language.  See
http://wiki.cpantesters.org/ for more information or email
questions to cpan-testers-discuss@perl.org


--
Dear osfameron,

This is a computer-generated report for Perl-Tags-0.31
on perl 5.20.0, created by CPAN-Reporter-1.2011.

Thank you for uploading your work to CPAN.  However, there was a problem
testing your distribution.

If you think this report is invalid, please consult the CPAN Testers Wiki
for suggestions on how to avoid getting FAIL reports for missing library
or binary dependencies, unsupported operating systems, and so on:

http://wiki.cpantesters.org/wiki/CPANAuthorNotes

Sections of this report:

    * Tester comments
    * Program output
    * Prerequisites
    * Environment and other context

------------------------------
TESTER COMMENTS
------------------------------

Additional comments from tester:

none provided

------------------------------
PROGRAM OUTPUT
------------------------------

Output from '/usr/bin/make test':

PERL_DL_NONLAZY=1 /opt/perl-5.20.0-RC1/bin/perl "-MExtUtils::Command::MM" "-MTest::Harness" "-e" "undef *Test::Harness::Switches; test_harness(0, 'inc', 'blib/lib', 'blib/arch')" t/00-load.t t/01_basic.t t/02_subclass.t t/03_exuberant.t t/04_ppi.t t/05_vim.t t/06_moose.t t/07_hybrid.t t/08_clean_output.t t/09_bin.t t/10_load_fatpacked.t
# Testing Perl::Tags 0.31, Perl 5.020000, /opt/perl-5.20.0-RC1/bin/perl
t/00-load.t ............ ok
t/01_basic.t ........... ok
t/02_subclass.t ........ ok
t/03_exuberant.t ....... ok
t/04_ppi.t ............. ok
t/05_vim.t ............. ok
t/06_moose.t ........... ok
t/07_hybrid.t .......... ok
t/08_clean_output.t .... ok
    
    #   Failed test 'command successful'
    #   at t/09_bin.t line 14.
    
    #   Failed test 'Usage displayed as expected'
    #   at t/09_bin.t line 15.
    #                   ''
    #     doesn't match '(?^:Usage: perl-tags <options>)'
    
    #   Failed test 'No stderr'
    #   at t/09_bin.t line 16.
    #          got: 'Can't locate File/Find/Rule.pm in @INC (@INC contains: /tmpfs/.cpan-build/Perl-Tags-0.31-uWtyf_/bin/../lib /tmpfs/.cpan-build/Perl-Tags-0.31-uWtyf_/inc /tmpfs/.cpan-build/Perl-Tags-0.31-uWtyf_/blib/lib /tmpfs/.cpan-build/Perl-Tags-0.31-uWtyf_/blib/arch /etc/perl /usr/local/lib/perl/5.14.2 /usr/local/share/perl/5.14.2 /usr/lib/perl5 /usr/share/perl5 /usr/lib/perl/5.14 /usr/share/perl/5.14 /usr/local/lib/site_perl .) at /tmpfs/.cpan-build/Perl-Tags-0.31-uWtyf_/bin/../lib/App/Perl/Tags.pm line 8.
    # BEGIN failed--compilation aborted at /tmpfs/.cpan-build/Perl-Tags-0.31-uWtyf_/bin/../lib/App/Perl/Tags.pm line 8.
    # Compilation failed in require at /tmpfs/.cpan-build/Perl-Tags-0.31-uWtyf_/t/../bin/perl-tags line 33.
    # BEGIN failed--compilation aborted at /tmpfs/.cpan-build/Perl-Tags-0.31-uWtyf_/t/../bin/perl-tags line 33.
    # '
    #     expected: ''
    
    #   Failed test 'command successful'
    #   at t/09_bin.t line 21.
    
    #   Failed test 'No stderr'
    #   at t/09_bin.t line 22.
    #          got: 'Can't locate File/Find/Rule.pm in @INC (@INC contains: /tmpfs/.cpan-build/Perl-Tags-0.31-uWtyf_/bin/../lib /tmpfs/.cpan-build/Perl-Tags-0.31-uWtyf_/inc /tmpfs/.cpan-build/Perl-Tags-0.31-uWtyf_/blib/lib /tmpfs/.cpan-build/Perl-Tags-0.31-uWtyf_/blib/arch /etc/perl /usr/local/lib/perl/5.14.2 /usr/local/share/perl/5.14.2 /usr/lib/perl5 /usr/share/perl5 /usr/lib/perl/5.14 /usr/share/perl/5.14 /usr/local/lib/site_perl .) at /tmpfs/.cpan-build/Perl-Tags-0.31-uWtyf_/bin/../lib/App/Perl/Tags.pm line 8.
    # BEGIN failed--compilation aborted at /tmpfs/.cpan-build/Perl-Tags-0.31-uWtyf_/bin/../lib/App/Perl/Tags.pm line 8.
    # Compilation failed in require at /tmpfs/.cpan-build/Perl-Tags-0.31-uWtyf_/t/../bin/perl-tags line 33.
    # BEGIN failed--compilation aborted at /tmpfs/.cpan-build/Perl-Tags-0.31-uWtyf_/t/../bin/perl-tags line 33.
    # '
    #     expected: ''
    
    #   Failed test 'Version command as expected'
    #   at t/09_bin.t line 23.
    #                   ''
    #     doesn't match '(?^:perl-tags v. [0-9.]+ \(Perl Tags v. [0-9.]+\))'
    # Looks like you failed 6 tests of 6.

#   Failed test 'Command line ok'
#   at t/09_bin.t line 24.
    
    #   Failed test 'command successful'
    #   at t/09_bin.t line 62.
    
    #   Failed test 'No stdout'
    #   at t/09_bin.t line 63.
    #          got: 'Can't locate File/Find/Rule.pm in @INC (@INC contains: /tmpfs/.cpan-build/Perl-Tags-0.31-uWtyf_/bin/../lib /tmpfs/.cpan-build/Perl-Tags-0.31-uWtyf_/inc /tmpfs/.cpan-build/Perl-Tags-0.31-uWtyf_/blib/lib /tmpfs/.cpan-build/Perl-Tags-0.31-uWtyf_/blib/arch /etc/perl /usr/local/lib/perl/5.14.2 /usr/local/share/perl/5.14.2 /usr/lib/perl5 /usr/share/perl5 /usr/lib/perl/5.14 /usr/share/perl/5.14 /usr/local/lib/site_perl .) at /tmpfs/.cpan-build/Perl-Tags-0.31-uWtyf_/bin/../lib/App/Perl/Tags.pm line 8.
    # BEGIN failed--compilation aborted at /tmpfs/.cpan-build/Perl-Tags-0.31-uWtyf_/bin/../lib/App/Perl/Tags.pm line 8.
    # Compilation failed in require at /tmpfs/.cpan-build/Perl-Tags-0.31-uWtyf_/t/../bin/perl-tags line 33.
    # BEGIN failed--compilation aborted at /tmpfs/.cpan-build/Perl-Tags-0.31-uWtyf_/t/../bin/perl-tags line 33.
    # '
    #     expected: ''
    
    #   Failed test 'No stderr'
    #   at t/09_bin.t line 64.
    #          got: 'Can't locate File/Find/Rule.pm in @INC (@INC contains: /tmpfs/.cpan-build/Perl-Tags-0.31-uWtyf_/bin/../lib /tmpfs/.cpan-build/Perl-Tags-0.31-uWtyf_/inc /tmpfs/.cpan-build/Perl-Tags-0.31-uWtyf_/blib/lib /tmpfs/.cpan-build/Perl-Tags-0.31-uWtyf_/blib/arch /etc/perl /usr/local/lib/perl/5.14.2 /usr/local/share/perl/5.14.2 /usr/lib/perl5 /usr/share/perl5 /usr/lib/perl/5.14 /usr/share/perl/5.14 /usr/local/lib/site_perl .) at /tmpfs/.cpan-build/Perl-Tags-0.31-uWtyf_/bin/../lib/App/Perl/Tags.pm line 8.
    # BEGIN failed--compilation aborted at /tmpfs/.cpan-build/Perl-Tags-0.31-uWtyf_/bin/../lib/App/Perl/Tags.pm line 8.
    # Compilation failed in require at /tmpfs/.cpan-build/Perl-Tags-0.31-uWtyf_/t/../bin/perl-tags line 33.
    # BEGIN failed--compilation aborted at /tmpfs/.cpan-build/Perl-Tags-0.31-uWtyf_/t/../bin/perl-tags line 33.
    # '
    #     expected: ''
Can't call method "getlines" on an undefined value at t/09_bin.t line 119.
    # Child (check -no-vars options) exited without calling finalize()

#   Failed test 'check -no-vars options'
#   at /opt/perl-5.20.0-RC1/lib/site_perl/5.20.0/Test/Builder.pm line 276.
# Tests were run but no plan was declared and done_testing() was not seen.
# Looks like your test exited with 2 just after 3.
t/09_bin.t ............. 
Dubious, test returned 2 (wstat 512, 0x200)
Failed 2/3 subtests 
t/10_load_fatpacked.t .. ok

Test Summary Report
-------------------
t/09_bin.t           (Wstat: 512 Tests: 3 Failed: 2)
  Failed tests:  1, 3
  Non-zero exit status: 2
  Parse errors: No plan found in TAP output
Files=11, Tests=65,  1 wallclock secs ( 0.04 usr  0.05 sys +  0.56 cusr  0.20 csys =  0.85 CPU)
Result: FAIL
Failed 1/11 test programs. 2/65 subtests failed.
make: *** [test_dynamic] Fehler 255

------------------------------
PREREQUISITES
------------------------------

Prerequisite modules loaded:

requires:

    Module              Need Have    
    ------------------- ---- --------
    Capture::Tiny       0    0.24    
    Data::Dumper        0    2.151   
    File::Find::Rule    0    0.33    
    File::Spec          0    3.47    
    File::Temp          0    0.2304  
    Module::Locate      0    1.79    
    parent              0    0.228   
    Path::Tiny          0    0.054   
    Test::Builder       0.42 1.001003
    Test::Exception     0    0.32    
    Test::LongString    0    0.15    
    Test::More          0.42 1.001003
    Test::Strict        0    0.23    

build_requires:

    Module              Need Have    
    ------------------- ---- --------
    Capture::Tiny       0    0.24    
    Data::Dumper        0    2.151   
    ExtUtils::MakeMaker 6.36 6.98    
    Test::Builder       0.42 1.001003
    Test::Exception     0    0.32    
    Test::LongString    0    0.15    
    Test::More          0.42 1.001003
    Test::Strict        0    0.23    

configure_requires:

    Module              Need Have    
    ------------------- ---- --------
    ExtUtils::MakeMaker 6.36 6.98    


------------------------------
ENVIRONMENT AND OTHER CONTEXT
------------------------------

Environment variables:

    DBIC_NO_WARN_BAD_PERL = 1
    LANG = C
    LC_ALL = de_DE.UTF-8
    PATH = /usr/local/bin:/usr/bin:/bin:/usr/local/sbin:/usr/sbin:/sbin:/home/eserte/bin/linux-gnu:/home/eserte/bin/sh:/home/eserte/bin:/usr/games:/home/eserte/devel:/home/eserte/src/srezic-misc/scripts
    PERL5LIB = 
    PERL5OPT = 
    PERL5_CPANPLUS_IS_RUNNING = 6161
    PERL5_CPAN_IS_RUNNING = 6161
    PERL5_CPAN_IS_RUNNING_IN_RECURSION = 6016,6161
    PERLDOC = -MPod::Perldoc::ToTextOverstrike
    PERL_BATCH = yes
    PERL_CPAN_REPORTER_CONFIG = /var/tmp/cpansmoker-1001/Kp2o63ESHS_config.ini
    PERL_EXTUTILS_AUTOINSTALL = --defaultdeps
    PERL_HTML_DISPLAY_CLASS = HTML::Display::Mozilla
    PERL_PARALLEL_SMOKER = yes
    SHELL = /bin/zsh
    TERM = screen
    TMPDIR = /var/tmp/cpansmoker-1001

Perl special variables (and OS-specific diagnostics, for MSWin32):

    $^X = /opt/perl-5.20.0-RC1/bin/perl
    $UID/$EUID = 1001 / 1001
    $GID = 1001 109 1001
    $EGID = 1001 109 1001

Perl module toolchain versions installed:

    Module              Have    
    ------------------- --------
    CPAN                2.05    
    CPAN::Meta          2.141170
    Cwd                 3.47    
    ExtUtils::CBuilder  0.280216
    ExtUtils::Command   1.18    
    ExtUtils::Install   1.67    
    ExtUtils::MakeMaker 6.98    
    ExtUtils::Manifest  1.63    
    ExtUtils::ParseXS   3.24    
    File::Spec          3.47    
    JSON                2.90    
    JSON::PP            2.27203 
    Module::Build       0.4205  
    Module::Signature   0.73    
    Parse::CPAN::Meta   1.4414  
    Test::Harness       3.30    
    Test::More          1.001003
    YAML                0.90    
    YAML::Syck          1.27    
    version             0.9908  


--

Summary of my perl5 (revision 5 version 20 subversion 0) configuration:
   
  Platform:
    osname=linux, osvers=3.2.0-4-amd64, archname=x86_64-linux
    uname='linux eserte 3.2.0-4-amd64 #1 smp debian 3.2.57-3 x86_64 gnulinux '
    config_args='-ds -e -Dprefix=/opt/perl-5.20.0-RC1'
    hint=previous, useposix=true, d_sigaction=define
    useithreads=undef, usemultiplicity=undef
    use64bitint=define, use64bitall=define, uselongdouble=undef
    usemymalloc=n, bincompat5005=undef
  Compiler:
    cc='cc', ccflags ='-fwrapv -fno-strict-aliasing -pipe -fstack-protector -I/usr/local/include -D_LARGEFILE_SOURCE -D_FILE_OFFSET_BITS=64',
    optimize='-O2',
    cppflags='-fwrapv -fno-strict-aliasing -pipe -fstack-protector -I/usr/local/include -fwrapv -fno-strict-aliasing -pipe -fstack-protector -I/usr/local/include -D_LARGEFILE_SOURCE -D_FILE_OFFSET_BITS=64'
    ccversion='', gccversion='4.7.2', gccosandvers=''
    intsize=4, longsize=8, ptrsize=8, doublesize=8, byteorder=12345678
    d_longlong=define, longlongsize=8, d_longdbl=define, longdblsize=16
    ivtype='long', ivsize=8, nvtype='double', nvsize=8, Off_t='off_t', lseeksize=8
    alignbytes=8, prototype=define
  Linker and Libraries:
    ld='cc', ldflags =' -fstack-protector -L/usr/local/lib'
    libpth=/usr/local/lib /usr/lib/gcc/x86_64-linux-gnu/4.7/include-fixed /usr/include/x86_64-linux-gnu /usr/lib /lib/x86_64-linux-gnu /lib/../lib /usr/lib/x86_64-linux-gnu /usr/lib/../lib /lib /usr/local/lib /usr/lib/gcc/x86_64-linux-gnu/4.7/include-fixed /usr/include/x86_64-linux-gnu /usr/lib
    libs=-lnsl -ldb -ldl -lm -lcrypt -lutil -lc
    perllibs=-lnsl -ldl -lm -lcrypt -lutil -lc
    libc=libc-2.13.so, so=so, useshrplib=false, libperl=libperl.a
    gnulibc_version='2.13'
  Dynamic Linking:
    dlsrc=dl_dlopen.xs, dlext=so, d_dlsymun=undef, ccdlflags='-Wl,-E'
    cccdlflags='-fPIC', lddlflags='-shared -O2 -L/usr/local/lib -fstack-protector'


Characteristics of this binary (from libperl): 
  Compile-time options: HAS_TIMES PERLIO_LAYERS PERL_DONT_CREATE_GVSV
                        PERL_HASH_FUNC_ONE_AT_A_TIME_HARD PERL_MALLOC_WRAP
                        PERL_NEW_COPY_ON_WRITE PERL_PRESERVE_IVUV
                        USE_64_BIT_ALL USE_64_BIT_INT USE_LARGE_FILES
                        USE_LOCALE USE_LOCALE_COLLATE USE_LOCALE_CTYPE
                        USE_LOCALE_NUMERIC USE_PERLIO USE_PERL_ATOF
  Locally applied patches:
	RC1
  Built under linux
  Compiled at May 17 2014 08:51:28
  %ENV:
    PERL5LIB=""
    PERL5OPT=""
    PERL5_CPANPLUS_IS_RUNNING="6161"
    PERL5_CPAN_IS_RUNNING="6161"
    PERL5_CPAN_IS_RUNNING_IN_RECURSION="6016,6161"
    PERLDOC="-MPod::Perldoc::ToTextOverstrike"
    PERL_BATCH="yes"
    PERL_CPAN_REPORTER_CONFIG="/var/tmp/cpansmoker-1001/Kp2o63ESHS_config.ini"
    PERL_EXTUTILS_AUTOINSTALL="--defaultdeps"
    PERL_HTML_DISPLAY_CLASS="HTML::Display::Mozilla"
    PERL_PARALLEL_SMOKER="yes"
  @INC:
    /opt/perl-5.20.0-RC1/lib/site_perl/5.20.0/x86_64-linux
    /opt/perl-5.20.0-RC1/lib/site_perl/5.20.0
    /opt/perl-5.20.0-RC1/lib/5.20.0/x86_64-linux
    /opt/perl-5.20.0-RC1/lib/5.20.0
    .