Report for DBICx-Modeler-Generator-0.02

Back
From: metabase:user:314402c4-2aae-11df-837a-5e0a49663a4f
Subject: FAIL DBICx-Modeler-Generator-0.02 v5.15.9 GNU/Linux
Date: 2012-04-13T06:20:53Z

This distribution has been tested as part of the CPAN Testers
project, supporting the Perl programming language.  See
http://wiki.cpantesters.org/ for more information or email
questions to cpan-testers-discuss@perl.org


--
Dear Moriya Masaki,

This is a computer-generated report for DBICx-Modeler-Generator-0.02
on perl 5.15.9, created by CPAN-Reporter-1.2006.

Thank you for uploading your work to CPAN.  However, there was a problem
testing your distribution.

If you think this report is invalid, please consult the CPAN Testers Wiki
for suggestions on how to avoid getting FAIL reports for missing library
or binary dependencies, unsupported operating systems, and so on:

http://wiki.cpantesters.org/wiki/CPANAuthorNotes

Sections of this report:

    * Tester comments
    * Program output
    * Prerequisites
    * Environment and other context

------------------------------
TESTER COMMENTS
------------------------------

Additional comments from tester:

none provided

------------------------------
PROGRAM OUTPUT
------------------------------

Output from '/usr/bin/make test':

PERL_DL_NONLAZY=1 /bbbike/ctps/5159linux/install/perl-v5.15.9-123-gbd9cbc4/bin/perl "-MExtUtils::Command::MM" "-e" "test_harness(0, 'inc', 'blib/lib', 'blib/arch')" t/*.t
Can't exec "sqlite3": No such file or directory at t/lib/Test/DBICx/Modeler/Generator/SQLite.pm line 59.
t/00_sqlite_manual.t ...... ok
Can't exec "sqlite3": No such file or directory at t/lib/Test/DBICx/Modeler/Generator/SQLite.pm line 59.
t/01_sqlite_longname.t .... ok
Can't exec "sqlite3": No such file or directory at t/lib/Test/DBICx/Modeler/Generator/SQLite.pm line 59.
t/02_sqlite_shortname.t ... ok
Can't exec "sqlite3": No such file or directory at t/lib/Test/DBICx/Modeler/Generator/SQLite.pm line 59.

#   Failed test 'startup died (An error occurred while attempting to expand for /DBICx/Modeler/Generator: An error occurred while attempting to expand for /DBICx/Modeler/Generator/Schema: An error occurred while attempting to expand for /DBICx/Modeler/Generator/Driver: Attribute (bin) does not pass the type constraint because: Validation failed for 'Str' with value Orochi::Injection::BindValue{ bind_to: [ "/DBICx/Modeler/Generator/Driver/bin" ] } at constructor DBICx::Modeler::Generator::Driver::SQLite::new (defined at /bbbike/cpan/build/DBICx-Modeler-Generator-0.02-c69Giu/blib/lib/DBICx/Modeler/Generator/Driver/SQLite.pm line 148) line 13.
# 	DBICx::Modeler::Generator::Driver::SQLite::new('DBICx::Modeler::Generator::Driver::SQLite', 'database', 'Orochi::Injection::BindValue=HASH(0x30580c0)', 'extension', 'Orochi::Injection::BindValue=HASH(0x3057e20)', 'tree', 'Orochi::Injection::BindValue=HASH(0x30671e0)', 'dsn', 'Orochi::Injection::BindValue=HASH(0x30861e8)', 'bin', 'Orochi::Injection::BindValue=HASH(0x303ad98)', 'path', 'Orochi::Injection::BindValue=HASH(0x3056210)', 'dbd', 'Orochi::Injection::BindValue=HASH(0x30a3268)') called at /home/eserte/var/ctps/5159linux/install/perl-v5.15.9-123-gbd9cbc4/lib/site_perl/5.15.9/Orochi/Injection/Constructor.pm line 62
# 	Orochi::Injection::Constructor::construct_object('Orochi::Injection::Constructor=HASH(0x2efe4c0)', 'Orochi=HASH(0x28ca410)', 'ARRAY(0x330a8d8)') called at /home/eserte/var/ctps/5159linux/install/perl-v5.15.9-123-gbd9cbc4/lib/site_perl/5.15.9/Orochi/Injection/Constructor.pm line 50
# 	Orochi::Injection::Constructor::expand('Orochi::Injection::Constructor=HASH(0x2efe4c0)', 'Orochi=HASH(0x28ca410)') called at /home/eserte/var/ctps/5159linux/install/perl-v5.15.9-123-gbd9cbc4/lib/site_perl/5.15.9/Orochi.pm line 88
# 	eval {...} called at /home/eserte/var/ctps/5159linux/install/perl-v5.15.9-123-gbd9cbc4/lib/site_perl/5.15.9/Orochi.pm line 87
# 	Orochi::get('Orochi=HASH(0x28ca410)', '/DBICx/Modeler/Generator/Driver') called at /home/eserte/var/ctps/5159linux/install/perl-v5.15.9-123-gbd9cbc4/lib/site_perl/5.15.9/Orochi/Injection/BindValue.pm line 37
# 	Orochi::Injection::BindValue::expand('Orochi::Injection::BindValue=HASH(0x31dfcc0)', 'Orochi=HASH(0x28ca410)') called at /home/eserte/var/ctps/5159linux/install/perl-v5.15.9-123-gbd9cbc4/lib/site_perl/5.15.9/Orochi.pm line 52
# 	Orochi::__ANON__('Data::Visitor::Callback=HASH(0x32e7848)', 'Orochi::Injection::BindValue=HASH(0x31dfcc0)') called at /home/eserte/var/ctps/5159linux/install/perl-v5.15.9-123-gbd9cbc4/lib/site_perl/5.15.9/Data/Visitor/Callback.pm line 256
# 	Data::Visitor::Callback::callback('Data::Visitor::Callback=HASH(0x32e7848)', 'object_final', 'Orochi::Injection::BindValue=HASH(0x31dfcc0)') called at /home/eserte/var/ctps/5159linux/install/perl-v5.15.9-123-gbd9cbc4/lib/site_perl/5.15.9/Data/Visitor/Callback.pm line 267
# 	Data::Visitor::Callback::callback_and_reg('Data::Visitor::Callback=HASH(0x32e7848)', 'object_final', 'Orochi::Injection::BindValue=HASH(0x31dfcc0)') called at /home/eserte/var/ctps/5159linux/install/perl-v5.15.9-123-gbd9cbc4/lib/site_perl/5.15.9/Data/Visitor/Callback.pm line 165
# 	Data::Visitor::Callback::visit_object('Data::Visitor::Callback=HASH(0x32e7848)', 'Orochi::Injection::BindValue=HASH(0x31dfcc0)') called at /home/eserte/var/ctps/5159linux/install/perl-v5.15.9-123-gbd9cbc4/lib/site_perl/5.15.9/Data/Visitor.pm line 110
# 	Data::Visitor::visit_no_rec_check('Data::Visitor::Callback=HASH(0x32e7848)', 'Orochi::Injection::BindValue=HASH(0x31dfcc0)') called at /home/eserte/var/ctps/5159linux/install/perl-v5.15.9-123-gbd9cbc4/lib/site_perl/5.15.9/Data/Visitor.pm line 80
# 	Data::Visitor::visit('Data::Visitor::Callback=HASH(0x32e7848)', 'Orochi::Injection::BindValue=HASH(0x31dfcc0)') called at /home/eserte/var/ctps/5159linux/install/perl-v5.15.9-123-gbd9cbc4/lib/site_perl/5.15.9/Data/Visitor/Callback.pm line 99
# 	Data::Visitor::Callback::visit('Data::Visitor::Callback=HASH(0x32e7848)', 'Orochi::Injection::BindValue=HASH(0x31dfcc0)') called at /home/eserte/var/ctps/5159linux/install/perl-v5.15.9-123-gbd9cbc4/lib/site_perl/5.15.9/Data/Visitor.pm line 302
# 	Data::Visitor::visit_array_entry('Data::Visitor::Callback=HASH(0x32e7848)', 'Orochi::Injection::BindValue=HASH(0x31dfcc0)', 9, 'ARRAY(0x330d8c0)') called at /home/eserte/var/ctps/5159linux/install/perl-v5.15.9-123-gbd9cbc4/lib/site_perl/5.15.9/Data/Visitor.pm line 296
# 	Data::Visitor::visit_array_entries('Data::Visitor::Callback=HASH(0x32e7848)', 'ARRAY(0x330d8c0)') called at /home/eserte/var/ctps/5159linux/install/perl-v5.15.9-123-gbd9cbc4/lib/site_perl/5.15.9/Data/Visitor.pm line 257
# 	Data::Visitor::visit_normal_array('Data::Visitor::Callback=HASH(0x32e7848)', 'ARRAY(0x330d8c0)') called at /home/eserte/var/ctps/5159linux/install/perl-v5.15.9-123-gbd9cbc4/lib/site_perl/5.15.9/Data/Visitor.pm line 246
# 	Data::Visitor::visit_array('Data::Visitor::Callback=HASH(0x32e7848)', 'ARRAY(0x330d8c0)') called at (eval 330) line 6
# 	Data::Visitor::Callback::visit_array('Data::Visitor::Callback=HASH(0x32e7848)', 'ARRAY(0x330d8c0)') called at /home/eserte/var/ctps/5159linux/install/perl-v5.15.9-123-gbd9cbc4/lib/site_perl/5.15.9/Data/Visitor.pm line 145
# 	Data::Visitor::visit_ref('Data::Visitor::Callback=HASH(0x32e7848)', 'ARRAY(0x330d8c0)') called at /home/eserte/var/ctps/5159linux/install/perl-v5.15.9-123-gbd9cbc4/lib/site_perl/5.15.9/Data/Visitor/Callback.pm line 118
# 	Data::Visitor::Callback::visit_ref('Data::Visitor::Callback=HASH(0x32e7848)', 'ARRAY(0x330d8c0)') called at /home/eserte/var/ctps/5159linux/install/perl-v5.15.9-123-gbd9cbc4/lib/site_perl/5.15.9/Data/Visitor.pm line 110
# 	Data::Visitor::visit_no_rec_check('Data::Visitor::Callback=HASH(0x32e7848)', 'ARRAY(0x330d8c0)') called at /home/eserte/var/ctps/5159linux/install/perl-v5.15.9-123-gbd9cbc4/lib/site_perl/5.15.9/Data/Visitor.pm line 83
# 	Data::Visitor::visit('Data::Visitor::Callback=HASH(0x32e7848)', 'ARRAY(0x330d8c0)') called at /home/eserte/var/ctps/5159linux/install/perl-v5.15.9-123-gbd9cbc4/lib/site_perl/5.15.9/Data/Visitor/Callback.pm line 102
# 	Data::Visitor::Callback::visit('Data::Visitor::Callback=HASH(0x32e7848)', 'ARRAY(0x330d8c0)') called at /home/eserte/var/ctps/5159linux/install/perl-v5.15.9-123-gbd9cbc4/lib/site_perl/5.15.9/Orochi/Injection.pm line 10
# 	Orochi::Injection::expand_all_injections('Orochi::Injection::Constructor=HASH(0x2e94a88)', 'Orochi=HASH(0x28ca410)', 'ARRAY(0x330d8c0)') called at /home/eserte/var/ctps/5159linux/install/perl-v5.15.9-123-gbd9cbc4/lib/site_perl/5.15.9/Orochi/Injection/Constructor.pm line 96
# 	Orochi::Injection::Constructor::mangle_args('Orochi::Injection::Constructor=HASH(0x2e94a88)', 'Orochi=HASH(0x28ca410)') called at /home/eserte/var/ctps/5159linux/install/perl-v5.15.9-123-gbd9cbc4/lib/site_perl/5.15.9/Orochi/Injection/Constructor.pm line 43
# 	Orochi::Injection::Constructor::expand('Orochi::Injection::Constructor=HASH(0x2e94a88)', 'Orochi=HASH(0x28ca410)') called at /home/eserte/var/ctps/5159linux/install/perl-v5.15.9-123-gbd9cbc4/lib/site_perl/5.15.9/Orochi.pm line 88
# 	eval {...} called at /home/eserte/var/ctps/5159linux/install/perl-v5.15.9-123-gbd9cbc4/lib/site_perl/5.15.9/Orochi.pm line 87
# 	Orochi::get('Orochi=HASH(0x28ca410)', '/DBICx/Modeler/Generator/Schema') called at /home/eserte/var/ctps/5159linux/install/perl-v5.15.9-123-gbd9cbc4/lib/site_perl/5.15.9/Orochi/Injection/BindValue.pm line 37
# 	Orochi::Injection::BindValue::expand('Orochi::Injection::BindValue=HASH(0x30d1370)', 'Orochi=HASH(0x28ca410)') called at /home/eserte/var/ctps/5159linux/install/perl-v5.15.9-123-gbd9cbc4/lib/site_perl/5.15.9/Orochi.pm line 52
# 	Orochi::__ANON__('Data::Visitor::Callback=HASH(0x32e7848)', 'Orochi::Injection::BindValue=HASH(0x30d1370)') called at /home/eserte/var/ctps/5159linux/install/perl-v5.15.9-123-gbd9cbc4/lib/site_perl/5.15.9/Data/Visitor/Callback.pm line 256
# 	Data::Visitor::Callback::callback('Data::Visitor::Callback=HASH(0x32e7848)', 'object_final', 'Orochi::Injection::BindValue=HASH(0x30d1370)') called at /home/eserte/var/ctps/5159linux/install/perl-v5.15.9-123-gbd9cbc4/lib/site_perl/5.15.9/Data/Visitor/Callback.pm line 267
# 	Data::Visitor::Callback::callback_and_reg('Data::Visitor::Callback=HASH(0x32e7848)', 'object_final', 'Orochi::Injection::BindValue=HASH(0x30d1370)') called at /home/eserte/var/ctps/5159linux/install/perl-v5.15.9-123-gbd9cbc4/lib/site_perl/5.15.9/Data/Visitor/Callback.pm line 165
# 	Data::Visitor::Callback::visit_object('Data::Visitor::Callback=HASH(0x32e7848)', 'Orochi::Injection::BindValue=HASH(0x30d1370)') called at /home/eserte/var/ctps/5159linux/install/perl-v5.15.9-123-gbd9cbc4/lib/site_perl/5.15.9/Data/Visitor.pm line 110
# 	Data::Visitor::visit_no_rec_check('Data::Visitor::Callback=HASH(0x32e7848)', 'Orochi::Injection::BindValue=HASH(0x30d1370)') called at /home/eserte/var/ctps/5159linux/install/perl-v5.15.9-123-gbd9cbc4/lib/site_perl/5.15.9/Data/Visitor.pm line 80
# 	Data::Visitor::visit('Data::Visitor::Callback=HASH(0x32e7848)', 'Orochi::Injection::BindValue=HASH(0x30d1370)') called at /home/eserte/var/ctps/5159linux/install/perl-v5.15.9-123-gbd9cbc4/lib/site_perl/5.15.9/Data/Visitor/Callback.pm line 99
# 	Data::Visitor::Callback::visit('Data::Visitor::Callback=HASH(0x32e7848)', 'Orochi::Injection::BindValue=HASH(0x30d1370)') called at /home/eserte/var/ctps/5159linux/install/perl-v5.15.9-123-gbd9cbc4/lib/site_perl/5.15.9/Data/Visitor.pm line 302
# 	Data::Visitor::visit_array_entry('Data::Visitor::Callback=HASH(0x32e7848)', 'Orochi::Injection::BindValue=HASH(0x30d1370)', 7, 'ARRAY(0x28ca500)') called at /home/eserte/var/ctps/5159linux/install/perl-v5.15.9-123-gbd9cbc4/lib/site_perl/5.15.9/Data/Visitor.pm line 296
# 	Data::Visitor::visit_array_entries('Data::Visitor::Callback=HASH(0x32e7848)', 'ARRAY(0x28ca500)') called at /home/eserte/var/ctps/5159linux/install/perl-v5.15.9-123-gbd9cbc4/lib/site_perl/5.15.9/Data/Visitor.pm line 257
# 	Data::Visitor::visit_normal_array('Data::Visitor::Callback=HASH(0x32e7848)', 'ARRAY(0x28ca500)') called at /home/eserte/var/ctps/5159linux/install/perl-v5.15.9-123-gbd9cbc4/lib/site_perl/5.15.9/Data/Visitor.pm line 246
# 	Data::Visitor::visit_array('Data::Visitor::Callback=HASH(0x32e7848)', 'ARRAY(0x28ca500)') called at (eval 330) line 6
# 	Data::Visitor::Callback::visit_array('Data::Visitor::Callback=HASH(0x32e7848)', 'ARRAY(0x28ca500)') called at /home/eserte/var/ctps/5159linux/install/perl-v5.15.9-123-gbd9cbc4/lib/site_perl/5.15.9/Data/Visitor.pm line 145
# 	Data::Visitor::visit_ref('Data::Visitor::Callback=HASH(0x32e7848)', 'ARRAY(0x28ca500)') called at /home/eserte/var/ctps/5159linux/install/perl-v5.15.9-123-gbd9cbc4/lib/site_perl/5.15.9/Data/Visitor/Callback.pm line 118
# 	Data::Visitor::Callback::visit_ref('Data::Visitor::Callback=HASH(0x32e7848)', 'ARRAY(0x28ca500)') called at /home/eserte/var/ctps/5159linux/install/perl-v5.15.9-123-gbd9cbc4/lib/site_perl/5.15.9/Data/Visitor.pm line 110
# 	Data::Visitor::visit_no_rec_check('Data::Visitor::Callback=HASH(0x32e7848)', 'ARRAY(0x28ca500)') called at /home/eserte/var/ctps/5159linux/install/perl-v5.15.9-123-gbd9cbc4/lib/site_perl/5.15.9/Data/Visitor.pm line 83
# 	Data::Visitor::visit('Data::Visitor::Callback=HASH(0x32e7848)', 'ARRAY(0x28ca500)') called at /home/eserte/var/ctps/5159linux/install/perl-v5.15.9-123-gbd9cbc4/lib/site_perl/5.15.9/Data/Visitor/Callback.pm line 102
# 	Data::Visitor::Callback::visit('Data::Visitor::Callback=HASH(0x32e7848)', 'ARRAY(0x28ca500)') called at /home/eserte/var/ctps/5159linux/install/perl-v5.15.9-123-gbd9cbc4/lib/site_perl/5.15.9/Orochi/Injection.pm line 10
# 	Orochi::Injection::expand_all_injections('Orochi::Injection::Constructor=HASH(0x2d1b1b0)', 'Orochi=HASH(0x28ca410)', 'ARRAY(0x28ca500)') called at /home/eserte/var/ctps/5159linux/install/perl-v5.15.9-123-gbd9cbc4/lib/site_perl/5.15.9/Orochi/Injection/Constructor.pm line 96
# 	Orochi::Injection::Constructor::mangle_args('Orochi::Injection::Constructor=HASH(0x2d1b1b0)', 'Orochi=HASH(0x28ca410)') called at /home/eserte/var/ctps/5159linux/install/perl-v5.15.9-123-gbd9cbc4/lib/site_perl/5.15.9/Orochi/Injection/Constructor.pm line 43
# 	Orochi::Injection::Constructor::expand('Orochi::Injection::Constructor=HASH(0x2d1b1b0)', 'Orochi=HASH(0x28ca410)') called at /home/eserte/var/ctps/5159linux/install/perl-v5.15.9-123-gbd9cbc4/lib/site_perl/5.15.9/Orochi.pm line 88
# 	eval {...} called at /home/eserte/var/ctps/5159linux/install/perl-v5.15.9-123-gbd9cbc4/lib/site_perl/5.15.9/Orochi.pm line 87
# 	Orochi::get('Orochi=HASH(0x28ca410)', '/DBICx/Modeler/Generator') called at /bbbike/cpan/build/DBICx-Modeler-Generator-0.02-c69Giu/blib/lib/DBICx/Modeler/Generator/CLI.pm line 208
# 	DBICx::Modeler::Generator::CLI::_build_generator('DBICx::Modeler::Generator::CLI=HASH(0x26705e0)') called at reader DBICx::Modeler::Generator::CLI::generator (defined at /bbbike/cpan/build/DBICx-Modeler-Generator-0.02-c69Giu/blib/lib/DBICx/Modeler/Generator/CLI.pm line 159) line 7
# 	DBICx::Modeler::Generator::CLI::generator('DBICx::Modeler::Generator::CLI=HASH(0x26705e0)') called at t/lib/Test/DBICx/Modeler/Generator/CLI.pm line 59
# 	Test::DBICx::Modeler::Generator::CLI::_get_generator('Test::DBICx::Modeler::Generator::CLI::SQLite=HASH(0x26531d0)') called at t/lib/Test/DBICx/Modeler/Generator.pm line 44
# 	Test::DBICx::Modeler::Generator::startup('Test::DBICx::Modeler::Generator::CLI::SQLite=HASH(0x26531d0)') called at /bbbike/cpan/build/DBICx-Modeler-Generator-0.02-c69Giu/inc/Test/Class.pm line 257
# 	eval {...} called at /bbbike/cpan/build/DBICx-Modeler-Generator-0.02-c69Giu/inc/Test/Class.pm line 257
# 	Test::Class::_run_method('Test::DBICx::Modeler::Generator::CLI::SQLite=HASH(0x26531d0)', 'startup', 'ARRAY(0x22a6e58)') called at /bbbike/cpan/build/DBICx-Modeler-Generator-0.02-c69Giu/inc/Test/Class.pm line 337
# 	Test::Class::runtests('Test::DBICx::Modeler::Generator::CLI::SQLite') called at t/03_sqlite_configfile.t line 13)'
#   at t/03_sqlite_configfile.t line 13.
#   (in Test::DBICx::Modeler::Generator::CLI::SQLite->startup)
# Looks like you failed 1 test of 1.
t/03_sqlite_configfile.t .. 
Dubious, test returned 1 (wstat 256, 0x100)
Failed 1/1 subtests 
Can't exec "mysql": No such file or directory at t/lib/Test/DBICx/Modeler/Generator/MySQL.pm line 40.
t/10_mysql_manual.t ....... ok
Can't exec "mysql": No such file or directory at t/lib/Test/DBICx/Modeler/Generator/MySQL.pm line 40.
t/11_mysql_longname.t ..... ok
Can't exec "mysql": No such file or directory at t/lib/Test/DBICx/Modeler/Generator/MySQL.pm line 40.
t/12_mysql_shortname.t .... ok
Can't exec "mysql": No such file or directory at t/lib/Test/DBICx/Modeler/Generator/MySQL.pm line 40.
t/13_mysql_configfile.t ... ok
Can't exec "mysql": No such file or directory at /bbbike/cpan/build/DBICx-Modeler-Generator-0.02-c69Giu/blib/lib/DBICx/Modeler/Generator/Driver/Base.pm line 122.
t/supplement.t ............ ok

Test Summary Report
-------------------
t/03_sqlite_configfile.t (Wstat: 256 Tests: 1 Failed: 1)
  Failed test:  1
  Non-zero exit status: 1
Files=9, Tests=399,  7 wallclock secs ( 0.04 usr  0.04 sys +  5.38 cusr  0.50 csys =  5.96 CPU)
Result: FAIL
Failed 1/9 test programs. 1/399 subtests failed.
make: *** [test_dynamic] Error 255

------------------------------
PREREQUISITES
------------------------------

Prerequisite modules loaded:

requires:

    Module                        Need     Have    
    ----------------------------- -------- --------
    Class::Unload                 0        0.07    
    DBICx::Modeler                0.005    0.005   
    DBIx::Class::Schema::Loader   0        0.07022 
    File::Find::Rule              0        0.33    
    List::MoreUtils               0        0.33    
    Module::Load                  0        0.22    
    Moose                         0.89_01  2.0403  
    MooseX::Types::Path::Class    0        0.06    
    namespace::clean              0.08     0.23    
    Orochi                        0        0.00010 
    perl                          5.008001 5.015009
    Text::MicroTemplate::Extended 0        0.12    

build_requires:

    Module                        Need     Have    
    ----------------------------- -------- --------
    ExtUtils::MakeMaker           6.42     6.63_02 
    Test::Class                   0.34     0.36    
    Test::Exception               0.27     0.31    
    Test::More                    0        0.98    
    Test::Requires                0        0.06    
    Test::Warn                    0        0.24    

configure_requires:

    Module                        Need     Have    
    ----------------------------- -------- --------
    ExtUtils::MakeMaker           6.42     6.63_02 


------------------------------
ENVIRONMENT AND OTHER CONTEXT
------------------------------

Environment variables:

    DBIC_NO_WARN_BAD_PERL = 1
    LANG = C
    PATH = /usr/local/bin:/usr/bin:/bin:/usr/local/sbin:/usr/sbin:/sbin:/home/eserte/bin/linux-gnu:/home/eserte/bin/sh:/home/eserte/bin:/usr/X11R6/bin:/usr/X11/bin:/usr/games:/home/eserte/devel:/home/eserte/work/cpan-testers-parallelsmoker/utils
    PERL5LIB = 
    PERL5OPT = 
    PERL5_CPANPLUS_IS_RUNNING = 2697
    PERL5_CPAN_IS_RUNNING = 2697
    PERL5_CPAN_IS_RUNNING_IN_RECURSION = 6332,2697
    PERLDOC = -MPod::Perldoc::ToTextOverstrike
    PERL_BATCH = yes
    PERL_CPAN_REPORTER_DIR = /home/eserte/var/ctps/5159linux/config/perl-v5.15.9-123-gbd9cbc4/cpanreporter
    PERL_EXTUTILS_AUTOINSTALL = --defaultdeps
    PERL_HTML_DISPLAY_CLASS = HTML::Display::Mozilla
    PERL_PARALLEL_SMOKER = yes
    PERL_TEST_UNPATCHED = 1
    SHELL = /bin/zsh
    TERM = screen
    TMPDIR = /var/tmp/cpansmoker-1001

Perl special variables (and OS-specific diagnostics, for MSWin32):

    $^X = /bbbike/ctps/5159linux/install/perl-v5.15.9-123-gbd9cbc4/bin/perl
    $UID/$EUID = 1001 / 1001
    $GID = 1001 4 1001
    $EGID = 1001 4 1001

Perl module toolchain versions installed:

    Module              Have    
    ------------------- --------
    CPAN                1.9800  
    CPAN::Meta          2.120921
    Cwd                 3.39_02 
    ExtUtils::CBuilder  0.280206
    ExtUtils::Command   1.17    
    ExtUtils::Install   1.58    
    ExtUtils::MakeMaker 6.63_02 
    ExtUtils::Manifest  1.61    
    ExtUtils::ParseXS   3.16    
    File::Spec          3.39_02 
    JSON                2.53    
    JSON::PP            2.27200 
    Module::Build       0.40    
    Module::Signature   0.68    
    Parse::CPAN::Meta   1.4404  
    Test::Harness       3.23    
    Test::More          0.98    
    YAML                0.80    
    YAML::Syck          1.20    
    version             0.97    


--

Summary of my perl5 (revision 5 version 15 subversion 9) configuration:
  Commit id: bd9cbc460bc6144f7e4cfc82772b389efe6331e3
  Platform:
    osname=linux, osvers=2.6.32-5-xen-amd64, archname=x86_64-linux
    uname='linux eserte 2.6.32-5-xen-amd64 #1 smp mon jan 16 20:48:30 utc 2012 x86_64 gnulinux '
    config_args='-ds -e -Uversiononly -Dinstallusrbinperl=n -Dusedevel -Dprefix=/home/eserte/var/ctps/5159linux/install/perl-v5.15.9-123-gbd9cbc4'
    hint=recommended, useposix=true, d_sigaction=define
    useithreads=undef, usemultiplicity=undef
    useperlio=define, d_sfio=undef, uselargefiles=define, usesocks=undef
    use64bitint=define, use64bitall=define, uselongdouble=undef
    usemymalloc=n, bincompat5005=undef
  Compiler:
    cc='cc', ccflags ='-fno-strict-aliasing -pipe -fstack-protector -I/usr/local/include -D_LARGEFILE_SOURCE -D_FILE_OFFSET_BITS=64',
    optimize='-O2',
    cppflags='-fno-strict-aliasing -pipe -fstack-protector -I/usr/local/include'
    ccversion='', gccversion='4.4.5', gccosandvers=''
    intsize=4, longsize=8, ptrsize=8, doublesize=8, byteorder=12345678
    d_longlong=define, longlongsize=8, d_longdbl=define, longdblsize=16
    ivtype='long', ivsize=8, nvtype='double', nvsize=8, Off_t='off_t', lseeksize=8
    alignbytes=8, prototype=define
  Linker and Libraries:
    ld='cc', ldflags =' -fstack-protector -L/usr/local/lib'
    libpth=/usr/local/lib /lib/../lib /usr/lib/../lib /lib /usr/lib /lib64 /usr/lib64
    libs=-lnsl -ldl -lm -lcrypt -lutil -lc
    perllibs=-lnsl -ldl -lm -lcrypt -lutil -lc
    libc=/lib/libc-2.11.3.so, so=so, useshrplib=false, libperl=libperl.a
    gnulibc_version='2.11.3'
  Dynamic Linking:
    dlsrc=dl_dlopen.xs, dlext=so, d_dlsymun=undef, ccdlflags='-Wl,-E'
    cccdlflags='-fPIC', lddlflags='-shared -O2 -L/usr/local/lib -fstack-protector'


Characteristics of this binary (from libperl): 
  Compile-time options: HAS_TIMES PERLIO_LAYERS PERL_DONT_CREATE_GVSV
                        PERL_MALLOC_WRAP PERL_PRESERVE_IVUV PERL_USE_DEVEL
                        USE_64_BIT_ALL USE_64_BIT_INT USE_LARGE_FILES
                        USE_LOCALE USE_LOCALE_COLLATE USE_LOCALE_CTYPE
                        USE_LOCALE_NUMERIC USE_PERLIO USE_PERL_ATOF
  Built under linux
  Compiled at Apr  8 2012 23:00:53
  %ENV:
    PERL5LIB=""
    PERL5OPT=""
    PERL5_CPANPLUS_IS_RUNNING="2697"
    PERL5_CPAN_IS_RUNNING="2697"
    PERL5_CPAN_IS_RUNNING_IN_RECURSION="6332,2697"
    PERLDOC="-MPod::Perldoc::ToTextOverstrike"
    PERL_BATCH="yes"
    PERL_CPAN_REPORTER_DIR="/home/eserte/var/ctps/5159linux/config/perl-v5.15.9-123-gbd9cbc4/cpanreporter"
    PERL_EXTUTILS_AUTOINSTALL="--defaultdeps"
    PERL_HTML_DISPLAY_CLASS="HTML::Display::Mozilla"
    PERL_PARALLEL_SMOKER="yes"
    PERL_TEST_UNPATCHED="1"
  @INC:
    /home/eserte/var/ctps/5159linux/install/perl-v5.15.9-123-gbd9cbc4/lib/site_perl/5.15.9/x86_64-linux
    /home/eserte/var/ctps/5159linux/install/perl-v5.15.9-123-gbd9cbc4/lib/site_perl/5.15.9
    /home/eserte/var/ctps/5159linux/install/perl-v5.15.9-123-gbd9cbc4/lib/5.15.9/x86_64-linux
    /home/eserte/var/ctps/5159linux/install/perl-v5.15.9-123-gbd9cbc4/lib/5.15.9
    .