Report for DBIx-Class-Result-ExternalAttribute-0.06

Back
From: metabase:user:320bfe00-2aae-11df-837a-5e0a49663a4f
Subject: FAIL DBIx-Class-Result-ExternalAttribute-0.06 v5.19.9 GNU/Linux
Date: 2014-02-01T23:51:51Z

This distribution has been tested as part of the CPAN Testers
project, supporting the Perl programming language.  See
http://wiki.cpantesters.org/ for more information or email
questions to cpan-testers-discuss@perl.org


--
Dear Nicolas Oudard,

This is a computer-generated report for DBIx-Class-Result-ExternalAttribute-0.06
on perl 5.19.9, created by CPAN-Reporter-1.2010.

Thank you for uploading your work to CPAN.  However, there was a problem
testing your distribution.

If you think this report is invalid, please consult the CPAN Testers Wiki
for suggestions on how to avoid getting FAIL reports for missing library
or binary dependencies, unsupported operating systems, and so on:

http://wiki.cpantesters.org/wiki/CPANAuthorNotes

Sections of this report:

    * Tester comments
    * Program output
    * Prerequisites
    * Environment and other context

------------------------------
TESTER COMMENTS
------------------------------

Additional comments from tester:

this report is from an automated smoke testing program
and was not reviewed by a human for accuracy

------------------------------
PROGRAM OUTPUT
------------------------------

Output from './Build test':

Module::Build will be removed from the Perl core distribution in the next major release. Please install it from CPAN. It is being used at ./Build, line 40.
# Testing DBIx::Class::Result::ExternalAttribute 0.06, Perl 5.019009, /home/sand/src/perl/repoperls/installed-perls/perl/v5.19.8-212-g6e53b6c/a2da/bin/perl
t/00-load.t ................ ok
{UNKNOWN}: Can't locate object method "columns" via package "t::app::Main::Result::ArtistAttribute" (perhaps you forgot to load "t::app::Main::Result::ArtistAttribute"?) at /tmp/loop_over_bdir-27315-EAsvTN/DBIx-Class-Result-ExternalAttribute-0.06-RF2WIP/blib/lib/DBIx/Class/Result/ExternalAttribute.pm line 128.
Compilation failed in require at /home/sand/src/perl/repoperls/installed-perls/perl/v5.19.8-212-g6e53b6c/a2da/lib/site_perl/5.19.9/Class/C3/Componentised.pm line 150. at /home/sand/src/perl/repoperls/installed-perls/perl/v5.19.8-212-g6e53b6c/a2da/lib/site_perl/5.19.9/Class/C3/Componentised.pm line 155
Compilation failed in require at t/01-external_attribute.t line 9.
BEGIN failed--compilation aborted at t/01-external_attribute.t line 9.
t/01-external_attribute.t .. 
Dubious, test returned 255 (wstat 65280, 0xff00)
No subtests run 
t/boilerplate.t ............ ok
t/manifest.t ............... skipped: Author tests not required for installation
t/pod-coverage.t ........... skipped: Test::Pod::Coverage 1.08 required for testing POD coverage
t/pod.t .................... skipped: Test::Pod 1.22 required for testing POD

Test Summary Report
-------------------
t/01-external_attribute.t (Wstat: 65280 Tests: 0 Failed: 0)
  Non-zero exit status: 255
  Parse errors: No plan found in TAP output
t/boilerplate.t          (Wstat: 0 Tests: 3 Failed: 0)
  TODO passed:   2
Files=6, Tests=4,  1 wallclock secs ( 0.04 usr  0.00 sys +  0.27 cusr  0.03 csys =  0.34 CPU)
Result: FAIL
Failed 1/6 test programs. 0/4 subtests failed.

------------------------------
PREREQUISITES
------------------------------

Prerequisite modules loaded:

requires:

    Module                          Need    Have    
    ------------------------------- ------- --------
    Carp                            1.17    1.32    
    DBIx::Class::Result::ColumnData 0.09    0.15    
    SQL::Translator                 0.11007 0.11018 
    Test::More                      0       1.001002

build_requires:

    Module                          Need    Have    
    ------------------------------- ------- --------
    Test::More                      0       1.001002

configure_requires:

    Module                          Need    Have    
    ------------------------------- ------- --------
    Module::Build                   0.38    0.4204  


------------------------------
ENVIRONMENT AND OTHER CONTEXT
------------------------------

Environment variables:

    AUTOMATED_TESTING = 1
    LANG = en_US.UTF-8
    LANGUAGE = en_US:en
    PATH = /usr/lib/ccache:/home/sand/bin:/usr/local/bin:/usr/lib/ccache:/usr/bin:/bin:/usr/bin/X11:/usr/games:/usr/local/perl/bin:/usr/X11/bin:/sbin:/usr/sbin
    PERL5LIB = 
    PERL5OPT = 
    PERL5_CPANPLUS_IS_RUNNING = 18743
    PERL5_CPAN_IS_RUNNING = 18743
    PERL_MM_USE_DEFAULT = 1
    SHELL = /usr/bin/zsh
    TERM = screen

Perl special variables (and OS-specific diagnostics, for MSWin32):

    $^X = /home/sand/src/perl/repoperls/installed-perls/perl/v5.19.8-212-g6e53b6c/a2da/bin/perl
    $UID/$EUID = 1005 / 1005
    $GID = 1005 1005
    $EGID = 1005 1005

Perl module toolchain versions installed:

    Module              Have    
    ------------------- --------
    CPAN                2.03    
    CPAN::Meta          2.133380
    Cwd                 3.46    
    ExtUtils::CBuilder  0.280214
    ExtUtils::Command   1.18    
    ExtUtils::Install   1.62    
    ExtUtils::MakeMaker 6.86    
    ExtUtils::Manifest  1.63    
    ExtUtils::ParseXS   3.23    
    File::Spec          3.46    
    JSON                2.90    
    JSON::PP            2.27203 
    Module::Build       0.4204  
    Module::Signature   0.73    
    Parse::CPAN::Meta   1.4409  
    Test::Harness       3.30    
    Test::More          1.001002
    YAML                0.88    
    YAML::Syck          1.27    
    version             0.9907  


--

Summary of my perl5 (revision 5 version 19 subversion 9) configuration:
  Commit id: 6e53b6cab73f4cc348a8366106f0569e65c858f1
  Platform:
    osname=linux, osvers=3.10-3-amd64, archname=x86_64-linux-thread-multi-ld
    uname='linux k83 3.10-3-amd64 #1 smp debian 3.10.11-1 (2013-09-10) x86_64 gnulinux '
    config_args='-Dprefix=/home/sand/src/perl/repoperls/installed-perls/perl/v5.19.8-212-g6e53b6c/a2da -Dmyhostname=k83 -Dinstallusrbinperl=n -Uversiononly -Dusedevel -des -Ui_db -Duseithreads -Duselongdouble -DDEBUGGING=-g'
    hint=recommended, useposix=true, d_sigaction=define
    useithreads=define, usemultiplicity=define
    use64bitint=define, use64bitall=define, uselongdouble=define
    usemymalloc=n, bincompat5005=undef
  Compiler:
    cc='cc', ccflags ='-D_REENTRANT -D_GNU_SOURCE -fno-strict-aliasing -pipe -fstack-protector -I/usr/local/include -D_LARGEFILE_SOURCE -D_FILE_OFFSET_BITS=64',
    optimize='-O2 -g',
    cppflags='-D_REENTRANT -D_GNU_SOURCE -fno-strict-aliasing -pipe -fstack-protector -I/usr/local/include'
    ccversion='', gccversion='4.8.2', gccosandvers=''
    intsize=4, longsize=8, ptrsize=8, doublesize=8, byteorder=12345678
    d_longlong=define, longlongsize=8, d_longdbl=define, longdblsize=16
    ivtype='long', ivsize=8, nvtype='long double', nvsize=16, Off_t='off_t', lseeksize=8
    alignbytes=16, prototype=define
  Linker and Libraries:
    ld='cc', ldflags =' -fstack-protector -L/usr/local/lib'
    libpth=/usr/local/lib /usr/lib/gcc/x86_64-linux-gnu/4.8/include-fixed /usr/include/x86_64-linux-gnu /usr/lib /lib/x86_64-linux-gnu /lib/../lib /usr/lib/x86_64-linux-gnu /usr/lib/../lib /lib
    libs=-lnsl -lgdbm -ldb -ldl -lm -lcrypt -lutil -lpthread -lc -lgdbm_compat
    perllibs=-lnsl -ldl -lm -lcrypt -lutil -lpthread -lc
    libc=libc-2.17.so, so=so, useshrplib=false, libperl=libperl.a
    gnulibc_version='2.17'
  Dynamic Linking:
    dlsrc=dl_dlopen.xs, dlext=so, d_dlsymun=undef, ccdlflags='-Wl,-E'
    cccdlflags='-fPIC', lddlflags='-shared -O2 -g -L/usr/local/lib -fstack-protector'


Characteristics of this binary (from libperl): 
  Compile-time options: HAS_TIMES MULTIPLICITY PERLIO_LAYERS
                        PERL_DONT_CREATE_GVSV
                        PERL_HASH_FUNC_ONE_AT_A_TIME_HARD
                        PERL_IMPLICIT_CONTEXT PERL_MALLOC_WRAP
                        PERL_NEW_COPY_ON_WRITE PERL_PRESERVE_IVUV
                        PERL_USE_DEVEL USE_64_BIT_ALL USE_64_BIT_INT
                        USE_ITHREADS USE_LARGE_FILES USE_LOCALE
                        USE_LOCALE_COLLATE USE_LOCALE_CTYPE
                        USE_LOCALE_NUMERIC USE_LONG_DOUBLE USE_PERLIO
                        USE_PERL_ATOF USE_REENTRANT_API
  Built under linux
  Compiled at Jan 29 2014 01:36:52
  %ENV:
    PERL5LIB=""
    PERL5OPT=""
    PERL5_CPANPLUS_IS_RUNNING="18743"
    PERL5_CPAN_IS_RUNNING="18743"
    PERL_MM_USE_DEFAULT="1"
  @INC:
    /home/sand/src/perl/repoperls/installed-perls/perl/v5.19.8-212-g6e53b6c/a2da/lib/site_perl/5.19.9/x86_64-linux-thread-multi-ld
    /home/sand/src/perl/repoperls/installed-perls/perl/v5.19.8-212-g6e53b6c/a2da/lib/site_perl/5.19.9
    /home/sand/src/perl/repoperls/installed-perls/perl/v5.19.8-212-g6e53b6c/a2da/lib/5.19.9/x86_64-linux-thread-multi-ld
    /home/sand/src/perl/repoperls/installed-perls/perl/v5.19.8-212-g6e53b6c/a2da/lib/5.19.9
    .