Test-PostgreSQL v1.26 Perl 5 v5.26.1 amd64-freebsd
- Status
- Fail
- From
- Slaven Rezić (SREZIC)
- Dist
-
Test-PostgreSQL v1.26
- Platform
- Perl 5 v5.26.1 amd64-freebsd
- Date
- 2018-04-03 06:39:54
- ID
- d1991d02-3709-11e8-a94a-ff024f78475b
This distribution has been tested as part of the CPAN Testers
project, supporting the Perl programming language. See
http://wiki.cpantesters.org/ for more information or email
questions to cpan-testers-discuss@perl.org
--
Dear Toby Corkindale,
This is a computer-generated report for Test-PostgreSQL-1.26
on perl 5.26.1, created by CPAN-Reporter-1.2018.
Thank you for uploading your work to CPAN. However, there was a problem
testing your distribution.
If you think this report is invalid, please consult the CPAN Testers Wiki
for suggestions on how to avoid getting FAIL reports for missing library
or binary dependencies, unsupported operating systems, and so on:
http://wiki.cpantesters.org/wiki/CPANAuthorNotes
Sections of this report:
* Tester comments
* Program output
* Prerequisites
* Environment and other context
------------------------------
TESTER COMMENTS
------------------------------
Additional comments from tester:
none provided
------------------------------
PROGRAM OUTPUT
------------------------------
Output from '/usr/bin/make test':
PERL_DL_NONLAZY=1 "/usr/perl5.26.1p/bin/perl5.26.1" "-MExtUtils::Command::MM" "-MTest::Harness" "-e" "undef *Test::Harness::Switches; test_harness(0, 'inc', 'blib/lib', 'blib/arch')" t/*.t
t/00-base.t .............. ok
t/01-raii.t .............. ok
t/02-multi.t ............. ok
t/04-multiprocess.t ...... ok
t/05-recycle-base-dir.t .. ok
t/06-unix-socket.t ....... ok
t/07-configs.t ........... ok
t/08-postgresql_conf.t ... ok
# Failed test 'run_psql no exception: Error executing psql: ERROR: relation "foo" does not exist
# LINE 1: INSERT INTO foo (bar) VALUES (42)
# ^
# STATEMENT: INSERT INTO foo (bar) VALUES (42)
# '
# at t/09-run_psql.t line 24.
# got: 'Error executing psql: ERROR: relation "foo" does not exist
# LINE 1: INSERT INTO foo (bar) VALUES (42)
# ^
# STATEMENT: INSERT INTO foo (bar) VALUES (42)
# '
# expected: ''
DBD::Pg::db selectrow_array failed: ERROR: relation "foo" does not exist
LINE 1: SELECT * FROM foo
^ at t/09-run_psql.t line 28.
# Failed test 'seed values match'
# at t/09-run_psql.t line 30.
# Structures begin differing at:
# $got->[0] = Does not exist
# $expected->[0] = '42'
# Looks like you failed 2 tests of 3.
t/09-run_psql.t ..........
Dubious, test returned 2 (wstat 512, 0x200)
Failed 2/3 subtests
t/10-seed_scripts.t ...... skipped: Error executing psql: psql:t/seed/seed.sql:1: ERROR: relation "foo" does not exist
# elapsed: 1
t/deadlock.t ............. ok
t/pod.t .................. ok
Test Summary Report
-------------------
t/09-run_psql.t (Wstat: 512 Tests: 3 Failed: 2)
Failed tests: 2-3
Non-zero exit status: 2
Files=12, Tests=38, 89 wallclock secs ( 0.05 usr 0.02 sys + 18.54 cusr 14.76 csys = 33.38 CPU)
Result: FAIL
Failed 1/12 test programs. 2/38 subtests failed.
*** Error code 255
Stop.
make: stopped in /home/cpansand/.cpan/build/2018040309/Test-PostgreSQL-1.26-0
------------------------------
PREREQUISITES
------------------------------
Prerequisite modules loaded:
requires:
Module Need Have
-------------------- ----- --------
DBD::Pg 0 3.7.0
DBI 0 1.640
File::Spec 0 3.67
File::Which 0 1.22
Function::Parameters 0 2.001003
Moo 0 2.003002
perl 5.014 5.026001
POSIX 0 1.76
Tie::Hash::Method 0 0.02
Try::Tiny 0 0.28
Types::Standard 0 1.002001
User::pwent 0 1.00
build_requires:
Module Need Have
-------------------- ----- --------
DBD::Pg 0 3.7.0
ExtUtils::MakeMaker 6.59 7.30
Test::SharedFork 0.06 0.35
configure_requires:
Module Need Have
-------------------- ----- --------
ExtUtils::MakeMaker 0 7.30
------------------------------
ENVIRONMENT AND OTHER CONTEXT
------------------------------
Environment variables:
PATH = /usr/local/bin:/usr/bin:/bin:/usr/local/sbin:/usr/sbin:/sbin:/home/cpansand/bin/sh:/home/cpansand/bin:/usr/games:/home/cpansand/devel:/home/eserte/src/srezic-misc/scripts
PERL5LIB = /home/cpansand/.cpan/build/2018040309/Tie-Hash-Method-0.02-0/blib/arch:/home/cpansand/.cpan/build/2018040309/Tie-Hash-Method-0.02-0/blib/lib
PERL5OPT =
PERL5_CPANPLUS_IS_RUNNING = 8611
PERL5_CPAN_IS_RUNNING = 8611
PERL5_CPAN_IS_RUNNING_IN_RECURSION = 8552,8611
PERL_BATCH = yes
PERL_CANARY_STABILITY_NOPROMPT = 1
PERL_CPAN_REPORTER_CONFIG = /var/tmp/cpansmoker-1023/2018040309/cpanreporter_000_config.ini
PERL_EXTUTILS_AUTOINSTALL = --defaultdeps
PERL_USE_UNSAFE_INC = 1
SHELL = /bin/sh
TMPDIR = /var/tmp/cpansmoker-1023/2018040309
Perl special variables (and OS-specific diagnostics, for MSWin32):
$^X = /usr/perl5.26.1p/bin/perl5.26.1
$UID/$EUID = 1023 / 1023
$GID = 1023 1023
$EGID = 1023 1023
Perl module toolchain versions installed:
Module Have
------------------- --------
CPAN 2.18
CPAN::Meta 2.150010
Cwd 3.67
ExtUtils::CBuilder 0.280230
ExtUtils::Command 7.30
ExtUtils::Install 2.06
ExtUtils::MakeMaker 7.30
ExtUtils::Manifest 1.70
ExtUtils::ParseXS 3.34
File::Spec 3.67
JSON 2.94
JSON::PP 2.94
Module::Build 0.4224
Module::Signature 0.81
Parse::CPAN::Meta 2.150010
Test::Harness 3.38
Test::More 1.302120
YAML 1.23
YAML::Syck 1.30
version 0.9917
--
Summary of my perl5 (revision 5 version 26 subversion 1) configuration:
Platform:
osname=freebsd
osvers=11.1-release-p2
archname=amd64-freebsd
uname='freebsd ali2.bbbike.org 11.1-release-p2 freebsd 11.1-release-p2 #0 r313908+e96f1f21705(releng11.1)-dirty: thu oct 19 12:14:33 utc 2017 root@ali2.bbbike.org:usrobjhomeprojectsfreebsdsysgeneric amd64 '
config_args='-ds -e -Dprefix=/usr/perl5.26.1p -Dcf_email=srezic@cpan.org -Doptimize=-O2 -pipe'
hint=recommended
useposix=true
d_sigaction=define
useithreads=undef
usemultiplicity=undef
use64bitint=define
use64bitall=define
uselongdouble=undef
usemymalloc=n
default_inc_excludes_dot=define
bincompat5005=undef
Compiler:
cc='cc'
ccflags ='-DHAS_FPSETMASK -DHAS_FLOATINGPOINT_H -fno-strict-aliasing -pipe -fstack-protector-strong -I/usr/local/include -D_FORTIFY_SOURCE=2'
optimize='-O2 -pipe'
cppflags='-DHAS_FPSETMASK -DHAS_FLOATINGPOINT_H -fno-strict-aliasing -pipe -fstack-protector-strong -I/usr/local/include'
ccversion=''
gccversion='4.2.1 Compatible FreeBSD Clang 4.0.0 (tags/RELEASE_400/final 297347)'
gccosandvers=''
intsize=4
longsize=8
ptrsize=8
doublesize=8
byteorder=12345678
doublekind=3
d_longlong=define
longlongsize=8
d_longdbl=define
longdblsize=16
longdblkind=3
ivtype='long'
ivsize=8
nvtype='double'
nvsize=8
Off_t='off_t'
lseeksize=8
alignbytes=8
prototype=define
Linker and Libraries:
ld='cc'
ldflags ='-pthread -Wl,-E -fstack-protector-strong -L/usr/local/lib'
libpth=/usr/lib /usr/local/lib /usr/bin/../lib/clang/4.0.0/lib /usr/lib
libs=-lpthread -lgdbm -lm -lcrypt -lutil -lc
perllibs=-lpthread -lm -lcrypt -lutil -lc
libc=
so=so
useshrplib=false
libperl=libperl.a
gnulibc_version=''
Dynamic Linking:
dlsrc=dl_dlopen.xs
dlext=so
d_dlsymun=undef
ccdlflags=' '
cccdlflags='-DPIC -fPIC'
lddlflags='-shared -L/usr/local/lib -fstack-protector-strong'
Characteristics of this binary (from libperl):
Compile-time options:
HAS_TIMES
PERLIO_LAYERS
PERL_COPY_ON_WRITE
PERL_DONT_CREATE_GVSV
PERL_MALLOC_WRAP
PERL_OP_PARENT
PERL_PRESERVE_IVUV
USE_64_BIT_ALL
USE_64_BIT_INT
USE_LARGE_FILES
USE_LOCALE
USE_LOCALE_COLLATE
USE_LOCALE_CTYPE
USE_LOCALE_NUMERIC
USE_LOCALE_TIME
USE_PERLIO
USE_PERL_ATOF
Built under freebsd
Compiled at Oct 28 2017 07:46:07
%ENV:
PERL5LIB="/home/cpansand/.cpan/build/2018040309/Tie-Hash-Method-0.02-0/blib/arch:/home/cpansand/.cpan/build/2018040309/Tie-Hash-Method-0.02-0/blib/lib"
PERL5OPT=""
PERL5_CPANPLUS_IS_RUNNING="8611"
PERL5_CPAN_IS_RUNNING="8611"
PERL5_CPAN_IS_RUNNING_IN_RECURSION="8552,8611"
PERL_BATCH="yes"
PERL_CANARY_STABILITY_NOPROMPT="1"
PERL_CPAN_REPORTER_CONFIG="/var/tmp/cpansmoker-1023/2018040309/cpanreporter_000_config.ini"
PERL_EXTUTILS_AUTOINSTALL="--defaultdeps"
PERL_USE_UNSAFE_INC="1"
@INC:
/home/cpansand/.cpan/build/2018040309/Tie-Hash-Method-0.02-0/blib/arch
/home/cpansand/.cpan/build/2018040309/Tie-Hash-Method-0.02-0/blib/lib
/usr/perl5.26.1p/lib/site_perl/5.26.1/amd64-freebsd
/usr/perl5.26.1p/lib/site_perl/5.26.1
/usr/perl5.26.1p/lib/5.26.1/amd64-freebsd
/usr/perl5.26.1p/lib/5.26.1
.