Report for HTML-Tested-0.58

Back
From: metabase:user:314402c4-2aae-11df-837a-5e0a49663a4f
Subject: FAIL HTML-Tested-0.58 v5.24.0 FreeBSD
Date: 2016-09-03T17:28:24Z

This distribution has been tested as part of the CPAN Testers
project, supporting the Perl programming language.  See
http://wiki.cpantesters.org/ for more information or email
questions to cpan-testers-discuss@perl.org


--
Dear Boris Sukholitko,

This is a computer-generated report for HTML-Tested-0.58
on perl 5.24.0, created by CPAN-Reporter-1.2017.

Thank you for uploading your work to CPAN.  However, there was a problem
testing your distribution.

If you think this report is invalid, please consult the CPAN Testers Wiki
for suggestions on how to avoid getting FAIL reports for missing library
or binary dependencies, unsupported operating systems, and so on:

http://wiki.cpantesters.org/wiki/CPANAuthorNotes

Sections of this report:

    * Tester comments
    * Program output
    * Prerequisites
    * Environment and other context

------------------------------
TESTER COMMENTS
------------------------------

Additional comments from tester:

none provided

------------------------------
PROGRAM OUTPUT
------------------------------

Output from '/usr/bin/make test':

PERL_DL_NONLAZY=1 "/usr/perl5.24.0p/bin/perl5.24.0" "-MExtUtils::Command::MM" "-MTest::Harness" "-e" "undef *Test::Harness::Switches; test_harness(0, 'blib/lib', 'blib/arch')" t/*.t
t/001_load.t .......... ok
t/010_value.t ......... ok
t/020_list.t .......... ok
t/030_edit_box.t ...... ok
t/040_textarea.t ...... ok
t/050_tree.t .......... ok
t/060_pager.t ......... ok
t/070_password_box.t .. ok
t/080_dropdown.t ...... ok
t/090_checkbox.t ...... ok
t/100_link.t .......... ok
t/110_upload.t ........ ok
t/120_form.t .......... ok
t/130_submit.t ........ ok
t/140_hidden.t ........ ok
t/150_radio.t ......... ok

#   Failed test at t/160_seal.t line 42.
#          got: 'HTML::Tested::Seal=HASH(0x43523420)'
#     expected: anything else

#   Failed test at t/160_seal.t line 241.
#     Structures begin differing at:
#          $got->[0] = Does not exist
#     $expected->[0] = 'Unable to find "<input type="hidden" name="h" id="h" value="bye" />
#     " in "<html>
#     <input type="hidden" name="h" id="h" value="ENCRYPTED" />
#     
#     ENCRYPTED
#     "'
# Looks like you failed 2 tests of 70.
t/160_seal.t .......... 
Dubious, test returned 2 (wstat 512, 0x200)
Failed 2/70 subtests 
t/170_list_table.t .... ok
t/180_unicode.t ....... ok

#   Failed test at t/190_datetime.t line 54.
Wide character in print at /usr/perl5.24.0p/lib/site_perl/5.24.0/Test2/Formatter/TAP.pm line 105, <DATA> line 1.
#     Structures begin differing at:
#          $got->{e} = '27 окт. 1976 г.'
#     $expected->{e} = '27.10.1976'

#   Failed test at t/190_datetime.t line 62.
Wide character in print at /usr/perl5.24.0p/lib/site_perl/5.24.0/Test2/Formatter/TAP.pm line 105, <DATA> line 1.
#                   'hello?id=dcf6e9741aeac913&e=27 окт. 1976 г.'
#     doesn't match '(?^:&e=27\.10\.1976)'
Can't call method "year" on an undefined value at t/190_datetime.t line 76, <DATA> line 1.
 at t/190_datetime.t line 20, <DATA> line 1.
	main::__ANON__("Can't call method \"year\" on an undefined value at t/190_datet"...) called at t/190_datetime.t line 76
# Looks like your test exited with 255 just after 19.
t/190_datetime.t ...... 
Dubious, test returned 255 (wstat 65280, 0xff00)
Failed 20/37 subtests 
t/200_snippet.t ....... ok

Test Summary Report
-------------------
t/160_seal.t        (Wstat: 512 Tests: 70 Failed: 2)
  Failed tests:  16, 60
  Non-zero exit status: 2
t/190_datetime.t    (Wstat: 65280 Tests: 19 Failed: 2)
  Failed tests:  11, 14
  Non-zero exit status: 255
  Parse errors: Bad plan.  You planned 37 tests but ran 19.
Files=21, Tests=458,  2 wallclock secs ( 0.02 usr  0.12 sys +  1.05 cusr  0.24 csys =  1.43 CPU)
Result: FAIL
Failed 2/21 test programs. 4/458 subtests failed.
*** Error code 255

Stop.
make: stopped in /home/cpansand/.cpan/build/2016090315/HTML-Tested-0.58-FU4zgK

------------------------------
PREREQUISITES
------------------------------

Prerequisite modules loaded:

requires:

    Module                     Need Have    
    -------------------------- ---- --------
    Class::Accessor            0    0.34    
    Class::Data::Inheritable   0    0.08    
    Class::Singleton           0    1.5     
    Crypt::Blowfish            0    2.14    
    Crypt::CBC                 2.22 2.33    
    Data::Dumper               0    2.160   
    DateTime                   0    1.36    
    DateTime::Format::Strptime 0    1.68    
    Digest::CRC                0    0.21    
    File::Slurp                0    9999.19 
    HTML::Entities             0    3.69    
    Math::Combinatorics        0    0.09    
    Template                   0    2.26    
    Test::Simple               0.44 1.302052
    Text::Diff                 0    1.44    

build_requires:

    Module                     Need Have    
    -------------------------- ---- --------
    ExtUtils::MakeMaker        0    7.24    

configure_requires:

    Module                     Need Have    
    -------------------------- ---- --------
    ExtUtils::MakeMaker        0    7.24    


------------------------------
ENVIRONMENT AND OTHER CONTEXT
------------------------------

Environment variables:

    LC_ALL = de_DE.ISO8859-1
    PATH = /usr/local/bin:/usr/bin:/bin:/usr/local/sbin:/usr/sbin:/sbin:/home/cpansand/bin/freebsd10.1:/home/cpansand/bin/sh:/home/cpansand/bin:/usr/games:/home/cpansand/devel:/home/eserte/src/srezic-misc/scripts
    PERL5LIB = /home/cpansand/.cpan/build/2016090315/Math-Combinatorics-0.09-aep6mc/blib/arch:/home/cpansand/.cpan/build/2016090315/Math-Combinatorics-0.09-aep6mc/blib/lib
    PERL5OPT = 
    PERL5_CPANPLUS_IS_RUNNING = 15021
    PERL5_CPAN_IS_RUNNING = 15021
    PERL5_CPAN_IS_RUNNING_IN_RECURSION = 14164,15021
    PERLDOC = -MPod::Perldoc::ToTextOverstrike
    PERL_BATCH = yes
    PERL_CANARY_STABILITY_NOPROMPT = 1
    PERL_CPAN_REPORTER_CONFIG = /var/tmp/cpansmoker-1023/2016090315/cpanreporter_000_config.ini
    PERL_EXTUTILS_AUTOINSTALL = --defaultdeps
    SHELL = /usr/local/bin/zsh
    TERM = screen
    TMPDIR = /var/tmp/cpansmoker-1023/2016090315

Perl special variables (and OS-specific diagnostics, for MSWin32):

    $^X = /usr/perl5.24.0p/bin/perl5.24.0
    $UID/$EUID = 1023 / 1023
    $GID = 1023 1023
    $EGID = 1023 1023

Perl module toolchain versions installed:

    Module              Have    
    ------------------- --------
    CPAN                2.11    
    CPAN::Meta          2.150010
    Cwd                 3.63    
    ExtUtils::CBuilder  0.280225
    ExtUtils::Command   7.24    
    ExtUtils::Install   2.04    
    ExtUtils::MakeMaker 7.24    
    ExtUtils::Manifest  1.70    
    ExtUtils::ParseXS   3.31    
    File::Spec          3.63    
    JSON                2.90    
    JSON::PP            2.27300 
    Module::Build       0.4220  
    Module::Signature   n/a     
    Parse::CPAN::Meta   2.150010
    Test::Harness       3.36    
    Test::More          1.302052
    YAML                1.15    
    YAML::Syck          1.29    
    version             0.9917  


--

Summary of my perl5 (revision 5 version 24 subversion 0) configuration:
   
  Platform:
    osname=freebsd, osvers=10.1-release, archname=amd64-freebsd
    uname='freebsd cvrsnica-freebsd-101.herceg.de 10.1-release freebsd 10.1-release #0 r274401: tue nov 11 21:02:49 utc 2014 root@releng1.nyi.freebsd.org:usrobjusrsrcsysgeneric amd64 '
    config_args='-ds -e -Dprefix=/usr/perl5.24.0p -Dcf_email=srezic@cpan.org -Doptimize=-O2 -pipe'
    hint=recommended, useposix=true, d_sigaction=define
    useithreads=undef, usemultiplicity=undef
    use64bitint=define, use64bitall=define, uselongdouble=undef
    usemymalloc=n, bincompat5005=undef
  Compiler:
    cc='cc', ccflags ='-DHAS_FPSETMASK -DHAS_FLOATINGPOINT_H -fno-strict-aliasing -pipe -fstack-protector -I/usr/local/include -D_FORTIFY_SOURCE=2',
    optimize='-O2 -pipe',
    cppflags='-DHAS_FPSETMASK -DHAS_FLOATINGPOINT_H -fno-strict-aliasing -pipe -fstack-protector -I/usr/local/include'
    ccversion='', gccversion='4.2.1 Compatible FreeBSD Clang 3.4.1 (tags/RELEASE_34/dot1-final 208032)', gccosandvers=''
    intsize=4, longsize=8, ptrsize=8, doublesize=8, byteorder=12345678, doublekind=3
    d_longlong=define, longlongsize=8, d_longdbl=define, longdblsize=16, longdblkind=3
    ivtype='long', ivsize=8, nvtype='double', nvsize=8, Off_t='off_t', lseeksize=8
    alignbytes=8, prototype=define
  Linker and Libraries:
    ld='cc', ldflags ='-pthread -Wl,-E  -fstack-protector -L/usr/local/lib'
    libpth=/usr/lib /usr/local/lib /usr/include/clang/3.4.1 /usr/lib
    libs=-lpthread -lgdbm -lm -lcrypt -lutil -lc
    perllibs=-lpthread -lm -lcrypt -lutil -lc
    libc=, so=so, useshrplib=false, libperl=libperl.a
    gnulibc_version=''
  Dynamic Linking:
    dlsrc=dl_dlopen.xs, dlext=so, d_dlsymun=undef, ccdlflags=' '
    cccdlflags='-DPIC -fPIC', lddlflags='-shared  -L/usr/local/lib -fstack-protector'


Characteristics of this binary (from libperl): 
  Compile-time options: HAS_TIMES PERLIO_LAYERS PERL_COPY_ON_WRITE
                        PERL_DONT_CREATE_GVSV
                        PERL_HASH_FUNC_ONE_AT_A_TIME_HARD PERL_MALLOC_WRAP
                        PERL_PRESERVE_IVUV USE_64_BIT_ALL USE_64_BIT_INT
                        USE_LARGE_FILES USE_LOCALE USE_LOCALE_COLLATE
                        USE_LOCALE_CTYPE USE_LOCALE_NUMERIC USE_LOCALE_TIME
                        USE_PERLIO USE_PERL_ATOF
  Built under freebsd
  Compiled at May 10 2016 08:49:38
  %ENV:
    PERL5LIB="/home/cpansand/.cpan/build/2016090315/Math-Combinatorics-0.09-aep6mc/blib/arch:/home/cpansand/.cpan/build/2016090315/Math-Combinatorics-0.09-aep6mc/blib/lib"
    PERL5OPT=""
    PERL5_CPANPLUS_IS_RUNNING="15021"
    PERL5_CPAN_IS_RUNNING="15021"
    PERL5_CPAN_IS_RUNNING_IN_RECURSION="14164,15021"
    PERLDOC="-MPod::Perldoc::ToTextOverstrike"
    PERL_BATCH="yes"
    PERL_CANARY_STABILITY_NOPROMPT="1"
    PERL_CPAN_REPORTER_CONFIG="/var/tmp/cpansmoker-1023/2016090315/cpanreporter_000_config.ini"
    PERL_EXTUTILS_AUTOINSTALL="--defaultdeps"
  @INC:
    /home/cpansand/.cpan/build/2016090315/Math-Combinatorics-0.09-aep6mc/blib/arch
    /home/cpansand/.cpan/build/2016090315/Math-Combinatorics-0.09-aep6mc/blib/lib
    /usr/perl5.24.0p/lib/site_perl/5.24.0/amd64-freebsd
    /usr/perl5.24.0p/lib/site_perl/5.24.0
    /usr/perl5.24.0p/lib/5.24.0/amd64-freebsd
    /usr/perl5.24.0p/lib/5.24.0
    .