Signals-XSIG v1.00 Perl 5 v5.39.5 aarch64-freebsd
- Status
- Fail
- From
- Slaven Rezić
- Dist
-
Signals-XSIG v1.00
- Platform
- Perl 5 v5.39.5 aarch64-freebsd
- Date
- 2023-12-29 18:05:14
- ID
- d10c4e50-a674-11ee-9d17-46f76d8775ea
This distribution has been tested as part of the CPAN Testers
project, supporting the Perl programming language. See
http://wiki.cpantesters.org/ for more information or email
questions to cpan-testers-discuss@perl.org
--
Dear Marty O'Brien,
This is a computer-generated report for Signals-XSIG-1.00
on perl 5.39.5, created by CPAN-Reporter-1.2019.
Thank you for uploading your work to CPAN. However, there was a problem
testing your distribution.
If you think this report is invalid, please consult the CPAN Testers Wiki
for suggestions on how to avoid getting FAIL reports for missing library
or binary dependencies, unsupported operating systems, and so on:
http://wiki.cpantesters.org/wiki/CPANAuthorNotes
Sections of this report:
* Tester comments
* Program output
* Prerequisites
* Environment and other context
------------------------------
TESTER COMMENTS
------------------------------
Additional comments from tester:
none provided
------------------------------
PROGRAM OUTPUT
------------------------------
Output from '/usr/bin/make test':
PERL_DL_NONLAZY=1 "/usr/perl5.39.5/bin/perl5.39.5" "-MExtUtils::Command::MM" "-MTest::Harness" "-e" "undef *Test::Harness::Switches; test_harness(0, 'blib/lib', 'blib/arch')" t/*.t
# Testing Signals::XSIG 1.00, Perl 5.039005, /usr/perl5.39.5/bin/perl5.39.5
t/00-load.t ............... ok
No such signal: SIGxyz at /home/cpansand/.cpan/build/2023122916/Signals-XSIG-1.00-0/blib/lib/Signals/XSIG.pm line 247, <DATA> line 292.
t/01-SIG.t ................ ok
t/02-SIGhash.t ............ ok
t/03-XSIG.t ............... ok
t/04-XSIGarray.t .......... ok
t/05-XSIGhash.t ........... ok
t/10-handlers.t ........... ok
# local %SIG is not tied on 5.039005
t/11-local.t .............. ok
t/12-unimport.t ........... ok
t/20a-defaults.t .......... ok
# Failed test 'SIGTSTP exit status match: 9 == 0'
# at t/20-defaults.tt line 277.
# Failed test 'program output with SIGTSTP match: system: [] ; module: [Hello world
# Foo!] ; 0 === 16'
# at t/20-defaults.tt line 293.
# Failed test 'suspend behavior for SIGTSTP matches (0 71779 / 71780 71780)'
# at t/20-defaults.tt line 298.
# Default behavior failures for SIGTSTP
# Failed test 'SIGTTIN exit status match: 9 == 0'
# at t/20-defaults.tt line 277.
# Failed test 'program output with SIGTTIN match: system: [] ; module: [Hello world
# Foo!] ; 0 === 16'
# at t/20-defaults.tt line 293.
# Failed test 'suspend behavior for SIGTTIN matches (0 71949 / 71950 71950)'
# at t/20-defaults.tt line 298.
# Default behavior failures for SIGTTIN
# Failed test 'SIGTTOU exit status match: 9 == 0'
# at t/20-defaults.tt line 277.
# Failed test 'program output with SIGTTOU match: system: [] ; module: [Hello world
# Foo!] ; 0 === 16'
# at t/20-defaults.tt line 293.
# Failed test 'suspend behavior for SIGTTOU matches (0 71964 / 71965 71965)'
# at t/20-defaults.tt line 298.
# Default behavior failures for SIGTTOU
# Failures detected with PAUSE_TIME=5
# If these are intermittent failures, they might go away if you
# increase the pause time. Try
#
# PAUSE_TIME=10 make test
#
Can't open perl script "spike/analyze_default_signal_behavior1.pl": No such file or directory
# Looks like you failed 9 tests of 15.
t/20b-defaults.t ..........
Dubious, test returned 9 (wstat 2304, 0x900)
Failed 9/15 subtests
t/20c-defaults.t .......... ok
t/21-override-defaults.t .. ok
t/manifest.t .............. skipped: Author tests not required for installation
t/pod-coverage.t .......... ok
t/pod.t ................... ok
Test Summary Report
-------------------
t/20b-defaults.t (Wstat: 2304 (exited 9) Tests: 15 Failed: 9)
Failed tests: 4-12
Non-zero exit status: 9
Files=16, Tests=402, 183 wallclock secs ( 0.11 usr 0.02 sys + 1.70 cusr 0.80 csys = 2.62 CPU)
Result: FAIL
Failed 1/16 test programs. 9/402 subtests failed.
*** Error code 255
Stop.
make: stopped in /home/cpansand/.cpan/build/2023122916/Signals-XSIG-1.00-0
------------------------------
PREREQUISITES
------------------------------
Prerequisite modules loaded:
requires:
Module Need Have
------------------- ---- --------
Test::More 0 1.302195
build_requires:
Module Need Have
------------------- ---- --------
ExtUtils::MakeMaker 0 7.70
configure_requires:
Module Need Have
------------------- ---- --------
ExtUtils::MakeMaker 0 7.70
------------------------------
ENVIRONMENT AND OTHER CONTEXT
------------------------------
Environment variables:
LANG = C.UTF-8
PATH = /usr/local/bin:/usr/bin:/bin:/usr/local/sbin:/usr/sbin:/sbin:/home/cpansand/bin/freebsd14.0:/home/cpansand/bin/sh:/home/cpansand/bin:/usr/games:/home/cpansand/devel:/home/eserte/src/srezic-misc/scripts
PERL5LIB =
PERL5OPT =
PERL5_CPANPLUS_IS_RUNNING = 69409
PERL5_CPAN_IS_RUNNING = 69409
PERL5_CPAN_IS_RUNNING_IN_RECURSION = 58034,69409
PERLDOC = -MPod::Perldoc::ToTextOverstrike
PERL_BATCH = yes
PERL_CANARY_STABILITY_NOPROMPT = 1
PERL_CPAN_REPORTER_CONFIG = /var/tmp/cpansmoker-1023/2023122915/cpanreporter_002_config.ini
PERL_EXTUTILS_AUTOINSTALL = --defaultdeps
PERL_USE_UNSAFE_INC = 1
SHELL = /usr/local/bin/zsh
TERM = screen
TMPDIR = /var/tmp/cpansmoker-1023/2023122915
Perl special variables (and OS-specific diagnostics, for MSWin32):
$^X = /usr/perl5.39.5/bin/perl5.39.5
$UID/$EUID = 1023 / 1023
$GID = 1023 1023
$EGID = 1023 1023
Perl module toolchain versions installed:
Module Have
------------------- --------
CPAN 2.36
CPAN::Meta 2.150010
Cwd 3.90
ExtUtils::CBuilder 0.280240
ExtUtils::Command 7.70
ExtUtils::Install 2.22
ExtUtils::MakeMaker 7.70
ExtUtils::Manifest 1.75
ExtUtils::ParseXS 3.51
File::Spec 3.90
JSON 4.10
JSON::PP 4.16
Module::Build 0.4234
Module::Signature 0.88
Parse::CPAN::Meta 2.150010
Test2 1.302195
Test::Harness 3.48
Test::More 1.302195
YAML 1.30
YAML::Syck 1.34
version 0.9930
--
Summary of my perl5 (revision 5 version 39 subversion 5) configuration:
Platform:
osname=freebsd
osvers=14.0-stable
archname=aarch64-freebsd
uname='freebsd cloud9.bbbike.org 14.0-stable freebsd 14.0-stable #0 stable14-ac83f3fa4: mon dec 25 18:44:17 utc 2023 root@cloud9.bbbike.org:usrobjhomeprojectsfreebsd-srcarm64.aarch64sysgeneric arm64 '
config_args='-ds -e -Dprefix=/usr/perl5.39.5 -Dusedevel -Dusemallocwrap=no -Dcf_email=srezic@cpan.org -Doptimize=-O2 -pipe'
hint=recommended
useposix=true
d_sigaction=define
useithreads=undef
usemultiplicity=undef
use64bitint=define
use64bitall=define
uselongdouble=undef
usemymalloc=n
default_inc_excludes_dot=define
Compiler:
cc='cc'
ccflags ='-DHAS_FPSETMASK -DHAS_FLOATINGPOINT_H -DNO_POSIX_2008_LOCALE -fno-strict-aliasing -pipe -fstack-protector-strong -I/usr/local/include'
optimize='-O2 -pipe'
cppflags='-DHAS_FPSETMASK -DHAS_FLOATINGPOINT_H -DNO_POSIX_2008_LOCALE -fno-strict-aliasing -pipe -fstack-protector-strong -I/usr/local/include'
ccversion=''
gccversion='FreeBSD Clang 16.0.6 (https://github.com/llvm/llvm-project.git llvmorg-16.0.6-0-g7cbf1a259152)'
gccosandvers=''
intsize=4
longsize=8
ptrsize=8
doublesize=8
byteorder=12345678
doublekind=3
d_longlong=define
longlongsize=8
d_longdbl=define
longdblsize=16
longdblkind=1
ivtype='long'
ivsize=8
nvtype='double'
nvsize=8
Off_t='off_t'
lseeksize=8
alignbytes=8
prototype=define
Linker and Libraries:
ld='cc'
ldflags ='-Wl,-E -fstack-protector-strong -L/usr/local/lib'
libpth=/usr/lib /usr/local/lib /usr/lib/clang/16/lib
libs=-lpthread -lgdbm -ldl -lm -lcrypt -lutil -lc
perllibs=-lpthread -ldl -lm -lcrypt -lutil -lc
libc=
so=so
useshrplib=false
libperl=libperl.a
gnulibc_version=''
Dynamic Linking:
dlsrc=dl_dlopen.xs
dlext=so
d_dlsymun=undef
ccdlflags=' '
cccdlflags='-DPIC -fPIC'
lddlflags='-shared -L/usr/local/lib -fstack-protector-strong'
Characteristics of this binary (from libperl):
Compile-time options:
HAS_LONG_DOUBLE
HAS_STRTOLD
HAS_TIMES
PERLIO_LAYERS
PERL_COPY_ON_WRITE
PERL_DONT_CREATE_GVSV
PERL_HASH_FUNC_SIPHASH13
PERL_HASH_USE_SBOX32
PERL_OP_PARENT
PERL_PRESERVE_IVUV
PERL_USE_DEVEL
PERL_USE_SAFE_PUTENV
USE_64_BIT_ALL
USE_64_BIT_INT
USE_LARGE_FILES
USE_LOCALE
USE_LOCALE_COLLATE
USE_LOCALE_CTYPE
USE_LOCALE_NUMERIC
USE_LOCALE_TIME
USE_PERLIO
USE_PERL_ATOF
Built under freebsd
Compiled at Dec 26 2023 16:17:54
%ENV:
PERL5LIB=""
PERL5OPT=""
PERL5_CPANPLUS_IS_RUNNING="69409"
PERL5_CPAN_IS_RUNNING="69409"
PERL5_CPAN_IS_RUNNING_IN_RECURSION="58034,69409"
PERLDOC="-MPod::Perldoc::ToTextOverstrike"
PERL_BATCH="yes"
PERL_CANARY_STABILITY_NOPROMPT="1"
PERL_CPAN_REPORTER_CONFIG="/var/tmp/cpansmoker-1023/2023122915/cpanreporter_002_config.ini"
PERL_EXTUTILS_AUTOINSTALL="--defaultdeps"
PERL_USE_UNSAFE_INC="1"
@INC:
/usr/perl5.39.5/lib/site_perl/5.39.5/aarch64-freebsd
/usr/perl5.39.5/lib/site_perl/5.39.5
/usr/perl5.39.5/lib/5.39.5/aarch64-freebsd
/usr/perl5.39.5/lib/5.39.5
.