Module-Build v0.42_35 Perl 5 v5.43.3 darwin-2level

Status
Fail
From
Dist
Module-Build v0.42_35
Platform
Perl 5 v5.43.3 darwin-2level
Date
2025-09-23 16:24:45
ID
d104731a-9899-11f0-8c0a-a94b9fa555e6
This distribution has been tested as part of the CPAN Testers
project, supporting the Perl programming language.  See
http://wiki.cpantesters.org/ for more information or email
questions to cpan-testers-discuss@perl.org


--
Dear LEONT,

This is a computer-generated report for Module-Build-0.42_35
on perl 5.43.3, created by App::cpanminus::reporter 0.22 (1.7048).

Thank you for uploading your work to CPAN.  However, there was a problem
testing your distribution.

If you think this report is invalid, please consult the CPAN Testers Wiki
for suggestions on how to avoid getting FAIL reports for missing library
or binary dependencies, unsupported operating systems, and so on:

http://wiki.cpantesters.org/wiki/CPANAuthorNotes

Sections of this report:

    * Tester comments
    * Program output
    * Prerequisites
    * Environment and other context

------------------------------
TESTER COMMENTS
------------------------------

Additional comments from tester:

none provided

------------------------------
PROGRAM OUTPUT
------------------------------

Output from '':

Building and testing Module-Build-0.42_35
Building Module-Build
t/add_property_array.t ......... ok
t/add_property.t ............... ok
t/add_property_hash.t .......... ok
t/actions/installdeps.t ........ ok
t/bundle_inc.t ................. skipped: $ENV{MB_TEST_EXPERIMENTAL} is not set
t/PL_files.t ................... ok
t/actions/manifest_skip.t ...... ok
t/compat/exit.t ................ ok
t/00-compile.t ................. ok
t/debug.t ...................... ok
t/extend.t ..................... ok
t/basic.t ...................... ok
t/files.t ...................... ok
t/help.t ....................... ok
t/destinations.t ............... ok
t/manifypods.t ................. ok
t/manifypods_with_utf8.t ....... ok

#   Failed test 'installed etc/config'
#   at t/install_extra_target.t line 131.

#   Failed test 'installed shared/data'
#   at t/install_extra_target.t line 132.

#   Failed test 'installed shared/html'
#   at t/install_extra_target.t line 133.
# OUTPUT:
# Building Simple
# Installing /tmp/MB-D6hYEfX0/t/install_extra_targets-17030/lib/perl5/Simple.pm
# Looks like you failed 3 tests of 6.
t/install_extra_target.t ....... 
Dubious, test returned 3 (wstat 768, 0x300)
Failed 3/6 subtests 
t/metadata.t ................... ok
t/ext.t ........................ ok
t/install.t .................... ok
t/new_from_context.t ........... ok
t/parents.t .................... ok
t/notes.t ...................... ok
t/pod_parser.t ................. ok
t/metadata2.t .................. ok
t/properties/dist_suffix.t ..... ok
t/par.t ........................ skipped: PAR::Dist 0.17 or up not installed to check .par's.
t/properties/license.t ......... ok
t/perl_mb_opt.t ................ ok
t/mymeta.t ..................... ok
t/properties/module_name.t ..... ok
t/properties/requires.t ........ ok
t/resume.t ..................... ok
t/ppm.t ........................ ok
t/properties/share_dir.t ....... ok
t/properties/release_status.t .. ok
t/sample.t ..................... ok
t/runthrough.t ................. ok
t/script_dist.t ................ ok
t/test_file_exts.t ............. ok
t/signature.t .................. ok
t/test_type.t .................. ok
t/test_reqs.t .................. ok
t/unit_run_test_harness.t ...... ok
t/versions.t ................... ok
t/properties/needs_compiler.t .. ok
t/write_default_maniskip.t ..... ok
t/test_types.t ................. ok
t/use_tap_harness.t ............ ok
t/tilde.t ...................... ok
t/xs.t ......................... ok
t/compat.t ..................... ok

Test Summary Report
-------------------
t/install_extra_target.t     (Wstat: 768 (exited 3) Tests: 6 Failed: 3)
  Failed tests:  4-6
  Non-zero exit status: 3
Files=53, Tests=1189,  8 wallclock secs ( 0.17 usr  0.08 sys + 18.82 cusr  7.78 csys = 26.85 CPU)
Result: FAIL

------------------------------
PREREQUISITES
------------------------------

Prerequisite modules loaded:

runtime:

    Module                 Need     Have    
    ---------------------- -------- --------
    CPAN::Meta             2.142060 2.150010
    Cwd                    0        3.94    
    Data::Dumper           0        2.192   
    ExtUtils::CBuilder     0.27     0.280242
    ExtUtils::Install      0        2.22    
    ExtUtils::InstallPaths 0.003    0.014   
    ExtUtils::Manifest     0        1.75    
    ExtUtils::Mkbootstrap  0        7.77_02 
    ExtUtils::ParseXS      2.21     3.60    
    File::Basename         0        2.86    
    File::Compare          0        1.1008  
    File::Copy             0        2.43    
    File::Find             0        1.44    
    File::Path             0        2.18    
    File::Spec             0.82     3.94    
    Getopt::Long           0        2.58    
    Module::Metadata       1.000002 1.000038
    perl                   5.006001 5.043003
    Perl::OSType           1        1.010   
    TAP::Harness           3.29     3.52    
    Text::Abbrev           0        1.02    
    Text::ParseWords       0        3.31    
    version                0.87     0.9933  

configure:

    Module                 Need     Have    
    ---------------------- -------- --------
    CPAN::Meta             2.142060 2.150010
    File::Basename         0        2.86    
    File::Copy             0        2.43    
    File::Path             0        2.18    
    File::Spec             0.82     3.94    
    Module::Metadata       1.000002 1.000038
    Perl::OSType           1        1.010   
    version                0.87     0.9933  


------------------------------
ENVIRONMENT AND OTHER CONTEXT
------------------------------

Environment variables:

    HARNESS_OPTIONS = j6:c
    LANG = en_CA.UTF-8
    LC_ALL = en_CA.UTF-8
    LC_CTYPE = en_CA.UTF-8
    NO_NETWORK_TESTING = 1
    PATH = /Volumes/chambord/Users/ether/.perlbrew/libs/43.3@std/bin:/Volumes/chambord/Users/ether/perl5/perlbrew/bin:/Volumes/chambord/Users/ether/perl5/perlbrew/perls/43.3/bin:/Volumes/chambord/Users/ether/bin:/Volumes/chambord/Users/ether/git/misc/install/advocaat/bin:/Volumes/chambord/Users/ether/git/misc/install/generic/bin:/opt/local/bin:/opt/local/sbin:/Volumes/chambord/Users/ether/git/git-hub/lib:/usr/local/bin:/System/Cryptexes/App/usr/bin:/usr/bin:/bin:/usr/sbin:/sbin:/var/run/com.apple.security.cryptexd/codex.system/bootstrap/usr/local/bin:/var/run/com.apple.security.cryptexd/codex.system/bootstrap/usr/bin:/var/run/com.apple.security.cryptexd/codex.system/bootstrap/usr/appleinternal/bin:/Library/Apple/usr/bin:/opt/local/share/git-core/contrib/workdir
    PERL5LIB = /Volumes/chambord/Users/ether/.perlbrew/libs/43.3@std/lib/perl5
    PERLBREW_HOME = /Volumes/chambord/Users/ether/.perlbrew
    PERLBREW_LIB = std
    PERLBREW_MANPATH = /Volumes/chambord/Users/ether/.perlbrew/libs/43.3@std/man:/Volumes/chambord/Users/ether/perl5/perlbrew/perls/43.3/man
    PERLBREW_PATH = /Volumes/chambord/Users/ether/.perlbrew/libs/43.3@std/bin:/Volumes/chambord/Users/ether/perl5/perlbrew/bin:/Volumes/chambord/Users/ether/perl5/perlbrew/perls/43.3/bin
    PERLBREW_PERL = 43.3
    PERLBREW_ROOT = /Volumes/chambord/Users/ether/perl5/perlbrew
    PERLBREW_SHELLRC_VERSION = 1.01
    PERLBREW_VERSION = 1.01
    PERLDOC = -oansi
    PERLDOC_PAGER = less -sicMr
    PERL_AUTOINSTALL_PREFER_CPAN = 1
    PERL_INSTALL_QUIET = 1
    PERL_LOCAL_LIB_ROOT = /Volumes/chambord/Users/ether/.perlbrew/libs/43.3@std
    PERL_MB_OPT = --install_base /Volumes/chambord/Users/ether/.perlbrew/libs/43.3@std
    PERL_MM_OPT = INSTALL_BASE=/Volumes/chambord/Users/ether/.perlbrew/libs/43.3@std
    PERL_TEST_HARNESS_ASAP = 1
    PERL_USE_UNSAFE_INC = 0
    SHELL = /bin/bash
    TERM = xterm-color

Perl special variables (and OS-specific diagnostics, for MSWin32):

    EGID = 20 20 12 61 79 80 81 98 701 704 703 702 705 33 100 204 250
    EUID = 502
    EXECUTABLE_NAME = /Volumes/chambord/Users/ether/perl5/perlbrew/perls/43.3/bin/perl5.43.3
    GID = 20 20 12 61 79 80 81 98 701 704 703 702 705 33 100 204 250
    UID = 502

Perl module toolchain versions installed:

    Module              Have    
    ------------------- --------
    CPAN                2.38    
    CPAN::Meta          2.150010
    Cwd                 3.94    
    ExtUtils::CBuilder  0.280242
    ExtUtils::Command   7.77_02 
    ExtUtils::Install   2.22    
    ExtUtils::MakeMaker 7.77_02 
    ExtUtils::Manifest  1.75    
    ExtUtils::ParseXS   3.60    
    File::Spec          3.94    
    JSON                4.10    
    JSON::PP            4.16    
    Module::Build       n/a     
    Module::Signature   n/a     
    Parse::CPAN::Meta   2.150010
    Test::Harness       3.52    
    Test::More          1.302214
    YAML                1.31    
    YAML::Syck          n/a     
    version             0.9933  


--

Summary of my perl5 (revision 5 version 43 subversion 3) configuration:
   
  Platform:
    osname=darwin
    osvers=24.6.0
    archname=darwin-2level
    uname='darwin advocaat 24.6.0 darwin kernel version 24.6.0: mon jul 14 11:30:51 pdt 2025; root:xnu-11417.140.69~1release_arm64_t8112 arm64 '
    config_args='-de -Dprefix=/Volumes/chambord/Users/ether/perl5/perlbrew/perls/43.3 -Dman1dir=none -Dman3dir=none -Dusedevel -Aeval:scriptdir=/Volumes/chambord/Users/ether/perl5/perlbrew/perls/43.3/bin'
    hint=recommended
    useposix=true
    d_sigaction=define
    useithreads=undef
    usemultiplicity=undef
    use64bitint=define
    use64bitall=define
    uselongdouble=undef
    usemymalloc=n
    default_inc_excludes_dot=define
  Compiler:
    cc='cc'
    ccflags ='-fno-common -DPERL_DARWIN -DNO_THREAD_SAFE_QUERYLOCALE -DNO_POSIX_2008_LOCALE -DHAS_BROKEN_LANGINFO_CODESET -DNO_LOCALE_COLLATE -fno-strict-aliasing -pipe -fstack-protector-strong -I/opt/local/include'
    optimize='-O3'
    cppflags='-fno-common -DPERL_DARWIN -DNO_THREAD_SAFE_QUERYLOCALE -DNO_POSIX_2008_LOCALE -DHAS_BROKEN_LANGINFO_CODESET -DNO_LOCALE_COLLATE -fno-strict-aliasing -pipe -fstack-protector-strong -I/opt/local/include'
    ccversion=''
    gccversion='Apple LLVM 17.0.0 (clang-1700.3.19.1)'
    gccosandvers=''
    intsize=4
    longsize=8
    ptrsize=8
    doublesize=8
    byteorder=12345678
    doublekind=3
    d_longlong=define
    longlongsize=8
    d_longdbl=define
    longdblsize=8
    longdblkind=0
    ivtype='long'
    ivsize=8
    nvtype='double'
    nvsize=8
    Off_t='off_t'
    lseeksize=8
    alignbytes=8
    prototype=define
  Linker and Libraries:
    ld='cc'
    ldflags =' -fstack-protector-strong -L/opt/local/lib'
    libpth=/Applications/Xcode.app/Contents/Developer/Toolchains/XcodeDefault.xctoolchain/usr/lib/clang/17/lib /Applications/Xcode.app/Contents/Developer/Platforms/MacOSX.platform/Developer/SDKs/MacOSX.sdk/usr/lib /Applications/Xcode.app/Contents/Developer/Toolchains/XcodeDefault.xctoolchain/usr/lib /opt/local/lib /usr/lib
    libs=-lgdbm
    perllibs=
    libc=
    so=dylib
    useshrplib=false
    libperl=libperl.a
    gnulibc_version=''
  Dynamic Linking:
    dlsrc=dl_dlopen.xs
    dlext=bundle
    d_dlsymun=undef
    ccdlflags=' '
    cccdlflags=' '
    lddlflags='-bundle -undefined dynamic_lookup -L/opt/local/lib -fstack-protector-strong'


Characteristics of this binary (from libperl): 
  Compile-time options:
    HAS_LONG_DOUBLE
    HAS_STRTOLD
    HAS_TIMES
    PERLIO_LAYERS
    PERL_COPY_ON_WRITE
    PERL_DONT_CREATE_GVSV
    PERL_HASH_FUNC_SIPHASH13
    PERL_HASH_USE_SBOX32
    PERL_MALLOC_WRAP
    PERL_OP_PARENT
    PERL_PRESERVE_IVUV
    PERL_USE_DEVEL
    PERL_USE_SAFE_PUTENV
    USE_64_BIT_ALL
    USE_64_BIT_INT
    USE_LARGE_FILES
    USE_LOCALE
    USE_LOCALE_CTYPE
    USE_LOCALE_NUMERIC
    USE_LOCALE_TIME
    USE_PERLIO
    USE_PERL_ATOF
  Built under darwin
  Compiled at Sep 23 2025 09:00:05
  %ENV:
    PERL5LIB="/Volumes/chambord/Users/ether/.perlbrew/libs/43.3@std/lib/perl5"
    PERLBREW_HOME="/Volumes/chambord/Users/ether/.perlbrew"
    PERLBREW_LIB="std"
    PERLBREW_MANPATH="/Volumes/chambord/Users/ether/.perlbrew/libs/43.3@std/man:/Volumes/chambord/Users/ether/perl5/perlbrew/perls/43.3/man"
    PERLBREW_PATH="/Volumes/chambord/Users/ether/.perlbrew/libs/43.3@std/bin:/Volumes/chambord/Users/ether/perl5/perlbrew/bin:/Volumes/chambord/Users/ether/perl5/perlbrew/perls/43.3/bin"
    PERLBREW_PERL="43.3"
    PERLBREW_ROOT="/Volumes/chambord/Users/ether/perl5/perlbrew"
    PERLBREW_SHELLRC_VERSION="1.01"
    PERLBREW_VERSION="1.01"
    PERLDOC="-oansi"
    PERLDOC_PAGER="less -sicMr"
    PERL_AUTOINSTALL_PREFER_CPAN="1"
    PERL_INSTALL_QUIET="1"
    PERL_LOCAL_LIB_ROOT="/Volumes/chambord/Users/ether/.perlbrew/libs/43.3@std"
    PERL_MB_OPT="--install_base /Volumes/chambord/Users/ether/.perlbrew/libs/43.3@std"
    PERL_MM_OPT="INSTALL_BASE=/Volumes/chambord/Users/ether/.perlbrew/libs/43.3@std"
    PERL_TEST_HARNESS_ASAP="1"
    PERL_USE_UNSAFE_INC="0"
  @INC:
    /Volumes/chambord/Users/ether/.perlbrew/libs/43.3@std/lib/perl5/darwin-2level
    /Volumes/chambord/Users/ether/.perlbrew/libs/43.3@std/lib/perl5
    /Volumes/chambord/Users/ether/perl5/perlbrew/perls/43.3/lib/site_perl/5.43.3/darwin-2level
    /Volumes/chambord/Users/ether/perl5/perlbrew/perls/43.3/lib/site_perl/5.43.3
    /Volumes/chambord/Users/ether/perl5/perlbrew/perls/43.3/lib/5.43.3/darwin-2level
    /Volumes/chambord/Users/ether/perl5/perlbrew/perls/43.3/lib/5.43.3