Back
From: metabase:user:320bfe00-2aae-11df-837a-5e0a49663a4f
Subject: FAIL POE-Component-SSLify-1.012 v5.25.5 GNU/Linux
Date: 2016-08-27T17:15:13Z
This distribution has been tested as part of the CPAN Testers
project, supporting the Perl programming language. See
http://wiki.cpantesters.org/ for more information or email
questions to cpan-testers-discuss@perl.org
--
Dear Apocalypse,
This is a computer-generated report for POE-Component-SSLify-1.012
on perl 5.25.5, created by CPAN-Reporter-1.2018.
Thank you for uploading your work to CPAN. However, there was a problem
testing your distribution.
If you think this report is invalid, please consult the CPAN Testers Wiki
for suggestions on how to avoid getting FAIL reports for missing library
or binary dependencies, unsupported operating systems, and so on:
http://wiki.cpantesters.org/wiki/CPANAuthorNotes
Sections of this report:
* Tester comments
* Program output
* Prerequisites
* Environment and other context
------------------------------
TESTER COMMENTS
------------------------------
Additional comments from tester:
this report is from an automated smoke testing program
and was not reviewed by a human for accuracy
------------------------------
PROGRAM OUTPUT
------------------------------
Output from './Build test':
t/00-compile.t ................ ok
#
# Versions for all modules listed in MYMETA.json (including optional ones):
#
# === Configure Requires ===
#
# Module Want Have
# ------------------- ----- -----
# ExtUtils::MakeMaker any 7.24
# Module::Build::Tiny 0.039 0.039
#
# === Test Requires ===
#
# Module Want Have
# --------------------------- -------- --------
# ExtUtils::MakeMaker any 7.24
# File::Spec any 3.65
# File::Temp any 0.2304
# IO::Handle 1.28 1.36
# IPC::Open3 any 1.20
# POE 1.267 1.367
# POE::Component::Client::TCP any 1.367
# POE::Component::Server::TCP any 1.367
# POE::Filter::Stream any 1.367
# Socket any 2.020_03
# Test::FailWarnings any 0.008
# Test::More 1.001002 1.302052
#
# === Test Recommends ===
#
# Module Want Have
# ---------- -------- --------
# CPAN::Meta 2.120900 2.150010
#
# === Runtime Requires ===
#
# Module Want Have
# ------------ ----- -------
# Exporter any 5.72
# IO::Handle 1.28 1.36
# Net::SSLeay 1.36 1.78
# POE 1.267 1.367
# Scalar::Util any 1.45_01
# Symbol any 1.07
# Task::Weaken 1.03 1.04
# parent any 0.234
# strict any 1.11
# warnings any 1.37
#
t/00-report-prereqs.t ......... ok
#
# Net::SSLeay::ver_number is 0x1000208f
# OpenSSL 1.0.2h 3 May 2016
# compiler: gcc -I. -I.. -I../include -fPIC -DOPENSSL_PIC -DOPENSSL_THREADS -D_REENTRANT -DDSO_DLFCN -DHAVE_DLFCN_H -m64 -DL_ENDIAN -g -O2 -fstack-protector-strong -Wformat -Werror=format-security -Wdate-time -D_FORTIFY_SOURCE=2 -Wl,-z,relro -Wa,--noexecstack -Wall -DMD32_REG_T=int -DOPENSSL_IA32_SSE2 -DOPENSSL_BN_ASM_MONT -DOPENSSL_BN_ASM_MONT5 -DOPENSSL_BN_ASM_GF2m -DSHA1_ASM -DSHA256_ASM -DSHA512_ASM -DMD5_ASM -DAES_ASM -DVPAES_ASM -DBSAES_ASM -DWHIRLPOOL_ASM -DGHASH_ASM -DECP_NISTZ256_ASM
# built on: reproducible build, date unspecified
# platform: debian-amd64
# pogomips: 50229836
t/00-ssleay-info.t ............ ok
t/99_mire_test.t .............. skipped: AUTHOR TEST
t/apocalypse.t ................ skipped: Test::Apocalypse required for validating the distribution
t/connect_hook.t .............. ok
t/connect_hook_nodata.t ....... ok
t/connfail_client.t ........... ok
t/connfail_server.t ........... ok
# Failed test 'SERVER: SSLify_Options Can't locate auto/Net/SSLeay/CTX_v3_new.al in @INC (@INC contains: /tmp/loop_over_bdir-23185-J0Jg37/POE-Component-SSLify-1.012-0/blib/arch /tmp/loop_over_bdir-23185-J0Jg37/POE-Component-SSLify-1.012-0/blib/lib /home/sand/src/perl/repoperls/installed-perls/host/k93x64sid/v5.25.4-20-gc2f7c0b/9af6/lib/site_perl/5.25.5/x86_64-linux-thread-multi /home/sand/src/perl/repoperls/installed-perls/host/k93x64sid/v5.25.4-20-gc2f7c0b/9af6/lib/site_perl/5.25.5 /home/sand/src/perl/repoperls/installed-perls/host/k93x64sid/v5.25.4-20-gc2f7c0b/9af6/lib/5.25.5/x86_64-linux-thread-multi /home/sand/src/perl/repoperls/installed-perls/host/k93x64sid/v5.25.4-20-gc2f7c0b/9af6/lib/5.25.5 .) at /tmp/loop_over_bdir-23185-J0Jg37/POE-Component-SSLify-1.012-0/blib/lib/POE/Component/SSLify.pm line 362.
# '
# at t/renegotiate_client.t line 55.
# Failed test 'SERVER: Server_SSLify Please do SSLify_Options() first ( or pass in a $ctx object ) at /tmp/loop_over_bdir-23185-J0Jg37/POE-Component-SSLify-1.012-0/blib/lib/POE/Component/SSLify.pm line 247.
# '
# at t/renegotiate_client.t line 58.
# Failed test 'CLIENT: SSLify_ContextCreate Can't locate auto/Net/SSLeay/CTX_v3_new.al in @INC (@INC contains: /tmp/loop_over_bdir-23185-J0Jg37/POE-Component-SSLify-1.012-0/blib/arch /tmp/loop_over_bdir-23185-J0Jg37/POE-Component-SSLify-1.012-0/blib/lib /home/sand/src/perl/repoperls/installed-perls/host/k93x64sid/v5.25.4-20-gc2f7c0b/9af6/lib/site_perl/5.25.5/x86_64-linux-thread-multi /home/sand/src/perl/repoperls/installed-perls/host/k93x64sid/v5.25.4-20-gc2f7c0b/9af6/lib/site_perl/5.25.5 /home/sand/src/perl/repoperls/installed-perls/host/k93x64sid/v5.25.4-20-gc2f7c0b/9af6/lib/5.25.5/x86_64-linux-thread-multi /home/sand/src/perl/repoperls/installed-perls/host/k93x64sid/v5.25.4-20-gc2f7c0b/9af6/lib/5.25.5 .) at /tmp/loop_over_bdir-23185-J0Jg37/POE-Component-SSLify-1.012-0/blib/lib/POE/Component/SSLify.pm line 362.
# '
# at t/renegotiate_client.t line 117.
Can't use an undefined value as a symbol reference at /tmp/loop_over_bdir-23185-J0Jg37/POE-Component-SSLify-1.012-0/blib/lib/POE/Component/SSLify.pm line 446.
# Tests were run but no plan was declared and done_testing() was not seen.
# Looks like your test exited with 22 just after 7.
t/renegotiate_client.t ........
Dubious, test returned 22 (wstat 5632, 0x1600)
Failed 3/7 subtests
# Failed test 'SERVER: SSLify_Options Can't locate auto/Net/SSLeay/CTX_v3_new.al in @INC (@INC contains: /tmp/loop_over_bdir-23185-J0Jg37/POE-Component-SSLify-1.012-0/blib/arch /tmp/loop_over_bdir-23185-J0Jg37/POE-Component-SSLify-1.012-0/blib/lib /home/sand/src/perl/repoperls/installed-perls/host/k93x64sid/v5.25.4-20-gc2f7c0b/9af6/lib/site_perl/5.25.5/x86_64-linux-thread-multi /home/sand/src/perl/repoperls/installed-perls/host/k93x64sid/v5.25.4-20-gc2f7c0b/9af6/lib/site_perl/5.25.5 /home/sand/src/perl/repoperls/installed-perls/host/k93x64sid/v5.25.4-20-gc2f7c0b/9af6/lib/5.25.5/x86_64-linux-thread-multi /home/sand/src/perl/repoperls/installed-perls/host/k93x64sid/v5.25.4-20-gc2f7c0b/9af6/lib/5.25.5 .) at /tmp/loop_over_bdir-23185-J0Jg37/POE-Component-SSLify-1.012-0/blib/lib/POE/Component/SSLify.pm line 362.
# '
# at t/renegotiate_client_pings.t line 57.
# Failed test 'SERVER: Server_SSLify Please do SSLify_Options() first ( or pass in a $ctx object ) at /tmp/loop_over_bdir-23185-J0Jg37/POE-Component-SSLify-1.012-0/blib/lib/POE/Component/SSLify.pm line 247.
# '
# at t/renegotiate_client_pings.t line 60.
# Failed test 'CLIENT: SSLify_ContextCreate Can't locate auto/Net/SSLeay/CTX_v3_new.al in @INC (@INC contains: /tmp/loop_over_bdir-23185-J0Jg37/POE-Component-SSLify-1.012-0/blib/arch /tmp/loop_over_bdir-23185-J0Jg37/POE-Component-SSLify-1.012-0/blib/lib /home/sand/src/perl/repoperls/installed-perls/host/k93x64sid/v5.25.4-20-gc2f7c0b/9af6/lib/site_perl/5.25.5/x86_64-linux-thread-multi /home/sand/src/perl/repoperls/installed-perls/host/k93x64sid/v5.25.4-20-gc2f7c0b/9af6/lib/site_perl/5.25.5 /home/sand/src/perl/repoperls/installed-perls/host/k93x64sid/v5.25.4-20-gc2f7c0b/9af6/lib/5.25.5/x86_64-linux-thread-multi /home/sand/src/perl/repoperls/installed-perls/host/k93x64sid/v5.25.4-20-gc2f7c0b/9af6/lib/5.25.5 .) at /tmp/loop_over_bdir-23185-J0Jg37/POE-Component-SSLify-1.012-0/blib/lib/POE/Component/SSLify.pm line 362.
# '
# at t/renegotiate_client_pings.t line 120.
Can't use an undefined value as a symbol reference at /tmp/loop_over_bdir-23185-J0Jg37/POE-Component-SSLify-1.012-0/blib/lib/POE/Component/SSLify.pm line 446.
# Tests were run but no plan was declared and done_testing() was not seen.
# Looks like your test exited with 22 just after 7.
t/renegotiate_client_pings.t ..
Dubious, test returned 22 (wstat 5632, 0x1600)
Failed 3/7 subtests
# Failed test 'SERVER: SSLify_Options Can't locate auto/Net/SSLeay/CTX_v3_new.al in @INC (@INC contains: /tmp/loop_over_bdir-23185-J0Jg37/POE-Component-SSLify-1.012-0/blib/arch /tmp/loop_over_bdir-23185-J0Jg37/POE-Component-SSLify-1.012-0/blib/lib /home/sand/src/perl/repoperls/installed-perls/host/k93x64sid/v5.25.4-20-gc2f7c0b/9af6/lib/site_perl/5.25.5/x86_64-linux-thread-multi /home/sand/src/perl/repoperls/installed-perls/host/k93x64sid/v5.25.4-20-gc2f7c0b/9af6/lib/site_perl/5.25.5 /home/sand/src/perl/repoperls/installed-perls/host/k93x64sid/v5.25.4-20-gc2f7c0b/9af6/lib/5.25.5/x86_64-linux-thread-multi /home/sand/src/perl/repoperls/installed-perls/host/k93x64sid/v5.25.4-20-gc2f7c0b/9af6/lib/5.25.5 .) at /tmp/loop_over_bdir-23185-J0Jg37/POE-Component-SSLify-1.012-0/blib/lib/POE/Component/SSLify.pm line 362.
# '
# at t/renegotiate_server.t line 55.
# Failed test 'SERVER: Server_SSLify Please do SSLify_Options() first ( or pass in a $ctx object ) at /tmp/loop_over_bdir-23185-J0Jg37/POE-Component-SSLify-1.012-0/blib/lib/POE/Component/SSLify.pm line 247.
# '
# at t/renegotiate_server.t line 58.
# Failed test 'CLIENT: SSLify_ContextCreate Can't locate auto/Net/SSLeay/CTX_v3_new.al in @INC (@INC contains: /tmp/loop_over_bdir-23185-J0Jg37/POE-Component-SSLify-1.012-0/blib/arch /tmp/loop_over_bdir-23185-J0Jg37/POE-Component-SSLify-1.012-0/blib/lib /home/sand/src/perl/repoperls/installed-perls/host/k93x64sid/v5.25.4-20-gc2f7c0b/9af6/lib/site_perl/5.25.5/x86_64-linux-thread-multi /home/sand/src/perl/repoperls/installed-perls/host/k93x64sid/v5.25.4-20-gc2f7c0b/9af6/lib/site_perl/5.25.5 /home/sand/src/perl/repoperls/installed-perls/host/k93x64sid/v5.25.4-20-gc2f7c0b/9af6/lib/5.25.5/x86_64-linux-thread-multi /home/sand/src/perl/repoperls/installed-perls/host/k93x64sid/v5.25.4-20-gc2f7c0b/9af6/lib/5.25.5 .) at /tmp/loop_over_bdir-23185-J0Jg37/POE-Component-SSLify-1.012-0/blib/lib/POE/Component/SSLify.pm line 362.
# '
# at t/renegotiate_server.t line 117.
Can't use an undefined value as a symbol reference at /tmp/loop_over_bdir-23185-J0Jg37/POE-Component-SSLify-1.012-0/blib/lib/POE/Component/SSLify.pm line 446.
# Tests were run but no plan was declared and done_testing() was not seen.
# Looks like your test exited with 22 just after 7.
t/renegotiate_server.t ........
Dubious, test returned 22 (wstat 5632, 0x1600)
Failed 3/7 subtests
# Failed test 'SERVER: SSLify_Options Can't locate auto/Net/SSLeay/CTX_v3_new.al in @INC (@INC contains: /tmp/loop_over_bdir-23185-J0Jg37/POE-Component-SSLify-1.012-0/blib/arch /tmp/loop_over_bdir-23185-J0Jg37/POE-Component-SSLify-1.012-0/blib/lib /home/sand/src/perl/repoperls/installed-perls/host/k93x64sid/v5.25.4-20-gc2f7c0b/9af6/lib/site_perl/5.25.5/x86_64-linux-thread-multi /home/sand/src/perl/repoperls/installed-perls/host/k93x64sid/v5.25.4-20-gc2f7c0b/9af6/lib/site_perl/5.25.5 /home/sand/src/perl/repoperls/installed-perls/host/k93x64sid/v5.25.4-20-gc2f7c0b/9af6/lib/5.25.5/x86_64-linux-thread-multi /home/sand/src/perl/repoperls/installed-perls/host/k93x64sid/v5.25.4-20-gc2f7c0b/9af6/lib/5.25.5 .) at /tmp/loop_over_bdir-23185-J0Jg37/POE-Component-SSLify-1.012-0/blib/lib/POE/Component/SSLify.pm line 362.
# '
# at t/simple.t line 52.
# Failed test 'SERVER: Server_SSLify Please do SSLify_Options() first ( or pass in a $ctx object ) at /tmp/loop_over_bdir-23185-J0Jg37/POE-Component-SSLify-1.012-0/blib/lib/POE/Component/SSLify.pm line 247.
# '
# at t/simple.t line 55.
# Failed test 'CLIENT: SSLify_ContextCreate Can't locate auto/Net/SSLeay/CTX_v3_new.al in @INC (@INC contains: /tmp/loop_over_bdir-23185-J0Jg37/POE-Component-SSLify-1.012-0/blib/arch /tmp/loop_over_bdir-23185-J0Jg37/POE-Component-SSLify-1.012-0/blib/lib /home/sand/src/perl/repoperls/installed-perls/host/k93x64sid/v5.25.4-20-gc2f7c0b/9af6/lib/site_perl/5.25.5/x86_64-linux-thread-multi /home/sand/src/perl/repoperls/installed-perls/host/k93x64sid/v5.25.4-20-gc2f7c0b/9af6/lib/site_perl/5.25.5 /home/sand/src/perl/repoperls/installed-perls/host/k93x64sid/v5.25.4-20-gc2f7c0b/9af6/lib/5.25.5/x86_64-linux-thread-multi /home/sand/src/perl/repoperls/installed-perls/host/k93x64sid/v5.25.4-20-gc2f7c0b/9af6/lib/5.25.5 .) at /tmp/loop_over_bdir-23185-J0Jg37/POE-Component-SSLify-1.012-0/blib/lib/POE/Component/SSLify.pm line 362.
# '
# at t/simple.t line 111.
Can't use an undefined value as a symbol reference at /tmp/loop_over_bdir-23185-J0Jg37/POE-Component-SSLify-1.012-0/blib/lib/POE/Component/SSLify.pm line 446.
# Tests were run but no plan was declared and done_testing() was not seen.
# Looks like your test exited with 22 just after 7.
t/simple.t ....................
Dubious, test returned 22 (wstat 5632, 0x1600)
Failed 3/7 subtests
# Failed test 'SERVER: SSLify_Options Can't locate auto/Net/SSLeay/CTX_v3_new.al in @INC (@INC contains: /tmp/loop_over_bdir-23185-J0Jg37/POE-Component-SSLify-1.012-0/blib/arch /tmp/loop_over_bdir-23185-J0Jg37/POE-Component-SSLify-1.012-0/blib/lib /home/sand/src/perl/repoperls/installed-perls/host/k93x64sid/v5.25.4-20-gc2f7c0b/9af6/lib/site_perl/5.25.5/x86_64-linux-thread-multi /home/sand/src/perl/repoperls/installed-perls/host/k93x64sid/v5.25.4-20-gc2f7c0b/9af6/lib/site_perl/5.25.5 /home/sand/src/perl/repoperls/installed-perls/host/k93x64sid/v5.25.4-20-gc2f7c0b/9af6/lib/5.25.5/x86_64-linux-thread-multi /home/sand/src/perl/repoperls/installed-perls/host/k93x64sid/v5.25.4-20-gc2f7c0b/9af6/lib/5.25.5 .) at /tmp/loop_over_bdir-23185-J0Jg37/POE-Component-SSLify-1.012-0/blib/lib/POE/Component/SSLify.pm line 362.
# '
# at t/simple_large.t line 54.
# Failed test 'SERVER: Server_SSLify Please do SSLify_Options() first ( or pass in a $ctx object ) at /tmp/loop_over_bdir-23185-J0Jg37/POE-Component-SSLify-1.012-0/blib/lib/POE/Component/SSLify.pm line 247.
# '
# at t/simple_large.t line 57.
# Failed test 'CLIENT: SSLify_ContextCreate Can't locate auto/Net/SSLeay/CTX_v3_new.al in @INC (@INC contains: /tmp/loop_over_bdir-23185-J0Jg37/POE-Component-SSLify-1.012-0/blib/arch /tmp/loop_over_bdir-23185-J0Jg37/POE-Component-SSLify-1.012-0/blib/lib /home/sand/src/perl/repoperls/installed-perls/host/k93x64sid/v5.25.4-20-gc2f7c0b/9af6/lib/site_perl/5.25.5/x86_64-linux-thread-multi /home/sand/src/perl/repoperls/installed-perls/host/k93x64sid/v5.25.4-20-gc2f7c0b/9af6/lib/site_perl/5.25.5 /home/sand/src/perl/repoperls/installed-perls/host/k93x64sid/v5.25.4-20-gc2f7c0b/9af6/lib/5.25.5/x86_64-linux-thread-multi /home/sand/src/perl/repoperls/installed-perls/host/k93x64sid/v5.25.4-20-gc2f7c0b/9af6/lib/5.25.5 .) at /tmp/loop_over_bdir-23185-J0Jg37/POE-Component-SSLify-1.012-0/blib/lib/POE/Component/SSLify.pm line 362.
# '
# at t/simple_large.t line 113.
Can't use an undefined value as a symbol reference at /tmp/loop_over_bdir-23185-J0Jg37/POE-Component-SSLify-1.012-0/blib/lib/POE/Component/SSLify.pm line 446.
# Tests were run but no plan was declared and done_testing() was not seen.
# Looks like your test exited with 22 just after 6.
t/simple_large.t ..............
Dubious, test returned 22 (wstat 5632, 0x1600)
Failed 3/6 subtests
# Failed test 'SERVER: SSLify_Options Can't locate auto/Net/SSLeay/CTX_v3_new.al in @INC (@INC contains: /tmp/loop_over_bdir-23185-J0Jg37/POE-Component-SSLify-1.012-0/blib/arch /tmp/loop_over_bdir-23185-J0Jg37/POE-Component-SSLify-1.012-0/blib/lib /home/sand/src/perl/repoperls/installed-perls/host/k93x64sid/v5.25.4-20-gc2f7c0b/9af6/lib/site_perl/5.25.5/x86_64-linux-thread-multi /home/sand/src/perl/repoperls/installed-perls/host/k93x64sid/v5.25.4-20-gc2f7c0b/9af6/lib/site_perl/5.25.5 /home/sand/src/perl/repoperls/installed-perls/host/k93x64sid/v5.25.4-20-gc2f7c0b/9af6/lib/5.25.5/x86_64-linux-thread-multi /home/sand/src/perl/repoperls/installed-perls/host/k93x64sid/v5.25.4-20-gc2f7c0b/9af6/lib/5.25.5 .) at /tmp/loop_over_bdir-23185-J0Jg37/POE-Component-SSLify-1.012-0/blib/lib/POE/Component/SSLify.pm line 362.
# '
# at t/simple_parallel.t line 52.
# Failed test 'SERVER: Server_SSLify Please do SSLify_Options() first ( or pass in a $ctx object ) at /tmp/loop_over_bdir-23185-J0Jg37/POE-Component-SSLify-1.012-0/blib/lib/POE/Component/SSLify.pm line 247.
# '
# at t/simple_parallel.t line 55.
# Failed test 'CLIENT: SSLify_ContextCreate Can't locate auto/Net/SSLeay/CTX_v3_new.al in @INC (@INC contains: /tmp/loop_over_bdir-23185-J0Jg37/POE-Component-SSLify-1.012-0/blib/arch /tmp/loop_over_bdir-23185-J0Jg37/POE-Component-SSLify-1.012-0/blib/lib /home/sand/src/perl/repoperls/installed-perls/host/k93x64sid/v5.25.4-20-gc2f7c0b/9af6/lib/site_perl/5.25.5/x86_64-linux-thread-multi /home/sand/src/perl/repoperls/installed-perls/host/k93x64sid/v5.25.4-20-gc2f7c0b/9af6/lib/site_perl/5.25.5 /home/sand/src/perl/repoperls/installed-perls/host/k93x64sid/v5.25.4-20-gc2f7c0b/9af6/lib/5.25.5/x86_64-linux-thread-multi /home/sand/src/perl/repoperls/installed-perls/host/k93x64sid/v5.25.4-20-gc2f7c0b/9af6/lib/5.25.5 .) at /tmp/loop_over_bdir-23185-J0Jg37/POE-Component-SSLify-1.012-0/blib/lib/POE/Component/SSLify.pm line 362.
# '
# at t/simple_parallel.t line 111.
# Failed test 'CLIENT: SSLify_ContextCreate Can't locate auto/Net/SSLeay/CTX_v3_new.al in @INC (@INC contains: /tmp/loop_over_bdir-23185-J0Jg37/POE-Component-SSLify-1.012-0/blib/arch /tmp/loop_over_bdir-23185-J0Jg37/POE-Component-SSLify-1.012-0/blib/lib /home/sand/src/perl/repoperls/installed-perls/host/k93x64sid/v5.25.4-20-gc2f7c0b/9af6/lib/site_perl/5.25.5/x86_64-linux-thread-multi /home/sand/src/perl/repoperls/installed-perls/host/k93x64sid/v5.25.4-20-gc2f7c0b/9af6/lib/site_perl/5.25.5 /home/sand/src/perl/repoperls/installed-perls/host/k93x64sid/v5.25.4-20-gc2f7c0b/9af6/lib/5.25.5/x86_64-linux-thread-multi /home/sand/src/perl/repoperls/installed-perls/host/k93x64sid/v5.25.4-20-gc2f7c0b/9af6/lib/5.25.5 .) at /tmp/loop_over_bdir-23185-J0Jg37/POE-Component-SSLify-1.012-0/blib/lib/POE/Component/SSLify.pm line 362.
# '
# at t/simple_parallel.t line 111.
# Failed test 'CLIENT: SSLify_ContextCreate Can't locate auto/Net/SSLeay/CTX_v3_new.al in @INC (@INC contains: /tmp/loop_over_bdir-23185-J0Jg37/POE-Component-SSLify-1.012-0/blib/arch /tmp/loop_over_bdir-23185-J0Jg37/POE-Component-SSLify-1.012-0/blib/lib /home/sand/src/perl/repoperls/installed-perls/host/k93x64sid/v5.25.4-20-gc2f7c0b/9af6/lib/site_perl/5.25.5/x86_64-linux-thread-multi /home/sand/src/perl/repoperls/installed-perls/host/k93x64sid/v5.25.4-20-gc2f7c0b/9af6/lib/site_perl/5.25.5 /home/sand/src/perl/repoperls/installed-perls/host/k93x64sid/v5.25.4-20-gc2f7c0b/9af6/lib/5.25.5/x86_64-linux-thread-multi /home/sand/src/perl/repoperls/installed-perls/host/k93x64sid/v5.25.4-20-gc2f7c0b/9af6/lib/5.25.5 .) at /tmp/loop_over_bdir-23185-J0Jg37/POE-Component-SSLify-1.012-0/blib/lib/POE/Component/SSLify.pm line 362.
# '
# at t/simple_parallel.t line 111.
# Failed test 'CLIENT: SSLify_ContextCreate Can't locate auto/Net/SSLeay/CTX_v3_new.al in @INC (@INC contains: /tmp/loop_over_bdir-23185-J0Jg37/POE-Component-SSLify-1.012-0/blib/arch /tmp/loop_over_bdir-23185-J0Jg37/POE-Component-SSLify-1.012-0/blib/lib /home/sand/src/perl/repoperls/installed-perls/host/k93x64sid/v5.25.4-20-gc2f7c0b/9af6/lib/site_perl/5.25.5/x86_64-linux-thread-multi /home/sand/src/perl/repoperls/installed-perls/host/k93x64sid/v5.25.4-20-gc2f7c0b/9af6/lib/site_perl/5.25.5 /home/sand/src/perl/repoperls/installed-perls/host/k93x64sid/v5.25.4-20-gc2f7c0b/9af6/lib/5.25.5/x86_64-linux-thread-multi /home/sand/src/perl/repoperls/installed-perls/host/k93x64sid/v5.25.4-20-gc2f7c0b/9af6/lib/5.25.5 .) at /tmp/loop_over_bdir-23185-J0Jg37/POE-Component-SSLify-1.012-0/blib/lib/POE/Component/SSLify.pm line 362.
# '
# at t/simple_parallel.t line 111.
# Failed test 'CLIENT: SSLify_ContextCreate Can't locate auto/Net/SSLeay/CTX_v3_new.al in @INC (@INC contains: /tmp/loop_over_bdir-23185-J0Jg37/POE-Component-SSLify-1.012-0/blib/arch /tmp/loop_over_bdir-23185-J0Jg37/POE-Component-SSLify-1.012-0/blib/lib /home/sand/src/perl/repoperls/installed-perls/host/k93x64sid/v5.25.4-20-gc2f7c0b/9af6/lib/site_perl/5.25.5/x86_64-linux-thread-multi /home/sand/src/perl/repoperls/installed-perls/host/k93x64sid/v5.25.4-20-gc2f7c0b/9af6/lib/site_perl/5.25.5 /home/sand/src/perl/repoperls/installed-perls/host/k93x64sid/v5.25.4-20-gc2f7c0b/9af6/lib/5.25.5/x86_64-linux-thread-multi /home/sand/src/perl/repoperls/installed-perls/host/k93x64sid/v5.25.4-20-gc2f7c0b/9af6/lib/5.25.5 .) at /tmp/loop_over_bdir-23185-J0Jg37/POE-Component-SSLify-1.012-0/blib/lib/POE/Component/SSLify.pm line 362.
# '
# at t/simple_parallel.t line 111.
# Failed test 'CLIENT: SSLify_ContextCreate Can't locate auto/Net/SSLeay/CTX_v3_new.al in @INC (@INC contains: /tmp/loop_over_bdir-23185-J0Jg37/POE-Component-SSLify-1.012-0/blib/arch /tmp/loop_over_bdir-23185-J0Jg37/POE-Component-SSLify-1.012-0/blib/lib /home/sand/src/perl/repoperls/installed-perls/host/k93x64sid/v5.25.4-20-gc2f7c0b/9af6/lib/site_perl/5.25.5/x86_64-linux-thread-multi /home/sand/src/perl/repoperls/installed-perls/host/k93x64sid/v5.25.4-20-gc2f7c0b/9af6/lib/site_perl/5.25.5 /home/sand/src/perl/repoperls/installed-perls/host/k93x64sid/v5.25.4-20-gc2f7c0b/9af6/lib/5.25.5/x86_64-linux-thread-multi /home/sand/src/perl/repoperls/installed-perls/host/k93x64sid/v5.25.4-20-gc2f7c0b/9af6/lib/5.25.5 .) at /tmp/loop_over_bdir-23185-J0Jg37/POE-Component-SSLify-1.012-0/blib/lib/POE/Component/SSLify.pm line 362.
# '
# at t/simple_parallel.t line 111.
# Failed test 'CLIENT: SSLify_ContextCreate Can't locate auto/Net/SSLeay/CTX_v3_new.al in @INC (@INC contains: /tmp/loop_over_bdir-23185-J0Jg37/POE-Component-SSLify-1.012-0/blib/arch /tmp/loop_over_bdir-23185-J0Jg37/POE-Component-SSLify-1.012-0/blib/lib /home/sand/src/perl/repoperls/installed-perls/host/k93x64sid/v5.25.4-20-gc2f7c0b/9af6/lib/site_perl/5.25.5/x86_64-linux-thread-multi /home/sand/src/perl/repoperls/installed-perls/host/k93x64sid/v5.25.4-20-gc2f7c0b/9af6/lib/site_perl/5.25.5 /home/sand/src/perl/repoperls/installed-perls/host/k93x64sid/v5.25.4-20-gc2f7c0b/9af6/lib/5.25.5/x86_64-linux-thread-multi /home/sand/src/perl/repoperls/installed-perls/host/k93x64sid/v5.25.4-20-gc2f7c0b/9af6/lib/5.25.5 .) at /tmp/loop_over_bdir-23185-J0Jg37/POE-Component-SSLify-1.012-0/blib/lib/POE/Component/SSLify.pm line 362.
# '
# at t/simple_parallel.t line 111.
# Failed test 'CLIENT: SSLify_ContextCreate Can't locate auto/Net/SSLeay/CTX_v3_new.al in @INC (@INC contains: /tmp/loop_over_bdir-23185-J0Jg37/POE-Component-SSLify-1.012-0/blib/arch /tmp/loop_over_bdir-23185-J0Jg37/POE-Component-SSLify-1.012-0/blib/lib /home/sand/src/perl/repoperls/installed-perls/host/k93x64sid/v5.25.4-20-gc2f7c0b/9af6/lib/site_perl/5.25.5/x86_64-linux-thread-multi /home/sand/src/perl/repoperls/installed-perls/host/k93x64sid/v5.25.4-20-gc2f7c0b/9af6/lib/site_perl/5.25.5 /home/sand/src/perl/repoperls/installed-perls/host/k93x64sid/v5.25.4-20-gc2f7c0b/9af6/lib/5.25.5/x86_64-linux-thread-multi /home/sand/src/perl/repoperls/installed-perls/host/k93x64sid/v5.25.4-20-gc2f7c0b/9af6/lib/5.25.5 .) at /tmp/loop_over_bdir-23185-J0Jg37/POE-Component-SSLify-1.012-0/blib/lib/POE/Component/SSLify.pm line 362.
# '
# at t/simple_parallel.t line 111.
# Failed test 'CLIENT: SSLify_ContextCreate Can't locate auto/Net/SSLeay/CTX_v3_new.al in @INC (@INC contains: /tmp/loop_over_bdir-23185-J0Jg37/POE-Component-SSLify-1.012-0/blib/arch /tmp/loop_over_bdir-23185-J0Jg37/POE-Component-SSLify-1.012-0/blib/lib /home/sand/src/perl/repoperls/installed-perls/host/k93x64sid/v5.25.4-20-gc2f7c0b/9af6/lib/site_perl/5.25.5/x86_64-linux-thread-multi /home/sand/src/perl/repoperls/installed-perls/host/k93x64sid/v5.25.4-20-gc2f7c0b/9af6/lib/site_perl/5.25.5 /home/sand/src/perl/repoperls/installed-perls/host/k93x64sid/v5.25.4-20-gc2f7c0b/9af6/lib/5.25.5/x86_64-linux-thread-multi /home/sand/src/perl/repoperls/installed-perls/host/k93x64sid/v5.25.4-20-gc2f7c0b/9af6/lib/5.25.5 .) at /tmp/loop_over_bdir-23185-J0Jg37/POE-Component-SSLify-1.012-0/blib/lib/POE/Component/SSLify.pm line 362.
# '
# at t/simple_parallel.t line 111.
# Failed test 'CLIENT: SSLify_ContextCreate Can't locate auto/Net/SSLeay/CTX_v3_new.al in @INC (@INC contains: /tmp/loop_over_bdir-23185-J0Jg37/POE-Component-SSLify-1.012-0/blib/arch /tmp/loop_over_bdir-23185-J0Jg37/POE-Component-SSLify-1.012-0/blib/lib /home/sand/src/perl/repoperls/installed-perls/host/k93x64sid/v5.25.4-20-gc2f7c0b/9af6/lib/site_perl/5.25.5/x86_64-linux-thread-multi /home/sand/src/perl/repoperls/installed-perls/host/k93x64sid/v5.25.4-20-gc2f7c0b/9af6/lib/site_perl/5.25.5 /home/sand/src/perl/repoperls/installed-perls/host/k93x64sid/v5.25.4-20-gc2f7c0b/9af6/lib/5.25.5/x86_64-linux-thread-multi /home/sand/src/perl/repoperls/installed-perls/host/k93x64sid/v5.25.4-20-gc2f7c0b/9af6/lib/5.25.5 .) at /tmp/loop_over_bdir-23185-J0Jg37/POE-Component-SSLify-1.012-0/blib/lib/POE/Component/SSLify.pm line 362.
# '
# at t/simple_parallel.t line 111.
Can't use an undefined value as a symbol reference at /tmp/loop_over_bdir-23185-J0Jg37/POE-Component-SSLify-1.012-0/blib/lib/POE/Component/SSLify.pm line 446.
# Tests were run but no plan was declared and done_testing() was not seen.
# Looks like your test exited with 22 just after 52.
t/simple_parallel.t ...........
Dubious, test returned 22 (wstat 5632, 0x1600)
Failed 12/52 subtests
# Failed test 'SERVER: SSLify_Options Can't locate auto/Net/SSLeay/CTX_v3_new.al in @INC (@INC contains: /tmp/loop_over_bdir-23185-J0Jg37/POE-Component-SSLify-1.012-0/blib/arch /tmp/loop_over_bdir-23185-J0Jg37/POE-Component-SSLify-1.012-0/blib/lib /home/sand/src/perl/repoperls/installed-perls/host/k93x64sid/v5.25.4-20-gc2f7c0b/9af6/lib/site_perl/5.25.5/x86_64-linux-thread-multi /home/sand/src/perl/repoperls/installed-perls/host/k93x64sid/v5.25.4-20-gc2f7c0b/9af6/lib/site_perl/5.25.5 /home/sand/src/perl/repoperls/installed-perls/host/k93x64sid/v5.25.4-20-gc2f7c0b/9af6/lib/5.25.5/x86_64-linux-thread-multi /home/sand/src/perl/repoperls/installed-perls/host/k93x64sid/v5.25.4-20-gc2f7c0b/9af6/lib/5.25.5 .) at /tmp/loop_over_bdir-23185-J0Jg37/POE-Component-SSLify-1.012-0/blib/lib/POE/Component/SSLify.pm line 362.
# '
# at t/simple_parallel_large.t line 54.
# Failed test 'SERVER: Server_SSLify Please do SSLify_Options() first ( or pass in a $ctx object ) at /tmp/loop_over_bdir-23185-J0Jg37/POE-Component-SSLify-1.012-0/blib/lib/POE/Component/SSLify.pm line 247.
# '
# at t/simple_parallel_large.t line 57.
# Failed test 'CLIENT: SSLify_ContextCreate Can't locate auto/Net/SSLeay/CTX_v3_new.al in @INC (@INC contains: /tmp/loop_over_bdir-23185-J0Jg37/POE-Component-SSLify-1.012-0/blib/arch /tmp/loop_over_bdir-23185-J0Jg37/POE-Component-SSLify-1.012-0/blib/lib /home/sand/src/perl/repoperls/installed-perls/host/k93x64sid/v5.25.4-20-gc2f7c0b/9af6/lib/site_perl/5.25.5/x86_64-linux-thread-multi /home/sand/src/perl/repoperls/installed-perls/host/k93x64sid/v5.25.4-20-gc2f7c0b/9af6/lib/site_perl/5.25.5 /home/sand/src/perl/repoperls/installed-perls/host/k93x64sid/v5.25.4-20-gc2f7c0b/9af6/lib/5.25.5/x86_64-linux-thread-multi /home/sand/src/perl/repoperls/installed-perls/host/k93x64sid/v5.25.4-20-gc2f7c0b/9af6/lib/5.25.5 .) at /tmp/loop_over_bdir-23185-J0Jg37/POE-Component-SSLify-1.012-0/blib/lib/POE/Component/SSLify.pm line 362.
# '
# at t/simple_parallel_large.t line 111.
# Failed test 'CLIENT: SSLify_ContextCreate Can't locate auto/Net/SSLeay/CTX_v3_new.al in @INC (@INC contains: /tmp/loop_over_bdir-23185-J0Jg37/POE-Component-SSLify-1.012-0/blib/arch /tmp/loop_over_bdir-23185-J0Jg37/POE-Component-SSLify-1.012-0/blib/lib /home/sand/src/perl/repoperls/installed-perls/host/k93x64sid/v5.25.4-20-gc2f7c0b/9af6/lib/site_perl/5.25.5/x86_64-linux-thread-multi /home/sand/src/perl/repoperls/installed-perls/host/k93x64sid/v5.25.4-20-gc2f7c0b/9af6/lib/site_perl/5.25.5 /home/sand/src/perl/repoperls/installed-perls/host/k93x64sid/v5.25.4-20-gc2f7c0b/9af6/lib/5.25.5/x86_64-linux-thread-multi /home/sand/src/perl/repoperls/installed-perls/host/k93x64sid/v5.25.4-20-gc2f7c0b/9af6/lib/5.25.5 .) at /tmp/loop_over_bdir-23185-J0Jg37/POE-Component-SSLify-1.012-0/blib/lib/POE/Component/SSLify.pm line 362.
# '
# at t/simple_parallel_large.t line 111.
# Failed test 'CLIENT: SSLify_ContextCreate Can't locate auto/Net/SSLeay/CTX_v3_new.al in @INC (@INC contains: /tmp/loop_over_bdir-23185-J0Jg37/POE-Component-SSLify-1.012-0/blib/arch /tmp/loop_over_bdir-23185-J0Jg37/POE-Component-SSLify-1.012-0/blib/lib /home/sand/src/perl/repoperls/installed-perls/host/k93x64sid/v5.25.4-20-gc2f7c0b/9af6/lib/site_perl/5.25.5/x86_64-linux-thread-multi /home/sand/src/perl/repoperls/installed-perls/host/k93x64sid/v5.25.4-20-gc2f7c0b/9af6/lib/site_perl/5.25.5 /home/sand/src/perl/repoperls/installed-perls/host/k93x64sid/v5.25.4-20-gc2f7c0b/9af6/lib/5.25.5/x86_64-linux-thread-multi /home/sand/src/perl/repoperls/installed-perls/host/k93x64sid/v5.25.4-20-gc2f7c0b/9af6/lib/5.25.5 .) at /tmp/loop_over_bdir-23185-J0Jg37/POE-Component-SSLify-1.012-0/blib/lib/POE/Component/SSLify.pm line 362.
# '
# at t/simple_parallel_large.t line 111.
# Failed test 'CLIENT: SSLify_ContextCreate Can't locate auto/Net/SSLeay/CTX_v3_new.al in @INC (@INC contains: /tmp/loop_over_bdir-23185-J0Jg37/POE-Component-SSLify-1.012-0/blib/arch /tmp/loop_over_bdir-23185-J0Jg37/POE-Component-SSLify-1.012-0/blib/lib /home/sand/src/perl/repoperls/installed-perls/host/k93x64sid/v5.25.4-20-gc2f7c0b/9af6/lib/site_perl/5.25.5/x86_64-linux-thread-multi /home/sand/src/perl/repoperls/installed-perls/host/k93x64sid/v5.25.4-20-gc2f7c0b/9af6/lib/site_perl/5.25.5 /home/sand/src/perl/repoperls/installed-perls/host/k93x64sid/v5.25.4-20-gc2f7c0b/9af6/lib/5.25.5/x86_64-linux-thread-multi /home/sand/src/perl/repoperls/installed-perls/host/k93x64sid/v5.25.4-20-gc2f7c0b/9af6/lib/5.25.5 .) at /tmp/loop_over_bdir-23185-J0Jg37/POE-Component-SSLify-1.012-0/blib/lib/POE/Component/SSLify.pm line 362.
# '
# at t/simple_parallel_large.t line 111.
# Failed test 'CLIENT: SSLify_ContextCreate Can't locate auto/Net/SSLeay/CTX_v3_new.al in @INC (@INC contains: /tmp/loop_over_bdir-23185-J0Jg37/POE-Component-SSLify-1.012-0/blib/arch /tmp/loop_over_bdir-23185-J0Jg37/POE-Component-SSLify-1.012-0/blib/lib /home/sand/src/perl/repoperls/installed-perls/host/k93x64sid/v5.25.4-20-gc2f7c0b/9af6/lib/site_perl/5.25.5/x86_64-linux-thread-multi /home/sand/src/perl/repoperls/installed-perls/host/k93x64sid/v5.25.4-20-gc2f7c0b/9af6/lib/site_perl/5.25.5 /home/sand/src/perl/repoperls/installed-perls/host/k93x64sid/v5.25.4-20-gc2f7c0b/9af6/lib/5.25.5/x86_64-linux-thread-multi /home/sand/src/perl/repoperls/installed-perls/host/k93x64sid/v5.25.4-20-gc2f7c0b/9af6/lib/5.25.5 .) at /tmp/loop_over_bdir-23185-J0Jg37/POE-Component-SSLify-1.012-0/blib/lib/POE/Component/SSLify.pm line 362.
# '
# at t/simple_parallel_large.t line 111.
# Failed test 'CLIENT: SSLify_ContextCreate Can't locate auto/Net/SSLeay/CTX_v3_new.al in @INC (@INC contains: /tmp/loop_over_bdir-23185-J0Jg37/POE-Component-SSLify-1.012-0/blib/arch /tmp/loop_over_bdir-23185-J0Jg37/POE-Component-SSLify-1.012-0/blib/lib /home/sand/src/perl/repoperls/installed-perls/host/k93x64sid/v5.25.4-20-gc2f7c0b/9af6/lib/site_perl/5.25.5/x86_64-linux-thread-multi /home/sand/src/perl/repoperls/installed-perls/host/k93x64sid/v5.25.4-20-gc2f7c0b/9af6/lib/site_perl/5.25.5 /home/sand/src/perl/repoperls/installed-perls/host/k93x64sid/v5.25.4-20-gc2f7c0b/9af6/lib/5.25.5/x86_64-linux-thread-multi /home/sand/src/perl/repoperls/installed-perls/host/k93x64sid/v5.25.4-20-gc2f7c0b/9af6/lib/5.25.5 .) at /tmp/loop_over_bdir-23185-J0Jg37/POE-Component-SSLify-1.012-0/blib/lib/POE/Component/SSLify.pm line 362.
# '
# at t/simple_parallel_large.t line 111.
# Failed test 'CLIENT: SSLify_ContextCreate Can't locate auto/Net/SSLeay/CTX_v3_new.al in @INC (@INC contains: /tmp/loop_over_bdir-23185-J0Jg37/POE-Component-SSLify-1.012-0/blib/arch /tmp/loop_over_bdir-23185-J0Jg37/POE-Component-SSLify-1.012-0/blib/lib /home/sand/src/perl/repoperls/installed-perls/host/k93x64sid/v5.25.4-20-gc2f7c0b/9af6/lib/site_perl/5.25.5/x86_64-linux-thread-multi /home/sand/src/perl/repoperls/installed-perls/host/k93x64sid/v5.25.4-20-gc2f7c0b/9af6/lib/site_perl/5.25.5 /home/sand/src/perl/repoperls/installed-perls/host/k93x64sid/v5.25.4-20-gc2f7c0b/9af6/lib/5.25.5/x86_64-linux-thread-multi /home/sand/src/perl/repoperls/installed-perls/host/k93x64sid/v5.25.4-20-gc2f7c0b/9af6/lib/5.25.5 .) at /tmp/loop_over_bdir-23185-J0Jg37/POE-Component-SSLify-1.012-0/blib/lib/POE/Component/SSLify.pm line 362.
# '
# at t/simple_parallel_large.t line 111.
# Failed test 'CLIENT: SSLify_ContextCreate Can't locate auto/Net/SSLeay/CTX_v3_new.al in @INC (@INC contains: /tmp/loop_over_bdir-23185-J0Jg37/POE-Component-SSLify-1.012-0/blib/arch /tmp/loop_over_bdir-23185-J0Jg37/POE-Component-SSLify-1.012-0/blib/lib /home/sand/src/perl/repoperls/installed-perls/host/k93x64sid/v5.25.4-20-gc2f7c0b/9af6/lib/site_perl/5.25.5/x86_64-linux-thread-multi /home/sand/src/perl/repoperls/installed-perls/host/k93x64sid/v5.25.4-20-gc2f7c0b/9af6/lib/site_perl/5.25.5 /home/sand/src/perl/repoperls/installed-perls/host/k93x64sid/v5.25.4-20-gc2f7c0b/9af6/lib/5.25.5/x86_64-linux-thread-multi /home/sand/src/perl/repoperls/installed-perls/host/k93x64sid/v5.25.4-20-gc2f7c0b/9af6/lib/5.25.5 .) at /tmp/loop_over_bdir-23185-J0Jg37/POE-Component-SSLify-1.012-0/blib/lib/POE/Component/SSLify.pm line 362.
# '
# at t/simple_parallel_large.t line 111.
# Failed test 'CLIENT: SSLify_ContextCreate Can't locate auto/Net/SSLeay/CTX_v3_new.al in @INC (@INC contains: /tmp/loop_over_bdir-23185-J0Jg37/POE-Component-SSLify-1.012-0/blib/arch /tmp/loop_over_bdir-23185-J0Jg37/POE-Component-SSLify-1.012-0/blib/lib /home/sand/src/perl/repoperls/installed-perls/host/k93x64sid/v5.25.4-20-gc2f7c0b/9af6/lib/site_perl/5.25.5/x86_64-linux-thread-multi /home/sand/src/perl/repoperls/installed-perls/host/k93x64sid/v5.25.4-20-gc2f7c0b/9af6/lib/site_perl/5.25.5 /home/sand/src/perl/repoperls/installed-perls/host/k93x64sid/v5.25.4-20-gc2f7c0b/9af6/lib/5.25.5/x86_64-linux-thread-multi /home/sand/src/perl/repoperls/installed-perls/host/k93x64sid/v5.25.4-20-gc2f7c0b/9af6/lib/5.25.5 .) at /tmp/loop_over_bdir-23185-J0Jg37/POE-Component-SSLify-1.012-0/blib/lib/POE/Component/SSLify.pm line 362.
# '
# at t/simple_parallel_large.t line 111.
# Failed test 'CLIENT: SSLify_ContextCreate Can't locate auto/Net/SSLeay/CTX_v3_new.al in @INC (@INC contains: /tmp/loop_over_bdir-23185-J0Jg37/POE-Component-SSLify-1.012-0/blib/arch /tmp/loop_over_bdir-23185-J0Jg37/POE-Component-SSLify-1.012-0/blib/lib /home/sand/src/perl/repoperls/installed-perls/host/k93x64sid/v5.25.4-20-gc2f7c0b/9af6/lib/site_perl/5.25.5/x86_64-linux-thread-multi /home/sand/src/perl/repoperls/installed-perls/host/k93x64sid/v5.25.4-20-gc2f7c0b/9af6/lib/site_perl/5.25.5 /home/sand/src/perl/repoperls/installed-perls/host/k93x64sid/v5.25.4-20-gc2f7c0b/9af6/lib/5.25.5/x86_64-linux-thread-multi /home/sand/src/perl/repoperls/installed-perls/host/k93x64sid/v5.25.4-20-gc2f7c0b/9af6/lib/5.25.5 .) at /tmp/loop_over_bdir-23185-J0Jg37/POE-Component-SSLify-1.012-0/blib/lib/POE/Component/SSLify.pm line 362.
# '
# at t/simple_parallel_large.t line 111.
Can't use an undefined value as a symbol reference at /tmp/loop_over_bdir-23185-J0Jg37/POE-Component-SSLify-1.012-0/blib/lib/POE/Component/SSLify.pm line 446.
# Tests were run but no plan was declared and done_testing() was not seen.
# Looks like your test exited with 22 just after 42.
t/simple_parallel_large.t .....
Dubious, test returned 22 (wstat 5632, 0x1600)
Failed 12/42 subtests
# Failed test 'SERVER: SSLify_Options Can't locate auto/Net/SSLeay/CTX_v3_new.al in @INC (@INC contains: /tmp/loop_over_bdir-23185-J0Jg37/POE-Component-SSLify-1.012-0/blib/arch /tmp/loop_over_bdir-23185-J0Jg37/POE-Component-SSLify-1.012-0/blib/lib /home/sand/src/perl/repoperls/installed-perls/host/k93x64sid/v5.25.4-20-gc2f7c0b/9af6/lib/site_perl/5.25.5/x86_64-linux-thread-multi /home/sand/src/perl/repoperls/installed-perls/host/k93x64sid/v5.25.4-20-gc2f7c0b/9af6/lib/site_perl/5.25.5 /home/sand/src/perl/repoperls/installed-perls/host/k93x64sid/v5.25.4-20-gc2f7c0b/9af6/lib/5.25.5/x86_64-linux-thread-multi /home/sand/src/perl/repoperls/installed-perls/host/k93x64sid/v5.25.4-20-gc2f7c0b/9af6/lib/5.25.5 .) at /tmp/loop_over_bdir-23185-J0Jg37/POE-Component-SSLify-1.012-0/blib/lib/POE/Component/SSLify.pm line 362.
# '
# at t/simple_parallel_superbig.t line 63.
# Failed test 'SERVER: Server_SSLify Please do SSLify_Options() first ( or pass in a $ctx object ) at /tmp/loop_over_bdir-23185-J0Jg37/POE-Component-SSLify-1.012-0/blib/lib/POE/Component/SSLify.pm line 247.
# '
# at t/simple_parallel_superbig.t line 66.
# Failed test 'CLIENT: SSLify_ContextCreate Can't locate auto/Net/SSLeay/CTX_v3_new.al in @INC (@INC contains: /tmp/loop_over_bdir-23185-J0Jg37/POE-Component-SSLify-1.012-0/blib/arch /tmp/loop_over_bdir-23185-J0Jg37/POE-Component-SSLify-1.012-0/blib/lib /home/sand/src/perl/repoperls/installed-perls/host/k93x64sid/v5.25.4-20-gc2f7c0b/9af6/lib/site_perl/5.25.5/x86_64-linux-thread-multi /home/sand/src/perl/repoperls/installed-perls/host/k93x64sid/v5.25.4-20-gc2f7c0b/9af6/lib/site_perl/5.25.5 /home/sand/src/perl/repoperls/installed-perls/host/k93x64sid/v5.25.4-20-gc2f7c0b/9af6/lib/5.25.5/x86_64-linux-thread-multi /home/sand/src/perl/repoperls/installed-perls/host/k93x64sid/v5.25.4-20-gc2f7c0b/9af6/lib/5.25.5 .) at /tmp/loop_over_bdir-23185-J0Jg37/POE-Component-SSLify-1.012-0/blib/lib/POE/Component/SSLify.pm line 362.
# '
# at t/simple_parallel_superbig.t line 120.
# Failed test 'CLIENT: SSLify_ContextCreate Can't locate auto/Net/SSLeay/CTX_v3_new.al in @INC (@INC contains: /tmp/loop_over_bdir-23185-J0Jg37/POE-Component-SSLify-1.012-0/blib/arch /tmp/loop_over_bdir-23185-J0Jg37/POE-Component-SSLify-1.012-0/blib/lib /home/sand/src/perl/repoperls/installed-perls/host/k93x64sid/v5.25.4-20-gc2f7c0b/9af6/lib/site_perl/5.25.5/x86_64-linux-thread-multi /home/sand/src/perl/repoperls/installed-perls/host/k93x64sid/v5.25.4-20-gc2f7c0b/9af6/lib/site_perl/5.25.5 /home/sand/src/perl/repoperls/installed-perls/host/k93x64sid/v5.25.4-20-gc2f7c0b/9af6/lib/5.25.5/x86_64-linux-thread-multi /home/sand/src/perl/repoperls/installed-perls/host/k93x64sid/v5.25.4-20-gc2f7c0b/9af6/lib/5.25.5 .) at /tmp/loop_over_bdir-23185-J0Jg37/POE-Component-SSLify-1.012-0/blib/lib/POE/Component/SSLify.pm line 362.
# '
# at t/simple_parallel_superbig.t line 120.
# Failed test 'CLIENT: SSLify_ContextCreate Can't locate auto/Net/SSLeay/CTX_v3_new.al in @INC (@INC contains: /tmp/loop_over_bdir-23185-J0Jg37/POE-Component-SSLify-1.012-0/blib/arch /tmp/loop_over_bdir-23185-J0Jg37/POE-Component-SSLify-1.012-0/blib/lib /home/sand/src/perl/repoperls/installed-perls/host/k93x64sid/v5.25.4-20-gc2f7c0b/9af6/lib/site_perl/5.25.5/x86_64-linux-thread-multi /home/sand/src/perl/repoperls/installed-perls/host/k93x64sid/v5.25.4-20-gc2f7c0b/9af6/lib/site_perl/5.25.5 /home/sand/src/perl/repoperls/installed-perls/host/k93x64sid/v5.25.4-20-gc2f7c0b/9af6/lib/5.25.5/x86_64-linux-thread-multi /home/sand/src/perl/repoperls/installed-perls/host/k93x64sid/v5.25.4-20-gc2f7c0b/9af6/lib/5.25.5 .) at /tmp/loop_over_bdir-23185-J0Jg37/POE-Component-SSLify-1.012-0/blib/lib/POE/Component/SSLify.pm line 362.
# '
# at t/simple_parallel_superbig.t line 120.
# Failed test 'CLIENT: SSLify_ContextCreate Can't locate auto/Net/SSLeay/CTX_v3_new.al in @INC (@INC contains: /tmp/loop_over_bdir-23185-J0Jg37/POE-Component-SSLify-1.012-0/blib/arch /tmp/loop_over_bdir-23185-J0Jg37/POE-Component-SSLify-1.012-0/blib/lib /home/sand/src/perl/repoperls/installed-perls/host/k93x64sid/v5.25.4-20-gc2f7c0b/9af6/lib/site_perl/5.25.5/x86_64-linux-thread-multi /home/sand/src/perl/repoperls/installed-perls/host/k93x64sid/v5.25.4-20-gc2f7c0b/9af6/lib/site_perl/5.25.5 /home/sand/src/perl/repoperls/installed-perls/host/k93x64sid/v5.25.4-20-gc2f7c0b/9af6/lib/5.25.5/x86_64-linux-thread-multi /home/sand/src/perl/repoperls/installed-perls/host/k93x64sid/v5.25.4-20-gc2f7c0b/9af6/lib/5.25.5 .) at /tmp/loop_over_bdir-23185-J0Jg37/POE-Component-SSLify-1.012-0/blib/lib/POE/Component/SSLify.pm line 362.
# '
# at t/simple_parallel_superbig.t line 120.
# Failed test 'CLIENT: SSLify_ContextCreate Can't locate auto/Net/SSLeay/CTX_v3_new.al in @INC (@INC contains: /tmp/loop_over_bdir-23185-J0Jg37/POE-Component-SSLify-1.012-0/blib/arch /tmp/loop_over_bdir-23185-J0Jg37/POE-Component-SSLify-1.012-0/blib/lib /home/sand/src/perl/repoperls/installed-perls/host/k93x64sid/v5.25.4-20-gc2f7c0b/9af6/lib/site_perl/5.25.5/x86_64-linux-thread-multi /home/sand/src/perl/repoperls/installed-perls/host/k93x64sid/v5.25.4-20-gc2f7c0b/9af6/lib/site_perl/5.25.5 /home/sand/src/perl/repoperls/installed-perls/host/k93x64sid/v5.25.4-20-gc2f7c0b/9af6/lib/5.25.5/x86_64-linux-thread-multi /home/sand/src/perl/repoperls/installed-perls/host/k93x64sid/v5.25.4-20-gc2f7c0b/9af6/lib/5.25.5 .) at /tmp/loop_over_bdir-23185-J0Jg37/POE-Component-SSLify-1.012-0/blib/lib/POE/Component/SSLify.pm line 362.
# '
# at t/simple_parallel_superbig.t line 120.
# Failed test 'CLIENT: SSLify_ContextCreate Can't locate auto/Net/SSLeay/CTX_v3_new.al in @INC (@INC contains: /tmp/loop_over_bdir-23185-J0Jg37/POE-Component-SSLify-1.012-0/blib/arch /tmp/loop_over_bdir-23185-J0Jg37/POE-Component-SSLify-1.012-0/blib/lib /home/sand/src/perl/repoperls/installed-perls/host/k93x64sid/v5.25.4-20-gc2f7c0b/9af6/lib/site_perl/5.25.5/x86_64-linux-thread-multi /home/sand/src/perl/repoperls/installed-perls/host/k93x64sid/v5.25.4-20-gc2f7c0b/9af6/lib/site_perl/5.25.5 /home/sand/src/perl/repoperls/installed-perls/host/k93x64sid/v5.25.4-20-gc2f7c0b/9af6/lib/5.25.5/x86_64-linux-thread-multi /home/sand/src/perl/repoperls/installed-perls/host/k93x64sid/v5.25.4-20-gc2f7c0b/9af6/lib/5.25.5 .) at /tmp/loop_over_bdir-23185-J0Jg37/POE-Component-SSLify-1.012-0/blib/lib/POE/Component/SSLify.pm line 362.
# '
# at t/simple_parallel_superbig.t line 120.
# Failed test 'CLIENT: SSLify_ContextCreate Can't locate auto/Net/SSLeay/CTX_v3_new.al in @INC (@INC contains: /tmp/loop_over_bdir-23185-J0Jg37/POE-Component-SSLify-1.012-0/blib/arch /tmp/loop_over_bdir-23185-J0Jg37/POE-Component-SSLify-1.012-0/blib/lib /home/sand/src/perl/repoperls/installed-perls/host/k93x64sid/v5.25.4-20-gc2f7c0b/9af6/lib/site_perl/5.25.5/x86_64-linux-thread-multi /home/sand/src/perl/repoperls/installed-perls/host/k93x64sid/v5.25.4-20-gc2f7c0b/9af6/lib/site_perl/5.25.5 /home/sand/src/perl/repoperls/installed-perls/host/k93x64sid/v5.25.4-20-gc2f7c0b/9af6/lib/5.25.5/x86_64-linux-thread-multi /home/sand/src/perl/repoperls/installed-perls/host/k93x64sid/v5.25.4-20-gc2f7c0b/9af6/lib/5.25.5 .) at /tmp/loop_over_bdir-23185-J0Jg37/POE-Component-SSLify-1.012-0/blib/lib/POE/Component/SSLify.pm line 362.
# '
# at t/simple_parallel_superbig.t line 120.
# Failed test 'CLIENT: SSLify_ContextCreate Can't locate auto/Net/SSLeay/CTX_v3_new.al in @INC (@INC contains: /tmp/loop_over_bdir-23185-J0Jg37/POE-Component-SSLify-1.012-0/blib/arch /tmp/loop_over_bdir-23185-J0Jg37/POE-Component-SSLify-1.012-0/blib/lib /home/sand/src/perl/repoperls/installed-perls/host/k93x64sid/v5.25.4-20-gc2f7c0b/9af6/lib/site_perl/5.25.5/x86_64-linux-thread-multi /home/sand/src/perl/repoperls/installed-perls/host/k93x64sid/v5.25.4-20-gc2f7c0b/9af6/lib/site_perl/5.25.5 /home/sand/src/perl/repoperls/installed-perls/host/k93x64sid/v5.25.4-20-gc2f7c0b/9af6/lib/5.25.5/x86_64-linux-thread-multi /home/sand/src/perl/repoperls/installed-perls/host/k93x64sid/v5.25.4-20-gc2f7c0b/9af6/lib/5.25.5 .) at /tmp/loop_over_bdir-23185-J0Jg37/POE-Component-SSLify-1.012-0/blib/lib/POE/Component/SSLify.pm line 362.
# '
# at t/simple_parallel_superbig.t line 120.
# Failed test 'CLIENT: SSLify_ContextCreate Can't locate auto/Net/SSLeay/CTX_v3_new.al in @INC (@INC contains: /tmp/loop_over_bdir-23185-J0Jg37/POE-Component-SSLify-1.012-0/blib/arch /tmp/loop_over_bdir-23185-J0Jg37/POE-Component-SSLify-1.012-0/blib/lib /home/sand/src/perl/repoperls/installed-perls/host/k93x64sid/v5.25.4-20-gc2f7c0b/9af6/lib/site_perl/5.25.5/x86_64-linux-thread-multi /home/sand/src/perl/repoperls/installed-perls/host/k93x64sid/v5.25.4-20-gc2f7c0b/9af6/lib/site_perl/5.25.5 /home/sand/src/perl/repoperls/installed-perls/host/k93x64sid/v5.25.4-20-gc2f7c0b/9af6/lib/5.25.5/x86_64-linux-thread-multi /home/sand/src/perl/repoperls/installed-perls/host/k93x64sid/v5.25.4-20-gc2f7c0b/9af6/lib/5.25.5 .) at /tmp/loop_over_bdir-23185-J0Jg37/POE-Component-SSLify-1.012-0/blib/lib/POE/Component/SSLify.pm line 362.
# '
# at t/simple_parallel_superbig.t line 120.
# Failed test 'CLIENT: SSLify_ContextCreate Can't locate auto/Net/SSLeay/CTX_v3_new.al in @INC (@INC contains: /tmp/loop_over_bdir-23185-J0Jg37/POE-Component-SSLify-1.012-0/blib/arch /tmp/loop_over_bdir-23185-J0Jg37/POE-Component-SSLify-1.012-0/blib/lib /home/sand/src/perl/repoperls/installed-perls/host/k93x64sid/v5.25.4-20-gc2f7c0b/9af6/lib/site_perl/5.25.5/x86_64-linux-thread-multi /home/sand/src/perl/repoperls/installed-perls/host/k93x64sid/v5.25.4-20-gc2f7c0b/9af6/lib/site_perl/5.25.5 /home/sand/src/perl/repoperls/installed-perls/host/k93x64sid/v5.25.4-20-gc2f7c0b/9af6/lib/5.25.5/x86_64-linux-thread-multi /home/sand/src/perl/repoperls/installed-perls/host/k93x64sid/v5.25.4-20-gc2f7c0b/9af6/lib/5.25.5 .) at /tmp/loop_over_bdir-23185-J0Jg37/POE-Component-SSLify-1.012-0/blib/lib/POE/Component/SSLify.pm line 362.
# '
# at t/simple_parallel_superbig.t line 120.
Can't use an undefined value as a symbol reference at /tmp/loop_over_bdir-23185-J0Jg37/POE-Component-SSLify-1.012-0/blib/lib/POE/Component/SSLify.pm line 446.
# Tests were run but no plan was declared and done_testing() was not seen.
# Looks like your test exited with 22 just after 42.
t/simple_parallel_superbig.t ..
Dubious, test returned 22 (wstat 5632, 0x1600)
Failed 12/42 subtests
# Failed test 'SERVER: SSLify_Options Can't locate auto/Net/SSLeay/CTX_v3_new.al in @INC (@INC contains: /tmp/loop_over_bdir-23185-J0Jg37/POE-Component-SSLify-1.012-0/blib/arch /tmp/loop_over_bdir-23185-J0Jg37/POE-Component-SSLify-1.012-0/blib/lib /home/sand/src/perl/repoperls/installed-perls/host/k93x64sid/v5.25.4-20-gc2f7c0b/9af6/lib/site_perl/5.25.5/x86_64-linux-thread-multi /home/sand/src/perl/repoperls/installed-perls/host/k93x64sid/v5.25.4-20-gc2f7c0b/9af6/lib/site_perl/5.25.5 /home/sand/src/perl/repoperls/installed-perls/host/k93x64sid/v5.25.4-20-gc2f7c0b/9af6/lib/5.25.5/x86_64-linux-thread-multi /home/sand/src/perl/repoperls/installed-perls/host/k93x64sid/v5.25.4-20-gc2f7c0b/9af6/lib/5.25.5 .) at /tmp/loop_over_bdir-23185-J0Jg37/POE-Component-SSLify-1.012-0/blib/lib/POE/Component/SSLify.pm line 362.
# '
# at t/simple_superbig.t line 62.
# Failed test 'SERVER: Server_SSLify Please do SSLify_Options() first ( or pass in a $ctx object ) at /tmp/loop_over_bdir-23185-J0Jg37/POE-Component-SSLify-1.012-0/blib/lib/POE/Component/SSLify.pm line 247.
# '
# at t/simple_superbig.t line 65.
# Failed test 'CLIENT: SSLify_ContextCreate Can't locate auto/Net/SSLeay/CTX_v3_new.al in @INC (@INC contains: /tmp/loop_over_bdir-23185-J0Jg37/POE-Component-SSLify-1.012-0/blib/arch /tmp/loop_over_bdir-23185-J0Jg37/POE-Component-SSLify-1.012-0/blib/lib /home/sand/src/perl/repoperls/installed-perls/host/k93x64sid/v5.25.4-20-gc2f7c0b/9af6/lib/site_perl/5.25.5/x86_64-linux-thread-multi /home/sand/src/perl/repoperls/installed-perls/host/k93x64sid/v5.25.4-20-gc2f7c0b/9af6/lib/site_perl/5.25.5 /home/sand/src/perl/repoperls/installed-perls/host/k93x64sid/v5.25.4-20-gc2f7c0b/9af6/lib/5.25.5/x86_64-linux-thread-multi /home/sand/src/perl/repoperls/installed-perls/host/k93x64sid/v5.25.4-20-gc2f7c0b/9af6/lib/5.25.5 .) at /tmp/loop_over_bdir-23185-J0Jg37/POE-Component-SSLify-1.012-0/blib/lib/POE/Component/SSLify.pm line 362.
# '
# at t/simple_superbig.t line 123.
Can't use an undefined value as a symbol reference at /tmp/loop_over_bdir-23185-J0Jg37/POE-Component-SSLify-1.012-0/blib/lib/POE/Component/SSLify.pm line 446.
# Tests were run but no plan was declared and done_testing() was not seen.
# Looks like your test exited with 22 just after 6.
t/simple_superbig.t ...........
Dubious, test returned 22 (wstat 5632, 0x1600)
Failed 3/6 subtests
# Failed test 'SERVER: SSLify_Options Can't locate auto/Net/SSLeay/CTX_v3_new.al in @INC (@INC contains: /tmp/loop_over_bdir-23185-J0Jg37/POE-Component-SSLify-1.012-0/blib/arch /tmp/loop_over_bdir-23185-J0Jg37/POE-Component-SSLify-1.012-0/blib/lib /home/sand/src/perl/repoperls/installed-perls/host/k93x64sid/v5.25.4-20-gc2f7c0b/9af6/lib/site_perl/5.25.5/x86_64-linux-thread-multi /home/sand/src/perl/repoperls/installed-perls/host/k93x64sid/v5.25.4-20-gc2f7c0b/9af6/lib/site_perl/5.25.5 /home/sand/src/perl/repoperls/installed-perls/host/k93x64sid/v5.25.4-20-gc2f7c0b/9af6/lib/5.25.5/x86_64-linux-thread-multi /home/sand/src/perl/repoperls/installed-perls/host/k93x64sid/v5.25.4-20-gc2f7c0b/9af6/lib/5.25.5 .) at /tmp/loop_over_bdir-23185-J0Jg37/POE-Component-SSLify-1.012-0/blib/lib/POE/Component/SSLify.pm line 362.
# '
# at t/upgrade.t line 59.
# Failed test 'SERVER: Server_SSLify Please do SSLify_Options() first ( or pass in a $ctx object ) at /tmp/loop_over_bdir-23185-J0Jg37/POE-Component-SSLify-1.012-0/blib/lib/POE/Component/SSLify.pm line 247.
# '
# at t/upgrade.t line 61.
Can't use an undefined value as a symbol reference at /tmp/loop_over_bdir-23185-J0Jg37/POE-Component-SSLify-1.012-0/blib/lib/POE/Component/SSLify.pm line 446.
# Tests were run but no plan was declared and done_testing() was not seen.
# Looks like your test exited with 22 just after 5.
t/upgrade.t ...................
Dubious, test returned 22 (wstat 5632, 0x1600)
Failed 2/5 subtests
Test Summary Report
-------------------
t/renegotiate_client.t (Wstat: 5632 Tests: 7 Failed: 3)
Failed tests: 1-3
Non-zero exit status: 22
Parse errors: No plan found in TAP output
t/renegotiate_client_pings.t (Wstat: 5632 Tests: 7 Failed: 3)
Failed tests: 1-3
Non-zero exit status: 22
Parse errors: No plan found in TAP output
t/renegotiate_server.t (Wstat: 5632 Tests: 7 Failed: 3)
Failed tests: 1-3
Non-zero exit status: 22
Parse errors: No plan found in TAP output
t/simple.t (Wstat: 5632 Tests: 7 Failed: 3)
Failed tests: 1-3
Non-zero exit status: 22
Parse errors: No plan found in TAP output
t/simple_large.t (Wstat: 5632 Tests: 6 Failed: 3)
Failed tests: 1-3
Non-zero exit status: 22
Parse errors: No plan found in TAP output
t/simple_parallel.t (Wstat: 5632 Tests: 52 Failed: 12)
Failed tests: 1-3, 8, 13, 18, 23, 28, 33, 38, 43, 48
Non-zero exit status: 22
Parse errors: No plan found in TAP output
t/simple_parallel_large.t (Wstat: 5632 Tests: 42 Failed: 12)
Failed tests: 1-3, 7, 11, 15, 19, 23, 27, 31, 35, 39
Non-zero exit status: 22
Parse errors: No plan found in TAP output
t/simple_parallel_superbig.t (Wstat: 5632 Tests: 42 Failed: 12)
Failed tests: 1-3, 7, 11, 15, 19, 23, 27, 31, 35, 39
Non-zero exit status: 22
Parse errors: No plan found in TAP output
t/simple_superbig.t (Wstat: 5632 Tests: 6 Failed: 3)
Failed tests: 1-3
Non-zero exit status: 22
Parse errors: No plan found in TAP output
t/upgrade.t (Wstat: 5632 Tests: 5 Failed: 2)
Failed tests: 4-5
Non-zero exit status: 22
Parse errors: No plan found in TAP output
Files=19, Tests=235, 4 wallclock secs ( 0.05 usr 0.12 sys + 2.76 cusr 0.30 csys = 3.23 CPU)
Result: FAIL
------------------------------
PREREQUISITES
------------------------------
Prerequisite modules loaded:
requires:
Module Need Have
--------------------------- -------- --------
Exporter 0 5.72
IO::Handle 1.28 1.36
Net::SSLeay 1.36 1.78
parent 0 0.234
perl 5.006 5.025005
POE 1.267 1.367
Scalar::Util 0 1.45_01
strict 0 1.11
Symbol 0 1.07
Task::Weaken 1.03 1.04
warnings 0 1.37
build_requires:
Module Need Have
--------------------------- -------- --------
ExtUtils::MakeMaker 0 7.24
File::Spec 0 3.65
File::Temp 0 0.2304
IO::Handle 1.28 1.36
IPC::Open3 0 1.20
perl 5.006 5.025005
POE 1.267 1.367
POE::Component::Client::TCP 0 1.367
POE::Component::Server::TCP 0 1.367
POE::Filter::Stream 0 1.367
Socket 0 2.020_03
Test::FailWarnings 0 0.008
Test::More 1.001002 1.302052
configure_requires:
Module Need Have
--------------------------- -------- --------
ExtUtils::MakeMaker 0 7.24
Module::Build::Tiny 0.039 0.039
perl 5.006 5.025005
------------------------------
ENVIRONMENT AND OTHER CONTEXT
------------------------------
Environment variables:
AUTOMATED_TESTING = 1
LANG = C
PATH = /home/sand/bin:/usr/local/bin:/usr/bin:/bin:/usr/games:/usr/local/perl/bin:/usr/X11/bin:/sbin:/usr/sbin
PERL5LIB =
PERL5OPT =
PERL5_CPANPLUS_IS_RUNNING = 14547
PERL5_CPAN_IS_RUNNING = 14547
PERL_CANARY_STABILITY_NOPROMPT = 1
PERL_MM_USE_DEFAULT = 1
SHELL = /usr/bin/zsh
TERM = screen
Perl special variables (and OS-specific diagnostics, for MSWin32):
$^X = /tmp/basesmoker-reloperl-8BcL/bin/perl
$UID/$EUID = 1005 / 1005
$GID = 1005 1005
$EGID = 1005 1005
Perl module toolchain versions installed:
Module Have
------------------- ----------
CPAN 2.15
CPAN::Meta 2.150010
Cwd 3.65
ExtUtils::CBuilder 0.280225
ExtUtils::Command 7.24
ExtUtils::Install 2.04
ExtUtils::MakeMaker 7.24
ExtUtils::Manifest 1.70
ExtUtils::ParseXS 3.33
File::Spec 3.65
JSON 2.90
JSON::PP 2.27400_01
Module::Build 0.4220
Module::Signature 0.80
Parse::CPAN::Meta 2.150010
Test::Harness 3.36_01
Test::More 1.302052
YAML 1.18
YAML::Syck 1.29
version 0.9917
--
Summary of my perl5 (revision 5 version 25 subversion 5) configuration:
Commit id: c2f7c0b6d5a35f13947e3a4bde995fd56bf6a5ae
Platform:
osname=linux
osvers=4.6.0-1-amd64
archname=x86_64-linux-thread-multi
uname='linux k93x64sid 4.6.0-1-amd64 #1 smp debian 4.6.2-2 (2016-06-25) x86_64 gnulinux '
config_args='-Dprefix=/home/sand/src/perl/repoperls/installed-perls/host/k93x64sid/v5.25.4-20-gc2f7c0b/9af6 -Dmyhostname=k93x64sid -Dinstallusrbinperl=n -Uversiononly -Dusedevel -des -Ui_db -Dlibswanted=cl pthread socket inet nsl gdbm dbm malloc dl ld sun m crypt sec util c cposix posix ucb BSD gdbm_compat -Duseithreads -Uuselongdouble -DDEBUGGING=-g'
hint=recommended
useposix=true
d_sigaction=define
useithreads=define
usemultiplicity=define
use64bitint=define
use64bitall=define
uselongdouble=undef
usemymalloc=n
bincompat5005=undef
Compiler:
cc='cc'
ccflags ='-D_REENTRANT -D_GNU_SOURCE -fwrapv -fno-strict-aliasing -pipe -fstack-protector-strong -I/usr/local/include -D_LARGEFILE_SOURCE -D_FILE_OFFSET_BITS=64'
optimize='-O2 -g'
cppflags='-D_REENTRANT -D_GNU_SOURCE -fwrapv -fno-strict-aliasing -pipe -fstack-protector-strong -I/usr/local/include'
ccversion=''
gccversion='6.2.0 20160822'
gccosandvers=''
intsize=4
longsize=8
ptrsize=8
doublesize=8
byteorder=12345678
doublekind=3
d_longlong=define
longlongsize=8
d_longdbl=define
longdblsize=16
longdblkind=3
ivtype='long'
ivsize=8
nvtype='double'
nvsize=8
Off_t='off_t'
lseeksize=8
alignbytes=8
prototype=define
Linker and Libraries:
ld='cc'
ldflags =' -fstack-protector-strong -L/usr/local/lib'
libpth=/usr/local/lib /usr/lib/gcc/x86_64-linux-gnu/6/include-fixed /usr/include/x86_64-linux-gnu /usr/lib /lib/x86_64-linux-gnu /lib/../lib /usr/lib/x86_64-linux-gnu /usr/lib/../lib /lib
libs=-lpthread -lnsl -ldl -lm -lcrypt -lutil -lc
perllibs=-lpthread -lnsl -ldl -lm -lcrypt -lutil -lc
libc=libc-2.23.so
so=so
useshrplib=false
libperl=libperl.a
gnulibc_version='2.23'
Dynamic Linking:
dlsrc=dl_dlopen.xs
dlext=so
d_dlsymun=undef
ccdlflags='-Wl,-E'
cccdlflags='-fPIC'
lddlflags='-shared -O2 -g -L/usr/local/lib -fstack-protector-strong'
Characteristics of this binary (from libperl):
Compile-time options:
HAS_TIMES
MULTIPLICITY
PERLIO_LAYERS
PERL_COPY_ON_WRITE
PERL_DONT_CREATE_GVSV
PERL_HASH_FUNC_ONE_AT_A_TIME_HARD
PERL_IMPLICIT_CONTEXT
PERL_MALLOC_WRAP
PERL_OP_PARENT
PERL_PRESERVE_IVUV
PERL_USE_DEVEL
USE_64_BIT_ALL
USE_64_BIT_INT
USE_ITHREADS
USE_LARGE_FILES
USE_LOCALE
USE_LOCALE_COLLATE
USE_LOCALE_CTYPE
USE_LOCALE_NUMERIC
USE_LOCALE_TIME
USE_PERLIO
USE_PERL_ATOF
USE_REENTRANT_API
Built under linux
Compiled at Aug 27 2016 00:33:45
%ENV:
PERL5LIB=""
PERL5OPT=""
PERL5_CPANPLUS_IS_RUNNING="14547"
PERL5_CPAN_IS_RUNNING="14547"
PERL_CANARY_STABILITY_NOPROMPT="1"
PERL_MM_USE_DEFAULT="1"
@INC:
/home/sand/src/perl/repoperls/installed-perls/host/k93x64sid/v5.25.4-20-gc2f7c0b/9af6/lib/site_perl/5.25.5/x86_64-linux-thread-multi
/home/sand/src/perl/repoperls/installed-perls/host/k93x64sid/v5.25.4-20-gc2f7c0b/9af6/lib/site_perl/5.25.5
/home/sand/src/perl/repoperls/installed-perls/host/k93x64sid/v5.25.4-20-gc2f7c0b/9af6/lib/5.25.5/x86_64-linux-thread-multi
/home/sand/src/perl/repoperls/installed-perls/host/k93x64sid/v5.25.4-20-gc2f7c0b/9af6/lib/5.25.5
.