Report for rpm-build-perl-0.82

Back
From: metabase:user:320bfe00-2aae-11df-837a-5e0a49663a4f
Subject: FAIL rpm-build-perl-0.82 v5.20.2 RC1 GNU/Linux
Date: 2015-02-01T09:29:26Z

This distribution has been tested as part of the CPAN Testers
project, supporting the Perl programming language.  See
http://wiki.cpantesters.org/ for more information or email
questions to cpan-testers-discuss@perl.org


--
Dear Alexey Tourbin,

This is a computer-generated report for rpm-build-perl-0.82
on perl 5.20.2, created by CPAN-Reporter-1.2011.

Thank you for uploading your work to CPAN.  However, there was a problem
testing your distribution.

If you think this report is invalid, please consult the CPAN Testers Wiki
for suggestions on how to avoid getting FAIL reports for missing library
or binary dependencies, unsupported operating systems, and so on:

http://wiki.cpantesters.org/wiki/CPANAuthorNotes

Sections of this report:

    * Tester comments
    * Program output
    * Prerequisites
    * Environment and other context

------------------------------
TESTER COMMENTS
------------------------------

Additional comments from tester:

this report is from an automated smoke testing program
and was not reviewed by a human for accuracy

------------------------------
PROGRAM OUTPUT
------------------------------

Output from '/usr/bin/make test':

make[1]: Entering directory '/tmp/loop_over_bdir-20849-WxbUb9/rpm-build-perl-0.82-tB9j_w/ConstOptree'
Running Mkbootstrap for B::ConstOptree ()
chmod 644 "ConstOptree.bs"
Manifying 1 pod document
make[1]: Leaving directory '/tmp/loop_over_bdir-20849-WxbUb9/rpm-build-perl-0.82-tB9j_w/ConstOptree'
PERL_DL_NONLAZY=1 "/tmp/basesmoker-reloperl-S6j0/bin/perl" "-MExtUtils::Command::MM" "-MTest::Harness" "-e" "undef *Test::Harness::Switches; test_harness(0, 'blib/lib', 'blib/arch')" t/*.t
dying at -e line 1
 at /tmp/loop_over_bdir-20849-WxbUb9/rpm-build-perl-0.82-tB9j_w/blib/lib/B/PerlReq.pm line 388.
	B::PerlReq::__ANON__("Can't locate object method \"padix\" via package \"B::SVOP\" at /"...) called at /tmp/loop_over_bdir-20849-WxbUb9/rpm-build-perl-0.82-tB9j_w/blib/lib/B/PerlReq.pm line 319
	B::PerlReq::grok_entersub(B::UNOP=SCALAR(0x1c7c9e0)) called at /tmp/loop_over_bdir-20849-WxbUb9/rpm-build-perl-0.82-tB9j_w/blib/lib/B/Walker.pm line 56
	B::Walker::walk_root(B::UNOP=SCALAR(0x1c7c9e0)) called at /tmp/loop_over_bdir-20849-WxbUb9/rpm-build-perl-0.82-tB9j_w/blib/lib/B/Walker.pm line 66
	B::Walker::walk_root(B::LISTOP=SCALAR(0x1ebd7a8)) called at /tmp/loop_over_bdir-20849-WxbUb9/rpm-build-perl-0.82-tB9j_w/blib/lib/B/Walker.pm line 105
	B::Walker::walk_main() called at /tmp/loop_over_bdir-20849-WxbUb9/rpm-build-perl-0.82-tB9j_w/blib/lib/B/PerlReq.pm line 391
	B::PerlReq::__ANON__() called at (eval 2) line 31
	O::CHECK() called at -e line 0
	eval {...} called at -e line 0
Can't locate object method "padix" via package "B::SVOP" at /tmp/loop_over_bdir-20849-WxbUb9/rpm-build-perl-0.82-tB9j_w/blib/lib/B/PerlReq.pm line 319.
CHECK failed--call queue aborted.

#   Failed test at t/01-B-PerlReq.t line 93.
#          got: 'perl(Try/Tiny.pm)
# perl(Bar.pm)'
#     expected: ''

#   Failed test at t/01-B-PerlReq.t line 94.
#          got: 'perl(Try/Tiny.pm)
# perl(Bar.pm)'
#     expected: 'perl(Try/Tiny.pm)'
dying at -e line 1
 at /tmp/loop_over_bdir-20849-WxbUb9/rpm-build-perl-0.82-tB9j_w/blib/lib/B/PerlReq.pm line 388.
	B::PerlReq::__ANON__("Can't locate object method \"padix\" via package \"B::SVOP\" at /"...) called at /tmp/loop_over_bdir-20849-WxbUb9/rpm-build-perl-0.82-tB9j_w/blib/lib/B/PerlReq.pm line 319
	B::PerlReq::grok_entersub(B::UNOP=SCALAR(0x1d274f0)) called at /tmp/loop_over_bdir-20849-WxbUb9/rpm-build-perl-0.82-tB9j_w/blib/lib/B/Walker.pm line 56
	B::Walker::walk_root(B::UNOP=SCALAR(0x1d274f0)) called at /tmp/loop_over_bdir-20849-WxbUb9/rpm-build-perl-0.82-tB9j_w/blib/lib/B/Walker.pm line 66
	B::Walker::walk_root(B::LISTOP=SCALAR(0x1d27388)) called at /tmp/loop_over_bdir-20849-WxbUb9/rpm-build-perl-0.82-tB9j_w/blib/lib/B/Walker.pm line 105
	B::Walker::walk_main() called at /tmp/loop_over_bdir-20849-WxbUb9/rpm-build-perl-0.82-tB9j_w/blib/lib/B/PerlReq.pm line 391
	B::PerlReq::__ANON__() called at (eval 2) line 31
	O::CHECK() called at -e line 0
	eval {...} called at -e line 0
Can't locate object method "padix" via package "B::SVOP" at /tmp/loop_over_bdir-20849-WxbUb9/rpm-build-perl-0.82-tB9j_w/blib/lib/B/PerlReq.pm line 319.
CHECK failed--call queue aborted.

#   Failed test at t/01-B-PerlReq.t line 95.
#          got: 'perl(Try/Tiny.pm)
# perl(Baz.pm)'
#     expected: ''
# Looks like you failed 3 tests of 78.
t/01-B-PerlReq.t .. 
Dubious, test returned 3 (wstat 768, 0x300)
Failed 3/78 subtests 
dying at /home/sand/src/perl/repoperls/installed-perls/perl/v5.20.2-RC1/165a/lib/5.20.2/AutoLoader.pm line 23
 at /tmp/loop_over_bdir-20849-WxbUb9/rpm-build-perl-0.82-tB9j_w/blib/lib/B/PerlReq.pm line 388.
	B::PerlReq::__ANON__("Can't locate object method \"padix\" via package \"B::SVOP\" at /"...) called at /tmp/loop_over_bdir-20849-WxbUb9/rpm-build-perl-0.82-tB9j_w/blib/lib/B/PerlReq.pm line 319
	B::PerlReq::grok_entersub(B::UNOP=SCALAR(0x285c160)) called at /tmp/loop_over_bdir-20849-WxbUb9/rpm-build-perl-0.82-tB9j_w/blib/lib/B/Walker.pm line 56
	B::Walker::walk_root(B::UNOP=SCALAR(0x285c160)) called at /tmp/loop_over_bdir-20849-WxbUb9/rpm-build-perl-0.82-tB9j_w/blib/lib/B/Walker.pm line 66
	B::Walker::walk_root(B::LISTOP=SCALAR(0x285c148)) called at /tmp/loop_over_bdir-20849-WxbUb9/rpm-build-perl-0.82-tB9j_w/blib/lib/B/Walker.pm line 66
	B::Walker::walk_root(B::UNOP=SCALAR(0x285c0b8)) called at /tmp/loop_over_bdir-20849-WxbUb9/rpm-build-perl-0.82-tB9j_w/blib/lib/B/Walker.pm line 91
	B::Walker::walk_cv(B::CV=SCALAR(0x285c058)) called at /tmp/loop_over_bdir-20849-WxbUb9/rpm-build-perl-0.82-tB9j_w/blib/lib/B/Walker.pm line 116
	B::Walker::walk_gv(B::GV=SCALAR(0x285c010)) called at /tmp/loop_over_bdir-20849-WxbUb9/rpm-build-perl-0.82-tB9j_w/blib/lib/B/Walker.pm line 132
	B::Walker::walk_stash(HASH(0x27ed108), "AutoLoader::") called at /tmp/loop_over_bdir-20849-WxbUb9/rpm-build-perl-0.82-tB9j_w/blib/lib/B/Walker.pm line 127
	B::Walker::walk_stash(HASH(0x257afc8), "") called at /tmp/loop_over_bdir-20849-WxbUb9/rpm-build-perl-0.82-tB9j_w/blib/lib/B/Walker.pm line 139
	B::Walker::walk_subs() called at /tmp/loop_over_bdir-20849-WxbUb9/rpm-build-perl-0.82-tB9j_w/blib/lib/B/PerlReq.pm line 392
	B::PerlReq::__ANON__() called at (eval 3) line 31
	O::CHECK() called at /home/sand/src/perl/repoperls/installed-perls/perl/v5.20.2-RC1/165a/lib/5.20.2/AutoLoader.pm line 0
	eval {...} called at /home/sand/src/perl/repoperls/installed-perls/perl/v5.20.2-RC1/165a/lib/5.20.2/AutoLoader.pm line 0
Can't locate object method "padix" via package "B::SVOP" at /tmp/loop_over_bdir-20849-WxbUb9/rpm-build-perl-0.82-tB9j_w/blib/lib/B/PerlReq.pm line 319.
CHECK failed--call queue aborted.
# /home/sand/src/perl/repoperls/installed-perls/perl/v5.20.2-RC1/165a/lib/5.20.2/AutoLoader.pm: deparse failed. prefix=/home/sand/src/perl/repoperls/installed-perls/perl/v5.20.2-RC1/165a/lib/5.20.2

#   Failed test 'AutoLoader.pm zero exit status'
#   at t/02-perlreq.t line 33.
dying at /home/sand/src/perl/repoperls/installed-perls/perl/v5.20.2-RC1/165a/lib/5.20.2/Exporter.pm line 25
 at /tmp/loop_over_bdir-20849-WxbUb9/rpm-build-perl-0.82-tB9j_w/blib/lib/B/PerlReq.pm line 388.
	B::PerlReq::__ANON__("Can't locate object method \"padix\" via package \"B::SVOP\" at /"...) called at /tmp/loop_over_bdir-20849-WxbUb9/rpm-build-perl-0.82-tB9j_w/blib/lib/B/PerlReq.pm line 319
	B::PerlReq::grok_entersub(B::UNOP=SCALAR(0x1472b68)) called at /tmp/loop_over_bdir-20849-WxbUb9/rpm-build-perl-0.82-tB9j_w/blib/lib/B/Walker.pm line 56
	B::Walker::walk_root(B::UNOP=SCALAR(0x1472b68)) called at /tmp/loop_over_bdir-20849-WxbUb9/rpm-build-perl-0.82-tB9j_w/blib/lib/B/Walker.pm line 66
	B::Walker::walk_root(B::LISTOP=SCALAR(0x14726b8)) called at /tmp/loop_over_bdir-20849-WxbUb9/rpm-build-perl-0.82-tB9j_w/blib/lib/B/Walker.pm line 66
	B::Walker::walk_root(B::UNOP=SCALAR(0x14726a0)) called at /tmp/loop_over_bdir-20849-WxbUb9/rpm-build-perl-0.82-tB9j_w/blib/lib/B/Walker.pm line 66
	B::Walker::walk_root(B::UNOP=SCALAR(0x1472208)) called at /tmp/loop_over_bdir-20849-WxbUb9/rpm-build-perl-0.82-tB9j_w/blib/lib/B/Walker.pm line 66
	B::Walker::walk_root(B::UNOP=SCALAR(0x14721f0)) called at /tmp/loop_over_bdir-20849-WxbUb9/rpm-build-perl-0.82-tB9j_w/blib/lib/B/Walker.pm line 66
	B::Walker::walk_root(B::UNOP=SCALAR(0x14721a8)) called at /tmp/loop_over_bdir-20849-WxbUb9/rpm-build-perl-0.82-tB9j_w/blib/lib/B/Walker.pm line 66
	B::Walker::walk_root(B::UNOP=SCALAR(0x1472040)) called at /tmp/loop_over_bdir-20849-WxbUb9/rpm-build-perl-0.82-tB9j_w/blib/lib/B/Walker.pm line 66
	B::Walker::walk_root(B::UNOP=SCALAR(0x1471fc8)) called at /tmp/loop_over_bdir-20849-WxbUb9/rpm-build-perl-0.82-tB9j_w/blib/lib/B/Walker.pm line 66
	B::Walker::walk_root(B::LISTOP=SCALAR(0x1472088)) called at /tmp/loop_over_bdir-20849-WxbUb9/rpm-build-perl-0.82-tB9j_w/blib/lib/B/Walker.pm line 66
	B::Walker::walk_root(B::UNOP=SCALAR(0x1472058)) called at /tmp/loop_over_bdir-20849-WxbUb9/rpm-build-perl-0.82-tB9j_w/blib/lib/B/Walker.pm line 91
	B::Walker::walk_cv(B::CV=SCALAR(0x1471fe0)) called at /tmp/loop_over_bdir-20849-WxbUb9/rpm-build-perl-0.82-tB9j_w/blib/lib/B/Walker.pm line 116
	B::Walker::walk_gv(B::GV=SCALAR(0x1471f98)) called at /tmp/loop_over_bdir-20849-WxbUb9/rpm-build-perl-0.82-tB9j_w/blib/lib/B/Walker.pm line 132
	B::Walker::walk_stash(HASH(0x11b6718), "Exporter::") called at /tmp/loop_over_bdir-20849-WxbUb9/rpm-build-perl-0.82-tB9j_w/blib/lib/B/Walker.pm line 127
	B::Walker::walk_stash(HASH(0x11a2fc8), "") called at /tmp/loop_over_bdir-20849-WxbUb9/rpm-build-perl-0.82-tB9j_w/blib/lib/B/Walker.pm line 139
	B::Walker::walk_subs() called at /tmp/loop_over_bdir-20849-WxbUb9/rpm-build-perl-0.82-tB9j_w/blib/lib/B/PerlReq.pm line 392
	B::PerlReq::__ANON__() called at (eval 3) line 31
	O::CHECK() called at /home/sand/src/perl/repoperls/installed-perls/perl/v5.20.2-RC1/165a/lib/5.20.2/Exporter.pm line 0
	eval {...} called at /home/sand/src/perl/repoperls/installed-perls/perl/v5.20.2-RC1/165a/lib/5.20.2/Exporter.pm line 0
Can't locate object method "padix" via package "B::SVOP" at /tmp/loop_over_bdir-20849-WxbUb9/rpm-build-perl-0.82-tB9j_w/blib/lib/B/PerlReq.pm line 319.
CHECK failed--call queue aborted.
# /home/sand/src/perl/repoperls/installed-perls/perl/v5.20.2-RC1/165a/lib/5.20.2/Exporter.pm: deparse failed. prefix=/home/sand/src/perl/repoperls/installed-perls/perl/v5.20.2-RC1/165a/lib/5.20.2

#   Failed test 'Exporter.pm dependencies'
#   at t/02-perlreq.t line 32.
#          got: ''
#     expected: 'perl(Exporter/Heavy.pm)'

#   Failed test 'Exporter.pm zero exit status'
#   at t/02-perlreq.t line 33.
# Looks like you failed 3 tests of 4.
t/02-perlreq.t .... 
Dubious, test returned 3 (wstat 768, 0x300)
Failed 3/4 subtests 
t/03-perlprov.t ... ok

Test Summary Report
-------------------
t/01-B-PerlReq.t (Wstat: 768 Tests: 78 Failed: 3)
  Failed tests:  46-48
  Non-zero exit status: 3
t/02-perlreq.t  (Wstat: 768 Tests: 4 Failed: 3)
  Failed tests:  2-4
  Non-zero exit status: 3
Files=3, Tests=112,  3 wallclock secs ( 0.04 usr  0.02 sys +  2.60 cusr  0.18 csys =  2.84 CPU)
Result: FAIL
Failed 2/3 test programs. 6/112 subtests failed.
Makefile:978: recipe for target 'test_dynamic' failed
make: *** [test_dynamic] Error 255

------------------------------
PREREQUISITES
------------------------------

Prerequisite modules loaded:

requires:

    Module              Need Have    
    ------------------- ---- --------
    B                   0    1.48    
    Encode              0    2.60    
    O                   0    1.01    
    Safe                0    2.37    
    Test::More          0    1.001014

build_requires:

    Module              Need Have    
    ------------------- ---- --------
    ExtUtils::MakeMaker 0    7.04    

configure_requires:

    Module              Need Have    
    ------------------- ---- --------
    ExtUtils::MakeMaker 0    7.04    


------------------------------
ENVIRONMENT AND OTHER CONTEXT
------------------------------

Environment variables:

    AUTOMATED_TESTING = 1
    LANG = en_US.UTF-8
    LANGUAGE = en_US:en
    PATH = /home/sand/bin:/usr/local/bin:/usr/bin:/bin:/usr/games:/usr/local/perl/bin:/usr/X11/bin:/sbin:/usr/sbin
    PERL5LIB = 
    PERL5OPT = 
    PERL5_CPANPLUS_IS_RUNNING = 20865
    PERL5_CPAN_IS_RUNNING = 20865
    PERL_MM_USE_DEFAULT = 1
    SHELL = /usr/bin/zsh
    TERM = screen

Perl special variables (and OS-specific diagnostics, for MSWin32):

    $^X = /tmp/basesmoker-reloperl-S6j0/bin/perl
    $UID/$EUID = 1005 / 1005
    $GID = 1005 1005
    $EGID = 1005 1005

Perl module toolchain versions installed:

    Module              Have    
    ------------------- --------
    CPAN                2.05    
    CPAN::Meta          2.143240
    Cwd                 3.48_01 
    ExtUtils::CBuilder  0.280220
    ExtUtils::Command   1.18    
    ExtUtils::Install   1.67    
    ExtUtils::MakeMaker 7.04    
    ExtUtils::Manifest  1.70    
    ExtUtils::ParseXS   3.24    
    File::Spec          3.48_01 
    JSON                2.90    
    JSON::PP            2.27203 
    Module::Build       0.4211  
    Module::Signature   0.73    
    Parse::CPAN::Meta   1.4414  
    Test::Harness       3.35    
    Test::More          1.001014
    YAML                1.14    
    YAML::Syck          1.29    
    version             0.9909  


--

Summary of my perl5 (revision 5 version 20 subversion 2) configuration:
  Commit id: a920fedcd88708027dc9204b8d8abac1638789d4
  Platform:
    osname=linux, osvers=3.16.0-4-amd64, archname=x86_64-linux
    uname='linux k83 3.16.0-4-amd64 #1 smp debian 3.16.7-ckt2-1 (2014-12-08) x86_64 gnulinux '
    config_args='-Dprefix=/home/sand/src/perl/repoperls/installed-perls/perl/v5.20.2-RC1/165a -Dmyhostname=k83 -Dinstallusrbinperl=n -Uversiononly -Dusedevel -des -Ui_db -Uuseithreads -Uuselongdouble -DDEBUGGING=-g'
    hint=recommended, useposix=true, d_sigaction=define
    useithreads=undef, usemultiplicity=undef
    use64bitint=define, use64bitall=define, uselongdouble=undef
    usemymalloc=n, bincompat5005=undef
  Compiler:
    cc='cc', ccflags ='-fwrapv -fno-strict-aliasing -pipe -fstack-protector -I/usr/local/include -D_LARGEFILE_SOURCE -D_FILE_OFFSET_BITS=64',
    optimize='-O2 -g',
    cppflags='-fwrapv -fno-strict-aliasing -pipe -fstack-protector -I/usr/local/include'
    ccversion='', gccversion='4.9.2', gccosandvers=''
    intsize=4, longsize=8, ptrsize=8, doublesize=8, byteorder=12345678
    d_longlong=define, longlongsize=8, d_longdbl=define, longdblsize=16
    ivtype='long', ivsize=8, nvtype='double', nvsize=8, Off_t='off_t', lseeksize=8
    alignbytes=8, prototype=define
  Linker and Libraries:
    ld='cc', ldflags =' -fstack-protector -L/usr/local/lib'
    libpth=/usr/local/lib /usr/lib/gcc/x86_64-linux-gnu/4.9/include-fixed /usr/include/x86_64-linux-gnu /usr/lib /lib/x86_64-linux-gnu /lib/../lib /usr/lib/x86_64-linux-gnu /usr/lib/../lib /lib
    libs=-lnsl -lgdbm -ldb -ldl -lm -lcrypt -lutil -lc -lgdbm_compat
    perllibs=-lnsl -ldl -lm -lcrypt -lutil -lc
    libc=libc-2.19.so, so=so, useshrplib=false, libperl=libperl.a
    gnulibc_version='2.19'
  Dynamic Linking:
    dlsrc=dl_dlopen.xs, dlext=so, d_dlsymun=undef, ccdlflags='-Wl,-E'
    cccdlflags='-fPIC', lddlflags='-shared -O2 -g -L/usr/local/lib -fstack-protector'


Characteristics of this binary (from libperl): 
  Compile-time options: HAS_TIMES PERLIO_LAYERS PERL_DONT_CREATE_GVSV
                        PERL_HASH_FUNC_ONE_AT_A_TIME_HARD PERL_MALLOC_WRAP
                        PERL_NEW_COPY_ON_WRITE PERL_PRESERVE_IVUV
                        PERL_USE_DEVEL USE_64_BIT_ALL USE_64_BIT_INT
                        USE_LARGE_FILES USE_LOCALE USE_LOCALE_COLLATE
                        USE_LOCALE_CTYPE USE_LOCALE_NUMERIC USE_PERLIO
                        USE_PERL_ATOF
  Locally applied patches:
	RC1
  Built under linux
  Compiled at Feb  1 2015 06:16:35
  %ENV:
    PERL5LIB=""
    PERL5OPT=""
    PERL5_CPANPLUS_IS_RUNNING="20865"
    PERL5_CPAN_IS_RUNNING="20865"
    PERL_MM_USE_DEFAULT="1"
  @INC:
    /home/sand/src/perl/repoperls/installed-perls/perl/v5.20.2-RC1/165a/lib/site_perl/5.20.2/x86_64-linux
    /home/sand/src/perl/repoperls/installed-perls/perl/v5.20.2-RC1/165a/lib/site_perl/5.20.2
    /home/sand/src/perl/repoperls/installed-perls/perl/v5.20.2-RC1/165a/lib/5.20.2/x86_64-linux
    /home/sand/src/perl/repoperls/installed-perls/perl/v5.20.2-RC1/165a/lib/5.20.2
    .