Win32-Security v0.60 Perl 5 v5.22.2 MSWin32-x86-multi-thread-64int
- Status
- Fail
- From
- NONAME
- Dist
-
Win32-Security v0.60
- Platform
- Perl 5 v5.22.2 MSWin32-x86-multi-thread-64int
- Date
- 2024-09-26 14:16:26
- ID
- d0ceab8d-6f55-1014-8263-a1d107c19ce6
This distribution has been tested as part of the CPAN Testers
project, supporting the Perl programming language. See
http://wiki.cpantesters.org/ for more information or email
questions to cpan-testers-discuss@perl.org
--
Dear Toby Ovod-Everett,
This is a computer-generated report for Win32-Security-0.60
on perl 5.22.2, created by CPAN-Reporter-1.2020.
Thank you for uploading your work to CPAN. However, there was a problem
testing your distribution.
If you think this report is invalid, please consult the CPAN Testers Wiki
for suggestions on how to avoid getting FAIL reports for missing library
or binary dependencies, unsupported operating systems, and so on:
http://wiki.cpantesters.org/wiki/CPANAuthorNotes
Sections of this report:
* Tester comments
* Program output
* Prerequisites
* Environment and other context
------------------------------
TESTER COMMENTS
------------------------------
Additional comments from tester:
none provided
------------------------------
PROGRAM OUTPUT
------------------------------
Output from 'C:\Strawberry\perl\bin\perl.exe ./Build test':
t\ace.t ....... ok
t\extended.t .. ok
# Test 20 got: "LookupPrivilegeValue: ??????????????? at t\\raw.t line 122.\n" (t\raw.t at line 125)
# Expected: "(?^:LookupPrivilegeValue: A specified privilege does not exist)" (Attempt to LookupPrivilegeValue invalid privilege name SHOULD result in an error message)
# t\raw.t line 125 is: ok( $@,
# Test 33 got: "AdjustTokenPrivileges: ??????????????????????????????????????????" (t\raw.t at line 192)
# Expected: "(?^:AdjustTokenPrivileges: Not all privileges or groups referenced are assigned to the caller)" (Call to AdjustTokenPrivileges with SeRestorePrivilege when running without Admin SHOULD return error)
# t\raw.t line 192 is: ok( $err,
# Test 36 got: "AdjustTokenPrivileges: ??????????????????????????????????????????" (t\raw.t at line 213)
# Expected: "(?^:AdjustTokenPrivileges: Not all privileges or groups referenced are assigned to the caller)" (Call to AdjustTokenPrivileges with SeRestorePrivilege when running without Admin SHOULD return error)
# t\raw.t line 213 is: ok( $err,
t\raw.t .......
Failed 3/75 subtests
# Test 78 got: "Unable to set ownership on 'C:\\Users\\user\\AppData\\Local\\Temp\\Win32-Security_TestDir_5920\\foo.txt' to 'user-PC\\Guest'.\nSetNamedSecurityInfo: ???????? ID ??????????????????????????????????? at C:\\strawberry\\cpan\\build\\Win32-Security-0.60-0\\blib\\lib/Win32/Security/NamedObject.pm line 648. at C:\\strawberry\\cpan\\build\\Win32-Security-0.60-0\\blib\\lib/Win32/Security/NamedObject.pm line 656.\n\tmain::__ANON__(Win32::Security::NamedObject::SE_FILE_OBJECT=HASH(0x1e92854), \"\\x{1}\\x{5}\\x{0}\\x{0}\\x{0}\\x{0}\\x{0}\\x{5}\\x{15}\\x{0}\\x{0}\\x{0}\\x{b7}z[&\\x{9}\\x{c4}\\x{cd}\\x{8d}\\x{19})\\x{c2}\\x{ab}\\x{f5}\\x{1}\\x{0}\\x{0}\") called at C:\\strawberry\\cpan\\build\\Win32-Security-0.60-0\\blib\\script\\PermChg.pl line 496\n\teval {...} called at C:\\strawberry\\cpan\\build\\Win32-Security-0.60-0\\blib\\script\\PermChg.pl line 495\n\tmain::ownerset_chg(HASH(0x32b354)) called at C:\\strawberry\\cpan\\build\\Win32-Security-0.60-0\\blib\\script\\PermChg.pl line 123\n" (t\scripts.t at line 308)
# Expected: "(?^:SetNamedSecurityInfo: This security ID may not be assigned as the owner of this object)"
# t\scripts.t line 308 is: ok( &permchg("$tempdir\\foo.txt", "-q -o=$guest"),
t\scripts.t ...
Failed 1/381 subtests
Test Summary Report
-------------------
t\raw.t (Wstat: 0 Tests: 75 Failed: 3)
Failed tests: 20, 33, 36
t\scripts.t (Wstat: 0 Tests: 381 Failed: 1)
Failed test: 78
Files=4, Tests=8137, 124 wallclock secs ( 1.40 usr + 0.08 sys = 1.48 CPU)
Result: FAIL
Failed 2/4 test programs. 4/8137 subtests failed.
------------------------------
PREREQUISITES
------------------------------
Prerequisite modules loaded:
requires:
Module Need Have
----------------- ---- ------
Class::Prototyped 0.98 1.13
Data::BitMask 0.13 1.00
Win32::API 0 0.84
configure_requires:
Module Need Have
----------------- ---- ------
Module::Build 0.4 0.4234
------------------------------
ENVIRONMENT AND OTHER CONTEXT
------------------------------
Environment variables:
COMSPEC = C:\windows\system32\cmd.exe
NONINTERACTIVE_TESTING = 1
NUMBER_OF_PROCESSORS = 4
PATH = C:\home\wind\perl5\bin;C:\windows\system32;C:\windows;C:\windows\System32\Wbem;C:\windows\System32\WindowsPowerShell\v1.0\;C:\Strawberry\c\bin;C:\Strawberry\perl\site\bin;C:\Strawberry\perl\bin
PERL5LIB = C:\home\wind\perl5\lib\perl5
PERL5OPT =
PERL5_CPANPLUS_IS_RUNNING = 5192
PERL5_CPAN_IS_RUNNING = 5192
PERL_LOCAL_LIB_ROOT = C:\home\wind\perl5
PERL_MB_OPT = --install_base "C:\\home\\wind\\perl5"
PERL_MM_OPT = INSTALL_BASE=C:\\home\\wind\\perl5
PERL_MM_USE_DEFAULT = 1
PERL_USE_UNSAFE_INC = 1
PROCESSOR_IDENTIFIER = x86 Family 6 Model 37 Stepping 5, GenuineIntel
TEMP = C:\Users\user\AppData\Local\Temp
TERM = dumb
Perl special variables (and OS-specific diagnostics, for MSWin32):
$^X = C:\Strawberry\perl\bin\perl.exe
$UID/$EUID = 0 / 0
$GID = 0
$EGID = 0
Win32::GetOSName = Win7
Win32::GetOSVersion = Service Pack 1, 6, 1, 7601, 2, 1, 0, 256, 1
Win32::FsType = NTFS
Win32::IsAdminUser = 0
Perl module toolchain versions installed:
Module Have
------------------- --------
CPAN 2.34
CPAN::Meta 2.150010
Cwd 3.75
ExtUtils::CBuilder 0.280236
ExtUtils::Command 7.71_01
ExtUtils::Install 2.22
ExtUtils::MakeMaker 7.71_01
ExtUtils::Manifest 1.75
ExtUtils::ParseXS 3.51
File::Spec 3.75
JSON 4.10
JSON::PP 4.17_01
Module::Build 0.4234
Module::Signature 0.89
Parse::CPAN::Meta 2.150010
Test2 1.302204
Test::Harness 3.50
Test::More 1.302204
YAML 1.31
YAML::Syck 1.34
version 0.9933
--
Summary of my perl5 (revision 5 version 22 subversion 2) configuration:
Platform:
osname=MSWin32, osvers=6.3, archname=MSWin32-x86-multi-thread-64int
uname='Win32 strawberry-perl 5.22.2.1 #1 Sat Apr 30 11:51:13 2016 i386'
config_args='undef'
hint=recommended, useposix=true, d_sigaction=undef
useithreads=define, usemultiplicity=define
use64bitint=define, use64bitall=undef, uselongdouble=undef
usemymalloc=n, bincompat5005=undef
Compiler:
cc='gcc', ccflags =' -s -O2 -DWIN32 -DPERL_TEXTMODE_SCRIPTS -DPERL_IMPLICIT_CONTEXT -DPERL_IMPLICIT_SYS -fwrapv -fno-strict-aliasing -mms-bitfields',
optimize='-s -O2',
cppflags='-DWIN32'
ccversion='', gccversion='4.9.2', gccosandvers=''
intsize=4, longsize=4, ptrsize=4, doublesize=8, byteorder=12345678, doublekind=3
d_longlong=define, longlongsize=8, d_longdbl=define, longdblsize=12, longdblkind=3
ivtype='long long', ivsize=8, nvtype='double', nvsize=8, Off_t='long long', lseeksize=8
alignbytes=8, prototype=define
Linker and Libraries:
ld='g++', ldflags ='-s -L"C:\Strawberry\perl\lib\CORE" -L"C:\Strawberry\c\lib"'
libpth=C:\Strawberry\c\lib C:\Strawberry\c\i686-w64-mingw32\lib C:\Strawberry\c\lib\gcc\i686-w64-mingw32\4.9.2
libs=-lmoldname -lkernel32 -luser32 -lgdi32 -lwinspool -lcomdlg32 -ladvapi32 -lshell32 -lole32 -loleaut32 -lnetapi32 -luuid -lws2_32 -lmpr -lwinmm -lversion -lodbc32 -lodbccp32 -lcomctl32
perllibs=-lmoldname -lkernel32 -luser32 -lgdi32 -lwinspool -lcomdlg32 -ladvapi32 -lshell32 -lole32 -loleaut32 -lnetapi32 -luuid -lws2_32 -lmpr -lwinmm -lversion -lodbc32 -lodbccp32 -lcomctl32
libc=, so=dll, useshrplib=true, libperl=libperl522.a
gnulibc_version=''
Dynamic Linking:
dlsrc=dl_win32.xs, dlext=xs.dll, d_dlsymun=undef, ccdlflags=' '
cccdlflags=' ', lddlflags='-mdll -s -L"C:\Strawberry\perl\lib\CORE" -L"C:\Strawberry\c\lib"'
Characteristics of this binary (from libperl):
Compile-time options: HAS_TIMES HAVE_INTERP_INTERN MULTIPLICITY
PERLIO_LAYERS PERL_DONT_CREATE_GVSV
PERL_HASH_FUNC_ONE_AT_A_TIME_HARD
PERL_IMPLICIT_CONTEXT PERL_IMPLICIT_SYS
PERL_MALLOC_WRAP PERL_NEW_COPY_ON_WRITE
PERL_PRESERVE_IVUV USE_64_BIT_INT USE_ITHREADS
USE_LARGE_FILES USE_LOCALE USE_LOCALE_COLLATE
USE_LOCALE_CTYPE USE_LOCALE_NUMERIC USE_LOCALE_TIME
USE_PERLIO USE_PERL_ATOF
Built under MSWin32
Compiled at Apr 30 2016 11:56:07
%ENV:
PERL5LIB="C:\home\wind\perl5\lib\perl5"
PERL5_CPANPLUS_IS_RUNNING="5192"
PERL5_CPAN_IS_RUNNING="5192"
PERL_LOCAL_LIB_ROOT="C:\home\wind\perl5"
PERL_MB_OPT="--install_base "C:\\home\\wind\\perl5""
PERL_MM_OPT="INSTALL_BASE=C:\\home\\wind\\perl5"
PERL_MM_USE_DEFAULT="1"
PERL_USE_UNSAFE_INC="1"
@INC:
C:\home\wind\perl5\lib\perl5/MSWin32-x86-multi-thread-64int
C:\home\wind\perl5\lib\perl5
C:/Strawberry/perl/site/lib
C:/Strawberry/perl/vendor/lib
C:/Strawberry/perl/lib
.