Report for DBI-Test-0.001

Back
From: metabase:user:30ae4450-2aae-11df-837a-5e0a49663a4f
Subject: FAIL DBI-Test-0.001 v5.18.2 RC4 
Date: 2014-01-02T15:11:12Z

This distribution has been tested as part of the CPAN Testers
project, supporting the Perl programming language.  See
http://wiki.cpantesters.org/ for more information or email
questions to cpan-testers-discuss@perl.org


--
Dear Jens Rehsack,

This is a computer-generated report for DBI-Test-0.001
on perl 5.18.2, created by CPAN-Reporter-1.2010_01.

Thank you for uploading your work to CPAN.  However, there was a problem
testing your distribution.

If you think this report is invalid, please consult the CPAN Testers Wiki
for suggestions on how to avoid getting FAIL reports for missing library
or binary dependencies, unsupported operating systems, and so on:

http://wiki.cpantesters.org/wiki/CPANAuthorNotes

Sections of this report:

    * Tester comments
    * Program output
    * Prerequisites
    * Environment and other context

------------------------------
TESTER COMMENTS
------------------------------

Additional comments from tester:

this report is from an automated smoke testing program
and was not reviewed by a human for accuracy

------------------------------
PROGRAM OUTPUT
------------------------------

Output from 'C:\strawberry182RC4\c\bin\dmake.exe test':

C:\strawberry182RC4\perl\bin\perl.exe "-MExtUtils::Command::MM" "-MTest::Harness" "-e" "undef *Test::Harness::Switches; test_harness(0, 'blib\lib', 'blib\arch')" xt/*.t t\basic\*.t
DBI connect('','',...) failed: Can't Open Connection ''

  Package    : DBD::ADO::dr
  Filename   : C:/strawberry182RC4/perl/vendor/lib/DBD/ADO.pm
  Line       : 158
  Last error : -2147467259

OLE exception from "Microsoft OLE DB Provider for ODBC Drivers":

[Microsoft][Äèñïåò÷åð äðàéâåðîâ ODBC] Èñòî÷íèê äàííûõ íå íàéäåí è íå óêàçàí
äðàéâåð, èñïîëüçóåìûé ïî óìîë÷àíèþ

Win32::OLE(0.1711) error 0x80004005: "Íåîïîçíàííàÿ "
    in METHOD/PROPERTYGET "Open" at C:\strawberry182RC4\cpan\build\DBI-Test-0.001-8URRHL\blib\lib/DBI/Test.pm line 31.

#   Failed test 'basic connect'
#   at C:\strawberry182RC4\cpan\build\DBI-Test-0.001-8URRHL\blib\lib/DBI/Test/Case/basic/connect.pm line 16.

#   Failed test 'dbh is active'
#   at C:\strawberry182RC4\cpan\build\DBI-Test-0.001-8URRHL\blib\lib/DBI/Test/Case/basic/connect.pm line 20.
DBI connect('','',...) failed: Can't Open Connection ''

  Package    : DBD::ADO::dr
  Filename   : C:/strawberry182RC4/perl/vendor/lib/DBD/ADO.pm
  Line       : 158
  Last error : -2147467259

OLE exception from "Microsoft OLE DB Provider for ODBC Drivers":

[Microsoft][Äèñïåò÷åð äðàéâåðîâ ODBC] Èñòî÷íèê äàííûõ íå íàéäåí è íå óêàçàí
äðàéâåð, èñïîëüçóåìûé ïî óìîë÷àíèþ

Win32::OLE(0.1711) error 0x80004005: "Íåîïîçíàííàÿ "
    in METHOD/PROPERTYGET "Open" at C:\strawberry182RC4\cpan\build\DBI-Test-0.001-8URRHL\blib\lib/DBI/Test.pm line 31.

#   Failed test 'basic connect'
#   at C:\strawberry182RC4\cpan\build\DBI-Test-0.001-8URRHL\blib\lib/DBI/Test/Case/basic/connect.pm line 29.
DBI connect('','',...) failed: Can't Open Connection ''

  Package    : DBD::ADO::dr
  Filename   : C:/strawberry182RC4/perl/vendor/lib/DBD/ADO.pm
  Line       : 158
  Last error : -2147467259

OLE exception from "Microsoft OLE DB Provider for ODBC Drivers":

[Microsoft][Äèñïåò÷åð äðàéâåðîâ ODBC] Èñòî÷íèê äàííûõ íå íàéäåí è íå óêàçàí
äðàéâåð, èñïîëüçóåìûé ïî óìîë÷àíèþ

Win32::OLE(0.1711) error 0x80004005: "Íåîïîçíàííàÿ "
    in METHOD/PROPERTYGET "Open" at C:\strawberry182RC4\cpan\build\DBI-Test-0.001-8URRHL\blib\lib/DBI/Test.pm line 31.

#   Failed test 'connect without attr'
#   at C:\strawberry182RC4\cpan\build\DBI-Test-0.001-8URRHL\blib\lib/DBI/Test/Case/basic/connect.pm line 46.
Use of uninitialized value $got in numeric eq (==) at (eval in cmp_ok) C:\strawberry182RC4\cpan\build\DBI-Test-0.001-8URRHL\blib\lib/DBI/Test/Case/basic/connect.pm line 50.

#   Failed test 'AutoCommit == 1'
#   at C:\strawberry182RC4\cpan\build\DBI-Test-0.001-8URRHL\blib\lib/DBI/Test/Case/basic/connect.pm line 50.
Use of uninitialized value $val in addition (+) at C:/strawberry182RC4/perl/lib/Test/Builder.pm line 960.
#          got: undef
#     expected: 1
Can't call method "FETCH" on unblessed reference at C:\strawberry182RC4\cpan\build\DBI-Test-0.001-8URRHL\blib\lib/DBI/Test/Case/basic/connect.pm line 51.
# Tests were run but no plan was declared and done_testing() was not seen.
# Looks like your test exited with 255 just after 5.
t\basic\dva_connect.t ......... 
Dubious, test returned 255 (wstat 65280, 0xff00)
Failed 5/5 subtests 
DBI connect('','',...) failed: Can't Open Connection ''

  Package    : DBD::ADO::dr
  Filename   : C:/strawberry182RC4/perl/vendor/lib/DBD/ADO.pm
  Line       : 158
  Last error : -2147467259

OLE exception from "Microsoft OLE DB Provider for ODBC Drivers":

[Microsoft][Äèñïåò÷åð äðàéâåðîâ ODBC] Èñòî÷íèê äàííûõ íå íàéäåí è íå óêàçàí
äðàéâåð, èñïîëüçóåìûé ïî óìîë÷àíèþ

Win32::OLE(0.1711) error 0x80004005: "Íåîïîçíàííàÿ "
    in METHOD/PROPERTYGET "Open" at C:\strawberry182RC4\cpan\build\DBI-Test-0.001-8URRHL\blib\lib/DBI/Test.pm line 31.

#   Failed test 'basic connect'
#   at C:\strawberry182RC4\cpan\build\DBI-Test-0.001-8URRHL\blib\lib/DBI/Test/Case/basic/disconnect.pm line 20.
Can't call method "disconnect" on an undefined value at C:\strawberry182RC4\cpan\build\DBI-Test-0.001-8URRHL\blib\lib/DBI/Test/Case/basic/disconnect.pm line 22.
# Tests were run but no plan was declared and done_testing() was not seen.
# Looks like your test exited with 255 just after 1.
t\basic\dva_disconnect.t ...... 
Dubious, test returned 255 (wstat 65280, 0xff00)
Failed 1/1 subtests 
t\basic\dvc_connect.t ......... ok
t\basic\dvc_disconnect.t ...... ok
t\basic\dvd_connect.t ......... ok
t\basic\dvd_disconnect.t ...... ok
t\basic\dve_connect.t ......... ok
t\basic\dve_disconnect.t ...... ok
t\basic\dvf_connect.t ......... ok
t\basic\dvf_disconnect.t ...... ok
install_driver(mysql) failed: Attempt to reload DBD/mysql.pm aborted.
Compilation failed in require at (eval 156) line 3.

 at C:\strawberry182RC4\cpan\build\DBI-Test-0.001-8URRHL\blib\lib/DBI/Test.pm line 31.
t\basic\dvm_connect.t ......... 
Dubious, test returned 2 (wstat 512, 0x200)
No subtests run 

#   Failed test 'Disconnect'
#   at C:\strawberry182RC4\cpan\build\DBI-Test-0.001-8URRHL\blib\lib/DBI/Test/Case/basic/disconnect.pm line 22.

#   Failed test 'dbh is inactive'
#   at C:\strawberry182RC4\cpan\build\DBI-Test-0.001-8URRHL\blib\lib/DBI/Test/Case/basic/disconnect.pm line 25.
# Looks like you failed 2 tests of 19.
t\basic\dvm_disconnect.t ...... 
Dubious, test returned 2 (wstat 512, 0x200)
Failed 2/19 subtests 
	(less 1 skipped subtest: 16 okay)
	(8 TODO tests unexpectedly succeeded)
t\basic\dvn_connect.t ......... ok
t\basic\dvn_disconnect.t ...... ok
install_driver(ODBC) failed: Attempt to reload DBD/ODBC.pm aborted.
Compilation failed in require at (eval 156) line 3.

 at C:\strawberry182RC4\cpan\build\DBI-Test-0.001-8URRHL\blib\lib/DBI/Test.pm line 31.
t\basic\dvo_connect.t ......... 
Dubious, test returned 2 (wstat 512, 0x200)
No subtests run 
install_driver(ODBC) failed: Attempt to reload DBD/ODBC.pm aborted.
Compilation failed in require at (eval 156) line 3.

 at C:\strawberry182RC4\cpan\build\DBI-Test-0.001-8URRHL\blib\lib/DBI/Test.pm line 31.
t\basic\dvo_disconnect.t ...... 
Dubious, test returned 2 (wstat 512, 0x200)
No subtests run 
install_driver(Pg) failed: Attempt to reload DBD/Pg.pm aborted.
Compilation failed in require at (eval 157) line 3.

 at C:\strawberry182RC4\cpan\build\DBI-Test-0.001-8URRHL\blib\lib/DBI/Test.pm line 31.
t\basic\dvp_connect.t ......... 
Dubious, test returned 2 (wstat 512, 0x200)
No subtests run 
install_driver(Pg) failed: Attempt to reload DBD/Pg.pm aborted.
Compilation failed in require at (eval 157) line 3.

 at C:\strawberry182RC4\cpan\build\DBI-Test-0.001-8URRHL\blib\lib/DBI/Test.pm line 31.
t\basic\dvp_disconnect.t ...... 
Dubious, test returned 2 (wstat 512, 0x200)
No subtests run 
install_driver(SQLite2) failed: Attempt to reload DBD/SQLite2.pm aborted.
Compilation failed in require at (eval 156) line 3.

 at C:\strawberry182RC4\cpan\build\DBI-Test-0.001-8URRHL\blib\lib/DBI/Test.pm line 31.
t\basic\dvs_connect.t ......... 
Dubious, test returned 2 (wstat 512, 0x200)
No subtests run 
install_driver(SQLite2) failed: Attempt to reload DBD/SQLite2.pm aborted.
Compilation failed in require at (eval 156) line 3.

 at C:\strawberry182RC4\cpan\build\DBI-Test-0.001-8URRHL\blib\lib/DBI/Test.pm line 31.
t\basic\dvs_disconnect.t ...... 
Dubious, test returned 2 (wstat 512, 0x200)
No subtests run 
t\basic\dvx_connect.t ......... ok

#   Failed test 'dbh is inactive'
#   at C:\strawberry182RC4\cpan\build\DBI-Test-0.001-8URRHL\blib\lib/DBI/Test/Case/basic/disconnect.pm line 25.
# Looks like you failed 1 test of 19.
t\basic\dvx_disconnect.t ...... 
Dubious, test returned 1 (wstat 256, 0x100)
Failed 1/19 subtests 
	(less 1 skipped subtest: 17 okay)
	(6 TODO tests unexpectedly succeeded)
t\basic\mvb_dvn_connect.t ..... ok
t\basic\mvb_dvn_disconnect.t .. ok

Test Summary Report
-------------------
t\basic\dva_connect.t       (Wstat: 65280 Tests: 5 Failed: 5)
  Failed tests:  1-5
  Non-zero exit status: 255
  Parse errors: No plan found in TAP output
t\basic\dva_disconnect.t    (Wstat: 65280 Tests: 1 Failed: 1)
  Failed test:  1
  Non-zero exit status: 255
  Parse errors: No plan found in TAP output
t\basic\dvc_disconnect.t    (Wstat: 0 Tests: 19 Failed: 0)
  TODO passed:   8-9, 14-15, 18
t\basic\dvd_disconnect.t    (Wstat: 0 Tests: 19 Failed: 0)
  TODO passed:   8-9, 14-15, 18
t\basic\dve_disconnect.t    (Wstat: 0 Tests: 19 Failed: 0)
  TODO passed:   8-9, 14-15, 18
t\basic\dvf_disconnect.t    (Wstat: 0 Tests: 19 Failed: 0)
  TODO passed:   8-9, 14-15, 18
t\basic\dvm_connect.t       (Wstat: 512 Tests: 0 Failed: 0)
  Non-zero exit status: 2
  Parse errors: No plan found in TAP output
t\basic\dvm_disconnect.t    (Wstat: 512 Tests: 19 Failed: 2)
  Failed tests:  3-4
  TODO passed:   8-10, 13-16, 18
  Non-zero exit status: 2
t\basic\dvn_disconnect.t    (Wstat: 0 Tests: 19 Failed: 0)
  TODO passed:   8-9, 14-15, 18
t\basic\dvo_connect.t       (Wstat: 512 Tests: 0 Failed: 0)
  Non-zero exit status: 2
  Parse errors: No plan found in TAP output
t\basic\dvo_disconnect.t    (Wstat: 512 Tests: 0 Failed: 0)
  Non-zero exit status: 2
  Parse errors: No plan found in TAP output
t\basic\dvp_connect.t       (Wstat: 512 Tests: 0 Failed: 0)
  Non-zero exit status: 2
  Parse errors: No plan found in TAP output
t\basic\dvp_disconnect.t    (Wstat: 512 Tests: 0 Failed: 0)
  Non-zero exit status: 2
  Parse errors: No plan found in TAP output
t\basic\dvs_connect.t       (Wstat: 512 Tests: 0 Failed: 0)
  Non-zero exit status: 2
  Parse errors: No plan found in TAP output
t\basic\dvs_disconnect.t    (Wstat: 512 Tests: 0 Failed: 0)
  Non-zero exit status: 2
  Parse errors: No plan found in TAP output
t\basic\dvx_connect.t       (Wstat: 0 Tests: 16 Failed: 0)
  TODO passed:   13-16
t\basic\dvx_disconnect.t    (Wstat: 256 Tests: 19 Failed: 1)
  Failed test:  4
  TODO passed:   8-9, 13-15, 18
  Non-zero exit status: 1
t\basic\mvb_dvn_connect.t   (Wstat: 0 Tests: 16 Failed: 0)
  TODO passed:   12
t\basic\mvb_dvn_disconnect.t (Wstat: 0 Tests: 19 Failed: 0)
  TODO passed:   8-9, 14-15, 18
Files=24, Tests=276, 15 wallclock secs ( 0.09 usr +  0.13 sys =  0.22 CPU)
Result: FAIL
Failed 11/24 test programs. 9/276 subtests failed.
dmake.exe:  Error code 255, while making 'test_dynamic'

------------------------------
PREREQUISITES
------------------------------

Prerequisite modules loaded:

requires:

    Module              Need     Have    
    ------------------- -------- --------
    perl                5.008001 5.018002

build_requires:

    Module              Need     Have    
    ------------------- -------- --------
    Test::Simple        0.90     1.001002

configure_requires:

    Module              Need     Have    
    ------------------- -------- --------
    ExtUtils::MakeMaker 0        6.84    


------------------------------
ENVIRONMENT AND OTHER CONTEXT
------------------------------

Environment variables:

    AUTOMATED_TESTING = 1
    COMSPEC = C:\WINDOWS\system32\cmd.exe
    NUMBER_OF_PROCESSORS = 1
    PATH = C:\Program Files\Far Manager\;C:\WINDOWS\system32;C:\WINDOWS;C:\WINDOWS\System32\Wbem;C:\strawberry182RC4\c\bin;C:\strawberry182RC4\perl\site\bin;C:\strawberry182RC4\perl\bin
    PERL5LIB = 
    PERL5OPT = 
    PERL5_CPANPLUS_IS_RUNNING = 1584
    PERL5_CPAN_IS_RUNNING = 1584
    PERL5_CPAN_IS_RUNNING_IN_RECURSION = 976,1584
    PERL_CR_SMOKER_CURRENT = DBI-Test-0.001
    PERL_EXTUTILS_AUTOINSTALL = --defaultdeps
    PERL_MM_USE_DEFAULT = 1
    PROCESSOR_IDENTIFIER = x86 Family 16 Model 5 Stepping 3, AuthenticAMD
    TEMP = C:\DOCUME~1\c\LOCALS~1\Temp
    TERM = dumb

Perl special variables (and OS-specific diagnostics, for MSWin32):

    $^X = C:\strawberry182RC4\perl\bin\perl.exe
    $UID/$EUID = 0 / 0
    $GID = 0
    $EGID = 0
    Win32::GetOSName = WinXP/.Net
    Win32::GetOSVersion = Service Pack 3, 5, 1, 2600, 2, 3, 0, 256, 1
    Win32::FsType = NTFS
    Win32::IsAdminUser = 1

Perl module toolchain versions installed:

    Module              Have    
    ------------------- --------
    CPAN                2.00    
    CPAN::Meta          2.133380
    Cwd                 3.40    
    ExtUtils::CBuilder  0.280212
    ExtUtils::Command   1.18    
    ExtUtils::Install   1.59    
    ExtUtils::MakeMaker 6.84    
    ExtUtils::Manifest  1.63    
    ExtUtils::ParseXS   3.22    
    File::Spec          3.40    
    JSON                2.90    
    JSON::PP            2.27203 
    Module::Build       0.4203  
    Module::Signature   n/a     
    Parse::CPAN::Meta   1.4409  
    Test::Harness       3.30    
    Test::More          1.001002
    YAML                0.88    
    YAML::Syck          1.27    
    version             0.9904  


--

Summary of my perl5 (revision 5 version 18 subversion 2) configuration:
   
  Platform:
    osname=MSWin32, osvers=4.0, archname=MSWin32-x86-multi-thread
    uname='Win32 strawberry-perl-no64 5.18.2.1 #1 Thu Dec 26 18:03:25 2013 i386'
    config_args='undef'
    hint=recommended, useposix=true, d_sigaction=undef
    useithreads=define, usemultiplicity=define
    useperlio=define, d_sfio=undef, uselargefiles=define, usesocks=undef
    use64bitint=undef, use64bitall=undef, uselongdouble=undef
    usemymalloc=n, bincompat5005=undef
  Compiler:
    cc='gcc', ccflags =' -s -O2 -DWIN32  -DPERL_TEXTMODE_SCRIPTS -DPERL_IMPLICIT_CONTEXT -DPERL_IMPLICIT_SYS -DUSE_PERLIO -fno-strict-aliasing -mms-bitfields',
    optimize='-s -O2',
    cppflags='-DWIN32'
    ccversion='', gccversion='4.7.3', gccosandvers=''
    intsize=4, longsize=4, ptrsize=4, doublesize=8, byteorder=1234
    d_longlong=define, longlongsize=8, d_longdbl=define, longdblsize=12
    ivtype='long', ivsize=4, nvtype='double', nvsize=8, Off_t='long long', lseeksize=8
    alignbytes=8, prototype=define
  Linker and Libraries:
    ld='g++', ldflags ='-s -L"C:\strawberry182RC4\perl\lib\CORE" -L"C:\strawberry182RC4\c\lib"'
    libpth=C:\strawberry182RC4\c\lib C:\strawberry182RC4\c\i686-w64-mingw32\lib
    libs=-lmoldname -lkernel32 -luser32 -lgdi32 -lwinspool -lcomdlg32 -ladvapi32 -lshell32 -lole32 -loleaut32 -lnetapi32 -luuid -lws2_32 -lmpr -lwinmm -lversion -lodbc32 -lodbccp32 -lcomctl32
    perllibs=-lmoldname -lkernel32 -luser32 -lgdi32 -lwinspool -lcomdlg32 -ladvapi32 -lshell32 -lole32 -loleaut32 -lnetapi32 -luuid -lws2_32 -lmpr -lwinmm -lversion -lodbc32 -lodbccp32 -lcomctl32
    libc=, so=dll, useshrplib=true, libperl=libperl518.a
    gnulibc_version=''
  Dynamic Linking:
    dlsrc=dl_win32.xs, dlext=dll, d_dlsymun=undef, ccdlflags=' '
    cccdlflags=' ', lddlflags='-mdll -s -L"C:\strawberry182RC4\perl\lib\CORE" -L"C:\strawberry182RC4\c\lib"'


Characteristics of this binary (from libperl): 
  Compile-time options: HAS_TIMES HAVE_INTERP_INTERN MULTIPLICITY
                        PERLIO_LAYERS PERL_DONT_CREATE_GVSV
                        PERL_HASH_FUNC_ONE_AT_A_TIME_HARD
                        PERL_IMPLICIT_CONTEXT PERL_IMPLICIT_SYS
                        PERL_MALLOC_WRAP PERL_PRESERVE_IVUV PERL_SAWAMPERSAND
                        USE_ITHREADS USE_LARGE_FILES USE_LOCALE
                        USE_LOCALE_COLLATE USE_LOCALE_CTYPE
                        USE_LOCALE_NUMERIC USE_PERLIO USE_PERL_ATOF
  Locally applied patches:
	RC4
  Built under MSWin32
  Compiled at Dec 26 2013 18:09:02
  %ENV:
    PERL5_CPANPLUS_IS_RUNNING="1584"
    PERL5_CPAN_IS_RUNNING="1584"
    PERL5_CPAN_IS_RUNNING_IN_RECURSION="976,1584"
    PERL_CR_SMOKER_CURRENT="DBI-Test-0.001"
    PERL_EXTUTILS_AUTOINSTALL="--defaultdeps"
    PERL_MM_USE_DEFAULT="1"
  @INC:
    C:/strawberry182RC4/perl/site/lib
    C:/strawberry182RC4/perl/vendor/lib
    C:/strawberry182RC4/perl/lib
    .