Back
From: metabase:user:320bfe00-2aae-11df-837a-5e0a49663a4f
Subject: FAIL AnyEvent-Filesys-Notify-1.15 v5.21.4 GNU/Linux
Date: 2014-08-23T04:06:10Z
This distribution has been tested as part of the CPAN Testers
project, supporting the Perl programming language. See
http://wiki.cpantesters.org/ for more information or email
questions to cpan-testers-discuss@perl.org
--
Dear Mark Grimes,
This is a computer-generated report for AnyEvent-Filesys-Notify-1.15
on perl 5.21.4, created by CPAN-Reporter-1.2011.
Thank you for uploading your work to CPAN. However, there was a problem
testing your distribution.
If you think this report is invalid, please consult the CPAN Testers Wiki
for suggestions on how to avoid getting FAIL reports for missing library
or binary dependencies, unsupported operating systems, and so on:
http://wiki.cpantesters.org/wiki/CPANAuthorNotes
Sections of this report:
* Tester comments
* Program output
* Prerequisites
* Environment and other context
------------------------------
TESTER COMMENTS
------------------------------
Additional comments from tester:
this report is from an automated smoke testing program
and was not reviewed by a human for accuracy
------------------------------
PROGRAM OUTPUT
------------------------------
Output from './Build test':
t/00-load.t ............. ok
t/10-plugins.t .......... ok
t/11-plugin-default.t ... ok
t/20-scan_fs.t .......... ok
t/21-scan_fs_links.t .... ok
# This might take a few seconds to run...
t/30-event.t ............ ok
# This might take a few seconds to run...
t/31-notify-fallback.t .. ok
# This might take a few seconds to run...
t/32-specify-backend.t .. ok
t/33-specify-kqueue.t ... skipped: Test only on Mac with IO::KQueue
# This might take a few seconds to run...
# Failed test '... the next test listed timed out'
# at t/lib/TestSupport.pm line 87.
# Failed test 'modify existing file'
# at t/lib/TestSupport.pm line 94.
# Structures begin differing at:
# $got->[1] = Does not exist
# $expected->[1] = 'modified'
# ... expected: modified,modified
# ... received: modified
# --- received: modified:/tmp/5U6TwDyUsR/one/1
# Looks like you planned 10 tests but ran 11.
# Looks like you failed 2 tests of 11 run.
t/34-parse_events.t .....
Dubious, test returned 2 (wstat 512, 0x200)
Failed 2/10 subtests
t/40-bugs.t ............. ok
Test Summary Report
-------------------
t/34-parse_events.t (Wstat: 512 Tests: 11 Failed: 3)
Failed tests: 4-5, 11
Non-zero exit status: 2
Parse errors: Bad plan. You planned 10 tests but ran 11.
Files=11, Tests=88, 15 wallclock secs ( 0.05 usr 0.01 sys + 1.76 cusr 0.14 csys = 1.96 CPU)
Result: FAIL
Failed 1/11 test programs. 3/88 subtests failed.
------------------------------
PREREQUISITES
------------------------------
Prerequisite modules loaded:
requires:
Module Need Have
---------------------------- -------- --------
AnyEvent 7.05 7.07
Carp 1.20 1.34
Cwd 3.40 3.49
Linux::Inotify2 1.22 1.22
Moo 1.003001 1.006000
MooX::late 0.014 0.015
MooX::Types::MooseLike::Base 0.25 0.27
namespace::sweep 0.006 0.006
Path::Iterator::Rule 1.005 1.008
perl 5.006 5.021004
Try::Tiny 0.18 0.22
build_requires:
Module Need Have
---------------------------- -------- --------
autodie 0 2.25
Data::Dump 0 1.22
Exporter 0 5.71
File::Basename 0 2.85
File::Find 0 1.27
File::Path 0 2.09
File::Spec 0 3.49
File::Temp 0 0.2304
Test::Exception 0 0.32
Test::More 0.87 1.001003
Test::Without::Module 0 0.17
configure_requires:
Module Need Have
---------------------------- -------- --------
Module::Build 0.4004 0.4208
------------------------------
ENVIRONMENT AND OTHER CONTEXT
------------------------------
Environment variables:
AUTOMATED_TESTING = 1
LANG = en_US.UTF-8
LANGUAGE = en_US:en
PATH = /usr/lib/ccache:/home/sand/bin:/usr/local/bin:/usr/bin:/bin:/usr/games:/usr/local/perl/bin:/usr/X11/bin:/sbin:/usr/sbin
PERL5LIB =
PERL5OPT =
PERL5_CPANPLUS_IS_RUNNING = 9588
PERL5_CPAN_IS_RUNNING = 9588
PERL_MM_USE_DEFAULT = 1
SHELL = /usr/bin/zsh
TERM = screen
Perl special variables (and OS-specific diagnostics, for MSWin32):
$^X = /tmp/basesmoker-reloperl-CwiC/bin/perl
$UID/$EUID = 1005 / 1005
$GID = 1005 1005
$EGID = 1005 1005
Perl module toolchain versions installed:
Module Have
------------------- --------
CPAN 2.05
CPAN::Meta 2.142060
Cwd 3.49
ExtUtils::CBuilder 0.280217
ExtUtils::Command 1.18
ExtUtils::Install 1.68
ExtUtils::MakeMaker 6.98
ExtUtils::Manifest 1.65
ExtUtils::ParseXS 3.25
File::Spec 3.49
JSON 2.90
JSON::PP 2.27203
Module::Build 0.4208
Module::Signature 0.73
Parse::CPAN::Meta 1.4414
Test::Harness 3.33
Test::More 1.001003
YAML 1.09
YAML::Syck 1.27
version 0.9908
--
Summary of my perl5 (revision 5 version 21 subversion 4) configuration:
Commit id: d074b8ed828ac1f755cafa043f09e0eba8226c51
Platform:
osname=linux, osvers=3.14-2-amd64, archname=x86_64-linux
uname='linux k83 3.14-2-amd64 #1 smp debian 3.14.15-2 (2014-08-09) x86_64 gnulinux '
config_args='-Dprefix=/home/sand/src/perl/repoperls/installed-perls/perl/v5.21.3-74-gd074b8e/165a -Dmyhostname=k83 -Dinstallusrbinperl=n -Uversiononly -Dusedevel -des -Ui_db -Uuseithreads -Uuselongdouble -DDEBUGGING=-g'
hint=recommended, useposix=true, d_sigaction=define
useithreads=undef, usemultiplicity=undef
use64bitint=define, use64bitall=define, uselongdouble=undef
usemymalloc=n, bincompat5005=undef
Compiler:
cc='cc', ccflags ='-fwrapv -fno-strict-aliasing -pipe -fstack-protector -I/usr/local/include -D_LARGEFILE_SOURCE -D_FILE_OFFSET_BITS=64 -D_FORTIFY_SOURCE=2',
optimize='-O2 -g',
cppflags='-fwrapv -fno-strict-aliasing -pipe -fstack-protector -I/usr/local/include'
ccversion='', gccversion='4.9.1', gccosandvers=''
intsize=4, longsize=8, ptrsize=8, doublesize=8, byteorder=12345678
d_longlong=define, longlongsize=8, d_longdbl=define, longdblsize=16, longdblkind=3
ivtype='long', ivsize=8, nvtype='double', nvsize=8, Off_t='off_t', lseeksize=8
alignbytes=8, prototype=define
Linker and Libraries:
ld='cc', ldflags =' -fstack-protector -L/usr/local/lib'
libpth=/usr/local/lib /usr/lib/gcc/x86_64-linux-gnu/4.9/include-fixed /usr/include/x86_64-linux-gnu /usr/lib /lib/x86_64-linux-gnu /lib/../lib /usr/lib/x86_64-linux-gnu /usr/lib/../lib /lib
libs=-lnsl -lgdbm -ldb -ldl -lm -lcrypt -lutil -lc -lgdbm_compat
perllibs=-lnsl -ldl -lm -lcrypt -lutil -lc
libc=libc-2.19.so, so=so, useshrplib=false, libperl=libperl.a
gnulibc_version='2.19'
Dynamic Linking:
dlsrc=dl_dlopen.xs, dlext=so, d_dlsymun=undef, ccdlflags='-Wl,-E'
cccdlflags='-fPIC', lddlflags='-shared -O2 -g -L/usr/local/lib -fstack-protector'
Characteristics of this binary (from libperl):
Compile-time options: HAS_TIMES PERLIO_LAYERS PERL_DONT_CREATE_GVSV
PERL_HASH_FUNC_ONE_AT_A_TIME_HARD PERL_MALLOC_WRAP
PERL_NEW_COPY_ON_WRITE PERL_PRESERVE_IVUV
PERL_USE_DEVEL USE_64_BIT_ALL USE_64_BIT_INT
USE_LARGE_FILES USE_LOCALE USE_LOCALE_COLLATE
USE_LOCALE_CTYPE USE_LOCALE_NUMERIC USE_LOCALE_TIME
USE_PERLIO USE_PERL_ATOF
Built under linux
Compiled at Aug 22 2014 23:15:15
%ENV:
PERL5LIB=""
PERL5OPT=""
PERL5_CPANPLUS_IS_RUNNING="9588"
PERL5_CPAN_IS_RUNNING="9588"
PERL_MM_USE_DEFAULT="1"
@INC:
/home/sand/src/perl/repoperls/installed-perls/perl/v5.21.3-74-gd074b8e/165a/lib/site_perl/5.21.4/x86_64-linux
/home/sand/src/perl/repoperls/installed-perls/perl/v5.21.3-74-gd074b8e/165a/lib/site_perl/5.21.4
/home/sand/src/perl/repoperls/installed-perls/perl/v5.21.3-74-gd074b8e/165a/lib/5.21.4/x86_64-linux
/home/sand/src/perl/repoperls/installed-perls/perl/v5.21.3-74-gd074b8e/165a/lib/5.21.4
.