Facebook-Graph v1.1205 Perl 5 v5.20.1 MSWin32-x86-multi-thread-64int

Status
Fail
From
Alexandr Ciornii (CHORNY)
Dist
Facebook-Graph v1.1205
Platform
Perl 5 v5.20.1 MSWin32-x86-multi-thread-64int
Date
2019-01-21 17:43:59
ID
d09ab3ab-6bf3-1014-8deb-9b17b57dab63
This distribution has been tested as part of the CPAN Testers
project, supporting the Perl programming language.  See
http://wiki.cpantesters.org/ for more information or email
questions to cpan-testers-discuss@perl.org


--
Dear JT Smith,

This is a computer-generated report for Facebook-Graph-1.1205
on perl 5.20.1, created by CPAN-Reporter-1.2014.

Thank you for uploading your work to CPAN.  However, there was a problem
testing your distribution.

If you think this report is invalid, please consult the CPAN Testers Wiki
for suggestions on how to avoid getting FAIL reports for missing library
or binary dependencies, unsupported operating systems, and so on:

http://wiki.cpantesters.org/wiki/CPANAuthorNotes

Sections of this report:

    * Tester comments
    * Program output
    * Prerequisites
    * Environment and other context

------------------------------
TESTER COMMENTS
------------------------------

Additional comments from tester:

this report is from an automated smoke testing program
and was not reviewed by a human for accuracy

------------------------------
PROGRAM OUTPUT
------------------------------

Output from 'C:\STRAWB~1\c\bin\dmake.exe test':

"C:\Strawberry201\perl\bin\perl.exe" "-MExtUtils::Command::MM" "-MTest::Harness" "-e" "undef *Test::Harness::Switches; test_harness(0, 'blib\lib', 'blib\arch')" t/*.t

#   Failed test 'get an api version'
#   at t/01_versioned_path.t line 14.
#          got: 'v3.1'
#     expected: 'v2.8'

#   Failed test 'create a versioned api path'
#   at t/01_versioned_path.t line 15.
#          got: 'v3.1/sarahbownds'
#     expected: 'v2.8/sarahbownds'
# Looks like you failed 2 tests of 5.
t/01_versioned_path.t ... 
Dubious, test returned 2 (wstat 512, 0x200)
Failed 2/5 subtests 
t/02_signed_requests.t .. ok

#   Failed test 'default pic'
#   at t/04_picture.t line 14.
#          got: 'https://graph.facebook.com/v3.1/sarahbownds/picture'
#     expected: 'https://graph.facebook.com/v2.8/sarahbownds/picture'

#   Failed test 'small pic'
#   at t/04_picture.t line 15.
#          got: 'https://graph.facebook.com/v3.1/sarahbownds/picture?type=small'
#     expected: 'https://graph.facebook.com/v2.8/sarahbownds/picture?type=small'

#   Failed test 'large pic'
#   at t/04_picture.t line 16.
#          got: 'https://graph.facebook.com/v3.1/sarahbownds/picture?type=large'
#     expected: 'https://graph.facebook.com/v2.8/sarahbownds/picture?type=large'

#   Failed test 'square pic'
#   at t/04_picture.t line 17.
#          got: 'https://graph.facebook.com/v3.1/sarahbownds/picture?type=square'
#     expected: 'https://graph.facebook.com/v2.8/sarahbownds/picture?type=square'
# Looks like you failed 4 tests of 7.
t/04_picture.t .......... 
Dubious, test returned 4 (wstat 1024, 0x400)
Failed 4/7 subtests 
t/05_access_token.t ..... ok
t/author-pod-syntax.t ... skipped: these tests are for testing by the author

Test Summary Report
-------------------
t/01_versioned_path.t (Wstat: 512 Tests: 5 Failed: 2)
  Failed tests:  4-5
  Non-zero exit status: 2
t/04_picture.t        (Wstat: 1024 Tests: 7 Failed: 4)
  Failed tests:  4-7
  Non-zero exit status: 4
Files=5, Tests=19, 10 wallclock secs ( 0.08 usr +  0.09 sys =  0.17 CPU)
Result: FAIL
Failed 2/5 test programs. 6/19 subtests failed.
dmake.exe:  Error code 255, while making 'test_dynamic'

------------------------------
PREREQUISITES
------------------------------

Prerequisite modules loaded:

requires:

    Module                     Need   Have    
    -------------------------- ------ --------
    DateTime                   0.61   1.18    
    DateTime::Format::Strptime 1.4000 1.56    
    JSON                       2.16   2.90    
    LWP::Protocol::https       6.06   6.06    
    LWP::UserAgent             6.13   6.13    
    MIME::Base64::URLSafe      0.01   0.01    
    Moo                        0      2.000001
    Ouch                       0.0400 0.0409  
    perl                       5.006  5.020001
    Test::More                 0      1.001006
    URI                        1.54   1.67    

build_requires:

    Module                     Need   Have    
    -------------------------- ------ --------
    HTTP::Response             0      6.04    
    Test::Pod                  0      1.48    

configure_requires:

    Module                     Need   Have    
    -------------------------- ------ --------
    ExtUtils::MakeMaker        0      7.04    


------------------------------
ENVIRONMENT AND OTHER CONTEXT
------------------------------

Environment variables:

    AUTOMATED_TESTING = 1
    COMSPEC = C:\WINDOWS\system32\cmd.exe
    NUMBER_OF_PROCESSORS = 1
    PATH = C:\WINDOWS\system32;C:\WINDOWS;C:\WINDOWS\System32\Wbem;C:\Strawberry201\c\bin;C:\Strawberry201\perl\site\bin;C:\Strawberry201\perl\bin;C:\Git\cmd
    PERL5LIB = 
    PERL5OPT = 
    PERL5_CPANPLUS_IS_RUNNING = 1160
    PERL5_CPAN_IS_RUNNING = 1160
    PERL5_CPAN_IS_RUNNING_IN_RECURSION = 1312,1160
    PERL_CR_SMOKER_CURRENT = Facebook-Graph-1.1205
    PERL_CR_SMOKER_RUNONCE = 1
    PERL_EXTUTILS_AUTOINSTALL = --defaultdeps
    PERL_MM_USE_DEFAULT = 1
    PROCESSOR_IDENTIFIER = x86 Family 16 Model 5 Stepping 3, AuthenticAMD
    TEMP = C:\DOCUME~1\c\LOCALS~1\Temp

Perl special variables (and OS-specific diagnostics, for MSWin32):

    $^X = C:\Strawberry201\perl\bin\perl.exe
    $UID/$EUID = 0 / 0
    $GID = 0
    $EGID = 0
    Win32::GetOSName = WinXP/.Net
    Win32::GetOSVersion = Service Pack 3, 5, 1, 2600, 2, 3, 0, 256, 1
    Win32::FsType = NTFS
    Win32::IsAdminUser = 1

Perl module toolchain versions installed:

    Module              Have    
    ------------------- --------
    CPAN                2.05    
    CPAN::Meta          2.142060
    Cwd                 3.48    
    ExtUtils::CBuilder  0.280219
    ExtUtils::Command   1.18    
    ExtUtils::Install   1.68    
    ExtUtils::MakeMaker 7.04    
    ExtUtils::Manifest  1.66    
    ExtUtils::ParseXS   3.24    
    File::Spec          3.48    
    JSON                2.90    
    JSON::PP            2.27203 
    Module::Build       0.4211  
    Module::Signature   0.78    
    Parse::CPAN::Meta   1.4414  
    Test::Harness       3.33    
    Test::More          1.001006
    YAML                1.15    
    YAML::Syck          1.29    
    version             0.9909  


--

Summary of my perl5 (revision 5 version 20 subversion 1) configuration:
   
  Platform:
    osname=MSWin32, osvers=6.3, archname=MSWin32-x86-multi-thread-64int
    uname='Win32 strawberry-perl 5.20.1.1 #1 Mon Sep 15 18:25:23 2014 i386'
    config_args='undef'
    hint=recommended, useposix=true, d_sigaction=undef
    useithreads=define, usemultiplicity=define
    use64bitint=define, use64bitall=undef, uselongdouble=undef
    usemymalloc=n, bincompat5005=undef
  Compiler:
    cc='gcc', ccflags =' -s -O2 -DWIN32  -DPERL_TEXTMODE_SCRIPTS -DPERL_IMPLICIT_CONTEXT -DPERL_IMPLICIT_SYS -DUSE_PERLIO -fwrapv -fno-strict-aliasing -mms-bitfields',
    optimize='-s -O2',
    cppflags='-DWIN32'
    ccversion='', gccversion='4.8.3', gccosandvers=''
    intsize=4, longsize=4, ptrsize=4, doublesize=8, byteorder=12345678
    d_longlong=define, longlongsize=8, d_longdbl=define, longdblsize=12
    ivtype='long long', ivsize=8, nvtype='double', nvsize=8, Off_t='long long', lseeksize=8
    alignbytes=8, prototype=define
  Linker and Libraries:
    ld='g++', ldflags ='-s -L"C:\STRAWB~1\perl\lib\CORE" -L"C:\STRAWB~1\c\lib"'
    libpth=C:\STRAWB~1\c\lib C:\STRAWB~1\c\i686-w64-mingw32\lib C:\STRAWB~1\c\lib\gcc\i686-w64-mingw32\4.8.3
    libs=-lmoldname -lkernel32 -luser32 -lgdi32 -lwinspool -lcomdlg32 -ladvapi32 -lshell32 -lole32 -loleaut32 -lnetapi32 -luuid -lws2_32 -lmpr -lwinmm -lversion -lodbc32 -lodbccp32 -lcomctl32
    perllibs=-lmoldname -lkernel32 -luser32 -lgdi32 -lwinspool -lcomdlg32 -ladvapi32 -lshell32 -lole32 -loleaut32 -lnetapi32 -luuid -lws2_32 -lmpr -lwinmm -lversion -lodbc32 -lodbccp32 -lcomctl32
    libc=, so=dll, useshrplib=true, libperl=libperl520.a
    gnulibc_version=''
  Dynamic Linking:
    dlsrc=dl_win32.xs, dlext=xs.dll, d_dlsymun=undef, ccdlflags=' '
    cccdlflags=' ', lddlflags='-mdll -s -L"C:\STRAWB~1\perl\lib\CORE" -L"C:\STRAWB~1\c\lib"'


Characteristics of this binary (from libperl): 
  Compile-time options: HAS_TIMES HAVE_INTERP_INTERN MULTIPLICITY
                        PERLIO_LAYERS PERL_DONT_CREATE_GVSV
                        PERL_HASH_FUNC_ONE_AT_A_TIME_HARD
                        PERL_IMPLICIT_CONTEXT PERL_IMPLICIT_SYS
                        PERL_MALLOC_WRAP PERL_NEW_COPY_ON_WRITE
                        PERL_PRESERVE_IVUV USE_64_BIT_INT USE_ITHREADS
                        USE_LARGE_FILES USE_LOCALE USE_LOCALE_COLLATE
                        USE_LOCALE_CTYPE USE_LOCALE_NUMERIC USE_PERLIO
                        USE_PERL_ATOF
  Built under MSWin32
  Compiled at Sep 15 2014 18:29:20
  %ENV:
    PERL5_CPANPLUS_IS_RUNNING="1160"
    PERL5_CPAN_IS_RUNNING="1160"
    PERL5_CPAN_IS_RUNNING_IN_RECURSION="1312,1160"
    PERL_CR_SMOKER_CURRENT="Facebook-Graph-1.1205"
    PERL_CR_SMOKER_RUNONCE="1"
    PERL_EXTUTILS_AUTOINSTALL="--defaultdeps"
    PERL_MM_USE_DEFAULT="1"
  @INC:
    C:/Strawberry201/perl/site/lib
    C:/Strawberry201/perl/vendor/lib
    C:/Strawberry201/perl/lib
    .