Tk-Zinc v3.306 Perl 5 v5.37.5 x86_64-linux
- Status
- Fail
- From
- Slaven Rezić
- Dist
-
Tk-Zinc v3.306
- Platform
- Perl 5 v5.37.5 x86_64-linux
- Date
- 2022-10-23 20:46:47
- ID
- cfe4ac8a-5313-11ed-b908-b1246e8775ea
This distribution has been tested as part of the CPAN Testers
project, supporting the Perl programming language. See
http://wiki.cpantesters.org/ for more information or email
questions to cpan-testers-discuss@perl.org
--
Dear Alexander Becker,
This is a computer-generated report for Tk-Zinc-3.306
on perl 5.37.5, created by CPAN-Reporter-1.2018.
Thank you for uploading your work to CPAN. However, there was a problem
testing your distribution.
If you think this report is invalid, please consult the CPAN Testers Wiki
for suggestions on how to avoid getting FAIL reports for missing library
or binary dependencies, unsupported operating systems, and so on:
http://wiki.cpantesters.org/wiki/CPANAuthorNotes
Sections of this report:
* Tester comments
* Program output
* Prerequisites
* Environment and other context
------------------------------
TESTER COMMENTS
------------------------------
Additional comments from tester:
none provided
------------------------------
PROGRAM OUTPUT
------------------------------
Output from 'make test':
"/opt/perl-5.37.5/bin/perl5.37.5" -MExtUtils::Command::MM -e 'cp_nonempty' -- Zinc.bs blib/arch/auto/Tk/Zinc/Zinc.bs 644
make[1]: Entering directory '/home/e/eserte/.cpan/build/2022102322/Tk-Zinc-3.306-2/demos'
Manifying 1 pod document
make[1]: Leaving directory '/home/e/eserte/.cpan/build/2022102322/Tk-Zinc-3.306-2/demos'
make[1]: Entering directory '/home/e/eserte/.cpan/build/2022102322/Tk-Zinc-3.306-2/demos'
"/opt/perl-5.37.5/bin/perl5.37.5" "-MExtUtils::Command::MM" "-MTest::Harness" "-e" "undef *Test::Harness::Switches; test_harness(0, '../blib/lib', '../blib/arch')" t/*.t
t/no-test.t .. ok
All tests successful.
Files=1, Tests=1, 0 wallclock secs ( 0.01 usr + 0.00 sys = 0.01 CPU)
Result: PASS
make[1]: Leaving directory '/home/e/eserte/.cpan/build/2022102322/Tk-Zinc-3.306-2/demos'
"/opt/perl-5.37.5/bin/perl5.37.5" "-MExtUtils::Command::MM" "-MTest::Harness" "-e" "undef *Test::Harness::Switches; test_harness(0, 'blib/lib', 'blib/arch')" t/*.t
X Error of failed request: BadMatch (invalid parameter attributes)
Major opcode of failed request: 139 (RENDER)
Minor opcode of failed request: 4 (RenderCreatePicture)
Serial number of failed request: 422
Current serial number in output stream: 1028
t/AnimatedGradient.t ..........
Dubious, test returned 1 (wstat 256, 0x100)
Failed 10/11 subtests
X Error of failed request: BadMatch (invalid parameter attributes)
Major opcode of failed request: 139 (RENDER)
Minor opcode of failed request: 4 (RenderCreatePicture)
Serial number of failed request: 417
Current serial number in output stream: 1023
t/Bbox-curve-multi-contour.t ..
Dubious, test returned 1 (wstat 256, 0x100)
Failed 3/4 subtests
# ############## bbox test
t/Bbox.t ...................... ok
# ############## coords test
t/Coords.t .................... ok
# ############## Images test
t/find.t ...................... ok
X Error of failed request: BadMatch (invalid parameter attributes)
Major opcode of failed request: 139 (RENDER)
Minor opcode of failed request: 4 (RenderCreatePicture)
Serial number of failed request: 417
Current serial number in output stream: 1023
t/Images.t ....................
Dubious, test returned 1 (wstat 256, 0x100)
Failed 35/36 subtests
# ############## all imports
t/Import.t .................... ok
t/Maps.t ...................... ok
# ############## all known bugs
t/PreviousKnownBugs.t ......... ok
# ############## Scale clipped group test
t/Scale_clipped_group.t ....... ok
# ############## text items test
t/Text.t ...................... ok
X Error of failed request: BadMatch (invalid parameter attributes)
Major opcode of failed request: 139 (RENDER)
Minor opcode of failed request: 4 (RenderCreatePicture)
Serial number of failed request: 413
Current serial number in output stream: 1019
t/Text2.t .....................
Dubious, test returned 1 (wstat 256, 0x100)
Failed 49/51 subtests
# ############## Tk::Zinc::TraceUtils test
t/traceutils.t ................ ok
# ############## transformations test
t/Transformations.t ........... ok
Test Summary Report
-------------------
t/AnimatedGradient.t (Wstat: 256 (exited 1) Tests: 1 Failed: 0)
Non-zero exit status: 1
Parse errors: Bad plan. You planned 11 tests but ran 1.
t/Bbox-curve-multi-contour.t (Wstat: 256 (exited 1) Tests: 1 Failed: 0)
Non-zero exit status: 1
Parse errors: Bad plan. You planned 4 tests but ran 1.
t/Images.t (Wstat: 256 (exited 1) Tests: 1 Failed: 0)
Non-zero exit status: 1
Parse errors: Bad plan. You planned 36 tests but ran 1.
t/Text2.t (Wstat: 256 (exited 1) Tests: 2 Failed: 0)
Non-zero exit status: 1
Parse errors: Bad plan. You planned 51 tests but ran 2.
Files=14, Tests=117, 5 wallclock secs ( 0.04 usr 0.01 sys + 1.37 cusr 0.17 csys = 1.59 CPU)
Result: FAIL
Failed 4/14 test programs. 0/117 subtests failed.
Makefile:1164: recipe for target 'test_dynamic' failed
make: *** [test_dynamic] Error 255
------------------------------
PREREQUISITES
------------------------------
Prerequisite modules loaded:
requires:
Module Need Have
------------------- ------- --------
ExtUtils::MakeMaker 6.98 7.64
perl 5.006 5.037005
Tk 800.004 804.036
build_requires:
Module Need Have
------------------- ------- --------
ExtUtils::MakeMaker 0 7.64
Test::More 0.98 1.302191
configure_requires:
Module Need Have
------------------- ------- --------
ExtUtils::MakeMaker 0 7.64
Tk 0 804.036
------------------------------
ENVIRONMENT AND OTHER CONTEXT
------------------------------
Environment variables:
LANG = en_US.UTF-8
PATH = /usr/local/bin:/usr/bin:/bin:/usr/local/sbin:/usr/sbin:/sbin:/home/e/eserte/bin/linux-gnu:/home/e/eserte/bin/sh:/home/e/eserte/bin:/home/e/eserte/bin/pistachio-perl/bin:/usr/games:/home/e/eserte/devel:/home/e/eserte/work2/fzf/bin:/home/e/eserte/src/srezic-misc/scripts
PERL5LIB =
PERL5OPT =
PERL5_CPANPLUS_IS_RUNNING = 21473
PERL5_CPAN_IS_RUNNING = 21473
PERL5_CPAN_IS_RUNNING_IN_RECURSION = 20797,21473
PERLDOC = -MPod::Perldoc::ToTextOverstrike
PERL_BATCH = yes
PERL_CANARY_STABILITY_NOPROMPT = 1
PERL_CPAN_REPORTER_CONFIG = /var/tmp/cpansmoker-1000/2022102322/cpanreporter_000_config.ini
PERL_EXTUTILS_AUTOINSTALL = --defaultdeps
PERL_USE_UNSAFE_INC = 1
SHELL = /bin/zsh
STDPERL = perl
TERM = xterm
TMPDIR = /var/tmp/cpansmoker-1000/2022102322
Perl special variables (and OS-specific diagnostics, for MSWin32):
$^X = /opt/perl-5.37.5/bin/perl5.37.5
$UID/$EUID = 1000 / 1000
$GID = 1000 4 24 25 27 29 30 33 44 46 108 111 115 128 134 1000 1024
$EGID = 1000 4 24 25 27 29 30 33 44 46 108 111 115 128 134 1000 1024
Perl module toolchain versions installed:
Module Have
------------------- --------
CPAN 2.34
CPAN::Meta 2.150010
Cwd 3.86
ExtUtils::CBuilder 0.280237
ExtUtils::Command 7.64
ExtUtils::Install 2.20
ExtUtils::MakeMaker 7.64
ExtUtils::Manifest 1.73
ExtUtils::ParseXS 3.46
File::Spec 3.87
JSON 4.10
JSON::PP 4.12
Module::Build 0.4231
Module::Signature 0.88
Parse::CPAN::Meta 2.150010
Test::Harness 3.44
Test::More 1.302191
YAML 1.30
YAML::Syck 1.34
version 0.9929
--
Summary of my perl5 (revision 5 version 37 subversion 5) configuration:
Platform:
osname=linux
osvers=4.9.0-19-amd64
archname=x86_64-linux
uname='linux cabulja 4.9.0-19-amd64 #1 smp debian 4.9.320-2 (2022-06-30) x86_64 gnulinux '
config_args='-ds -e -Dprefix=/opt/perl-5.37.5 -Dusedevel -Dusemallocwrap=no -Dcf_email=srezic@cpan.org'
hint=recommended
useposix=true
d_sigaction=define
useithreads=undef
usemultiplicity=undef
use64bitint=define
use64bitall=define
uselongdouble=undef
usemymalloc=n
default_inc_excludes_dot=define
Compiler:
cc='cc'
ccflags ='-fwrapv -fno-strict-aliasing -pipe -fstack-protector-strong -I/usr/local/include -D_LARGEFILE_SOURCE -D_FILE_OFFSET_BITS=64 -D_FORTIFY_SOURCE=2'
optimize='-O2'
cppflags='-fwrapv -fno-strict-aliasing -pipe -fstack-protector-strong -I/usr/local/include'
ccversion=''
gccversion='6.3.0 20170516'
gccosandvers=''
intsize=4
longsize=8
ptrsize=8
doublesize=8
byteorder=12345678
doublekind=3
d_longlong=define
longlongsize=8
d_longdbl=define
longdblsize=16
longdblkind=3
ivtype='long'
ivsize=8
nvtype='double'
nvsize=8
Off_t='off_t'
lseeksize=8
alignbytes=8
prototype=define
Linker and Libraries:
ld='cc'
ldflags =' -fstack-protector-strong -L/usr/local/lib'
libpth=/usr/local/lib /usr/lib/x86_64-linux-gnu /usr/lib /lib/x86_64-linux-gnu /lib
libs=-lpthread -lgdbm -ldb -ldl -lm -lcrypt -lutil -lc -lgdbm_compat
perllibs=-lpthread -ldl -lm -lcrypt -lutil -lc
libc=libc-2.24.so
so=so
useshrplib=false
libperl=libperl.a
gnulibc_version='2.24'
Dynamic Linking:
dlsrc=dl_dlopen.xs
dlext=so
d_dlsymun=undef
ccdlflags='-Wl,-E'
cccdlflags='-fPIC'
lddlflags='-shared -O2 -L/usr/local/lib -fstack-protector-strong'
Characteristics of this binary (from libperl):
Compile-time options:
HAS_TIMES
PERLIO_LAYERS
PERL_COPY_ON_WRITE
PERL_DONT_CREATE_GVSV
PERL_HASH_FUNC_SIPHASH13
PERL_HASH_USE_SBOX32
PERL_OP_PARENT
PERL_PRESERVE_IVUV
PERL_USE_DEVEL
PERL_USE_SAFE_PUTENV
USE_64_BIT_ALL
USE_64_BIT_INT
USE_LARGE_FILES
USE_LOCALE
USE_LOCALE_COLLATE
USE_LOCALE_CTYPE
USE_LOCALE_NUMERIC
USE_LOCALE_TIME
USE_PERLIO
USE_PERL_ATOF
Built under linux
Compiled at Oct 22 2022 08:10:54
%ENV:
PERL5LIB=""
PERL5OPT=""
PERL5_CPANPLUS_IS_RUNNING="21473"
PERL5_CPAN_IS_RUNNING="21473"
PERL5_CPAN_IS_RUNNING_IN_RECURSION="20797,21473"
PERLDOC="-MPod::Perldoc::ToTextOverstrike"
PERL_BATCH="yes"
PERL_CANARY_STABILITY_NOPROMPT="1"
PERL_CPAN_REPORTER_CONFIG="/var/tmp/cpansmoker-1000/2022102322/cpanreporter_000_config.ini"
PERL_EXTUTILS_AUTOINSTALL="--defaultdeps"
PERL_USE_UNSAFE_INC="1"
@INC:
/opt/perl-5.37.5/lib/site_perl/5.37.5/x86_64-linux
/opt/perl-5.37.5/lib/site_perl/5.37.5
/opt/perl-5.37.5/lib/5.37.5/x86_64-linux
/opt/perl-5.37.5/lib/5.37.5
.