Reaction v0.002005 Perl 5 v5.30.2 x86_64-linux

Status
Fail
From
Slaven Rezić
Dist
Reaction v0.002005
Platform
Perl 5 v5.30.2 x86_64-linux
Date
2022-03-05 11:38:43
ID
cfd45652-9c78-11ec-a76b-05271f24ea8f
This distribution has been tested as part of the CPAN Testers
project, supporting the Perl programming language.  See
http://wiki.cpantesters.org/ for more information or email
questions to cpan-testers-discuss@perl.org


--
Dear Justin Hunter,

This is a computer-generated report for Reaction-0.002005
on perl 5.30.2, created by CPAN-Reporter-1.2018.

Thank you for uploading your work to CPAN.  However, there was a problem
testing your distribution.

If you think this report is invalid, please consult the CPAN Testers Wiki
for suggestions on how to avoid getting FAIL reports for missing library
or binary dependencies, unsupported operating systems, and so on:

http://wiki.cpantesters.org/wiki/CPANAuthorNotes

Sections of this report:

    * Tester comments
    * Program output
    * Prerequisites
    * Environment and other context

------------------------------
TESTER COMMENTS
------------------------------

Additional comments from tester:

none provided

------------------------------
PROGRAM OUTPUT
------------------------------

Output from '/usr/bin/make test':

PERL_DL_NONLAZY=1 "/opt/perl-5.30.2/bin/perl" "-MExtUtils::Command::MM" "-MTest::Harness" "-e" "undef *Test::Harness::Switches; test_harness(0, 'inc', 'blib/lib', 'blib/arch')" t/00componentui_compiles.t t/01app.t t/04load_all.t t/05reflect_attr_from.t t/im_dbic.t t/ui_focus_stack.t t/ui_view.t t/ui_viewport.t t/uncheck_bool_field.t
Class::MOP::load_class is deprecated at /opt/perl-5.30.2/lib/site_perl/5.30.2/x86_64-linux/Class/MOP.pm line 69.
	Class::MOP::load_class("ComponentUI::TestModel") called at /home/cpansand/.cpan/build/2022030511/Reaction-0.002005-2/blib/lib/Catalyst/Model/Reaction/InterfaceModel/DBIC.pm line 24
	Catalyst::Model::Reaction::InterfaceModel::DBIC::COMPONENT("ComponentUI::Model::TestModel", "ComponentUI", HASH(0x557ad506e948)) called at /opt/perl-5.30.2/lib/site_perl/5.30.2/Catalyst.pm line 3234
	eval {...} called at /opt/perl-5.30.2/lib/site_perl/5.30.2/Catalyst.pm line 3235
	Catalyst::setup_component("ComponentUI", "ComponentUI::Model::TestModel") called at /opt/perl-5.30.2/lib/site_perl/5.30.2/Catalyst.pm line 3212
	Catalyst::__ANON__() called at /opt/perl-5.30.2/lib/site_perl/5.30.2/Catalyst.pm line 3059
	Catalyst::setup_components("ComponentUI") called at /opt/perl-5.30.2/lib/site_perl/5.30.2/Catalyst.pm line 1431
	Catalyst::setup("ComponentUI") called at /home/cpansand/.cpan/build/2022030511/Reaction-0.002005-2/blib/lib/ComponentUI.pm line 32
	require ComponentUI.pm called at t/00componentui_compiles.t line 7
	main::BEGIN() called at /home/cpansand/.cpan/build/2022030511/Reaction-0.002005-2/blib/lib/ComponentUI.pm line 0
	eval {...} called at /home/cpansand/.cpan/build/2022030511/Reaction-0.002005-2/blib/lib/ComponentUI.pm line 0
	eval 'package main;
BEGIN { ${^WARNING_BITS} = $args[-1] if defined $args[-1] }
#line 7 t/00componentui_compiles.t
use ComponentUI @{$args[0]};
1;
' called at /opt/perl-5.30.2/lib/site_perl/5.30.2/Test/More.pm line 1034
	Test::More::_eval("package main;\x{a}BEGIN { \${^WARNING_BITS} = \$args[-1] if defined"..., ARRAY(0x557ad1fe33f0), "UUUUUUUUUUUUUUUUUUU") called at /opt/perl-5.30.2/lib/site_perl/5.30.2/Test/More.pm line 1009
	Test::More::use_ok("ComponentUI") called at t/00componentui_compiles.t line 7
Class::MOP::load_class is deprecated at /opt/perl-5.30.2/lib/site_perl/5.30.2/x86_64-linux/Class/MOP.pm line 69.
	Class::MOP::load_class("Reaction::InterfaceModel::Object") called at /home/cpansand/.cpan/build/2022030511/Reaction-0.002005-2/blib/lib/Reaction/InterfaceModel/Reflector/DBIC.pm line 149
	Reaction::InterfaceModel::Reflector::DBIC::reflect_schema(Reaction::InterfaceModel::Reflector::DBIC=HASH(0x557ad82f2620), "model_class", "ComponentUI::TestModel", "schema_class", "RTest::TestDB", "sources", ARRAY(0x557ad825c7f8)) called at /home/cpansand/.cpan/build/2022030511/Reaction-0.002005-2/blib/lib/ComponentUI/TestModel.pm line 10
	require ComponentUI/TestModel.pm called at /opt/perl-5.30.2/lib/site_perl/5.30.2/Module/Runtime.pm line 314
	Module::Runtime::require_module("ComponentUI::TestModel") called at /opt/perl-5.30.2/lib/site_perl/5.30.2/Class/Load.pm line 174
	Class::Load::try {...} () called at /opt/perl-5.30.2/lib/site_perl/5.30.2/Try/Tiny.pm line 98
	eval {...} called at /opt/perl-5.30.2/lib/site_perl/5.30.2/Try/Tiny.pm line 93
	Try::Tiny::try(CODE(0x557ad779e3a8), Try::Tiny::Catch=REF(0x557ad7dcfed8)) called at /opt/perl-5.30.2/lib/site_perl/5.30.2/Class/Load.pm line 180
	Class::Load::try_load_class("ComponentUI::TestModel", undef) called at /opt/perl-5.30.2/lib/site_perl/5.30.2/Class/Load.pm line 35
	Class::Load::load_class("ComponentUI::TestModel") called at /home/cpansand/.cpan/build/2022030511/Reaction-0.002005-2/blib/lib/Catalyst/Model/Reaction/InterfaceModel/DBIC.pm line 24
	Catalyst::Model::Reaction::InterfaceModel::DBIC::COMPONENT("ComponentUI::Model::TestModel", "ComponentUI", HASH(0x557ad506e948)) called at /opt/perl-5.30.2/lib/site_perl/5.30.2/Catalyst.pm line 3234
	eval {...} called at /opt/perl-5.30.2/lib/site_perl/5.30.2/Catalyst.pm line 3235
	Catalyst::setup_component("ComponentUI", "ComponentUI::Model::TestModel") called at /opt/perl-5.30.2/lib/site_perl/5.30.2/Catalyst.pm line 3212
	Catalyst::__ANON__() called at /opt/perl-5.30.2/lib/site_perl/5.30.2/Catalyst.pm line 3059
	Catalyst::setup_components("ComponentUI") called at /opt/perl-5.30.2/lib/site_perl/5.30.2/Catalyst.pm line 1431
	Catalyst::setup("ComponentUI") called at /home/cpansand/.cpan/build/2022030511/Reaction-0.002005-2/blib/lib/ComponentUI.pm line 32
	require ComponentUI.pm called at t/00componentui_compiles.t line 7
	main::BEGIN() called at /home/cpansand/.cpan/build/2022030511/Reaction-0.002005-2/blib/lib/ComponentUI/TestModel.pm line 0
	eval {...} called at /home/cpansand/.cpan/build/2022030511/Reaction-0.002005-2/blib/lib/ComponentUI/TestModel.pm line 0
	eval 'package main;
BEGIN { ${^WARNING_BITS} = $args[-1] if defined $args[-1] }
#line 7 t/00componentui_compiles.t
use ComponentUI @{$args[0]};
1;
' called at /opt/perl-5.30.2/lib/site_perl/5.30.2/Test/More.pm line 1034
	Test::More::_eval("package main;\x{a}BEGIN { \${^WARNING_BITS} = \$args[-1] if defined"..., ARRAY(0x557ad1fe33f0), "UUUUUUUUUUUUUUUUUUU") called at /opt/perl-5.30.2/lib/site_perl/5.30.2/Test/More.pm line 1009
	Test::More::use_ok("ComponentUI") called at t/00componentui_compiles.t line 7
Class::MOP::load_class is deprecated at /opt/perl-5.30.2/lib/site_perl/5.30.2/x86_64-linux/Class/MOP.pm line 69.
	Class::MOP::load_class("Reaction::InterfaceModel::Object") called at /home/cpansand/.cpan/build/2022030511/Reaction-0.002005-2/blib/lib/Reaction/Class.pm line 123
	Reaction::Class::do_class_sub("Reaction::Class", "ComponentUI::TestModel::Foo", "ComponentUI::TestModel::Foo", "is", "Reaction::InterfaceModel::Object", "which", CODE(0x557ad869a3b0)) called at /home/cpansand/.cpan/build/2022030511/Reaction-0.002005-2/blib/lib/Reaction/Class.pm line 86
	Reaction::Class::("ComponentUI::TestModel::Foo", "is", "Reaction::InterfaceModel::Object", "which", CODE(0x557ad869a3b0)) called at /home/cpansand/.cpan/build/2022030511/Reaction-0.002005-2/blib/lib/ComponentUI/TestModel/Foo.pm line 8
	require ComponentUI/TestModel/Foo.pm called at /opt/perl-5.30.2/lib/site_perl/5.30.2/Module/Runtime.pm line 314
	Module::Runtime::require_module("ComponentUI::TestModel::Foo") called at /opt/perl-5.30.2/lib/site_perl/5.30.2/Class/Load.pm line 174
	Class::Load::try {...} () called at /opt/perl-5.30.2/lib/site_perl/5.30.2/Try/Tiny.pm line 98
	eval {...} called at /opt/perl-5.30.2/lib/site_perl/5.30.2/Try/Tiny.pm line 93
	Try::Tiny::try(CODE(0x557ad8611fc0), Try::Tiny::Catch=REF(0x557ad8653068)) called at /opt/perl-5.30.2/lib/site_perl/5.30.2/Class/Load.pm line 180
	Class::Load::try_load_class("ComponentUI::TestModel::Foo", undef) called at /opt/perl-5.30.2/lib/site_perl/5.30.2/Class/Load.pm line 35
	Class::Load::load_class("ComponentUI::TestModel::Foo") called at /home/cpansand/.cpan/build/2022030511/Reaction-0.002005-2/blib/lib/Reaction/InterfaceModel/Reflector/DBIC.pm line 892
	eval {...} called at /home/cpansand/.cpan/build/2022030511/Reaction-0.002005-2/blib/lib/Reaction/InterfaceModel/Reflector/DBIC.pm line 892
	Reaction::InterfaceModel::Reflector::DBIC::_maybe_load_class(Reaction::InterfaceModel::Reflector::DBIC=HASH(0x557ad82f2620), "ComponentUI::TestModel::Foo") called at /home/cpansand/.cpan/build/2022030511/Reaction-0.002005-2/blib/lib/Reaction/InterfaceModel/Reflector/DBIC.pm line 876
	Reaction::InterfaceModel::Reflector::DBIC::_load_or_create(Reaction::InterfaceModel::Reflector::DBIC=HASH(0x557ad82f2620), "ComponentUI::TestModel::Foo", "superclasses", ARRAY(0x557ad85def60)) called at /home/cpansand/.cpan/build/2022030511/Reaction-0.002005-2/blib/lib/Reaction/InterfaceModel/Reflector/DBIC.pm line 448
	Reaction::InterfaceModel::Reflector::DBIC::reflect_source_object(Reaction::InterfaceModel::Reflector::DBIC=HASH(0x557ad82f2620), "source_class", "RTest::TestDB::Foo", "source_name", "Foo", "parent_domain_model_name", "_rtest_test_db_store", "schema_class", ...) called at /home/cpansand/.cpan/build/2022030511/Reaction-0.002005-2/blib/lib/Reaction/InterfaceModel/Reflector/DBIC.pm line 323
	Reaction::InterfaceModel::Reflector::DBIC::reflect_source(Reaction::InterfaceModel::Reflector::DBIC=HASH(0x557ad82f2620), "source_name", "Foo", "parent_class", "ComponentUI::TestModel", "schema_class", "RTest::TestDB", "source_class", ...) called at /home/cpansand/.cpan/build/2022030511/Reaction-0.002005-2/blib/lib/Reaction/InterfaceModel/Reflector/DBIC.pm line 185
	Reaction::InterfaceModel::Reflector::DBIC::reflect_schema(Reaction::InterfaceModel::Reflector::DBIC=HASH(0x557ad82f2620), "model_class", "ComponentUI::TestModel", "schema_class", "RTest::TestDB", "sources", ARRAY(0x557ad825c7f8)) called at /home/cpansand/.cpan/build/2022030511/Reaction-0.002005-2/blib/lib/ComponentUI/TestModel.pm line 10
	require ComponentUI/TestModel.pm called at /opt/perl-5.30.2/lib/site_perl/5.30.2/Module/Runtime.pm line 314
	Module::Runtime::require_module("ComponentUI::TestModel") called at /opt/perl-5.30.2/lib/site_perl/5.30.2/Class/Load.pm line 174
	Class::Load::try {...} () called at /opt/perl-5.30.2/lib/site_perl/5.30.2/Try/Tiny.pm line 98
	eval {...} called at /opt/perl-5.30.2/lib/site_perl/5.30.2/Try/Tiny.pm line 93
	Try::Tiny::try(CODE(0x557ad779e3a8), Try::Tiny::Catch=REF(0x557ad7dcfed8)) called at /opt/perl-5.30.2/lib/site_perl/5.30.2/Class/Load.pm line 180
	Class::Load::try_load_class("ComponentUI::TestModel", undef) called at /opt/perl-5.30.2/lib/site_perl/5.30.2/Class/Load.pm line 35
	Class::Load::load_class("ComponentUI::TestModel") called at /home/cpansand/.cpan/build/2022030511/Reaction-0.002005-2/blib/lib/Catalyst/Model/Reaction/InterfaceModel/DBIC.pm line 24
	Catalyst::Model::Reaction::InterfaceModel::DBIC::COMPONENT("ComponentUI::Model::TestModel", "ComponentUI", HASH(0x557ad506e948)) called at /opt/perl-5.30.2/lib/site_perl/5.30.2/Catalyst.pm line 3234
	eval {...} called at /opt/perl-5.30.2/lib/site_perl/5.30.2/Catalyst.pm line 3235
	Catalyst::setup_component("ComponentUI", "ComponentUI::Model::TestModel") called at /opt/perl-5.30.2/lib/site_perl/5.30.2/Catalyst.pm line 3212
	Catalyst::__ANON__() called at /opt/perl-5.30.2/lib/site_perl/5.30.2/Catalyst.pm line 3059
	Catalyst::setup_components("ComponentUI") called at /opt/perl-5.30.2/lib/site_perl/5.30.2/Catalyst.pm line 1431
	Catalyst::setup("ComponentUI") called at /home/cpansand/.cpan/build/2022030511/Reaction-0.002005-2/blib/lib/ComponentUI.pm line 32
	require ComponentUI.pm called at t/00componentui_compiles.t line 7
	main::BEGIN() called at /home/cpansand/.cpan/build/2022030511/Reaction-0.002005-2/blib/lib/ComponentUI/TestModel/Foo.pm line 0
	eval {...} called at /home/cpansand/.cpan/build/2022030511/Reaction-0.002005-2/blib/lib/ComponentUI/TestModel/Foo.pm line 0
	eval 'package main;
BEGIN { ${^WARNING_BITS} = $args[-1] if defined $args[-1] }
#line 7 t/00componentui_compiles.t
use ComponentUI @{$args[0]};
1;
' called at /opt/perl-5.30.2/lib/site_perl/5.30.2/Test/More.pm line 1034
	Test::More::_eval("package main;\x{a}BEGIN { \${^WARNING_BITS} = \$args[-1] if defined"..., ARRAY(0x557ad1fe33f0), "UUUUUUUUUUUUUUUUUUU") called at /opt/perl-5.30.2/lib/site_perl/5.30.2/Test/More.pm line 1009
	Test::More::use_ok("ComponentUI") called at t/00componentui_compiles.t line 7
t/00componentui_compiles.t .. ok
Class::MOP::load_class is deprecated at /opt/perl-5.30.2/lib/site_perl/5.30.2/x86_64-linux/Class/MOP.pm line 69.
	Class::MOP::load_class("ComponentUI::TestModel") called at /home/cpansand/.cpan/build/2022030511/Reaction-0.002005-2/blib/lib/Catalyst/Model/Reaction/InterfaceModel/DBIC.pm line 24
	Catalyst::Model::Reaction::InterfaceModel::DBIC::COMPONENT("ComponentUI::Model::TestModel", "ComponentUI", HASH(0x55ba02ed0c58)) called at /opt/perl-5.30.2/lib/site_perl/5.30.2/Catalyst.pm line 3234
	eval {...} called at /opt/perl-5.30.2/lib/site_perl/5.30.2/Catalyst.pm line 3235
	Catalyst::setup_component("ComponentUI", "ComponentUI::Model::TestModel") called at /opt/perl-5.30.2/lib/site_perl/5.30.2/Catalyst.pm line 3212
	Catalyst::__ANON__() called at /opt/perl-5.30.2/lib/site_perl/5.30.2/Catalyst.pm line 3059
	Catalyst::setup_components("ComponentUI") called at /opt/perl-5.30.2/lib/site_perl/5.30.2/Catalyst.pm line 1431
	Catalyst::setup("ComponentUI") called at /home/cpansand/.cpan/build/2022030511/Reaction-0.002005-2/blib/lib/ComponentUI.pm line 32
	require ComponentUI.pm called at /opt/perl-5.30.2/lib/site_perl/5.30.2/Module/Runtime.pm line 314
	Module::Runtime::require_module("ComponentUI") called at /opt/perl-5.30.2/lib/site_perl/5.30.2/Class/Load.pm line 174
	Class::Load::try {...} () called at /opt/perl-5.30.2/lib/site_perl/5.30.2/Try/Tiny.pm line 98
	eval {...} called at /opt/perl-5.30.2/lib/site_perl/5.30.2/Try/Tiny.pm line 93
	Try::Tiny::try(CODE(0x55b9fe8fa7f0), Try::Tiny::Catch=REF(0x55b9fe4a1ac8)) called at /opt/perl-5.30.2/lib/site_perl/5.30.2/Class/Load.pm line 180
	Class::Load::try_load_class("ComponentUI", undef) called at /opt/perl-5.30.2/lib/site_perl/5.30.2/Class/Load.pm line 35
	Class::Load::load_class("ComponentUI") called at /opt/perl-5.30.2/lib/site_perl/5.30.2/Catalyst/Test.pm line 29
	Catalyst::Test::_build_request_export("Catalyst::Test", HASH(0x55b9fe94cf10)) called at /opt/perl-5.30.2/lib/site_perl/5.30.2/Catalyst/Test.pm line 95
	Catalyst::Test::__ANON__("Catalyst::Test", "all", HASH(0x55b9fe94cee0), HASH(0x55b9fd70fce8)) called at /opt/perl-5.30.2/lib/site_perl/5.30.2/Sub/Exporter.pm line 108
	Sub::Exporter::_expand_group("Catalyst::Test", HASH(0x55b9fe94c5f8), ARRAY(0x55b9fd70fd18), HASH(0x55b9fd70fce8), HASH(0x55b9fe94cf40), HASH(0x55b9fd70fd60)) called at /opt/perl-5.30.2/lib/site_perl/5.30.2/Sub/Exporter.pm line 39
	Sub::Exporter::_expand_groups("Catalyst::Test", HASH(0x55b9fe94c5f8), ARRAY(0x55b9fe94ca48), HASH(0x55b9fd70fce8)) called at /opt/perl-5.30.2/lib/site_perl/5.30.2/Sub/Exporter.pm line 323
	Sub::Exporter::__ANON__("Catalyst::Test", "-all", HASH(0x55b9fd43d638)) called at /opt/perl-5.30.2/lib/site_perl/5.30.2/Catalyst/Test.pm line 155
	Catalyst::Test::import("Catalyst::Test", "ComponentUI") called at t/01app.t line 7
	main::BEGIN() called at /home/cpansand/.cpan/build/2022030511/Reaction-0.002005-2/blib/lib/ComponentUI.pm line 0
	eval {...} called at /home/cpansand/.cpan/build/2022030511/Reaction-0.002005-2/blib/lib/ComponentUI.pm line 0
	eval 'package main;
BEGIN { ${^WARNING_BITS} = $args[-1] if defined $args[-1] }
#line 7 t/01app.t
use Catalyst::Test @{$args[0]};
1;
' called at /opt/perl-5.30.2/lib/site_perl/5.30.2/Test/More.pm line 1034
	Test::More::_eval("package main;\x{a}BEGIN { \${^WARNING_BITS} = \$args[-1] if defined"..., ARRAY(0x55b9fd6cad40), "UUUUUUUUUUUUUUUUUUU") called at /opt/perl-5.30.2/lib/site_perl/5.30.2/Test/More.pm line 1009
	Test::More::use_ok("Catalyst::Test", "ComponentUI") called at t/01app.t line 7
	main::BEGIN() called at /home/cpansand/.cpan/build/2022030511/Reaction-0.002005-2/blib/lib/ComponentUI.pm line 0
	eval {...} called at /home/cpansand/.cpan/build/2022030511/Reaction-0.002005-2/blib/lib/ComponentUI.pm line 0
Class::MOP::load_class is deprecated at /opt/perl-5.30.2/lib/site_perl/5.30.2/x86_64-linux/Class/MOP.pm line 69.
	Class::MOP::load_class("Reaction::InterfaceModel::Object") called at /home/cpansand/.cpan/build/2022030511/Reaction-0.002005-2/blib/lib/Reaction/InterfaceModel/Reflector/DBIC.pm line 149
	Reaction::InterfaceModel::Reflector::DBIC::reflect_schema(Reaction::InterfaceModel::Reflector::DBIC=HASH(0x55ba03a69f30), "model_class", "ComponentUI::TestModel", "schema_class", "RTest::TestDB", "sources", ARRAY(0x55ba03981720)) called at /home/cpansand/.cpan/build/2022030511/Reaction-0.002005-2/blib/lib/ComponentUI/TestModel.pm line 10
	require ComponentUI/TestModel.pm called at /opt/perl-5.30.2/lib/site_perl/5.30.2/Module/Runtime.pm line 314
	Module::Runtime::require_module("ComponentUI::TestModel") called at /opt/perl-5.30.2/lib/site_perl/5.30.2/Class/Load.pm line 174
	Class::Load::try {...} () called at /opt/perl-5.30.2/lib/site_perl/5.30.2/Try/Tiny.pm line 98
	eval {...} called at /opt/perl-5.30.2/lib/site_perl/5.30.2/Try/Tiny.pm line 93
	Try::Tiny::try(CODE(0x55ba02ecab60), Try::Tiny::Catch=REF(0x55ba034f0400)) called at /opt/perl-5.30.2/lib/site_perl/5.30.2/Class/Load.pm line 180
	Class::Load::try_load_class("ComponentUI::TestModel", undef) called at /opt/perl-5.30.2/lib/site_perl/5.30.2/Class/Load.pm line 35
	Class::Load::load_class("ComponentUI::TestModel") called at /home/cpansand/.cpan/build/2022030511/Reaction-0.002005-2/blib/lib/Catalyst/Model/Reaction/InterfaceModel/DBIC.pm line 24
	Catalyst::Model::Reaction::InterfaceModel::DBIC::COMPONENT("ComponentUI::Model::TestModel", "ComponentUI", HASH(0x55ba02ed0c58)) called at /opt/perl-5.30.2/lib/site_perl/5.30.2/Catalyst.pm line 3234
	eval {...} called at /opt/perl-5.30.2/lib/site_perl/5.30.2/Catalyst.pm line 3235
	Catalyst::setup_component("ComponentUI", "ComponentUI::Model::TestModel") called at /opt/perl-5.30.2/lib/site_perl/5.30.2/Catalyst.pm line 3212
	Catalyst::__ANON__() called at /opt/perl-5.30.2/lib/site_perl/5.30.2/Catalyst.pm line 3059
	Catalyst::setup_components("ComponentUI") called at /opt/perl-5.30.2/lib/site_perl/5.30.2/Catalyst.pm line 1431
	Catalyst::setup("ComponentUI") called at /home/cpansand/.cpan/build/2022030511/Reaction-0.002005-2/blib/lib/ComponentUI.pm line 32
	require ComponentUI.pm called at /opt/perl-5.30.2/lib/site_perl/5.30.2/Module/Runtime.pm line 314
	Module::Runtime::require_module("ComponentUI") called at /opt/perl-5.30.2/lib/site_perl/5.30.2/Class/Load.pm line 174
	Class::Load::try {...} () called at /opt/perl-5.30.2/lib/site_perl/5.30.2/Try/Tiny.pm line 98
	eval {...} called at /opt/perl-5.30.2/lib/site_perl/5.30.2/Try/Tiny.pm line 93
	Try::Tiny::try(CODE(0x55b9fe8fa7f0), Try::Tiny::Catch=REF(0x55b9fe4a1ac8)) called at /opt/perl-5.30.2/lib/site_perl/5.30.2/Class/Load.pm line 180
	Class::Load::try_load_class("ComponentUI", undef) called at /opt/perl-5.30.2/lib/site_perl/5.30.2/Class/Load.pm line 35
	Class::Load::load_class("ComponentUI") called at /opt/perl-5.30.2/lib/site_perl/5.30.2/Catalyst/Test.pm line 29
	Catalyst::Test::_build_request_export("Catalyst::Test", HASH(0x55b9fe94cf10)) called at /opt/perl-5.30.2/lib/site_perl/5.30.2/Catalyst/Test.pm line 95
	Catalyst::Test::__ANON__("Catalyst::Test", "all", HASH(0x55b9fe94cee0), HASH(0x55b9fd70fce8)) called at /opt/perl-5.30.2/lib/site_perl/5.30.2/Sub/Exporter.pm line 108
	Sub::Exporter::_expand_group("Catalyst::Test", HASH(0x55b9fe94c5f8), ARRAY(0x55b9fd70fd18), HASH(0x55b9fd70fce8), HASH(0x55b9fe94cf40), HASH(0x55b9fd70fd60)) called at /opt/perl-5.30.2/lib/site_perl/5.30.2/Sub/Exporter.pm line 39
	Sub::Exporter::_expand_groups("Catalyst::Test", HASH(0x55b9fe94c5f8), ARRAY(0x55b9fe94ca48), HASH(0x55b9fd70fce8)) called at /opt/perl-5.30.2/lib/site_perl/5.30.2/Sub/Exporter.pm line 323
	Sub::Exporter::__ANON__("Catalyst::Test", "-all", HASH(0x55b9fd43d638)) called at /opt/perl-5.30.2/lib/site_perl/5.30.2/Catalyst/Test.pm line 155
	Catalyst::Test::import("Catalyst::Test", "ComponentUI") called at t/01app.t line 7
	main::BEGIN() called at /home/cpansand/.cpan/build/2022030511/Reaction-0.002005-2/blib/lib/ComponentUI/TestModel.pm line 0
	eval {...} called at /home/cpansand/.cpan/build/2022030511/Reaction-0.002005-2/blib/lib/ComponentUI/TestModel.pm line 0
	eval 'package main;
BEGIN { ${^WARNING_BITS} = $args[-1] if defined $args[-1] }
#line 7 t/01app.t
use Catalyst::Test @{$args[0]};
1;
' called at /opt/perl-5.30.2/lib/site_perl/5.30.2/Test/More.pm line 1034
	Test::More::_eval("package main;\x{a}BEGIN { \${^WARNING_BITS} = \$args[-1] if defined"..., ARRAY(0x55b9fd6cad40), "UUUUUUUUUUUUUUUUUUU") called at /opt/perl-5.30.2/lib/site_perl/5.30.2/Test/More.pm line 1009
	Test::More::use_ok("Catalyst::Test", "ComponentUI") called at t/01app.t line 7
	main::BEGIN() called at /home/cpansand/.cpan/build/2022030511/Reaction-0.002005-2/blib/lib/ComponentUI/TestModel.pm line 0
	eval {...} called at /home/cpansand/.cpan/build/2022030511/Reaction-0.002005-2/blib/lib/ComponentUI/TestModel.pm line 0
Class::MOP::load_class is deprecated at /opt/perl-5.30.2/lib/site_perl/5.30.2/x86_64-linux/Class/MOP.pm line 69.
	Class::MOP::load_class("Reaction::InterfaceModel::Object") called at /home/cpansand/.cpan/build/2022030511/Reaction-0.002005-2/blib/lib/Reaction/Class.pm line 123
	Reaction::Class::do_class_sub("Reaction::Class", "ComponentUI::TestModel::Foo", "ComponentUI::TestModel::Foo", "is", "Reaction::InterfaceModel::Object", "which", CODE(0x55ba03b7cdb8)) called at /home/cpansand/.cpan/build/2022030511/Reaction-0.002005-2/blib/lib/Reaction/Class.pm line 86
	Reaction::Class::("ComponentUI::TestModel::Foo", "is", "Reaction::InterfaceModel::Object", "which", CODE(0x55ba03b7cdb8)) called at /home/cpansand/.cpan/build/2022030511/Reaction-0.002005-2/blib/lib/ComponentUI/TestModel/Foo.pm line 8
	require ComponentUI/TestModel/Foo.pm called at /opt/perl-5.30.2/lib/site_perl/5.30.2/Module/Runtime.pm line 314
	Module::Runtime::require_module("ComponentUI::TestModel::Foo") called at /opt/perl-5.30.2/lib/site_perl/5.30.2/Class/Load.pm line 174
	Class::Load::try {...} () called at /opt/perl-5.30.2/lib/site_perl/5.30.2/Try/Tiny.pm line 98
	eval {...} called at /opt/perl-5.30.2/lib/site_perl/5.30.2/Try/Tiny.pm line 93
	Try::Tiny::try(CODE(0x55ba03b65840), Try::Tiny::Catch=REF(0x55ba03b7c950)) called at /opt/perl-5.30.2/lib/site_perl/5.30.2/Class/Load.pm line 180
	Class::Load::try_load_class("ComponentUI::TestModel::Foo", undef) called at /opt/perl-5.30.2/lib/site_perl/5.30.2/Class/Load.pm line 35
	Class::Load::load_class("ComponentUI::TestModel::Foo") called at /home/cpansand/.cpan/build/2022030511/Reaction-0.002005-2/blib/lib/Reaction/InterfaceModel/Reflector/DBIC.pm line 892
	eval {...} called at /home/cpansand/.cpan/build/2022030511/Reaction-0.002005-2/blib/lib/Reaction/InterfaceModel/Reflector/DBIC.pm line 892
	Reaction::InterfaceModel::Reflector::DBIC::_maybe_load_class(Reaction::InterfaceModel::Reflector::DBIC=HASH(0x55ba03a69f30), "ComponentUI::TestModel::Foo") called at /home/cpansand/.cpan/build/2022030511/Reaction-0.002005-2/blib/lib/Reaction/InterfaceModel/Reflector/DBIC.pm line 876
	Reaction::InterfaceModel::Reflector::DBIC::_load_or_create(Reaction::InterfaceModel::Reflector::DBIC=HASH(0x55ba03a69f30), "ComponentUI::TestModel::Foo", "superclasses", ARRAY(0x55ba03a85218)) called at /home/cpansand/.cpan/build/2022030511/Reaction-0.002005-2/blib/lib/Reaction/InterfaceModel/Reflector/DBIC.pm line 448
	Reaction::InterfaceModel::Reflector::DBIC::reflect_source_object(Reaction::InterfaceModel::Reflector::DBIC=HASH(0x55ba03a69f30), "parent_domain_model_name", "_rtest_test_db_store", "schema_class", "RTest::TestDB", "parent_class", "ComponentUI::TestModel", "source_name", ...) called at /home/cpansand/.cpan/build/2022030511/Reaction-0.002005-2/blib/lib/Reaction/InterfaceModel/Reflector/DBIC.pm line 323
	Reaction::InterfaceModel::Reflector::DBIC::reflect_source(Reaction::InterfaceModel::Reflector::DBIC=HASH(0x55ba03a69f30), "source_name", "Foo", "parent_class", "ComponentUI::TestModel", "schema_class", "RTest::TestDB", "source_class", ...) called at /home/cpansand/.cpan/build/2022030511/Reaction-0.002005-2/blib/lib/Reaction/InterfaceModel/Reflector/DBIC.pm line 185
	Reaction::InterfaceModel::Reflector::DBIC::reflect_schema(Reaction::InterfaceModel::Reflector::DBIC=HASH(0x55ba03a69f30), "model_class", "ComponentUI::TestModel", "schema_class", "RTest::TestDB", "sources", ARRAY(0x55ba03981720)) called at /home/cpansand/.cpan/build/2022030511/Reaction-0.002005-2/blib/lib/ComponentUI/TestModel.pm line 10
	require ComponentUI/TestModel.pm called at /opt/perl-5.30.2/lib/site_perl/5.30.2/Module/Runtime.pm line 314
	Module::Runtime::require_module("ComponentUI::TestModel") called at /opt/perl-5.30.2/lib/site_perl/5.30.2/Class/Load.pm line 174
	Class::Load::try {...} () called at /opt/perl-5.30.2/lib/site_perl/5.30.2/Try/Tiny.pm line 98
	eval {...} called at /opt/perl-5.30.2/lib/site_perl/5.30.2/Try/Tiny.pm line 93
	Try::Tiny::try(CODE(0x55ba02ecab60), Try::Tiny::Catch=REF(0x55ba034f0400)) called at /opt/perl-5.30.2/lib/site_perl/5.30.2/Class/Load.pm line 180
	Class::Load::try_load_class("ComponentUI::TestModel", undef) called at /opt/perl-5.30.2/lib/site_perl/5.30.2/Class/Load.pm line 35
	Class::Load::load_class("ComponentUI::TestModel") called at /home/cpansand/.cpan/build/2022030511/Reaction-0.002005-2/blib/lib/Catalyst/Model/Reaction/InterfaceModel/DBIC.pm line 24
	Catalyst::Model::Reaction::InterfaceModel::DBIC::COMPONENT("ComponentUI::Model::TestModel", "ComponentUI", HASH(0x55ba02ed0c58)) called at /opt/perl-5.30.2/lib/site_perl/5.30.2/Catalyst.pm line 3234
	eval {...} called at /opt/perl-5.30.2/lib/site_perl/5.30.2/Catalyst.pm line 3235
	Catalyst::setup_component("ComponentUI", "ComponentUI::Model::TestModel") called at /opt/perl-5.30.2/lib/site_perl/5.30.2/Catalyst.pm line 3212
	Catalyst::__ANON__() called at /opt/perl-5.30.2/lib/site_perl/5.30.2/Catalyst.pm line 3059
	Catalyst::setup_components("ComponentUI") called at /opt/perl-5.30.2/lib/site_perl/5.30.2/Catalyst.pm line 1431
	Catalyst::setup("ComponentUI") called at /home/cpansand/.cpan/build/2022030511/Reaction-0.002005-2/blib/lib/ComponentUI.pm line 32
	require ComponentUI.pm called at /opt/perl-5.30.2/lib/site_perl/5.30.2/Module/Runtime.pm line 314
	Module::Runtime::require_module("ComponentUI") called at /opt/perl-5.30.2/lib/site_perl/5.30.2/Class/Load.pm line 174
	Class::Load::try {...} () called at /opt/perl-5.30.2/lib/site_perl/5.30.2/Try/Tiny.pm line 98
	eval {...} called at /opt/perl-5.30.2/lib/site_perl/5.30.2/Try/Tiny.pm line 93
	Try::Tiny::try(CODE(0x55b9fe8fa7f0), Try::Tiny::Catch=REF(0x55b9fe4a1ac8)) called at /opt/perl-5.30.2/lib/site_perl/5.30.2/Class/Load.pm line 180
	Class::Load::try_load_class("ComponentUI", undef) called at /opt/perl-5.30.2/lib/site_perl/5.30.2/Class/Load.pm line 35
	Class::Load::load_class("ComponentUI") called at /opt/perl-5.30.2/lib/site_perl/5.30.2/Catalyst/Test.pm line 29
	Catalyst::Test::_build_request_export("Catalyst::Test", HASH(0x55b9fe94cf10)) called at /opt/perl-5.30.2/lib/site_perl/5.30.2/Catalyst/Test.pm line 95
	Catalyst::Test::__ANON__("Catalyst::Test", "all", HASH(0x55b9fe94cee0), HASH(0x55b9fd70fce8)) called at /opt/perl-5.30.2/lib/site_perl/5.30.2/Sub/Exporter.pm line 108
	Sub::Exporter::_expand_group("Catalyst::Test", HASH(0x55b9fe94c5f8), ARRAY(0x55b9fd70fd18), HASH(0x55b9fd70fce8), HASH(0x55b9fe94cf40), HASH(0x55b9fd70fd60)) called at /opt/perl-5.30.2/lib/site_perl/5.30.2/Sub/Exporter.pm line 39
	Sub::Exporter::_expand_groups("Catalyst::Test", HASH(0x55b9fe94c5f8), ARRAY(0x55b9fe94ca48), HASH(0x55b9fd70fce8)) called at /opt/perl-5.30.2/lib/site_perl/5.30.2/Sub/Exporter.pm line 323
	Sub::Exporter::__ANON__("Catalyst::Test", "-all", HASH(0x55b9fd43d638)) called at /opt/perl-5.30.2/lib/site_perl/5.30.2/Catalyst/Test.pm line 155
	Catalyst::Test::import("Catalyst::Test", "ComponentUI") called at t/01app.t line 7
	main::BEGIN() called at /home/cpansand/.cpan/build/2022030511/Reaction-0.002005-2/blib/lib/ComponentUI/TestModel/Foo.pm line 0
	eval {...} called at /home/cpansand/.cpan/build/2022030511/Reaction-0.002005-2/blib/lib/ComponentUI/TestModel/Foo.pm line 0
	eval 'package main;
BEGIN { ${^WARNING_BITS} = $args[-1] if defined $args[-1] }
#line 7 t/01app.t
use Catalyst::Test @{$args[0]};
1;
' called at /opt/perl-5.30.2/lib/site_perl/5.30.2/Test/More.pm line 1034
	Test::More::_eval("package main;\x{a}BEGIN { \${^WARNING_BITS} = \$args[-1] if defined"..., ARRAY(0x55b9fd6cad40), "UUUUUUUUUUUUUUUUUUU") called at /opt/perl-5.30.2/lib/site_perl/5.30.2/Test/More.pm line 1009
	Test::More::use_ok("Catalyst::Test", "ComponentUI") called at t/01app.t line 7
	main::BEGIN() called at /home/cpansand/.cpan/build/2022030511/Reaction-0.002005-2/blib/lib/ComponentUI/TestModel/Foo.pm line 0
	eval {...} called at /home/cpansand/.cpan/build/2022030511/Reaction-0.002005-2/blib/lib/ComponentUI/TestModel/Foo.pm line 0
Class::MOP::load_class is deprecated at /opt/perl-5.30.2/lib/site_perl/5.30.2/x86_64-linux/Class/MOP.pm line 69.
	Class::MOP::load_class("ComponentUI::RenderingContext::Site") called at /home/cpansand/.cpan/build/2022030511/Reaction-0.002005-2/blib/lib/Reaction/UI/View.pm line 125
	eval {...} called at /home/cpansand/.cpan/build/2022030511/Reaction-0.002005-2/blib/lib/Reaction/UI/View.pm line 125
	Reaction::UI::View::find_related_class(ComponentUI::View::Site=HASH(0x55ba008eb830), "RenderingContext") called at /home/cpansand/.cpan/build/2022030511/Reaction-0.002005-2/blib/lib/Reaction/UI/View.pm line 43
	Reaction::UI::View::_build_rendering_context_class(ComponentUI::View::Site=HASH(0x55ba008eb830)) called at reader Reaction::UI::View::rendering_context_class (defined at /home/cpansand/.cpan/build/2022030511/Reaction-0.002005-2/blib/lib/Reaction/UI/View.pm line 29) line 8
	Reaction::UI::View::rendering_context_class(ComponentUI::View::Site=HASH(0x55ba008eb830)) called at /home/cpansand/.cpan/build/2022030511/Reaction-0.002005-2/blib/lib/Reaction/UI/View.pm line 134
	Reaction::UI::View::create_rendering_context(ComponentUI::View::Site=HASH(0x55ba008eb830)) called at /home/cpansand/.cpan/build/2022030511/Reaction-0.002005-2/blib/lib/Reaction/UI/View.pm line 60
	Reaction::UI::View::render_window(ComponentUI::View::Site=HASH(0x55ba008eb830), Reaction::UI::Window=HASH(0x55ba04288060)) called at /home/cpansand/.cpan/build/2022030511/Reaction-0.002005-2/blib/lib/Reaction/UI/Window.pm line 74
	Reaction::UI::Window::flush_view(Reaction::UI::Window=HASH(0x55ba04288060)) called at /home/cpansand/.cpan/build/2022030511/Reaction-0.002005-2/blib/lib/Reaction/UI/Window.pm line 36
	Reaction::UI::Window::flush(Reaction::UI::Window=HASH(0x55ba04288060)) called at /home/cpansand/.cpan/build/2022030511/Reaction-0.002005-2/blib/lib/Reaction/UI/Controller/Root.pm line 38
	Reaction::UI::Controller::Root::end(ComponentUI::Controller::Root=HASH(0x55ba04223cc8), ComponentUI=HASH(0x55ba0421c0d8)) called at /opt/perl-5.30.2/lib/site_perl/5.30.2/Catalyst/Action.pm line 358
	Catalyst::Action::execute(Catalyst::Action=HASH(0x55ba0406c4c0), ComponentUI::Controller::Root=HASH(0x55ba04223cc8), ComponentUI=HASH(0x55ba0421c0d8)) called at /opt/perl-5.30.2/lib/site_perl/5.30.2/Catalyst.pm line 2060
	eval {...} called at /opt/perl-5.30.2/lib/site_perl/5.30.2/Catalyst.pm line 2060
	Catalyst::execute(ComponentUI=HASH(0x55ba0421c0d8), "ComponentUI::Controller::Root", Catalyst::Action=HASH(0x55ba0406c4c0)) called at /opt/perl-5.30.2/lib/site_perl/5.30.2/Catalyst/Action.pm line 353
	Catalyst::Action::dispatch(Catalyst::Action=HASH(0x55ba0406c4c0), ComponentUI=HASH(0x55ba0421c0d8)) called at /opt/perl-5.30.2/lib/site_perl/5.30.2/Catalyst/Controller.pm line 188
	Catalyst::Controller::_END(ComponentUI::Controller::Root=HASH(0x55ba04223cc8), ComponentUI=HASH(0x55ba0421c0d8)) called at /opt/perl-5.30.2/lib/site_perl/5.30.2/Catalyst/Action.pm line 358
	Catalyst::Action::execute(Catalyst::Action=HASH(0x55ba04097f58), ComponentUI::Controller::Root=HASH(0x55ba04223cc8), ComponentUI=HASH(0x55ba0421c0d8)) called at /opt/perl-5.30.2/lib/site_perl/5.30.2/Catalyst.pm line 2060
	eval {...} called at /opt/perl-5.30.2/lib/site_perl/5.30.2/Catalyst.pm line 2060
	Catalyst::execute(ComponentUI=HASH(0x55ba0421c0d8), "ComponentUI::Controller::Root", Catalyst::Action=HASH(0x55ba04097f58)) called at /opt/perl-5.30.2/lib/site_perl/5.30.2/Catalyst/Action.pm line 353
	Catalyst::Action::dispatch(Catalyst::Action=HASH(0x55ba04097f58), ComponentUI=HASH(0x55ba0421c0d8)) called at /opt/perl-5.30.2/lib/site_perl/5.30.2/Catalyst/Dispatcher.pm line 261
	Catalyst::Dispatcher::_do_forward(Catalyst::Dispatcher=HASH(0x55b9ff2149a8), "forward", ComponentUI=HASH(0x55ba0421c0d8), "_END") called at /opt/perl-5.30.2/lib/site_perl/5.30.2/Catalyst/Dispatcher.pm line 241
	Catalyst::Dispatcher::forward(Catalyst::Dispatcher=HASH(0x55b9ff2149a8), ComponentUI=HASH(0x55ba0421c0d8), "_END") called at /opt/perl-5.30.2/lib/site_perl/5.30.2/Catalyst.pm line 482
	Catalyst::forward(ComponentUI=HASH(0x55ba0421c0d8), "_END") called at /opt/perl-5.30.2/lib/site_perl/5.30.2/Catalyst/Controller.pm line 137
	Catalyst::Controller::_DISPATCH(ComponentUI::Controller::Root=HASH(0x55ba04223cc8), ComponentUI=HASH(0x55ba0421c0d8)) called at /opt/perl-5.30.2/lib/site_perl/5.30.2/Catalyst/Action.pm line 358
	Catalyst::Action::execute(Catalyst::Action=HASH(0x55ba04097fb8), ComponentUI::Controller::Root=HASH(0x55ba04223cc8), ComponentUI=HASH(0x55ba0421c0d8)) called at /opt/perl-5.30.2/lib/site_perl/5.30.2/Catalyst.pm line 2060
	eval {...} called at /opt/perl-5.30.2/lib/site_perl/5.30.2/Catalyst.pm line 2060
	Catalyst::execute(ComponentUI=HASH(0x55ba0421c0d8), "ComponentUI::Controller::Root", Catalyst::Action=HASH(0x55ba04097fb8)) called at /opt/perl-5.30.2/lib/site_perl/5.30.2/Catalyst/Action.pm line 353
	Catalyst::Action::dispatch(Catalyst::Action=HASH(0x55ba04097fb8), ComponentUI=HASH(0x55ba0421c0d8)) called at /opt/perl-5.30.2/lib/site_perl/5.30.2/Catalyst/Dispatcher.pm line 261
	Catalyst::Dispatcher::_do_forward(Catalyst::Dispatcher=HASH(0x55b9ff2149a8), "forward", ComponentUI=HASH(0x55ba0421c0d8), "//_DISPATCH") called at /opt/perl-5.30.2/lib/site_perl/5.30.2/Catalyst/Dispatcher.pm line 241
	Catalyst::Dispatcher::forward(Catalyst::Dispatcher=HASH(0x55b9ff2149a8), ComponentUI=HASH(0x55ba0421c0d8), "//_DISPATCH") called at /opt/perl-5.30.2/lib/site_perl/5.30.2/Catalyst.pm line 482
	Catalyst::forward(ComponentUI=HASH(0x55ba0421c0d8), "//_DISPATCH") called at /opt/perl-5.30.2/lib/site_perl/5.30.2/Catalyst/Dispatcher.pm line 107
	Catalyst::Dispatcher::dispatch(Catalyst::Dispatcher=HASH(0x55b9ff2149a8), ComponentUI=HASH(0x55ba0421c0d8)) called at /opt/perl-5.30.2/lib/site_perl/5.30.2/Catalyst.pm line 2006
	Catalyst::dispatch(ComponentUI=HASH(0x55ba0421c0d8)) called at /opt/perl-5.30.2/lib/site_perl/5.30.2/Catalyst/Plugin/Static/Simple.pm line 86
	Class::MOP::Class:::around(CODE(0x55b9ff6dbe40), ComponentUI=HASH(0x55ba0421c0d8)) called at /opt/perl-5.30.2/lib/site_perl/5.30.2/x86_64-linux/Class/MOP/Method/Wrapped.pm line 164
	ComponentUI::_wrapped_dispatch(ComponentUI=HASH(0x55ba0421c0d8)) called at /opt/perl-5.30.2/lib/site_perl/5.30.2/x86_64-linux/Class/MOP/Method/Wrapped.pm line 95
	ComponentUI::dispatch(ComponentUI=HASH(0x55ba0421c0d8)) called at /opt/perl-5.30.2/lib/site_perl/5.30.2/Catalyst.pm line 2412
	Catalyst::try {...} () called at /opt/perl-5.30.2/lib/site_perl/5.30.2/Try/Tiny.pm line 102
	eval {...} called at /opt/perl-5.30.2/lib/site_perl/5.30.2/Try/Tiny.pm line 93
	Try::Tiny::try(CODE(0x55ba0422baf0), Try::Tiny::Catch=REF(0x55ba0422b8f8)) called at /opt/perl-5.30.2/lib/site_perl/5.30.2/Catalyst.pm line 2421
	Catalyst::handle_request("ComponentUI", "env", HASH(0x55ba0422a088), "response_cb", CODE(0x55ba0422b958)) called at /opt/perl-5.30.2/lib/site_perl/5.30.2/Catalyst/Engine.pm line 807
	Catalyst::Engine::__ANON__(CODE(0x55ba0422b958)) called at /opt/perl-5.30.2/lib/site_perl/5.30.2/Plack/Middleware/HTTPExceptions.pm line 32
	Plack::Middleware::HTTPExceptions::try {...} () called at /opt/perl-5.30.2/lib/site_perl/5.30.2/Try/Tiny.pm line 102
	eval {...} called at /opt/perl-5.30.2/lib/site_perl/5.30.2/Try/Tiny.pm line 93
	Try::Tiny::try(CODE(0x55ba0422b790), Try::Tiny::Catch=REF(0x55ba0422afb0)) called at /opt/perl-5.30.2/lib/site_perl/5.30.2/Plack/Middleware/HTTPExceptions.pm line 41
	Plack::Middleware::HTTPExceptions::__ANON__(CODE(0x55ba0422a9b8)) called at /opt/perl-5.30.2/lib/site_perl/5.30.2/Plack/Util.pm line 339
	Plack::Util::__ANON__(CODE(0x55ba0422a010)) called at /opt/perl-5.30.2/lib/site_perl/5.30.2/Plack/Util.pm line 339
	Plack::Util::__ANON__(CODE(0x55ba04229f20)) called at /opt/perl-5.30.2/lib/site_perl/5.30.2/Plack/Util.pm line 339
	Plack::Util::__ANON__(CODE(0x55ba04229ea8)) called at /opt/perl-5.30.2/lib/site_perl/5.30.2/HTTP/Message/PSGI.pm line 100
	HTTP::Message::PSGI::res_from_psgi(CODE(0x55ba0422b508)) called at /opt/perl-5.30.2/lib/site_perl/5.30.2/HTTP/Message/PSGI.pm line 157
	HTTP::Response::from_psgi("HTTP::Response", CODE(0x55ba0422b508)) called at /opt/perl-5.30.2/lib/site_perl/5.30.2/Plack/Test/MockHTTP.pm line 24
	Plack::Test::MockHTTP::try {...} () called at /opt/perl-5.30.2/lib/site_perl/5.30.2/Try/Tiny.pm line 100
	eval {...} called at /opt/perl-5.30.2/lib/site_perl/5.30.2/Try/Tiny.pm line 93
	Try::Tiny::try(CODE(0x55ba04146cd0), Try::Tiny::Catch=REF(0x55ba0412b468)) called at /opt/perl-5.30.2/lib/site_perl/5.30.2/Plack/Test/MockHTTP.pm line 27
	Plack::Test::MockHTTP::request(Plack::Test::MockHTTP=HASH(0x55b9fcfedf50), HTTP::Request=HASH(0x55b9fcfedba8)) called at /opt/perl-5.30.2/lib/site_perl/5.30.2/Plack/Test.pm line 38
	Plack::Test::__ANON__(HTTP::Request=HASH(0x55b9fcfedba8)) called at /opt/perl-5.30.2/lib/site_perl/5.30.2/Catalyst/Test.pm line 290
	Catalyst::Test::__ANON__(CODE(0x55b9fcfeded8)) called at /opt/perl-5.30.2/lib/site_perl/5.30.2/Plack/Test.pm line 38
	Plack::Test::test_psgi("mangle_response", CODE(0x55b9fe937678), "app", CODE(0x55b9fcfed710), "app", CODE(0x55ba0414d440), "client", CODE(0x55b9fcfedd70)) called at /opt/perl-5.30.2/lib/site_perl/5.30.2/Catalyst/Test.pm line 293
	Catalyst::Test::_request(HASH(0x55ba04154240), "/") called at /opt/perl-5.30.2/lib/site_perl/5.30.2/Catalyst/Test.pm line 336
	Catalyst::Test::_local_request("ComponentUI", "/") called at /opt/perl-5.30.2/lib/site_perl/5.30.2/Catalyst/Test.pm line 32
	Catalyst::Test::__ANON__("/") called at t/01app.t line 10
Class::MOP::is_class_loaded is deprecated at /opt/perl-5.30.2/lib/site_perl/5.30.2/x86_64-linux/Class/MOP.pm line 87.
	Class::MOP::is_class_loaded("ComponentUI::UI::Widget::SiteLayout") called at /home/cpansand/.cpan/build/2022030511/Reaction-0.002005-2/blib/lib/Reaction/UI/Skin.pm line 178
	Reaction::UI::Skin::widget_class_for(Reaction::UI::Skin=HASH(0x55ba042e52c8), Reaction::UI::LayoutSet::TT=HASH(0x55ba0431cd88)) called at /home/cpansand/.cpan/build/2022030511/Reaction-0.002005-2/blib/lib/Reaction/UI/LayoutSet.pm line 29
	Reaction::UI::LayoutSet::BUILD(Reaction::UI::LayoutSet::TT=HASH(0x55ba0431cd88), HASH(0x55ba0431cd70)) called at constructor Reaction::UI::LayoutSet::TT::new (defined at /home/cpansand/.cpan/build/2022030511/Reaction-0.002005-2/blib/lib/Reaction/UI/LayoutSet/TT.pm line 43) line 80
	Reaction::UI::LayoutSet::TT::new("Reaction::UI::LayoutSet::TT", "name", "site_layout", "skin", Reaction::UI::Skin=HASH(0x55ba042e52c8), "tt_object", Template=HASH(0x55ba03dc7cb8), "source_file", ...) called at /home/cpansand/.cpan/build/2022030511/Reaction-0.002005-2/blib/lib/Reaction/UI/Skin.pm line 115
	Reaction::UI::Skin::_create_layout_set(Reaction::UI::Skin=HASH(0x55ba042e52c8), "site_layout", ARRAY(0x55ba04305d60), Reaction::UI::Skin=HASH(0x55ba042e52c8)) called at /home/cpansand/.cpan/build/2022030511/Reaction-0.002005-2/blib/lib/Reaction/UI/Skin.pm line 110
	Reaction::UI::Skin::create_layout_set(Reaction::UI::Skin=HASH(0x55ba042e52c8), "site_layout") called at /home/cpansand/.cpan/build/2022030511/Reaction-0.002005-2/blib/lib/Reaction/UI/LayoutSet.pm line 83
	Reaction::UI::LayoutSet::_load_file(Reaction::UI::LayoutSet::TT=HASH(0x55ba042f0050), Path::Class::File=HASH(0x55ba042ad8c0), HASH(0x55ba042acf00)) called at /home/cpansand/.cpan/build/2022030511/Reaction-0.002005-2/blib/lib/Reaction/UI/LayoutSet.pm line 27
	Reaction::UI::LayoutSet::BUILD(Reaction::UI::LayoutSet::TT=HASH(0x55ba042f0050), HASH(0x55ba042acf00)) called at constructor Reaction::UI::LayoutSet::TT::new (defined at /home/cpansand/.cpan/build/2022030511/Reaction-0.002005-2/blib/lib/Reaction/UI/LayoutSet/TT.pm line 43) line 80
	Reaction::UI::LayoutSet::TT::new("Reaction::UI::LayoutSet::TT", "name", "site_layout", "skin", Reaction::UI::Skin=HASH(0x55b9fcfed6c8), "next_skin", Reaction::UI::Skin=HASH(0x55ba042e52c8), "tt_object", ...) called at /home/cpansand/.cpan/build/2022030511/Reaction-0.002005-2/blib/lib/Reaction/UI/Skin.pm line 115
	Reaction::UI::Skin::_create_layout_set(Reaction::UI::Skin=HASH(0x55b9fcfed6c8), "site_layout", ARRAY(0x55ba042ad230), Reaction::UI::Skin=HASH(0x55b9fcfed6c8)) called at /home/cpansand/.cpan/build/2022030511/Reaction-0.002005-2/blib/lib/Reaction/UI/Skin.pm line 110
	Reaction::UI::Skin::create_layout_set(Reaction::UI::Skin=HASH(0x55b9fcfed6c8), "site_layout") called at /home/cpansand/.cpan/build/2022030511/Reaction-0.002005-2/blib/lib/Reaction/UI/LayoutSet.pm line 83
	Reaction::UI::LayoutSet::_load_file(Reaction::UI::LayoutSet::TT=HASH(0x55ba04298e20), Path::Class::File=HASH(0x55ba04297d30), HASH(0x55ba03b82c00)) called at /home/cpansand/.cpan/build/2022030511/Reaction-0.002005-2/blib/lib/Reaction/UI/LayoutSet.pm line 27
	Reaction::UI::LayoutSet::BUILD(Reaction::UI::LayoutSet::TT=HASH(0x55ba04298e20), HASH(0x55ba03b82c00)) called at constructor Reaction::UI::LayoutSet::TT::new (defined at /home/cpansand/.cpan/build/2022030511/Reaction-0.002005-2/blib/lib/Reaction/UI/LayoutSet/TT.pm line 43) line 80
	Reaction::UI::LayoutSet::TT::new("Reaction::UI::LayoutSet::TT", "name", "site_layout", "skin", Reaction::UI::Skin=HASH(0x55ba042e32a8), "next_skin", Reaction::UI::Skin=HASH(0x55b9fcfed6c8), "tt_object", ...) called at /home/cpansand/.cpan/build/2022030511/Reaction-0.002005-2/blib/lib/Reaction/UI/Skin.pm line 115
	Reaction::UI::Skin::_create_layout_set(Reaction::UI::Skin=HASH(0x55ba042e32a8), "site_layout", ARRAY(0x55ba04295208), Reaction::UI::Skin=HASH(0x55ba042e32a8)) called at /home/cpansand/.cpan/build/2022030511/Reaction-0.002005-2/blib/lib/Reaction/UI/Skin.pm line 110
	Reaction::UI::Skin::create_layout_set(Reaction::UI::Skin=HASH(0x55ba042e32a8), "site_layout") called at inline delegation in Reaction::UI::View for skin->create_layout_set (attribute declared in /home/cpansand/.cpan/build/2022030511/Reaction-0.002005-2/blib/lib/Reaction/UI/View.pm at line 22) line 18
	Reaction::UI::View::create_layout_set(ComponentUI::View::Site=HASH(0x55ba008eb830), "site_layout") called at /home/cpansand/.cpan/build/2022030511/Reaction-0.002005-2/blib/lib/Reaction/UI/View.pm line 99
	Reaction::UI::View::layout_set_for(ComponentUI::View::Site=HASH(0x55ba008eb830), Reaction::UI::ViewPort::SiteLayout=HASH(0x55ba0428a6b8)) called at /home/cpansand/.cpan/build/2022030511/Reaction-0.002005-2/blib/lib/Reaction/UI/View.pm line 78
	Reaction::UI::View::render_viewport_args(ComponentUI::View::Site=HASH(0x55ba008eb830), Reaction::UI::ViewPort::SiteLayout=HASH(0x55ba0428a6b8)) called at /home/cpansand/.cpan/build/2022030511/Reaction-0.002005-2/blib/lib/Reaction/UI/View.pm line 61
	Reaction::UI::View::render_window(ComponentUI::View::Site=HASH(0x55ba008eb830), Reaction::UI::Window=HASH(0x55ba04288060)) called at /home/cpansand/.cpan/build/2022030511/Reaction-0.002005-2/blib/lib/Reaction/UI/Window.pm line 74
	Reaction::UI::Window::flush_view(Reaction::UI::Window=HASH(0x55ba04288060)) called at /home/cpansand/.cpan/build/2022030511/Reaction-0.002005-2/blib/lib/Reaction/UI/Window.pm line 36
	Reaction::UI::Window::flush(Reaction::UI::Window=HASH(0x55ba04288060)) called at /home/cpansand/.cpan/build/2022030511/Reaction-0.002005-2/blib/lib/Reaction/UI/Controller/Root.pm line 38
	Reaction::UI::Controller::Root::end(ComponentUI::Controller::Root=HASH(0x55ba04223cc8), ComponentUI=HASH(0x55ba0421c0d8)) called at /opt/perl-5.30.2/lib/site_perl/5.30.2/Catalyst/Action.pm line 358
	Catalyst::Action::execute(Catalyst::Action=HASH(0x55ba0406c4c0), ComponentUI::Controller::Root=HASH(0x55ba04223cc8), ComponentUI=HASH(0x55ba0421c0d8)) called at /opt/perl-5.30.2/lib/site_perl/5.30.2/Catalyst.pm line 2060
	eval {...} called at /opt/perl-5.30.2/lib/site_perl/5.30.2/Catalyst.pm line 2060
	Catalyst::execute(ComponentUI=HASH(0x55ba0421c0d8), "ComponentUI::Controller::Root", Catalyst::Action=HASH(0x55ba0406c4c0)) called at /opt/perl-5.30.2/lib/site_perl/5.30.2/Catalyst/Action.pm line 353
	Catalyst::Action::dispatch(Catalyst::Action=HASH(0x55ba0406c4c0), ComponentUI=HASH(0x55ba0421c0d8)) called at /opt/perl-5.30.2/lib/site_perl/5.30.2/Catalyst/Controller.pm line 188
	Catalyst::Controller::_END(ComponentUI::Controller::Root=HASH(0x55ba04223cc8), ComponentUI=HASH(0x55ba0421c0d8)) called at /opt/perl-5.30.2/lib/site_perl/5.30.2/Catalyst/Action.pm line 358
	Catalyst::Action::execute(Catalyst::Action=HASH(0x55ba04097f58), ComponentUI::Controller::Root=HASH(0x55ba04223cc8), ComponentUI=HASH(0x55ba0421c0d8)) called at /opt/perl-5.30.2/lib/site_perl/5.30.2/Catalyst.pm line 2060
	eval {...} called at /opt/perl-5.30.2/lib/site_perl/5.30.2/Catalyst.pm line 2060
	Catalyst::execute(ComponentUI=HASH(0x55ba0421c0d8), "ComponentUI::Controller::Root", Catalyst::Action=HASH(0x55ba04097f58)) called at /opt/perl-5.30.2/lib/site_perl/5.30.2/Catalyst/Action.pm line 353
	Catalyst::Action::dispatch(Catalyst::Action=HASH(0x55ba04097f58), ComponentUI=HASH(0x55ba0421c0d8)) called at /opt/perl-5.30.2/lib/site_perl/5.30.2/Catalyst/Dispatcher.pm line 261
	Catalyst::Dispatcher::_do_forward(Catalyst::Dispatcher=HASH(0x55b9ff2149a8), "forward", ComponentUI=HASH(0x55ba0421c0d8), "_END") called at /opt/perl-5.30.2/lib/site_perl/5.30.2/Catalyst/Dispatcher.pm line 241
	Catalyst::Dispatcher::forward(Catalyst::Dispatcher=HASH(0x55b9ff2149a8), ComponentUI=HASH(0x55ba0421c0d8), "_END") called at /opt/perl-5.30.2/lib/site_perl/5.30.2/Catalyst.pm line 482
	Catalyst::forward(ComponentUI=HASH(0x55ba0421c0d8), "_END") called at /opt/perl-5.30.2/lib/site_perl/5.30.2/Catalyst/Controller.pm line 137
	Catalyst::Controller::_DISPATCH(ComponentUI::Controller::Root=HASH(0x55ba04223cc8), ComponentUI=HASH(0x55ba0421c0d8)) called at /opt/perl-5.30.2/lib/site_perl/5.30.2/Catalyst/Action.pm line 358
	Catalyst::Action::execute(Catalyst::Action=HASH(0x55ba04097fb8), ComponentUI::Controller::Root=HASH(0x55ba04223cc8), ComponentUI=HASH(0x55ba0421c0d8)) called at /opt/perl-5.30.2/lib/site_perl/5.30.2/Catalyst.pm line 2060
	eval {...} called at /opt/perl-5.30.2/lib/site_perl/5.30.2/Catalyst.pm line 2060
	Catalyst::execute(ComponentUI=HASH(0x55ba0421c0d8), "ComponentUI::Controller::Root", Catalyst::Action=HASH(0x55ba04097fb8)) called at /opt/perl-5.30.2/lib/site_perl/5.30.2/Catalyst/Action.pm line 353
	Catalyst::Action::dispatch(Catalyst::Action=HASH(0x55ba04097fb8), ComponentUI=HASH(0x55ba0421c0d8)) called at /opt/perl-5.30.2/lib/site_perl/5.30.2/Catalyst/Dispatcher.pm line 261
	Catalyst::Dispatcher::_do_forward(Catalyst::Dispatcher=HASH(0x55b9ff2149a8), "forward", ComponentUI=HASH(0x55ba0421c0d8), "//_DISPATCH") called at /opt/perl-5.30.2/lib/site_perl/5.30.2/Catalyst/Dispatcher.pm line 241
	Catalyst::Dispatcher::forward(Catalyst::Dispatcher=HASH(0x55b9ff2149a8), ComponentUI=HASH(0x55ba0421c0d8), "//_DISPATCH") called at /opt/perl-5.30.2/lib/site_perl/5.30.2/Catalyst.pm line 482
	Catalyst::forward(ComponentUI=HASH(0x55ba0421c0d8), "//_DISPATCH") called at /opt/perl-5.30.2/lib/site_perl/5.30.2/Catalyst/Dispatcher.pm line 107
	Catalyst::Dispatcher::dispatch(Catalyst::Dispatcher=HASH(0x55b9ff2149a8), ComponentUI=HASH(0x55ba0421c0d8)) called at /opt/perl-5.30.2/lib/site_perl/5.30.2/Catalyst.pm line 2006
	Catalyst::dispatch(ComponentUI=HASH(0x55ba0421c0d8)) called at /opt/perl-5.30.2/lib/site_perl/5.30.2/Catalyst/Plugin/Static/Simple.pm line 86
	Class::MOP::Class:::around(CODE(0x55b9ff6dbe40), ComponentUI=HASH(0x55ba0421c0d8)) called at /opt/perl-5.30.2/lib/site_perl/5.30.2/x86_64-linux/Class/MOP/Method/Wrapped.pm line 164
	ComponentUI::_wrapped_dispatch(ComponentUI=HASH(0x55ba0421c0d8)) called at /opt/perl-5.30.2/lib/site_perl/5.30.2/x86_64-linux/Class/MOP/Method/Wrapped.pm line 95
	ComponentUI::dispatch(ComponentUI=HASH(0x55ba0421c0d8)) called at /opt/perl-5.30.2/lib/site_perl/5.30.2/Catalyst.pm line 2412
	Catalyst::try {...} () called at /opt/perl-5.30.2/lib/site_perl/5.30.2/Try/Tiny.pm line 102
	eval {...} called at /opt/perl-5.30.2/lib/site_perl/5.30.2/Try/Tiny.pm line 93
	Try::Tiny::try(CODE(0x55ba0422baf0), Try::Tiny::Catch=REF(0x55ba0422b8f8)) called at /opt/perl-5.30.2/lib/site_perl/5.30.2/Catalyst.pm line 2421
	Catalyst::handle_request("ComponentUI", "env", HASH(0x55ba0422a088), "response_cb", CODE(0x55ba0422b958)) called at /opt/perl-5.30.2/lib/site_perl/5.30.2/Catalyst/Engine.pm line 807
	Catalyst::Engine::__ANON__(CODE(0x55ba0422b958)) called at /opt/perl-5.30.2/lib/site_perl/5.30.2/Plack/Middleware/HTTPExceptions.pm line 32
	Plack::Middleware::HTTPExceptions::try {...} () called at /opt/perl-5.30.2/lib/site_perl/5.30.2/Try/Tiny.pm line 102
	eval {...} called at /opt/perl-5.30.2/lib/site_perl/5.30.2/Try/Tiny.pm line 93
	Try::Tiny::try(CODE(0x55ba0422b790), Try::Tiny::Catch=REF(0x55ba0422afb0)) called at /opt/perl-5.30.2/lib/site_perl/5.30.2/Plack/Middleware/HTTPExceptions.pm line 41
	Plack::Middleware::HTTPExceptions::__ANON__(CODE(0x55ba0422a9b8)) called at /opt/perl-5.30.2/lib/site_perl/5.30.2/Plack/Util.pm line 339
	Plack::Util::__ANON__(CODE(0x55ba0422a010)) called at /opt/perl-5.30.2/lib/site_perl/5.30.2/Plack/Util.pm line 339
	Plack::Util::__ANON__(CODE(0x55ba04229f20)) called at /opt/perl-5.30.2/lib/site_perl/5.30.2/Plack/Util.pm line 339
	Plack::Util::__ANON__(CODE(0x55ba04229ea8)) called at /opt/perl-5.30.2/lib/site_perl/5.30.2/HTTP/Message/PSGI.pm line 100
	HTTP::Message::PSGI::res_from_psgi(CODE(0x55ba0422b508)) called at /opt/perl-5.30.2/lib/site_perl/5.30.2/HTTP/Message/PSGI.pm line 157
	HTTP::Response::from_psgi("HTTP::Response", CODE(0x55ba0422b508)) called at /opt/perl-5.30.2/lib/site_perl/5.30.2/Plack/Test/MockHTTP.pm line 24
	Plack::Test::MockHTTP::try {...} () called at /opt/perl-5.30.2/lib/site_perl/5.30.2/Try/Tiny.pm line 100
	eval {...} called at /opt/perl-5.30.2/lib/site_perl/5.30.2/Try/Tiny.pm line 93
	Try::Tiny::try(CODE(0x55ba04146cd0), Try::Tiny::Catch=REF(0x55ba0412b468)) called at /opt/perl-5.30.2/lib/site_perl/5.30.2/Plack/Test/MockHTTP.pm line 27
	Plack::Test::MockHTTP::request(Plack::Test::MockHTTP=HASH(0x55b9fcfedf50), HTTP::Request=HASH(0x55b9fcfedba8)) called at /opt/perl-5.30.2/lib/site_perl/5.30.2/Plack/Test.pm line 38
	Plack::Test::__ANON__(HTTP::Request=HASH(0x55b9fcfedba8)) called at /opt/perl-5.30.2/lib/site_perl/5.30.2/Catalyst/Test.pm line 290
	Catalyst::Test::__ANON__(CODE(0x55b9fcfeded8)) called at /opt/perl-5.30.2/lib/site_perl/5.30.2/Plack/Test.pm line 38
	Plack::Test::test_psgi("mangle_response", CODE(0x55b9fe937678), "app", CODE(0x55b9fcfed710), "app", CODE(0x55ba0414d440), "client", CODE(0x55b9fcfedd70)) called at /opt/perl-5.30.2/lib/site_perl/5.30.2/Catalyst/Test.pm line 293
	Catalyst::Test::_request(HASH(0x55ba04154240), "/") called at /opt/perl-5.30.2/lib/site_perl/5.30.2/Catalyst/Test.pm line 336
	Catalyst::Test::_local_request("ComponentUI", "/") called at /opt/perl-5.30.2/lib/site_perl/5.30.2/Catalyst/Test.pm line 32
	Catalyst::Test::__ANON__("/") called at t/01app.t line 10
Class::MOP::load_class is deprecated at /opt/perl-5.30.2/lib/site_perl/5.30.2/x86_64-linux/Class/MOP.pm line 69.
	Class::MOP::load_class("Reaction::UI::Widget::SiteLayout") called at /home/cpansand/.cpan/build/2022030511/Reaction-0.002005-2/blib/lib/Reaction/UI/Skin.pm line 181
	eval {...} called at /home/cpansand/.cpan/build/2022030511/Reaction-0.002005-2/blib/lib/Reaction/UI/Skin.pm line 181
	Reaction::UI::Skin::widget_class_for(Reaction::UI::Skin=HASH(0x55ba042e52c8), Reaction::UI::LayoutSet::TT=HASH(0x55ba0431cd88)) called at /home/cpansand/.cpan/build/2022030511/Reaction-0.002005-2/blib/lib/Reaction/UI/LayoutSet.pm line 29
	Reaction::UI::LayoutSet::BUILD(Reaction::UI::LayoutSet::TT=HASH(0x55ba0431cd88), HASH(0x55ba0431cd70)) called at constructor Reaction::UI::LayoutSet::TT::new (defined at /home/cpansand/.cpan/build/2022030511/Reaction-0.002005-2/blib/lib/Reaction/UI/LayoutSet/TT.pm line 43) line 80
	Reaction::UI::LayoutSet::TT::new("Reaction::UI::LayoutSet::TT", "name", "site_layout", "skin", Reaction::UI::Skin=HASH(0x55ba042e52c8), "tt_object", Template=HASH(0x55ba03dc7cb8), "source_file", ...) called at /home/cpansand/.cpan/build/2022030511/Reaction-0.002005-2/blib/lib/Reaction/UI/Skin.pm line 115
	Reaction::UI::Skin::_create_layout_set(Reaction::UI::Skin=HASH(0x55ba042e52c8), "site_layout", ARRAY(0x55ba04305d60), Reaction::UI::Skin=HASH(0x55ba042e52c8)) called at /home/cpansand/.cpan/build/2022030511/Reaction-0.002005-2/blib/lib/Reaction/UI/Skin.pm line 110
	Reaction::UI::Skin::create_layout_set(Reaction::UI::Skin=HASH(0x55ba042e52c8), "site_layout") called at /home/cpansand/.cpan/build/2022030511/Reaction-0.002005-2/blib/lib/Reaction/UI/LayoutSet.pm line 83
	Reaction::UI::LayoutSet::_load_file(Reaction::UI::LayoutSet::TT=HASH(0x55ba042f0050), Path::Class::File=HASH(0x55ba042ad8c0), HASH(0x55ba042acf00)) called at /home/cpansand/.cpan/build/2022030511/Reaction-0.002005-2/blib/lib/Reaction/UI/LayoutSet.pm line 27
	Reaction::UI::LayoutSet::BUILD(Reaction::UI::LayoutSet::TT=HASH(0x55ba042f0050), HASH(0x55ba042acf00)) called at constructor Reaction::UI::LayoutSet::TT::new (defined at /home/cpansand/.cpan/build/2022030511/Reaction-0.002005-2/blib/lib/Reaction/UI/LayoutSet/TT.pm line 43) line 80
	Reaction::UI::LayoutSet::TT::new("Reaction::UI::LayoutSet::TT", "name", "site_layout", "skin", Reaction::UI::Skin=HASH(0x55b9fcfed6c8), "next_skin", Reaction::UI::Skin=HASH(0x55ba042e52c8), "tt_object", ...) called at /home/cpansand/.cpan/build/2022030511/Reaction-0.002005-2/blib/lib/Reaction/UI/Skin.pm line 115
	Reaction::UI::Skin::_create_layout_set(Reaction::UI::Skin=HASH(0x55b9fcfed6c8), "site_layout", ARRAY(0x55ba042ad230), Reaction::UI::Skin=HASH(0x55b9fcfed6c8)) called at /home/cpansand/.cpan/build/2022030511/Reaction-0.002005-2/blib/lib/Reaction/UI/Skin.pm line 110
	Reaction::UI::Skin::create_layout_set(Reaction::UI::Skin=HASH(0x55b9fcfed6c8), "site_layout") called at /home/cpansand/.cpan/build/2022030511/Reaction-0.002005-2/blib/lib/Reaction/UI/LayoutSet.pm line 83
	Reaction::UI::LayoutSet::_load_file(Reaction::UI::LayoutSet::TT=HASH(0x55ba04298e20), Path::Class::File=HASH(0x55ba04297d30), HASH(0x55ba03b82c00)) called at /home/cpansand/.cpan/build/2022030511/Reaction-0.002005-2/blib/lib/Reaction/UI/LayoutSet.pm line 27
	Reaction::UI::LayoutSet::BUILD(Reaction::UI::LayoutSet::TT=HASH(0x55ba04298e20), HASH(0x55ba03b82c00)) called at constructor Reaction::UI::LayoutSet::TT::new (defined at /home/cpansand/.cpan/build/2022030511/Reaction-0.002005-2/blib/lib/Reaction/UI/LayoutSet/TT.pm line 43) line 80
	Reaction::UI::LayoutSet::TT::new("Reaction::UI::LayoutSet::TT", "name", "site_layout", "skin", Reaction::UI::Skin=HASH(0x55ba042e32a8), "next_skin", Reaction::UI::Skin=HASH(0x55b9fcfed6c8), "tt_object", ...) called at /home/cpansand/.cpan/build/2022030511/Reaction-0.002005-2/blib/lib/Reaction/UI/Skin.pm line 115
	Reaction::UI::Skin::_create_layout_set(Reaction::UI::Skin=HASH(0x55ba042e32a8), "site_layout", ARRAY(0x55ba04295208), Reaction::UI::Skin=HASH(0x55ba042e32a8)) called at /home/cpansand/.cpan/build/2022030511/Reaction-0.002005-2/blib/lib/Reaction/UI/Skin.pm line 110
	Reaction::UI::Skin::create_layout_set(Reaction::UI::Skin=HASH(0x55ba042e32a8), "site_layout") called at inline delegation in Reaction::UI::View for skin->create_layout_set (attribute declared in /home/cpansand/.cpan/build/2022030511/Reaction-0.002005-2/blib/lib/Reaction/UI/View.pm at line 22) line 18
	Reaction::UI::View::create_layout_set(ComponentUI::View::Site=HASH(0x55ba008eb830), "site_layout") called at /home/cpansand/.cpan/build/2022030511/Reaction-0.002005-2/blib/lib/Reaction/UI/View.pm line 99
	Reaction::UI::View::layout_set_for(ComponentUI::View::Site=HASH(0x55ba008eb830), Reaction::UI::ViewPort::SiteLayout=HASH(0x55ba0428a6b8)) called at /home/cpansand/.cpan/build/2022030511/Reaction-0.002005-2/blib/lib/Reaction/UI/View.pm line 78
	Reaction::UI::View::render_viewport_args(ComponentUI::View::Site=HASH(0x55ba008eb830), Reaction::UI::ViewPort::SiteLayout=HASH(0x55ba0428a6b8)) called at /home/cpansand/.cpan/build/2022030511/Reaction-0.002005-2/blib/lib/Reaction/UI/View.pm line 61
	Reaction::UI::View::render_window(ComponentUI::View::Site=HASH(0x55ba008eb830), Reaction::UI::Window=HASH(0x55ba04288060)) called at /home/cpansand/.cpan/build/2022030511/Reaction-0.002005-2/blib/lib/Reaction/UI/Window.pm line 74
	Reaction::UI::Window::flush_view(Reaction::UI::Window=HASH(0x55ba04288060)) called at /home/cpansand/.cpan/build/2022030511/Reaction-0.002005-2/blib/lib/Reaction/UI/Window.pm line 36
	Reaction::UI::Window::flush(Reaction::UI::Window=HASH(0x55ba04288060)) called at /home/cpansand/.cpan/build/2022030511/Reaction-0.002005-2/blib/lib/Reaction/UI/Controller/Root.pm line 38
	Reaction::UI::Controller::Root::end(ComponentUI::Controller::Root=HASH(0x55ba04223cc8), ComponentUI=HASH(0x55ba0421c0d8)) called at /opt/perl-5.30.2/lib/site_perl/5.30.2/Catalyst/Action.pm line 358
	Catalyst::Action::execute(Catalyst::Action=HASH(0x55ba0406c4c0), ComponentUI::Controller::Root=HASH(0x55ba04223cc8), ComponentUI=HASH(0x55ba0421c0d8)) called at /opt/perl-5.30.2/lib/site_perl/5.30.2/Catalyst.pm line 2060
	eval {...} called at /opt/perl-5.30.2/lib/site_perl/5.30.2/Catalyst.pm line 2060
	Catalyst::execute(ComponentUI=HASH(0x55ba0421c0d8), "ComponentUI::Controller::Root", Catalyst::Action=HASH(0x55ba0406c4c0)) called at /opt/perl-5.30.2/lib/site_perl/5.30.2/Catalyst/Action.pm line 353
	Catalyst::Action::dispatch(Catalyst::Action=HASH(0x55ba0406c4c0), ComponentUI=HASH(0x55ba0421c0d8)) called at /opt/perl-5.30.2/lib/site_perl/5.30.2/Catalyst/Controller.pm line 188
	Catalyst::Controller::_END(ComponentUI::Controller::Root=HASH(0x55ba04223cc8), ComponentUI=HASH(0x55ba0421c0d8)) called at /opt/perl-5.30.2/lib/site_perl/5.30.2/Catalyst/Action.pm line 358
	Catalyst::Action::execute(Catalyst::Action=HASH(0x55ba04097f58), ComponentUI::Controller::Root=HASH(0x55ba04223cc8), ComponentUI=HASH(0x55ba0421c0d8)) called at /opt/perl-5.30.2/lib/site_perl/5.30.2/Catalyst.pm line 2060
	eval {...} called at /opt/perl-5.30.2/lib/site_perl/5.30.2/Catalyst.pm line 2060
	Catalyst::execute(ComponentUI=HASH(0x55ba0421c0d8), "ComponentUI::Controller::Root", Catalyst::Action=HASH(0x55ba04097f58)) called at /opt/perl-5.30.2/lib/site_perl/5.30.2/Catalyst/Action.pm line 353
	Catalyst::Action::dispatch(Catalyst::Action=HASH(0x55ba04097f58), ComponentUI=HASH(0x55ba0421c0d8)) called at /opt/perl-5.30.2/lib/site_perl/5.30.2/Catalyst/Dispatcher.pm line 261
	Catalyst::Dispatcher::_do_forward(Catalyst::Dispatcher=HASH(0x55b9ff2149a8), "forward", ComponentUI=HASH(0x55ba0421c0d8), "_END") called at /opt/perl-5.30.2/lib/site_perl/5.30.2/Catalyst/Dispatcher.pm line 241
	Catalyst::Dispatcher::forward(Catalyst::Dispatcher=HASH(0x55b9ff2149a8), ComponentUI=HASH(0x55ba0421c0d8), "_END") called at /opt/perl-5.30.2/lib/site_perl/5.30.2/Catalyst.pm line 482
	Catalyst::forward(ComponentUI=HASH(0x55ba0421c0d8), "_END") called at /opt/perl-5.30.2/lib/site_perl/5.30.2/Catalyst/Controller.pm line 137
	Catalyst::Controller::_DISPATCH(ComponentUI::Controller::Root=HASH(0x55ba04223cc8), ComponentUI=HASH(0x55ba0421c0d8)) called at /opt/perl-5.30.2/lib/site_perl/5.30.2/Catalyst/Action.pm line 358
	Catalyst::Action::execute(Catalyst::Action=HASH(0x55ba04097fb8), ComponentUI::Controller::Root=HASH(0x55ba04223cc8), ComponentUI=HASH(0x55ba0421c0d8)) called at /opt/perl-5.30.2/lib/site_perl/5.30.2/Catalyst.pm line 2060
	eval {...} called at /opt/perl-5.30.2/lib/site_perl/5.30.2/Catalyst.pm line 2060
	Catalyst::execute(ComponentUI=HASH(0x55ba0421c0d8), "ComponentUI::Controller::Root", Catalyst::Action=HASH(0x55ba04097fb8)) called at /opt/perl-5.30.2/lib/site_perl/5.30.2/Catalyst/Action.pm line 353
	Catalyst::Action::dispatch(Catalyst::Action=HASH(0x55ba04097fb8), ComponentUI=HASH(0x55ba0421c0d8)) called at /opt/perl-5.30.2/lib/site_perl/5.30.2/Catalyst/Dispatcher.pm line 261
	Catalyst::Dispatcher::_do_forward(Catalyst::Dispatcher=HASH(0x55b9ff2149a8), "forward", ComponentUI=HASH(0x55ba0421c0d8), "//_DISPATCH") called at /opt/perl-5.30.2/lib/site_perl/5.30.2/Catalyst/Dispatcher.pm line 241
	Catalyst::Dispatcher::forward(Catalyst::Dispatcher=HASH(0x55b9ff2149a8), ComponentUI=HASH(0x55ba0421c0d8), "//_DISPATCH") called at /opt/perl-5.30.2/lib/site_perl/5.30.2/Catalyst.pm line 482
	Catalyst::forward(ComponentUI=HASH(0x55ba0421c0d8), "//_DISPATCH") called at /opt/perl-5.30.2/lib/site_perl/5.30.2/Catalyst/Dispatcher.pm line 107
	Catalyst::Dispatcher::dispatch(Catalyst::Dispatcher=HASH(0x55b9ff2149a8), ComponentUI=HASH(0x55ba0421c0d8)) called at /opt/perl-5.30.2/lib/site_perl/5.30.2/Catalyst.pm line 2006
	Catalyst::dispatch(ComponentUI=HASH(0x55ba0421c0d8)) called at /opt/perl-5.30.2/lib/site_perl/5.30.2/Catalyst/Plugin/Static/Simple.pm line 86
	Class::MOP::Class:::around(CODE(0x55b9ff6dbe40), ComponentUI=HASH(0x55ba0421c0d8)) called at /opt/perl-5.30.2/lib/site_perl/5.30.2/x86_64-linux/Class/MOP/Method/Wrapped.pm line 164
	ComponentUI::_wrapped_dispatch(ComponentUI=HASH(0x55ba0421c0d8)) called at /opt/perl-5.30.2/lib/site_perl/5.30.2/x86_64-linux/Class/MOP/Method/Wrapped.pm line 95
	ComponentUI::dispatch(ComponentUI=HASH(0x55ba0421c0d8)) called at /opt/perl-5.30.2/lib/site_perl/5.30.2/Catalyst.pm line 2412
	Catalyst::try {...} () called at /opt/perl-5.30.2/lib/site_perl/5.30.2/Try/Tiny.pm line 102
	eval {...} called at /opt/perl-5.30.2/lib/site_perl/5.30.2/Try/Tiny.pm line 93
	Try::Tiny::try(CODE(0x55ba0422baf0), Try::Tiny::Catch=REF(0x55ba0422b8f8)) called at /opt/perl-5.30.2/lib/site_perl/5.30.2/Catalyst.pm line 2421
	Catalyst::handle_request("ComponentUI", "env", HASH(0x55ba0422a088), "response_cb", CODE(0x55ba0422b958)) called at /opt/perl-5.30.2/lib/site_perl/5.30.2/Catalyst/Engine.pm line 807
	Catalyst::Engine::__ANON__(CODE(0x55ba0422b958)) called at /opt/perl-5.30.2/lib/site_perl/5.30.2/Plack/Middleware/HTTPExceptions.pm line 32
	Plack::Middleware::HTTPExceptions::try {...} () called at /opt/perl-5.30.2/lib/site_perl/5.30.2/Try/Tiny.pm line 102
	eval {...} called at /opt/perl-5.30.2/lib/site_perl/5.30.2/Try/Tiny.pm line 93
	Try::Tiny::try(CODE(0x55ba0422b790), Try::Tiny::Catch=REF(0x55ba0422afb0)) called at /opt/perl-5.30.2/lib/site_perl/5.30.2/Plack/Middleware/HTTPExceptions.pm line 41
	Plack::Middleware::HTTPExceptions::__ANON__(CODE(0x55ba0422a9b8)) called at /opt/perl-5.30.2/lib/site_perl/5.30.2/Plack/Util.pm line 339
	Plack::Util::__ANON__(CODE(0x55ba0422a010)) called at /opt/perl-5.30.2/lib/site_perl/5.30.2/Plack/Util.pm line 339
	Plack::Util::__ANON__(CODE(0x55ba04229f20)) called at /opt/perl-5.30.2/lib/site_perl/5.30.2/Plack/Util.pm line 339
	Plack::Util::__ANON__(CODE(0x55ba04229ea8)) called at /opt/perl-5.30.2/lib/site_perl/5.30.2/HTTP/Message/PSGI.pm line 100
	HTTP::Message::PSGI::res_from_psgi(CODE(0x55ba0422b508)) called at /opt/perl-5.30.2/lib/site_perl/5.30.2/HTTP/Message/PSGI.pm line 157
	HTTP::Response::from_psgi("HTTP::Response", CODE(0x55ba0422b508)) called at /opt/perl-5.30.2/lib/site_perl/5.30.2/Plack/Test/MockHTTP.pm line 24
	Plack::Test::MockHTTP::try {...} () called at /opt/perl-5.30.2/lib/site_perl/5.30.2/Try/Tiny.pm line 100
	eval {...} called at /opt/perl-5.30.2/lib/site_perl/5.30.2/Try/Tiny.pm line 93
	Try::Tiny::try(CODE(0x55ba04146cd0), Try::Tiny::Catch=REF(0x55ba0412b468)) called at /opt/perl-5.30.2/lib/site_perl/5.30.2/Plack/Test/MockHTTP.pm line 27
	Plack::Test::MockHTTP::request(Plack::Test::MockHTTP=HASH(0x55b9fcfedf50), HTTP::Request=HASH(0x55b9fcfedba8)) called at /opt/perl-5.30.2/lib/site_perl/5.30.2/Plack/Test.pm line 38
	Plack::Test::__ANON__(HTTP::Request=HASH(0x55b9fcfedba8)) called at /opt/perl-5.30.2/lib/site_perl/5.30.2/Catalyst/Test.pm line 290
	Catalyst::Test::__ANON__(CODE(0x55b9fcfeded8)) called at /opt/perl-5.30.2/lib/site_perl/5.30.2/Plack/Test.pm line 38
	Plack::Test::test_psgi("mangle_response", CODE(0x55b9fe937678), "app", CODE(0x55b9fcfed710), "app", CODE(0x55ba0414d440), "client", CODE(0x55b9fcfedd70)) called at /opt/perl-5.30.2/lib/site_perl/5.30.2/Catalyst/Test.pm line 293
	Catalyst::Test::_request(HASH(0x55ba04154240), "/") called at /opt/perl-5.30.2/lib/site_perl/5.30.2/Catalyst/Test.pm line 336
	Catalyst::Test::_local_request("ComponentUI", "/") called at /opt/perl-5.30.2/lib/site_perl/5.30.2/Catalyst/Test.pm line 32
	Catalyst::Test::__ANON__("/") called at t/01app.t line 10
[debug] remote
t/01app.t ................... ok
t/04load_all.t .............. ok

#   Failed test 'Attribute lists match'
#   at t/05reflect_attr_from.t line 32.
#     Structures begin differing at:
#          $got->[0] = 'id'
#     $expected->[0] = 'created_d'
# Looks like you failed 1 test of 1.
t/05reflect_attr_from.t ..... 
Dubious, test returned 1 (wstat 256, 0x100)
Failed 1/1 subtests 
Class::MOP::load_class is deprecated at /opt/perl-5.30.2/lib/site_perl/5.30.2/x86_64-linux/Class/MOP.pm line 69.
	Class::MOP::load_class("Reaction::InterfaceModel::Object") called at /home/cpansand/.cpan/build/2022030511/Reaction-0.002005-2/blib/lib/Reaction/InterfaceModel/Reflector/DBIC.pm line 149
	Reaction::InterfaceModel::Reflector::DBIC::reflect_schema(Reaction::InterfaceModel::Reflector::DBIC=HASH(0x5651e0b32c18), "model_class", "ComponentUI::TestModel", "schema_class", "RTest::TestDB", "sources", ARRAY(0x5651e0b5b538)) called at /home/cpansand/.cpan/build/2022030511/Reaction-0.002005-2/blib/lib/ComponentUI/TestModel.pm line 10
	require ComponentUI/TestModel.pm called at t/lib/RTest/InterfaceModel/Reflector/DBIC.pm line 6
	RTest::InterfaceModel::Reflector::DBIC::BEGIN() called at /home/cpansand/.cpan/build/2022030511/Reaction-0.002005-2/blib/lib/ComponentUI/TestModel.pm line 0
	eval {...} called at /home/cpansand/.cpan/build/2022030511/Reaction-0.002005-2/blib/lib/ComponentUI/TestModel.pm line 0
	require RTest/InterfaceModel/Reflector/DBIC.pm called at t/im_dbic.t line 7
	main::BEGIN() called at /home/cpansand/.cpan/build/2022030511/Reaction-0.002005-2/blib/lib/ComponentUI/TestModel.pm line 0
	eval {...} called at /home/cpansand/.cpan/build/2022030511/Reaction-0.002005-2/blib/lib/ComponentUI/TestModel.pm line 0
Class::MOP::load_class is deprecated at /opt/perl-5.30.2/lib/site_perl/5.30.2/x86_64-linux/Class/MOP.pm line 69.
	Class::MOP::load_class("Reaction::InterfaceModel::Object") called at /home/cpansand/.cpan/build/2022030511/Reaction-0.002005-2/blib/lib/Reaction/Class.pm line 123
	Reaction::Class::do_class_sub("Reaction::Class", "ComponentUI::TestModel::Foo", "ComponentUI::TestModel::Foo", "is", "Reaction::InterfaceModel::Object", "which", CODE(0x5651e214cdc8)) called at /home/cpansand/.cpan/build/2022030511/Reaction-0.002005-2/blib/lib/Reaction/Class.pm line 86
	Reaction::Class::("ComponentUI::TestModel::Foo", "is", "Reaction::InterfaceModel::Object", "which", CODE(0x5651e214cdc8)) called at /home/cpansand/.cpan/build/2022030511/Reaction-0.002005-2/blib/lib/ComponentUI/TestModel/Foo.pm line 8
	require ComponentUI/TestModel/Foo.pm called at /opt/perl-5.30.2/lib/site_perl/5.30.2/Module/Runtime.pm line 314
	Module::Runtime::require_module("ComponentUI::TestModel::Foo") called at /opt/perl-5.30.2/lib/site_perl/5.30.2/Class/Load.pm line 174
	Class::Load::try {...} () called at /opt/perl-5.30.2/lib/site_perl/5.30.2/Try/Tiny.pm line 98
	eval {...} called at /opt/perl-5.30.2/lib/site_perl/5.30.2/Try/Tiny.pm line 93
	Try::Tiny::try(CODE(0x5651e20eba88), Try::Tiny::Catch=REF(0x5651e20f7520)) called at /opt/perl-5.30.2/lib/site_perl/5.30.2/Class/Load.pm line 180
	Class::Load::try_load_class("ComponentUI::TestModel::Foo", undef) called at /opt/perl-5.30.2/lib/site_perl/5.30.2/Class/Load.pm line 35
	Class::Load::load_class("ComponentUI::TestModel::Foo") called at /home/cpansand/.cpan/build/2022030511/Reaction-0.002005-2/blib/lib/Reaction/InterfaceModel/Reflector/DBIC.pm line 892
	eval {...} called at /home/cpansand/.cpan/build/2022030511/Reaction-0.002005-2/blib/lib/Reaction/InterfaceModel/Reflector/DBIC.pm line 892
	Reaction::InterfaceModel::Reflector::DBIC::_maybe_load_class(Reaction::InterfaceModel::Reflector::DBIC=HASH(0x5651e0b32c18), "ComponentUI::TestModel::Foo") called at /home/cpansand/.cpan/build/2022030511/Reaction-0.002005-2/blib/lib/Reaction/InterfaceModel/Reflector/DBIC.pm line 876
	Reaction::InterfaceModel::Reflector::DBIC::_load_or_create(Reaction::InterfaceModel::Reflector::DBIC=HASH(0x5651e0b32c18), "ComponentUI::TestModel::Foo", "superclasses", ARRAY(0x5651e20b90f8)) called at /home/cpansand/.cpan/build/2022030511/Reaction-0.002005-2/blib/lib/Reaction/InterfaceModel/Reflector/DBIC.pm line 448
	Reaction::InterfaceModel::Reflector::DBIC::reflect_source_object(Reaction::InterfaceModel::Reflector::DBIC=HASH(0x5651e0b32c18), "schema_class", "RTest::TestDB", "source_class", "RTest::TestDB::Foo", "parent_domain_model_name", "_rtest_test_db_store", "parent_class", ...) called at /home/cpansand/.cpan/build/2022030511/Reaction-0.002005-2/blib/lib/Reaction/InterfaceModel/Reflector/DBIC.pm line 323
	Reaction::InterfaceModel::Reflector::DBIC::reflect_source(Reaction::InterfaceModel::Reflector::DBIC=HASH(0x5651e0b32c18), "source_name", "Foo", "parent_class", "ComponentUI::TestModel", "schema_class", "RTest::TestDB", "source_class", ...) called at /home/cpansand/.cpan/build/2022030511/Reaction-0.002005-2/blib/lib/Reaction/InterfaceModel/Reflector/DBIC.pm line 185
	Reaction::InterfaceModel::Reflector::DBIC::reflect_schema(Reaction::InterfaceModel::Reflector::DBIC=HASH(0x5651e0b32c18), "model_class", "ComponentUI::TestModel", "schema_class", "RTest::TestDB", "sources", ARRAY(0x5651e0b5b538)) called at /home/cpansand/.cpan/build/2022030511/Reaction-0.002005-2/blib/lib/ComponentUI/TestModel.pm line 10
	require ComponentUI/TestModel.pm called at t/lib/RTest/InterfaceModel/Reflector/DBIC.pm line 6
	RTest::InterfaceModel::Reflector::DBIC::BEGIN() called at /home/cpansand/.cpan/build/2022030511/Reaction-0.002005-2/blib/lib/ComponentUI/TestModel/Foo.pm line 0
	eval {...} called at /home/cpansand/.cpan/build/2022030511/Reaction-0.002005-2/blib/lib/ComponentUI/TestModel/Foo.pm line 0
	require RTest/InterfaceModel/Reflector/DBIC.pm called at t/im_dbic.t line 7
	main::BEGIN() called at /home/cpansand/.cpan/build/2022030511/Reaction-0.002005-2/blib/lib/ComponentUI/TestModel/Foo.pm line 0
	eval {...} called at /home/cpansand/.cpan/build/2022030511/Reaction-0.002005-2/blib/lib/ComponentUI/TestModel/Foo.pm line 0
Class::MOP::is_class_loaded is deprecated at /opt/perl-5.30.2/lib/site_perl/5.30.2/x86_64-linux/Class/MOP.pm line 87.
	Class::MOP::is_class_loaded("RTest::TestIM::Foo") called at t/lib/RTest/InterfaceModel/Reflector/DBIC.pm line 74
	RTest::InterfaceModel::Reflector::DBIC::test_reflect_schema(RTest::InterfaceModel::Reflector::DBIC=HASH(0x5651e2420f28)) called at /opt/perl-5.30.2/lib/site_perl/5.30.2/Test/Class.pm line 293
	Test::Class::try {...} () called at /opt/perl-5.30.2/lib/site_perl/5.30.2/Try/Tiny.pm line 100
	eval {...} called at /opt/perl-5.30.2/lib/site_perl/5.30.2/Try/Tiny.pm line 93
	Try::Tiny::try(CODE(0x5651e38271a8), Try::Tiny::Catch=REF(0x5651e3827508)) called at /opt/perl-5.30.2/lib/site_perl/5.30.2/Test/Class.pm line 293
	Test::Class::_run_method(RTest::InterfaceModel::Reflector::DBIC=HASH(0x5651e2420f28), "test_reflect_schema", ARRAY(0x5651df3d6fb0)) called at /opt/perl-5.30.2/lib/site_perl/5.30.2/Test/Class.pm line 395
	Test::Class::runtests("Test::Class", RTest::InterfaceModel::Reflector::DBIC=HASH(0x5651e2420f28)) called at t/im_dbic.t line 10
t/im_dbic.t ................. ok
t/ui_focus_stack.t .......... ok
t/ui_view.t ................. ok
t/ui_viewport.t ............. ok
Class::MOP::load_class is deprecated at /opt/perl-5.30.2/lib/site_perl/5.30.2/x86_64-linux/Class/MOP.pm line 69.
	Class::MOP::load_class("ComponentUI::TestModel") called at /home/cpansand/.cpan/build/2022030511/Reaction-0.002005-2/blib/lib/Catalyst/Model/Reaction/InterfaceModel/DBIC.pm line 24
	Catalyst::Model::Reaction::InterfaceModel::DBIC::COMPONENT("ComponentUI::Model::TestModel", "ComponentUI", HASH(0x558a4a1b4f28)) called at /opt/perl-5.30.2/lib/site_perl/5.30.2/Catalyst.pm line 3234
	eval {...} called at /opt/perl-5.30.2/lib/site_perl/5.30.2/Catalyst.pm line 3235
	Catalyst::setup_component("ComponentUI", "ComponentUI::Model::TestModel") called at /opt/perl-5.30.2/lib/site_perl/5.30.2/Catalyst.pm line 3212
	Catalyst::__ANON__() called at /opt/perl-5.30.2/lib/site_perl/5.30.2/Catalyst.pm line 3059
	Catalyst::setup_components("ComponentUI") called at /opt/perl-5.30.2/lib/site_perl/5.30.2/Catalyst.pm line 1431
	Catalyst::setup("ComponentUI") called at /home/cpansand/.cpan/build/2022030511/Reaction-0.002005-2/blib/lib/ComponentUI.pm line 32
	require ComponentUI.pm called at /opt/perl-5.30.2/lib/site_perl/5.30.2/Module/Runtime.pm line 314
	Module::Runtime::require_module("ComponentUI") called at /opt/perl-5.30.2/lib/site_perl/5.30.2/Class/Load.pm line 174
	Class::Load::try {...} () called at /opt/perl-5.30.2/lib/site_perl/5.30.2/Try/Tiny.pm line 98
	eval {...} called at /opt/perl-5.30.2/lib/site_perl/5.30.2/Try/Tiny.pm line 93
	Try::Tiny::try(CODE(0x558a43ac1220), Try::Tiny::Catch=REF(0x558a45d9fcc0)) called at /opt/perl-5.30.2/lib/site_perl/5.30.2/Class/Load.pm line 180
	Class::Load::try_load_class("ComponentUI", undef) called at /opt/perl-5.30.2/lib/site_perl/5.30.2/Class/Load.pm line 35
	Class::Load::load_class("ComponentUI") called at /opt/perl-5.30.2/lib/site_perl/5.30.2/Test/WWW/Mechanize/Catalyst.pm line 245
	Test::WWW::Mechanize::Catalyst::import("Test::WWW::Mechanize::Catalyst", "ComponentUI") called at t/uncheck_bool_field.t line 6
	main::BEGIN() called at /home/cpansand/.cpan/build/2022030511/Reaction-0.002005-2/blib/lib/ComponentUI.pm line 0
	eval {...} called at /home/cpansand/.cpan/build/2022030511/Reaction-0.002005-2/blib/lib/ComponentUI.pm line 0
Class::MOP::load_class is deprecated at /opt/perl-5.30.2/lib/site_perl/5.30.2/x86_64-linux/Class/MOP.pm line 69.
	Class::MOP::load_class("Reaction::InterfaceModel::Object") called at /home/cpansand/.cpan/build/2022030511/Reaction-0.002005-2/blib/lib/Reaction/InterfaceModel/Reflector/DBIC.pm line 149
	Reaction::InterfaceModel::Reflector::DBIC::reflect_schema(Reaction::InterfaceModel::Reflector::DBIC=HASH(0x558a4ad63230), "model_class", "ComponentUI::TestModel", "schema_class", "RTest::TestDB", "sources", ARRAY(0x558a4ac75440)) called at /home/cpansand/.cpan/build/2022030511/Reaction-0.002005-2/blib/lib/ComponentUI/TestModel.pm line 10
	require ComponentUI/TestModel.pm called at /opt/perl-5.30.2/lib/site_perl/5.30.2/Module/Runtime.pm line 314
	Module::Runtime::require_module("ComponentUI::TestModel") called at /opt/perl-5.30.2/lib/site_perl/5.30.2/Class/Load.pm line 174
	Class::Load::try {...} () called at /opt/perl-5.30.2/lib/site_perl/5.30.2/Try/Tiny.pm line 98
	eval {...} called at /opt/perl-5.30.2/lib/site_perl/5.30.2/Try/Tiny.pm line 93
	Try::Tiny::try(CODE(0x558a47105698), Try::Tiny::Catch=REF(0x558a4a269260)) called at /opt/perl-5.30.2/lib/site_perl/5.30.2/Class/Load.pm line 180
	Class::Load::try_load_class("ComponentUI::TestModel", undef) called at /opt/perl-5.30.2/lib/site_perl/5.30.2/Class/Load.pm line 35
	Class::Load::load_class("ComponentUI::TestModel") called at /home/cpansand/.cpan/build/2022030511/Reaction-0.002005-2/blib/lib/Catalyst/Model/Reaction/InterfaceModel/DBIC.pm line 24
	Catalyst::Model::Reaction::InterfaceModel::DBIC::COMPONENT("ComponentUI::Model::TestModel", "ComponentUI", HASH(0x558a4a1b4f28)) called at /opt/perl-5.30.2/lib/site_perl/5.30.2/Catalyst.pm line 3234
	eval {...} called at /opt/perl-5.30.2/lib/site_perl/5.30.2/Catalyst.pm line 3235
	Catalyst::setup_component("ComponentUI", "ComponentUI::Model::TestModel") called at /opt/perl-5.30.2/lib/site_perl/5.30.2/Catalyst.pm line 3212
	Catalyst::__ANON__() called at /opt/perl-5.30.2/lib/site_perl/5.30.2/Catalyst.pm line 3059
	Catalyst::setup_components("ComponentUI") called at /opt/perl-5.30.2/lib/site_perl/5.30.2/Catalyst.pm line 1431
	Catalyst::setup("ComponentUI") called at /home/cpansand/.cpan/build/2022030511/Reaction-0.002005-2/blib/lib/ComponentUI.pm line 32
	require ComponentUI.pm called at /opt/perl-5.30.2/lib/site_perl/5.30.2/Module/Runtime.pm line 314
	Module::Runtime::require_module("ComponentUI") called at /opt/perl-5.30.2/lib/site_perl/5.30.2/Class/Load.pm line 174
	Class::Load::try {...} () called at /opt/perl-5.30.2/lib/site_perl/5.30.2/Try/Tiny.pm line 98
	eval {...} called at /opt/perl-5.30.2/lib/site_perl/5.30.2/Try/Tiny.pm line 93
	Try::Tiny::try(CODE(0x558a43ac1220), Try::Tiny::Catch=REF(0x558a45d9fcc0)) called at /opt/perl-5.30.2/lib/site_perl/5.30.2/Class/Load.pm line 180
	Class::Load::try_load_class("ComponentUI", undef) called at /opt/perl-5.30.2/lib/site_perl/5.30.2/Class/Load.pm line 35
	Class::Load::load_class("ComponentUI") called at /opt/perl-5.30.2/lib/site_perl/5.30.2/Test/WWW/Mechanize/Catalyst.pm line 245
	Test::WWW::Mechanize::Catalyst::import("Test::WWW::Mechanize::Catalyst", "ComponentUI") called at t/uncheck_bool_field.t line 6
	main::BEGIN() called at /home/cpansand/.cpan/build/2022030511/Reaction-0.002005-2/blib/lib/ComponentUI/TestModel.pm line 0
	eval {...} called at /home/cpansand/.cpan/build/2022030511/Reaction-0.002005-2/blib/lib/ComponentUI/TestModel.pm line 0
Class::MOP::load_class is deprecated at /opt/perl-5.30.2/lib/site_perl/5.30.2/x86_64-linux/Class/MOP.pm line 69.
	Class::MOP::load_class("Reaction::InterfaceModel::Object") called at /home/cpansand/.cpan/build/2022030511/Reaction-0.002005-2/blib/lib/Reaction/Class.pm line 123
	Reaction::Class::do_class_sub("Reaction::Class", "ComponentUI::TestModel::Foo", "ComponentUI::TestModel::Foo", "is", "Reaction::InterfaceModel::Object", "which", CODE(0x558a4ae4cca0)) called at /home/cpansand/.cpan/build/2022030511/Reaction-0.002005-2/blib/lib/Reaction/Class.pm line 86
	Reaction::Class::("ComponentUI::TestModel::Foo", "is", "Reaction::InterfaceModel::Object", "which", CODE(0x558a4ae4cca0)) called at /home/cpansand/.cpan/build/2022030511/Reaction-0.002005-2/blib/lib/ComponentUI/TestModel/Foo.pm line 8
	require ComponentUI/TestModel/Foo.pm called at /opt/perl-5.30.2/lib/site_perl/5.30.2/Module/Runtime.pm line 314
	Module::Runtime::require_module("ComponentUI::TestModel::Foo") called at /opt/perl-5.30.2/lib/site_perl/5.30.2/Class/Load.pm line 174
	Class::Load::try {...} () called at /opt/perl-5.30.2/lib/site_perl/5.30.2/Try/Tiny.pm line 98
	eval {...} called at /opt/perl-5.30.2/lib/site_perl/5.30.2/Try/Tiny.pm line 93
	Try::Tiny::try(CODE(0x558a4ae471c0), Try::Tiny::Catch=REF(0x558a4ae5cf20)) called at /opt/perl-5.30.2/lib/site_perl/5.30.2/Class/Load.pm line 180
	Class::Load::try_load_class("ComponentUI::TestModel::Foo", undef) called at /opt/perl-5.30.2/lib/site_perl/5.30.2/Class/Load.pm line 35
	Class::Load::load_class("ComponentUI::TestModel::Foo") called at /home/cpansand/.cpan/build/2022030511/Reaction-0.002005-2/blib/lib/Reaction/InterfaceModel/Reflector/DBIC.pm line 892
	eval {...} called at /home/cpansand/.cpan/build/2022030511/Reaction-0.002005-2/blib/lib/Reaction/InterfaceModel/Reflector/DBIC.pm line 892
	Reaction::InterfaceModel::Reflector::DBIC::_maybe_load_class(Reaction::InterfaceModel::Reflector::DBIC=HASH(0x558a4ad63230), "ComponentUI::TestModel::Foo") called at /home/cpansand/.cpan/build/2022030511/Reaction-0.002005-2/blib/lib/Reaction/InterfaceModel/Reflector/DBIC.pm line 876
	Reaction::InterfaceModel::Reflector::DBIC::_load_or_create(Reaction::InterfaceModel::Reflector::DBIC=HASH(0x558a4ad63230), "ComponentUI::TestModel::Foo", "superclasses", ARRAY(0x558a4ae5ce30)) called at /home/cpansand/.cpan/build/2022030511/Reaction-0.002005-2/blib/lib/Reaction/InterfaceModel/Reflector/DBIC.pm line 448
	Reaction::InterfaceModel::Reflector::DBIC::reflect_source_object(Reaction::InterfaceModel::Reflector::DBIC=HASH(0x558a4ad63230), "schema_class", "RTest::TestDB", "source_name", "Foo", "parent_domain_model_name", "_rtest_test_db_store", "parent_class", ...) called at /home/cpansand/.cpan/build/2022030511/Reaction-0.002005-2/blib/lib/Reaction/InterfaceModel/Reflector/DBIC.pm line 323
	Reaction::InterfaceModel::Reflector::DBIC::reflect_source(Reaction::InterfaceModel::Reflector::DBIC=HASH(0x558a4ad63230), "source_name", "Foo", "parent_class", "ComponentUI::TestModel", "schema_class", "RTest::TestDB", "source_class", ...) called at /home/cpansand/.cpan/build/2022030511/Reaction-0.002005-2/blib/lib/Reaction/InterfaceModel/Reflector/DBIC.pm line 185
	Reaction::InterfaceModel::Reflector::DBIC::reflect_schema(Reaction::InterfaceModel::Reflector::DBIC=HASH(0x558a4ad63230), "model_class", "ComponentUI::TestModel", "schema_class", "RTest::TestDB", "sources", ARRAY(0x558a4ac75440)) called at /home/cpansand/.cpan/build/2022030511/Reaction-0.002005-2/blib/lib/ComponentUI/TestModel.pm line 10
	require ComponentUI/TestModel.pm called at /opt/perl-5.30.2/lib/site_perl/5.30.2/Module/Runtime.pm line 314
	Module::Runtime::require_module("ComponentUI::TestModel") called at /opt/perl-5.30.2/lib/site_perl/5.30.2/Class/Load.pm line 174
	Class::Load::try {...} () called at /opt/perl-5.30.2/lib/site_perl/5.30.2/Try/Tiny.pm line 98
	eval {...} called at /opt/perl-5.30.2/lib/site_perl/5.30.2/Try/Tiny.pm line 93
	Try::Tiny::try(CODE(0x558a47105698), Try::Tiny::Catch=REF(0x558a4a269260)) called at /opt/perl-5.30.2/lib/site_perl/5.30.2/Class/Load.pm line 180
	Class::Load::try_load_class("ComponentUI::TestModel", undef) called at /opt/perl-5.30.2/lib/site_perl/5.30.2/Class/Load.pm line 35
	Class::Load::load_class("ComponentUI::TestModel") called at /home/cpansand/.cpan/build/2022030511/Reaction-0.002005-2/blib/lib/Catalyst/Model/Reaction/InterfaceModel/DBIC.pm line 24
	Catalyst::Model::Reaction::InterfaceModel::DBIC::COMPONENT("ComponentUI::Model::TestModel", "ComponentUI", HASH(0x558a4a1b4f28)) called at /opt/perl-5.30.2/lib/site_perl/5.30.2/Catalyst.pm line 3234
	eval {...} called at /opt/perl-5.30.2/lib/site_perl/5.30.2/Catalyst.pm line 3235
	Catalyst::setup_component("ComponentUI", "ComponentUI::Model::TestModel") called at /opt/perl-5.30.2/lib/site_perl/5.30.2/Catalyst.pm line 3212
	Catalyst::__ANON__() called at /opt/perl-5.30.2/lib/site_perl/5.30.2/Catalyst.pm line 3059
	Catalyst::setup_components("ComponentUI") called at /opt/perl-5.30.2/lib/site_perl/5.30.2/Catalyst.pm line 1431
	Catalyst::setup("ComponentUI") called at /home/cpansand/.cpan/build/2022030511/Reaction-0.002005-2/blib/lib/ComponentUI.pm line 32
	require ComponentUI.pm called at /opt/perl-5.30.2/lib/site_perl/5.30.2/Module/Runtime.pm line 314
	Module::Runtime::require_module("ComponentUI") called at /opt/perl-5.30.2/lib/site_perl/5.30.2/Class/Load.pm line 174
	Class::Load::try {...} () called at /opt/perl-5.30.2/lib/site_perl/5.30.2/Try/Tiny.pm line 98
	eval {...} called at /opt/perl-5.30.2/lib/site_perl/5.30.2/Try/Tiny.pm line 93
	Try::Tiny::try(CODE(0x558a43ac1220), Try::Tiny::Catch=REF(0x558a45d9fcc0)) called at /opt/perl-5.30.2/lib/site_perl/5.30.2/Class/Load.pm line 180
	Class::Load::try_load_class("ComponentUI", undef) called at /opt/perl-5.30.2/lib/site_perl/5.30.2/Class/Load.pm line 35
	Class::Load::load_class("ComponentUI") called at /opt/perl-5.30.2/lib/site_perl/5.30.2/Test/WWW/Mechanize/Catalyst.pm line 245
	Test::WWW::Mechanize::Catalyst::import("Test::WWW::Mechanize::Catalyst", "ComponentUI") called at t/uncheck_bool_field.t line 6
	main::BEGIN() called at /home/cpansand/.cpan/build/2022030511/Reaction-0.002005-2/blib/lib/ComponentUI/TestModel/Foo.pm line 0
	eval {...} called at /home/cpansand/.cpan/build/2022030511/Reaction-0.002005-2/blib/lib/ComponentUI/TestModel/Foo.pm line 0
Class::MOP::load_class is deprecated at /opt/perl-5.30.2/lib/site_perl/5.30.2/x86_64-linux/Class/MOP.pm line 69.
	Class::MOP::load_class("ComponentUI::RenderingContext::Site") called at /home/cpansand/.cpan/build/2022030511/Reaction-0.002005-2/blib/lib/Reaction/UI/View.pm line 125
	eval {...} called at /home/cpansand/.cpan/build/2022030511/Reaction-0.002005-2/blib/lib/Reaction/UI/View.pm line 125
	Reaction::UI::View::find_related_class(ComponentUI::View::Site=HASH(0x558a47bd08c8), "RenderingContext") called at /home/cpansand/.cpan/build/2022030511/Reaction-0.002005-2/blib/lib/Reaction/UI/View.pm line 43
	Reaction::UI::View::_build_rendering_context_class(ComponentUI::View::Site=HASH(0x558a47bd08c8)) called at reader Reaction::UI::View::rendering_context_class (defined at /home/cpansand/.cpan/build/2022030511/Reaction-0.002005-2/blib/lib/Reaction/UI/View.pm line 29) line 8
	Reaction::UI::View::rendering_context_class(ComponentUI::View::Site=HASH(0x558a47bd08c8)) called at /home/cpansand/.cpan/build/2022030511/Reaction-0.002005-2/blib/lib/Reaction/UI/View.pm line 134
	Reaction::UI::View::create_rendering_context(ComponentUI::View::Site=HASH(0x558a47bd08c8)) called at /home/cpansand/.cpan/build/2022030511/Reaction-0.002005-2/blib/lib/Reaction/UI/View.pm line 60
	Reaction::UI::View::render_window(ComponentUI::View::Site=HASH(0x558a47bd08c8), Reaction::UI::Window=HASH(0x558a4b636598)) called at /home/cpansand/.cpan/build/2022030511/Reaction-0.002005-2/blib/lib/Reaction/UI/Window.pm line 74
	Reaction::UI::Window::flush_view(Reaction::UI::Window=HASH(0x558a4b636598)) called at /home/cpansand/.cpan/build/2022030511/Reaction-0.002005-2/blib/lib/Reaction/UI/Window.pm line 36
	Reaction::UI::Window::flush(Reaction::UI::Window=HASH(0x558a4b636598)) called at /home/cpansand/.cpan/build/2022030511/Reaction-0.002005-2/blib/lib/Reaction/UI/Controller/Root.pm line 38
	Reaction::UI::Controller::Root::end(ComponentUI::Controller::Root=HASH(0x558a4b636610), ComponentUI=HASH(0x558a4b6096f0)) called at /opt/perl-5.30.2/lib/site_perl/5.30.2/Catalyst/Action.pm line 358
	Catalyst::Action::execute(Catalyst::Action=HASH(0x558a4b380678), ComponentUI::Controller::Root=HASH(0x558a4b636610), ComponentUI=HASH(0x558a4b6096f0)) called at /opt/perl-5.30.2/lib/site_perl/5.30.2/Catalyst.pm line 2060
	eval {...} called at /opt/perl-5.30.2/lib/site_perl/5.30.2/Catalyst.pm line 2060
	Catalyst::execute(ComponentUI=HASH(0x558a4b6096f0), "ComponentUI::Controller::Root", Catalyst::Action=HASH(0x558a4b380678)) called at /opt/perl-5.30.2/lib/site_perl/5.30.2/Catalyst/Action.pm line 353
	Catalyst::Action::dispatch(Catalyst::Action=HASH(0x558a4b380678), ComponentUI=HASH(0x558a4b6096f0)) called at /opt/perl-5.30.2/lib/site_perl/5.30.2/Catalyst/Controller.pm line 188
	Catalyst::Controller::_END(ComponentUI::Controller::TestModel::Baz=HASH(0x558a4b5fdbb8), ComponentUI=HASH(0x558a4b6096f0)) called at /opt/perl-5.30.2/lib/site_perl/5.30.2/Catalyst/Action.pm line 358
	Catalyst::Action::execute(Catalyst::Action=HASH(0x558a4b423940), ComponentUI::Controller::TestModel::Baz=HASH(0x558a4b5fdbb8), ComponentUI=HASH(0x558a4b6096f0)) called at /opt/perl-5.30.2/lib/site_perl/5.30.2/Catalyst.pm line 2060
	eval {...} called at /opt/perl-5.30.2/lib/site_perl/5.30.2/Catalyst.pm line 2060
	Catalyst::execute(ComponentUI=HASH(0x558a4b6096f0), "ComponentUI::Controller::TestModel::Baz", Catalyst::Action=HASH(0x558a4b423940)) called at /opt/perl-5.30.2/lib/site_perl/5.30.2/Catalyst/Action.pm line 353
	Catalyst::Action::dispatch(Catalyst::Action=HASH(0x558a4b423940), ComponentUI=HASH(0x558a4b6096f0)) called at /opt/perl-5.30.2/lib/site_perl/5.30.2/Catalyst/Dispatcher.pm line 261
	Catalyst::Dispatcher::_do_forward(Catalyst::Dispatcher=HASH(0x558a4654c850), "forward", ComponentUI=HASH(0x558a4b6096f0), "_END") called at /opt/perl-5.30.2/lib/site_perl/5.30.2/Catalyst/Dispatcher.pm line 241
	Catalyst::Dispatcher::forward(Catalyst::Dispatcher=HASH(0x558a4654c850), ComponentUI=HASH(0x558a4b6096f0), "_END") called at /opt/perl-5.30.2/lib/site_perl/5.30.2/Catalyst.pm line 482
	Catalyst::forward(ComponentUI=HASH(0x558a4b6096f0), "_END") called at /opt/perl-5.30.2/lib/site_perl/5.30.2/Catalyst/Controller.pm line 137
	Catalyst::Controller::_DISPATCH(ComponentUI::Controller::TestModel::Baz=HASH(0x558a4b5fdbb8), ComponentUI=HASH(0x558a4b6096f0)) called at /opt/perl-5.30.2/lib/site_perl/5.30.2/Catalyst/Action.pm line 358
	Catalyst::Action::execute(Catalyst::Action=HASH(0x558a4b41c408), ComponentUI::Controller::TestModel::Baz=HASH(0x558a4b5fdbb8), ComponentUI=HASH(0x558a4b6096f0)) called at /opt/perl-5.30.2/lib/site_perl/5.30.2/Catalyst.pm line 2060
	eval {...} called at /opt/perl-5.30.2/lib/site_perl/5.30.2/Catalyst.pm line 2060
	Catalyst::execute(ComponentUI=HASH(0x558a4b6096f0), "ComponentUI::Controller::TestModel::Baz", Catalyst::Action=HASH(0x558a4b41c408)) called at /opt/perl-5.30.2/lib/site_perl/5.30.2/Catalyst/Action.pm line 353
	Catalyst::Action::dispatch(Catalyst::Action=HASH(0x558a4b41c408), ComponentUI=HASH(0x558a4b6096f0)) called at /opt/perl-5.30.2/lib/site_perl/5.30.2/Catalyst/Dispatcher.pm line 261
	Catalyst::Dispatcher::_do_forward(Catalyst::Dispatcher=HASH(0x558a4654c850), "forward", ComponentUI=HASH(0x558a4b6096f0), "/testmodel/baz/_DISPATCH") called at /opt/perl-5.30.2/lib/site_perl/5.30.2/Catalyst/Dispatcher.pm line 241
	Catalyst::Dispatcher::forward(Catalyst::Dispatcher=HASH(0x558a4654c850), ComponentUI=HASH(0x558a4b6096f0), "/testmodel/baz/_DISPATCH") called at /opt/perl-5.30.2/lib/site_perl/5.30.2/Catalyst.pm line 482
	Catalyst::forward(ComponentUI=HASH(0x558a4b6096f0), "/testmodel/baz/_DISPATCH") called at /opt/perl-5.30.2/lib/site_perl/5.30.2/Catalyst/Dispatcher.pm line 107
	Catalyst::Dispatcher::dispatch(Catalyst::Dispatcher=HASH(0x558a4654c850), ComponentUI=HASH(0x558a4b6096f0)) called at /opt/perl-5.30.2/lib/site_perl/5.30.2/Catalyst.pm line 2006
	Catalyst::dispatch(ComponentUI=HASH(0x558a4b6096f0)) called at /opt/perl-5.30.2/lib/site_perl/5.30.2/Catalyst/Plugin/Static/Simple.pm line 86
	Class::MOP::Class:::around(CODE(0x558a469db4a8), ComponentUI=HASH(0x558a4b6096f0)) called at /opt/perl-5.30.2/lib/site_perl/5.30.2/x86_64-linux/Class/MOP/Method/Wrapped.pm line 164
	ComponentUI::_wrapped_dispatch(ComponentUI=HASH(0x558a4b6096f0)) called at /opt/perl-5.30.2/lib/site_perl/5.30.2/x86_64-linux/Class/MOP/Method/Wrapped.pm line 95
	ComponentUI::dispatch(ComponentUI=HASH(0x558a4b6096f0)) called at /opt/perl-5.30.2/lib/site_perl/5.30.2/Catalyst.pm line 2412
	Catalyst::try {...} () called at /opt/perl-5.30.2/lib/site_perl/5.30.2/Try/Tiny.pm line 102
	eval {...} called at /opt/perl-5.30.2/lib/site_perl/5.30.2/Try/Tiny.pm line 93
	Try::Tiny::try(CODE(0x558a4b609060), Try::Tiny::Catch=REF(0x558a4b608e68)) called at /opt/perl-5.30.2/lib/site_perl/5.30.2/Catalyst.pm line 2421
	Catalyst::handle_request("ComponentUI", "env", HASH(0x558a4b622740), "response_cb", CODE(0x558a4b608ec8)) called at /opt/perl-5.30.2/lib/site_perl/5.30.2/Catalyst/Engine.pm line 807
	Catalyst::Engine::__ANON__(CODE(0x558a4b608ec8)) called at /opt/perl-5.30.2/lib/site_perl/5.30.2/Plack/Middleware/HTTPExceptions.pm line 32
	Plack::Middleware::HTTPExceptions::try {...} () called at /opt/perl-5.30.2/lib/site_perl/5.30.2/Try/Tiny.pm line 102
	eval {...} called at /opt/perl-5.30.2/lib/site_perl/5.30.2/Try/Tiny.pm line 93
	Try::Tiny::try(CODE(0x558a4b5fa2f8), Try::Tiny::Catch=REF(0x558a4b5f9b48)) called at /opt/perl-5.30.2/lib/site_perl/5.30.2/Plack/Middleware/HTTPExceptions.pm line 41
	Plack::Middleware::HTTPExceptions::__ANON__(CODE(0x558a4b622b60)) called at /opt/perl-5.30.2/lib/site_perl/5.30.2/Plack/Util.pm line 339
	Plack::Util::__ANON__(CODE(0x558a4b622698)) called at /opt/perl-5.30.2/lib/site_perl/5.30.2/Plack/Util.pm line 339
	Plack::Util::__ANON__(CODE(0x558a4b6225a8)) called at /opt/perl-5.30.2/lib/site_perl/5.30.2/Plack/Util.pm line 339
	Plack::Util::__ANON__(CODE(0x558a4b5f6aa0)) called at /opt/perl-5.30.2/lib/site_perl/5.30.2/HTTP/Message/PSGI.pm line 100
	HTTP::Message::PSGI::res_from_psgi(CODE(0x558a4b5fa0a0)) called at /opt/perl-5.30.2/lib/site_perl/5.30.2/HTTP/Message/PSGI.pm line 157
	HTTP::Response::from_psgi("HTTP::Response", CODE(0x558a4b5fa0a0)) called at /opt/perl-5.30.2/lib/site_perl/5.30.2/Plack/Test/MockHTTP.pm line 24
	Plack::Test::MockHTTP::try {...} () called at /opt/perl-5.30.2/lib/site_perl/5.30.2/Try/Tiny.pm line 100
	eval {...} called at /opt/perl-5.30.2/lib/site_perl/5.30.2/Try/Tiny.pm line 93
	Try::Tiny::try(CODE(0x558a4b4f5890), Try::Tiny::Catch=REF(0x558a4b410778)) called at /opt/perl-5.30.2/lib/site_perl/5.30.2/Plack/Test/MockHTTP.pm line 27
	Plack::Test::MockHTTP::request(Plack::Test::MockHTTP=HASH(0x558a4b5f6728), HTTP::Request=HASH(0x558a4b5b84c0)) called at /opt/perl-5.30.2/lib/site_perl/5.30.2/Plack/Test.pm line 38
	Plack::Test::__ANON__(HTTP::Request=HASH(0x558a4b5b84c0)) called at /opt/perl-5.30.2/lib/site_perl/5.30.2/Catalyst/Test.pm line 290
	Catalyst::Test::__ANON__(CODE(0x558a4b5f66b0)) called at /opt/perl-5.30.2/lib/site_perl/5.30.2/Plack/Test.pm line 38
	Plack::Test::test_psgi("mangle_response", CODE(0x558a45d685f8), "app", CODE(0x558a4b5c51f8), "app", CODE(0x558a4b5c5438), "client", CODE(0x558a4b5c54e0)) called at /opt/perl-5.30.2/lib/site_perl/5.30.2/Catalyst/Test.pm line 293
	Catalyst::Test::_request(HASH(0x558a4b5c4568), HTTP::Request=HASH(0x558a4b5b84c0)) called at /opt/perl-5.30.2/lib/site_perl/5.30.2/Catalyst/Test.pm line 336
	Catalyst::Test::_local_request("ComponentUI", HTTP::Request=HASH(0x558a4b5b84c0)) called at /opt/perl-5.30.2/lib/site_perl/5.30.2/Test/WWW/Mechanize/Catalyst.pm line 176
	Test::WWW::Mechanize::Catalyst::_do_catalyst_request(Test::WWW::Mechanize::Catalyst=HASH(0x558a4a1b4c58), HTTP::Request=HASH(0x558a4b5b84c0)) called at /opt/perl-5.30.2/lib/site_perl/5.30.2/Test/WWW/Mechanize/Catalyst.pm line 78
	Test::WWW::Mechanize::Catalyst::_make_request(Test::WWW::Mechanize::Catalyst=HASH(0x558a4a1b4c58), HTTP::Request=HASH(0x558a4b5b84c0)) called at /opt/perl-5.30.2/lib/site_perl/5.30.2/WWW/Mechanize.pm line 1333
	WWW::Mechanize::request(Test::WWW::Mechanize::Catalyst=HASH(0x558a4a1b4c58), HTTP::Request=HASH(0x558a4b5b84c0)) called at /opt/perl-5.30.2/lib/site_perl/5.30.2/LWP/UserAgent.pm line 446
	LWP::UserAgent::get(Test::WWW::Mechanize::Catalyst=HASH(0x558a4a1b4c58), "http://localhost/testmodel/baz/id/1/update") called at /opt/perl-5.30.2/lib/site_perl/5.30.2/WWW/Mechanize.pm line 124
	WWW::Mechanize::get(Test::WWW::Mechanize::Catalyst=HASH(0x558a4a1b4c58), "http://localhost/testmodel/baz/id/1/update") called at /opt/perl-5.30.2/lib/site_perl/5.30.2/Test/WWW/Mechanize.pm line 179
	Test::WWW::Mechanize::get_ok(Test::WWW::Mechanize::Catalyst=HASH(0x558a4a1b4c58), "http://localhost/testmodel/baz/id/1/update") called at t/uncheck_bool_field.t line 9
Class::MOP::is_class_loaded is deprecated at /opt/perl-5.30.2/lib/site_perl/5.30.2/x86_64-linux/Class/MOP.pm line 87.
	Class::MOP::is_class_loaded("ComponentUI::UI::Widget::SiteLayout") called at /home/cpansand/.cpan/build/2022030511/Reaction-0.002005-2/blib/lib/Reaction/UI/Skin.pm line 178
	Reaction::UI::Skin::widget_class_for(Reaction::UI::Skin=HASH(0x558a4ba9b690), Reaction::UI::LayoutSet::TT=HASH(0x558a4bb07d70)) called at /home/cpansand/.cpan/build/2022030511/Reaction-0.002005-2/blib/lib/Reaction/UI/LayoutSet.pm line 29
	Reaction::UI::LayoutSet::BUILD(Reaction::UI::LayoutSet::TT=HASH(0x558a4bb07d70), HASH(0x558a4bb07d58)) called at constructor Reaction::UI::LayoutSet::TT::new (defined at /home/cpansand/.cpan/build/2022030511/Reaction-0.002005-2/blib/lib/Reaction/UI/LayoutSet/TT.pm line 43) line 80
	Reaction::UI::LayoutSet::TT::new("Reaction::UI::LayoutSet::TT", "name", "site_layout", "skin", Reaction::UI::Skin=HASH(0x558a4ba9b690), "tt_object", Template=HASH(0x558a4ad47190), "source_file", ...) called at /home/cpansand/.cpan/build/2022030511/Reaction-0.002005-2/blib/lib/Reaction/UI/Skin.pm line 115
	Reaction::UI::Skin::_create_layout_set(Reaction::UI::Skin=HASH(0x558a4ba9b690), "site_layout", ARRAY(0x558a4baea590), Reaction::UI::Skin=HASH(0x558a4ba9b690)) called at /home/cpansand/.cpan/build/2022030511/Reaction-0.002005-2/blib/lib/Reaction/UI/Skin.pm line 110
	Reaction::UI::Skin::create_layout_set(Reaction::UI::Skin=HASH(0x558a4ba9b690), "site_layout") called at /home/cpansand/.cpan/build/2022030511/Reaction-0.002005-2/blib/lib/Reaction/UI/LayoutSet.pm line 83
	Reaction::UI::LayoutSet::_load_file(Reaction::UI::LayoutSet::TT=HASH(0x558a4bae0ab8), Path::Class::File=HASH(0x558a4ba7f638), HASH(0x558a4bade1f8)) called at /home/cpansand/.cpan/build/2022030511/Reaction-0.002005-2/blib/lib/Reaction/UI/LayoutSet.pm line 27
	Reaction::UI::LayoutSet::BUILD(Reaction::UI::LayoutSet::TT=HASH(0x558a4bae0ab8), HASH(0x558a4bade1f8)) called at constructor Reaction::UI::LayoutSet::TT::new (defined at /home/cpansand/.cpan/build/2022030511/Reaction-0.002005-2/blib/lib/Reaction/UI/LayoutSet/TT.pm line 43) line 80
	Reaction::UI::LayoutSet::TT::new("Reaction::UI::LayoutSet::TT", "name", "site_layout", "skin", Reaction::UI::Skin=HASH(0x558a4ba9ae20), "next_skin", Reaction::UI::Skin=HASH(0x558a4ba9b690), "tt_object", ...) called at /home/cpansand/.cpan/build/2022030511/Reaction-0.002005-2/blib/lib/Reaction/UI/Skin.pm line 115
	Reaction::UI::Skin::_create_layout_set(Reaction::UI::Skin=HASH(0x558a4ba9ae20), "site_layout", ARRAY(0x558a4ba7f668), Reaction::UI::Skin=HASH(0x558a4ba9ae20)) called at /home/cpansand/.cpan/build/2022030511/Reaction-0.002005-2/blib/lib/Reaction/UI/Skin.pm line 110
	Reaction::UI::Skin::create_layout_set(Reaction::UI::Skin=HASH(0x558a4ba9ae20), "site_layout") called at /home/cpansand/.cpan/build/2022030511/Reaction-0.002005-2/blib/lib/Reaction/UI/LayoutSet.pm line 83
	Reaction::UI::LayoutSet::_load_file(Reaction::UI::LayoutSet::TT=HASH(0x558a4ba852d8), Path::Class::File=HASH(0x558a4ba74068), HASH(0x558a4ba3dc10)) called at /home/cpansand/.cpan/build/2022030511/Reaction-0.002005-2/blib/lib/Reaction/UI/LayoutSet.pm line 27
	Reaction::UI::LayoutSet::BUILD(Reaction::UI::LayoutSet::TT=HASH(0x558a4ba852d8), HASH(0x558a4ba3dc10)) called at constructor Reaction::UI::LayoutSet::TT::new (defined at /home/cpansand/.cpan/build/2022030511/Reaction-0.002005-2/blib/lib/Reaction/UI/LayoutSet/TT.pm line 43) line 80
	Reaction::UI::LayoutSet::TT::new("Reaction::UI::LayoutSet::TT", "name", "site_layout", "skin", Reaction::UI::Skin=HASH(0x558a4bad12e8), "next_skin", Reaction::UI::Skin=HASH(0x558a4ba9ae20), "tt_object", ...) called at /home/cpansand/.cpan/build/2022030511/Reaction-0.002005-2/blib/lib/Reaction/UI/Skin.pm line 115
	Reaction::UI::Skin::_create_layout_set(Reaction::UI::Skin=HASH(0x558a4bad12e8), "site_layout", ARRAY(0x558a4ba9ac10), Reaction::UI::Skin=HASH(0x558a4bad12e8)) called at /home/cpansand/.cpan/build/2022030511/Reaction-0.002005-2/blib/lib/Reaction/UI/Skin.pm line 110
	Reaction::UI::Skin::create_layout_set(Reaction::UI::Skin=HASH(0x558a4bad12e8), "site_layout") called at inline delegation in Reaction::UI::View for skin->create_layout_set (attribute declared in /home/cpansand/.cpan/build/2022030511/Reaction-0.002005-2/blib/lib/Reaction/UI/View.pm at line 22) line 18
	Reaction::UI::View::create_layout_set(ComponentUI::View::Site=HASH(0x558a47bd08c8), "site_layout") called at /home/cpansand/.cpan/build/2022030511/Reaction-0.002005-2/blib/lib/Reaction/UI/View.pm line 99
	Reaction::UI::View::layout_set_for(ComponentUI::View::Site=HASH(0x558a47bd08c8), Reaction::UI::ViewPort::SiteLayout=HASH(0x558a4b636cd0)) called at /home/cpansand/.cpan/build/2022030511/Reaction-0.002005-2/blib/lib/Reaction/UI/View.pm line 78
	Reaction::UI::View::render_viewport_args(ComponentUI::View::Site=HASH(0x558a47bd08c8), Reaction::UI::ViewPort::SiteLayout=HASH(0x558a4b636cd0)) called at /home/cpansand/.cpan/build/2022030511/Reaction-0.002005-2/blib/lib/Reaction/UI/View.pm line 61
	Reaction::UI::View::render_window(ComponentUI::View::Site=HASH(0x558a47bd08c8), Reaction::UI::Window=HASH(0x558a4b636598)) called at /home/cpansand/.cpan/build/2022030511/Reaction-0.002005-2/blib/lib/Reaction/UI/Window.pm line 74
	Reaction::UI::Window::flush_view(Reaction::UI::Window=HASH(0x558a4b636598)) called at /home/cpansand/.cpan/build/2022030511/Reaction-0.002005-2/blib/lib/Reaction/UI/Window.pm line 36
	Reaction::UI::Window::flush(Reaction::UI::Window=HASH(0x558a4b636598)) called at /home/cpansand/.cpan/build/2022030511/Reaction-0.002005-2/blib/lib/Reaction/UI/Controller/Root.pm line 38
	Reaction::UI::Controller::Root::end(ComponentUI::Controller::Root=HASH(0x558a4b636610), ComponentUI=HASH(0x558a4b6096f0)) called at /opt/perl-5.30.2/lib/site_perl/5.30.2/Catalyst/Action.pm line 358
	Catalyst::Action::execute(Catalyst::Action=HASH(0x558a4b380678), ComponentUI::Controller::Root=HASH(0x558a4b636610), ComponentUI=HASH(0x558a4b6096f0)) called at /opt/perl-5.30.2/lib/site_perl/5.30.2/Catalyst.pm line 2060
	eval {...} called at /opt/perl-5.30.2/lib/site_perl/5.30.2/Catalyst.pm line 2060
	Catalyst::execute(ComponentUI=HASH(0x558a4b6096f0), "ComponentUI::Controller::Root", Catalyst::Action=HASH(0x558a4b380678)) called at /opt/perl-5.30.2/lib/site_perl/5.30.2/Catalyst/Action.pm line 353
	Catalyst::Action::dispatch(Catalyst::Action=HASH(0x558a4b380678), ComponentUI=HASH(0x558a4b6096f0)) called at /opt/perl-5.30.2/lib/site_perl/5.30.2/Catalyst/Controller.pm line 188
	Catalyst::Controller::_END(ComponentUI::Controller::TestModel::Baz=HASH(0x558a4b5fdbb8), ComponentUI=HASH(0x558a4b6096f0)) called at /opt/perl-5.30.2/lib/site_perl/5.30.2/Catalyst/Action.pm line 358
	Catalyst::Action::execute(Catalyst::Action=HASH(0x558a4b423940), ComponentUI::Controller::TestModel::Baz=HASH(0x558a4b5fdbb8), ComponentUI=HASH(0x558a4b6096f0)) called at /opt/perl-5.30.2/lib/site_perl/5.30.2/Catalyst.pm line 2060
	eval {...} called at /opt/perl-5.30.2/lib/site_perl/5.30.2/Catalyst.pm line 2060
	Catalyst::execute(ComponentUI=HASH(0x558a4b6096f0), "ComponentUI::Controller::TestModel::Baz", Catalyst::Action=HASH(0x558a4b423940)) called at /opt/perl-5.30.2/lib/site_perl/5.30.2/Catalyst/Action.pm line 353
	Catalyst::Action::dispatch(Catalyst::Action=HASH(0x558a4b423940), ComponentUI=HASH(0x558a4b6096f0)) called at /opt/perl-5.30.2/lib/site_perl/5.30.2/Catalyst/Dispatcher.pm line 261
	Catalyst::Dispatcher::_do_forward(Catalyst::Dispatcher=HASH(0x558a4654c850), "forward", ComponentUI=HASH(0x558a4b6096f0), "_END") called at /opt/perl-5.30.2/lib/site_perl/5.30.2/Catalyst/Dispatcher.pm line 241
	Catalyst::Dispatcher::forward(Catalyst::Dispatcher=HASH(0x558a4654c850), ComponentUI=HASH(0x558a4b6096f0), "_END") called at /opt/perl-5.30.2/lib/site_perl/5.30.2/Catalyst.pm line 482
	Catalyst::forward(ComponentUI=HASH(0x558a4b6096f0), "_END") called at /opt/perl-5.30.2/lib/site_perl/5.30.2/Catalyst/Controller.pm line 137
	Catalyst::Controller::_DISPATCH(ComponentUI::Controller::TestModel::Baz=HASH(0x558a4b5fdbb8), ComponentUI=HASH(0x558a4b6096f0)) called at /opt/perl-5.30.2/lib/site_perl/5.30.2/Catalyst/Action.pm line 358
	Catalyst::Action::execute(Catalyst::Action=HASH(0x558a4b41c408), ComponentUI::Controller::TestModel::Baz=HASH(0x558a4b5fdbb8), ComponentUI=HASH(0x558a4b6096f0)) called at /opt/perl-5.30.2/lib/site_perl/5.30.2/Catalyst.pm line 2060
	eval {...} called at /opt/perl-5.30.2/lib/site_perl/5.30.2/Catalyst.pm line 2060
	Catalyst::execute(ComponentUI=HASH(0x558a4b6096f0), "ComponentUI::Controller::TestModel::Baz", Catalyst::Action=HASH(0x558a4b41c408)) called at /opt/perl-5.30.2/lib/site_perl/5.30.2/Catalyst/Action.pm line 353
	Catalyst::Action::dispatch(Catalyst::Action=HASH(0x558a4b41c408), ComponentUI=HASH(0x558a4b6096f0)) called at /opt/perl-5.30.2/lib/site_perl/5.30.2/Catalyst/Dispatcher.pm line 261
	Catalyst::Dispatcher::_do_forward(Catalyst::Dispatcher=HASH(0x558a4654c850), "forward", ComponentUI=HASH(0x558a4b6096f0), "/testmodel/baz/_DISPATCH") called at /opt/perl-5.30.2/lib/site_perl/5.30.2/Catalyst/Dispatcher.pm line 241
	Catalyst::Dispatcher::forward(Catalyst::Dispatcher=HASH(0x558a4654c850), ComponentUI=HASH(0x558a4b6096f0), "/testmodel/baz/_DISPATCH") called at /opt/perl-5.30.2/lib/site_perl/5.30.2/Catalyst.pm line 482
	Catalyst::forward(ComponentUI=HASH(0x558a4b6096f0), "/testmodel/baz/_DISPATCH") called at /opt/perl-5.30.2/lib/site_perl/5.30.2/Catalyst/Dispatcher.pm line 107
	Catalyst::Dispatcher::dispatch(Catalyst::Dispatcher=HASH(0x558a4654c850), ComponentUI=HASH(0x558a4b6096f0)) called at /opt/perl-5.30.2/lib/site_perl/5.30.2/Catalyst.pm line 2006
	Catalyst::dispatch(ComponentUI=HASH(0x558a4b6096f0)) called at /opt/perl-5.30.2/lib/site_perl/5.30.2/Catalyst/Plugin/Static/Simple.pm line 86
	Class::MOP::Class:::around(CODE(0x558a469db4a8), ComponentUI=HASH(0x558a4b6096f0)) called at /opt/perl-5.30.2/lib/site_perl/5.30.2/x86_64-linux/Class/MOP/Method/Wrapped.pm line 164
	ComponentUI::_wrapped_dispatch(ComponentUI=HASH(0x558a4b6096f0)) called at /opt/perl-5.30.2/lib/site_perl/5.30.2/x86_64-linux/Class/MOP/Method/Wrapped.pm line 95
	ComponentUI::dispatch(ComponentUI=HASH(0x558a4b6096f0)) called at /opt/perl-5.30.2/lib/site_perl/5.30.2/Catalyst.pm line 2412
	Catalyst::try {...} () called at /opt/perl-5.30.2/lib/site_perl/5.30.2/Try/Tiny.pm line 102
	eval {...} called at /opt/perl-5.30.2/lib/site_perl/5.30.2/Try/Tiny.pm line 93
	Try::Tiny::try(CODE(0x558a4b609060), Try::Tiny::Catch=REF(0x558a4b608e68)) called at /opt/perl-5.30.2/lib/site_perl/5.30.2/Catalyst.pm line 2421
	Catalyst::handle_request("ComponentUI", "env", HASH(0x558a4b622740), "response_cb", CODE(0x558a4b608ec8)) called at /opt/perl-5.30.2/lib/site_perl/5.30.2/Catalyst/Engine.pm line 807
	Catalyst::Engine::__ANON__(CODE(0x558a4b608ec8)) called at /opt/perl-5.30.2/lib/site_perl/5.30.2/Plack/Middleware/HTTPExceptions.pm line 32
	Plack::Middleware::HTTPExceptions::try {...} () called at /opt/perl-5.30.2/lib/site_perl/5.30.2/Try/Tiny.pm line 102
	eval {...} called at /opt/perl-5.30.2/lib/site_perl/5.30.2/Try/Tiny.pm line 93
	Try::Tiny::try(CODE(0x558a4b5fa2f8), Try::Tiny::Catch=REF(0x558a4b5f9b48)) called at /opt/perl-5.30.2/lib/site_perl/5.30.2/Plack/Middleware/HTTPExceptions.pm line 41
	Plack::Middleware::HTTPExceptions::__ANON__(CODE(0x558a4b622b60)) called at /opt/perl-5.30.2/lib/site_perl/5.30.2/Plack/Util.pm line 339
	Plack::Util::__ANON__(CODE(0x558a4b622698)) called at /opt/perl-5.30.2/lib/site_perl/5.30.2/Plack/Util.pm line 339
	Plack::Util::__ANON__(CODE(0x558a4b6225a8)) called at /opt/perl-5.30.2/lib/site_perl/5.30.2/Plack/Util.pm line 339
	Plack::Util::__ANON__(CODE(0x558a4b5f6aa0)) called at /opt/perl-5.30.2/lib/site_perl/5.30.2/HTTP/Message/PSGI.pm line 100
	HTTP::Message::PSGI::res_from_psgi(CODE(0x558a4b5fa0a0)) called at /opt/perl-5.30.2/lib/site_perl/5.30.2/HTTP/Message/PSGI.pm line 157
	HTTP::Response::from_psgi("HTTP::Response", CODE(0x558a4b5fa0a0)) called at /opt/perl-5.30.2/lib/site_perl/5.30.2/Plack/Test/MockHTTP.pm line 24
	Plack::Test::MockHTTP::try {...} () called at /opt/perl-5.30.2/lib/site_perl/5.30.2/Try/Tiny.pm line 100
	eval {...} called at /opt/perl-5.30.2/lib/site_perl/5.30.2/Try/Tiny.pm line 93
	Try::Tiny::try(CODE(0x558a4b4f5890), Try::Tiny::Catch=REF(0x558a4b410778)) called at /opt/perl-5.30.2/lib/site_perl/5.30.2/Plack/Test/MockHTTP.pm line 27
	Plack::Test::MockHTTP::request(Plack::Test::MockHTTP=HASH(0x558a4b5f6728), HTTP::Request=HASH(0x558a4b5b84c0)) called at /opt/perl-5.30.2/lib/site_perl/5.30.2/Plack/Test.pm line 38
	Plack::Test::__ANON__(HTTP::Request=HASH(0x558a4b5b84c0)) called at /opt/perl-5.30.2/lib/site_perl/5.30.2/Catalyst/Test.pm line 290
	Catalyst::Test::__ANON__(CODE(0x558a4b5f66b0)) called at /opt/perl-5.30.2/lib/site_perl/5.30.2/Plack/Test.pm line 38
	Plack::Test::test_psgi("mangle_response", CODE(0x558a45d685f8), "app", CODE(0x558a4b5c51f8), "app", CODE(0x558a4b5c5438), "client", CODE(0x558a4b5c54e0)) called at /opt/perl-5.30.2/lib/site_perl/5.30.2/Catalyst/Test.pm line 293
	Catalyst::Test::_request(HASH(0x558a4b5c4568), HTTP::Request=HASH(0x558a4b5b84c0)) called at /opt/perl-5.30.2/lib/site_perl/5.30.2/Catalyst/Test.pm line 336
	Catalyst::Test::_local_request("ComponentUI", HTTP::Request=HASH(0x558a4b5b84c0)) called at /opt/perl-5.30.2/lib/site_perl/5.30.2/Test/WWW/Mechanize/Catalyst.pm line 176
	Test::WWW::Mechanize::Catalyst::_do_catalyst_request(Test::WWW::Mechanize::Catalyst=HASH(0x558a4a1b4c58), HTTP::Request=HASH(0x558a4b5b84c0)) called at /opt/perl-5.30.2/lib/site_perl/5.30.2/Test/WWW/Mechanize/Catalyst.pm line 78
	Test::WWW::Mechanize::Catalyst::_make_request(Test::WWW::Mechanize::Catalyst=HASH(0x558a4a1b4c58), HTTP::Request=HASH(0x558a4b5b84c0)) called at /opt/perl-5.30.2/lib/site_perl/5.30.2/WWW/Mechanize.pm line 1333
	WWW::Mechanize::request(Test::WWW::Mechanize::Catalyst=HASH(0x558a4a1b4c58), HTTP::Request=HASH(0x558a4b5b84c0)) called at /opt/perl-5.30.2/lib/site_perl/5.30.2/LWP/UserAgent.pm line 446
	LWP::UserAgent::get(Test::WWW::Mechanize::Catalyst=HASH(0x558a4a1b4c58), "http://localhost/testmodel/baz/id/1/update") called at /opt/perl-5.30.2/lib/site_perl/5.30.2/WWW/Mechanize.pm line 124
	WWW::Mechanize::get(Test::WWW::Mechanize::Catalyst=HASH(0x558a4a1b4c58), "http://localhost/testmodel/baz/id/1/update") called at /opt/perl-5.30.2/lib/site_perl/5.30.2/Test/WWW/Mechanize.pm line 179
	Test::WWW::Mechanize::get_ok(Test::WWW::Mechanize::Catalyst=HASH(0x558a4a1b4c58), "http://localhost/testmodel/baz/id/1/update") called at t/uncheck_bool_field.t line 9
Class::MOP::load_class is deprecated at /opt/perl-5.30.2/lib/site_perl/5.30.2/x86_64-linux/Class/MOP.pm line 69.
	Class::MOP::load_class("Reaction::UI::Widget::SiteLayout") called at /home/cpansand/.cpan/build/2022030511/Reaction-0.002005-2/blib/lib/Reaction/UI/Skin.pm line 181
	eval {...} called at /home/cpansand/.cpan/build/2022030511/Reaction-0.002005-2/blib/lib/Reaction/UI/Skin.pm line 181
	Reaction::UI::Skin::widget_class_for(Reaction::UI::Skin=HASH(0x558a4ba9b690), Reaction::UI::LayoutSet::TT=HASH(0x558a4bb07d70)) called at /home/cpansand/.cpan/build/2022030511/Reaction-0.002005-2/blib/lib/Reaction/UI/LayoutSet.pm line 29
	Reaction::UI::LayoutSet::BUILD(Reaction::UI::LayoutSet::TT=HASH(0x558a4bb07d70), HASH(0x558a4bb07d58)) called at constructor Reaction::UI::LayoutSet::TT::new (defined at /home/cpansand/.cpan/build/2022030511/Reaction-0.002005-2/blib/lib/Reaction/UI/LayoutSet/TT.pm line 43) line 80
	Reaction::UI::LayoutSet::TT::new("Reaction::UI::LayoutSet::TT", "name", "site_layout", "skin", Reaction::UI::Skin=HASH(0x558a4ba9b690), "tt_object", Template=HASH(0x558a4ad47190), "source_file", ...) called at /home/cpansand/.cpan/build/2022030511/Reaction-0.002005-2/blib/lib/Reaction/UI/Skin.pm line 115
	Reaction::UI::Skin::_create_layout_set(Reaction::UI::Skin=HASH(0x558a4ba9b690), "site_layout", ARRAY(0x558a4baea590), Reaction::UI::Skin=HASH(0x558a4ba9b690)) called at /home/cpansand/.cpan/build/2022030511/Reaction-0.002005-2/blib/lib/Reaction/UI/Skin.pm line 110
	Reaction::UI::Skin::create_layout_set(Reaction::UI::Skin=HASH(0x558a4ba9b690), "site_layout") called at /home/cpansand/.cpan/build/2022030511/Reaction-0.002005-2/blib/lib/Reaction/UI/LayoutSet.pm line 83
	Reaction::UI::LayoutSet::_load_file(Reaction::UI::LayoutSet::TT=HASH(0x558a4bae0ab8), Path::Class::File=HASH(0x558a4ba7f638), HASH(0x558a4bade1f8)) called at /home/cpansand/.cpan/build/2022030511/Reaction-0.002005-2/blib/lib/Reaction/UI/LayoutSet.pm line 27
	Reaction::UI::LayoutSet::BUILD(Reaction::UI::LayoutSet::TT=HASH(0x558a4bae0ab8), HASH(0x558a4bade1f8)) called at constructor Reaction::UI::LayoutSet::TT::new (defined at /home/cpansand/.cpan/build/2022030511/Reaction-0.002005-2/blib/lib/Reaction/UI/LayoutSet/TT.pm line 43) line 80
	Reaction::UI::LayoutSet::TT::new("Reaction::UI::LayoutSet::TT", "name", "site_layout", "skin", Reaction::UI::Skin=HASH(0x558a4ba9ae20), "next_skin", Reaction::UI::Skin=HASH(0x558a4ba9b690), "tt_object", ...) called at /home/cpansand/.cpan/build/2022030511/Reaction-0.002005-2/blib/lib/Reaction/UI/Skin.pm line 115
	Reaction::UI::Skin::_create_layout_set(Reaction::UI::Skin=HASH(0x558a4ba9ae20), "site_layout", ARRAY(0x558a4ba7f668), Reaction::UI::Skin=HASH(0x558a4ba9ae20)) called at /home/cpansand/.cpan/build/2022030511/Reaction-0.002005-2/blib/lib/Reaction/UI/Skin.pm line 110
	Reaction::UI::Skin::create_layout_set(Reaction::UI::Skin=HASH(0x558a4ba9ae20), "site_layout") called at /home/cpansand/.cpan/build/2022030511/Reaction-0.002005-2/blib/lib/Reaction/UI/LayoutSet.pm line 83
	Reaction::UI::LayoutSet::_load_file(Reaction::UI::LayoutSet::TT=HASH(0x558a4ba852d8), Path::Class::File=HASH(0x558a4ba74068), HASH(0x558a4ba3dc10)) called at /home/cpansand/.cpan/build/2022030511/Reaction-0.002005-2/blib/lib/Reaction/UI/LayoutSet.pm line 27
	Reaction::UI::LayoutSet::BUILD(Reaction::UI::LayoutSet::TT=HASH(0x558a4ba852d8), HASH(0x558a4ba3dc10)) called at constructor Reaction::UI::LayoutSet::TT::new (defined at /home/cpansand/.cpan/build/2022030511/Reaction-0.002005-2/blib/lib/Reaction/UI/LayoutSet/TT.pm line 43) line 80
	Reaction::UI::LayoutSet::TT::new("Reaction::UI::LayoutSet::TT", "name", "site_layout", "skin", Reaction::UI::Skin=HASH(0x558a4bad12e8), "next_skin", Reaction::UI::Skin=HASH(0x558a4ba9ae20), "tt_object", ...) called at /home/cpansand/.cpan/build/2022030511/Reaction-0.002005-2/blib/lib/Reaction/UI/Skin.pm line 115
	Reaction::UI::Skin::_create_layout_set(Reaction::UI::Skin=HASH(0x558a4bad12e8), "site_layout", ARRAY(0x558a4ba9ac10), Reaction::UI::Skin=HASH(0x558a4bad12e8)) called at /home/cpansand/.cpan/build/2022030511/Reaction-0.002005-2/blib/lib/Reaction/UI/Skin.pm line 110
	Reaction::UI::Skin::create_layout_set(Reaction::UI::Skin=HASH(0x558a4bad12e8), "site_layout") called at inline delegation in Reaction::UI::View for skin->create_layout_set (attribute declared in /home/cpansand/.cpan/build/2022030511/Reaction-0.002005-2/blib/lib/Reaction/UI/View.pm at line 22) line 18
	Reaction::UI::View::create_layout_set(ComponentUI::View::Site=HASH(0x558a47bd08c8), "site_layout") called at /home/cpansand/.cpan/build/2022030511/Reaction-0.002005-2/blib/lib/Reaction/UI/View.pm line 99
	Reaction::UI::View::layout_set_for(ComponentUI::View::Site=HASH(0x558a47bd08c8), Reaction::UI::ViewPort::SiteLayout=HASH(0x558a4b636cd0)) called at /home/cpansand/.cpan/build/2022030511/Reaction-0.002005-2/blib/lib/Reaction/UI/View.pm line 78
	Reaction::UI::View::render_viewport_args(ComponentUI::View::Site=HASH(0x558a47bd08c8), Reaction::UI::ViewPort::SiteLayout=HASH(0x558a4b636cd0)) called at /home/cpansand/.cpan/build/2022030511/Reaction-0.002005-2/blib/lib/Reaction/UI/View.pm line 61
	Reaction::UI::View::render_window(ComponentUI::View::Site=HASH(0x558a47bd08c8), Reaction::UI::Window=HASH(0x558a4b636598)) called at /home/cpansand/.cpan/build/2022030511/Reaction-0.002005-2/blib/lib/Reaction/UI/Window.pm line 74
	Reaction::UI::Window::flush_view(Reaction::UI::Window=HASH(0x558a4b636598)) called at /home/cpansand/.cpan/build/2022030511/Reaction-0.002005-2/blib/lib/Reaction/UI/Window.pm line 36
	Reaction::UI::Window::flush(Reaction::UI::Window=HASH(0x558a4b636598)) called at /home/cpansand/.cpan/build/2022030511/Reaction-0.002005-2/blib/lib/Reaction/UI/Controller/Root.pm line 38
	Reaction::UI::Controller::Root::end(ComponentUI::Controller::Root=HASH(0x558a4b636610), ComponentUI=HASH(0x558a4b6096f0)) called at /opt/perl-5.30.2/lib/site_perl/5.30.2/Catalyst/Action.pm line 358
	Catalyst::Action::execute(Catalyst::Action=HASH(0x558a4b380678), ComponentUI::Controller::Root=HASH(0x558a4b636610), ComponentUI=HASH(0x558a4b6096f0)) called at /opt/perl-5.30.2/lib/site_perl/5.30.2/Catalyst.pm line 2060
	eval {...} called at /opt/perl-5.30.2/lib/site_perl/5.30.2/Catalyst.pm line 2060
	Catalyst::execute(ComponentUI=HASH(0x558a4b6096f0), "ComponentUI::Controller::Root", Catalyst::Action=HASH(0x558a4b380678)) called at /opt/perl-5.30.2/lib/site_perl/5.30.2/Catalyst/Action.pm line 353
	Catalyst::Action::dispatch(Catalyst::Action=HASH(0x558a4b380678), ComponentUI=HASH(0x558a4b6096f0)) called at /opt/perl-5.30.2/lib/site_perl/5.30.2/Catalyst/Controller.pm line 188
	Catalyst::Controller::_END(ComponentUI::Controller::TestModel::Baz=HASH(0x558a4b5fdbb8), ComponentUI=HASH(0x558a4b6096f0)) called at /opt/perl-5.30.2/lib/site_perl/5.30.2/Catalyst/Action.pm line 358
	Catalyst::Action::execute(Catalyst::Action=HASH(0x558a4b423940), ComponentUI::Controller::TestModel::Baz=HASH(0x558a4b5fdbb8), ComponentUI=HASH(0x558a4b6096f0)) called at /opt/perl-5.30.2/lib/site_perl/5.30.2/Catalyst.pm line 2060
	eval {...} called at /opt/perl-5.30.2/lib/site_perl/5.30.2/Catalyst.pm line 2060
	Catalyst::execute(ComponentUI=HASH(0x558a4b6096f0), "ComponentUI::Controller::TestModel::Baz", Catalyst::Action=HASH(0x558a4b423940)) called at /opt/perl-5.30.2/lib/site_perl/5.30.2/Catalyst/Action.pm line 353
	Catalyst::Action::dispatch(Catalyst::Action=HASH(0x558a4b423940), ComponentUI=HASH(0x558a4b6096f0)) called at /opt/perl-5.30.2/lib/site_perl/5.30.2/Catalyst/Dispatcher.pm line 261
	Catalyst::Dispatcher::_do_forward(Catalyst::Dispatcher=HASH(0x558a4654c850), "forward", ComponentUI=HASH(0x558a4b6096f0), "_END") called at /opt/perl-5.30.2/lib/site_perl/5.30.2/Catalyst/Dispatcher.pm line 241
	Catalyst::Dispatcher::forward(Catalyst::Dispatcher=HASH(0x558a4654c850), ComponentUI=HASH(0x558a4b6096f0), "_END") called at /opt/perl-5.30.2/lib/site_perl/5.30.2/Catalyst.pm line 482
	Catalyst::forward(ComponentUI=HASH(0x558a4b6096f0), "_END") called at /opt/perl-5.30.2/lib/site_perl/5.30.2/Catalyst/Controller.pm line 137
	Catalyst::Controller::_DISPATCH(ComponentUI::Controller::TestModel::Baz=HASH(0x558a4b5fdbb8), ComponentUI=HASH(0x558a4b6096f0)) called at /opt/perl-5.30.2/lib/site_perl/5.30.2/Catalyst/Action.pm line 358
	Catalyst::Action::execute(Catalyst::Action=HASH(0x558a4b41c408), ComponentUI::Controller::TestModel::Baz=HASH(0x558a4b5fdbb8), ComponentUI=HASH(0x558a4b6096f0)) called at /opt/perl-5.30.2/lib/site_perl/5.30.2/Catalyst.pm line 2060
	eval {...} called at /opt/perl-5.30.2/lib/site_perl/5.30.2/Catalyst.pm line 2060
	Catalyst::execute(ComponentUI=HASH(0x558a4b6096f0), "ComponentUI::Controller::TestModel::Baz", Catalyst::Action=HASH(0x558a4b41c408)) called at /opt/perl-5.30.2/lib/site_perl/5.30.2/Catalyst/Action.pm line 353
	Catalyst::Action::dispatch(Catalyst::Action=HASH(0x558a4b41c408), ComponentUI=HASH(0x558a4b6096f0)) called at /opt/perl-5.30.2/lib/site_perl/5.30.2/Catalyst/Dispatcher.pm line 261
	Catalyst::Dispatcher::_do_forward(Catalyst::Dispatcher=HASH(0x558a4654c850), "forward", ComponentUI=HASH(0x558a4b6096f0), "/testmodel/baz/_DISPATCH") called at /opt/perl-5.30.2/lib/site_perl/5.30.2/Catalyst/Dispatcher.pm line 241
	Catalyst::Dispatcher::forward(Catalyst::Dispatcher=HASH(0x558a4654c850), ComponentUI=HASH(0x558a4b6096f0), "/testmodel/baz/_DISPATCH") called at /opt/perl-5.30.2/lib/site_perl/5.30.2/Catalyst.pm line 482
	Catalyst::forward(ComponentUI=HASH(0x558a4b6096f0), "/testmodel/baz/_DISPATCH") called at /opt/perl-5.30.2/lib/site_perl/5.30.2/Catalyst/Dispatcher.pm line 107
	Catalyst::Dispatcher::dispatch(Catalyst::Dispatcher=HASH(0x558a4654c850), ComponentUI=HASH(0x558a4b6096f0)) called at /opt/perl-5.30.2/lib/site_perl/5.30.2/Catalyst.pm line 2006
	Catalyst::dispatch(ComponentUI=HASH(0x558a4b6096f0)) called at /opt/perl-5.30.2/lib/site_perl/5.30.2/Catalyst/Plugin/Static/Simple.pm line 86
	Class::MOP::Class:::around(CODE(0x558a469db4a8), ComponentUI=HASH(0x558a4b6096f0)) called at /opt/perl-5.30.2/lib/site_perl/5.30.2/x86_64-linux/Class/MOP/Method/Wrapped.pm line 164
	ComponentUI::_wrapped_dispatch(ComponentUI=HASH(0x558a4b6096f0)) called at /opt/perl-5.30.2/lib/site_perl/5.30.2/x86_64-linux/Class/MOP/Method/Wrapped.pm line 95
	ComponentUI::dispatch(ComponentUI=HASH(0x558a4b6096f0)) called at /opt/perl-5.30.2/lib/site_perl/5.30.2/Catalyst.pm line 2412
	Catalyst::try {...} () called at /opt/perl-5.30.2/lib/site_perl/5.30.2/Try/Tiny.pm line 102
	eval {...} called at /opt/perl-5.30.2/lib/site_perl/5.30.2/Try/Tiny.pm line 93
	Try::Tiny::try(CODE(0x558a4b609060), Try::Tiny::Catch=REF(0x558a4b608e68)) called at /opt/perl-5.30.2/lib/site_perl/5.30.2/Catalyst.pm line 2421
	Catalyst::handle_request("ComponentUI", "env", HASH(0x558a4b622740), "response_cb", CODE(0x558a4b608ec8)) called at /opt/perl-5.30.2/lib/site_perl/5.30.2/Catalyst/Engine.pm line 807
	Catalyst::Engine::__ANON__(CODE(0x558a4b608ec8)) called at /opt/perl-5.30.2/lib/site_perl/5.30.2/Plack/Middleware/HTTPExceptions.pm line 32
	Plack::Middleware::HTTPExceptions::try {...} () called at /opt/perl-5.30.2/lib/site_perl/5.30.2/Try/Tiny.pm line 102
	eval {...} called at /opt/perl-5.30.2/lib/site_perl/5.30.2/Try/Tiny.pm line 93
	Try::Tiny::try(CODE(0x558a4b5fa2f8), Try::Tiny::Catch=REF(0x558a4b5f9b48)) called at /opt/perl-5.30.2/lib/site_perl/5.30.2/Plack/Middleware/HTTPExceptions.pm line 41
	Plack::Middleware::HTTPExceptions::__ANON__(CODE(0x558a4b622b60)) called at /opt/perl-5.30.2/lib/site_perl/5.30.2/Plack/Util.pm line 339
	Plack::Util::__ANON__(CODE(0x558a4b622698)) called at /opt/perl-5.30.2/lib/site_perl/5.30.2/Plack/Util.pm line 339
	Plack::Util::__ANON__(CODE(0x558a4b6225a8)) called at /opt/perl-5.30.2/lib/site_perl/5.30.2/Plack/Util.pm line 339
	Plack::Util::__ANON__(CODE(0x558a4b5f6aa0)) called at /opt/perl-5.30.2/lib/site_perl/5.30.2/HTTP/Message/PSGI.pm line 100
	HTTP::Message::PSGI::res_from_psgi(CODE(0x558a4b5fa0a0)) called at /opt/perl-5.30.2/lib/site_perl/5.30.2/HTTP/Message/PSGI.pm line 157
	HTTP::Response::from_psgi("HTTP::Response", CODE(0x558a4b5fa0a0)) called at /opt/perl-5.30.2/lib/site_perl/5.30.2/Plack/Test/MockHTTP.pm line 24
	Plack::Test::MockHTTP::try {...} () called at /opt/perl-5.30.2/lib/site_perl/5.30.2/Try/Tiny.pm line 100
	eval {...} called at /opt/perl-5.30.2/lib/site_perl/5.30.2/Try/Tiny.pm line 93
	Try::Tiny::try(CODE(0x558a4b4f5890), Try::Tiny::Catch=REF(0x558a4b410778)) called at /opt/perl-5.30.2/lib/site_perl/5.30.2/Plack/Test/MockHTTP.pm line 27
	Plack::Test::MockHTTP::request(Plack::Test::MockHTTP=HASH(0x558a4b5f6728), HTTP::Request=HASH(0x558a4b5b84c0)) called at /opt/perl-5.30.2/lib/site_perl/5.30.2/Plack/Test.pm line 38
	Plack::Test::__ANON__(HTTP::Request=HASH(0x558a4b5b84c0)) called at /opt/perl-5.30.2/lib/site_perl/5.30.2/Catalyst/Test.pm line 290
	Catalyst::Test::__ANON__(CODE(0x558a4b5f66b0)) called at /opt/perl-5.30.2/lib/site_perl/5.30.2/Plack/Test.pm line 38
	Plack::Test::test_psgi("mangle_response", CODE(0x558a45d685f8), "app", CODE(0x558a4b5c51f8), "app", CODE(0x558a4b5c5438), "client", CODE(0x558a4b5c54e0)) called at /opt/perl-5.30.2/lib/site_perl/5.30.2/Catalyst/Test.pm line 293
	Catalyst::Test::_request(HASH(0x558a4b5c4568), HTTP::Request=HASH(0x558a4b5b84c0)) called at /opt/perl-5.30.2/lib/site_perl/5.30.2/Catalyst/Test.pm line 336
	Catalyst::Test::_local_request("ComponentUI", HTTP::Request=HASH(0x558a4b5b84c0)) called at /opt/perl-5.30.2/lib/site_perl/5.30.2/Test/WWW/Mechanize/Catalyst.pm line 176
	Test::WWW::Mechanize::Catalyst::_do_catalyst_request(Test::WWW::Mechanize::Catalyst=HASH(0x558a4a1b4c58), HTTP::Request=HASH(0x558a4b5b84c0)) called at /opt/perl-5.30.2/lib/site_perl/5.30.2/Test/WWW/Mechanize/Catalyst.pm line 78
	Test::WWW::Mechanize::Catalyst::_make_request(Test::WWW::Mechanize::Catalyst=HASH(0x558a4a1b4c58), HTTP::Request=HASH(0x558a4b5b84c0)) called at /opt/perl-5.30.2/lib/site_perl/5.30.2/WWW/Mechanize.pm line 1333
	WWW::Mechanize::request(Test::WWW::Mechanize::Catalyst=HASH(0x558a4a1b4c58), HTTP::Request=HASH(0x558a4b5b84c0)) called at /opt/perl-5.30.2/lib/site_perl/5.30.2/LWP/UserAgent.pm line 446
	LWP::UserAgent::get(Test::WWW::Mechanize::Catalyst=HASH(0x558a4a1b4c58), "http://localhost/testmodel/baz/id/1/update") called at /opt/perl-5.30.2/lib/site_perl/5.30.2/WWW/Mechanize.pm line 124
	WWW::Mechanize::get(Test::WWW::Mechanize::Catalyst=HASH(0x558a4a1b4c58), "http://localhost/testmodel/baz/id/1/update") called at /opt/perl-5.30.2/lib/site_perl/5.30.2/Test/WWW/Mechanize.pm line 179
	Test::WWW::Mechanize::get_ok(Test::WWW::Mechanize::Catalyst=HASH(0x558a4a1b4c58), "http://localhost/testmodel/baz/id/1/update") called at t/uncheck_bool_field.t line 9
t/uncheck_bool_field.t ...... ok

Test Summary Report
-------------------
t/05reflect_attr_from.t   (Wstat: 256 Tests: 1 Failed: 1)
  Failed test:  1
  Non-zero exit status: 1
Files=9, Tests=604,  8 wallclock secs ( 0.05 usr  0.01 sys +  7.94 cusr  0.59 csys =  8.59 CPU)
Result: FAIL
Failed 1/9 test programs. 1/604 subtests failed.
make: *** [Makefile:1534: test_dynamic] Error 255

------------------------------
PREREQUISITES
------------------------------

Prerequisite modules loaded:

requires:

    Module                                  Need      Have    
    --------------------------------------- --------- --------
    aliased                                 0.22      0.34    
    Catalyst                                5.80002   5.90128 
    Catalyst::Component::ACCEPT_CONTEXT     0.05      0.07    
    Catalyst::Component::InstancePerContext 0.001001  0.001001
    Catalyst::Model::DBIC::Schema           0.23      0.65    
    Catalyst::Plugin::ConfigLoader          0.23      0.35    
    Catalyst::Plugin::I18N                  0.09      0.10    
    Catalyst::Plugin::Static::Simple        0.21      0.36    
    Catalyst::View::TT                      0.29      0.45    
    Class::MOP                              0.81      2.2015  
    Config::General                         2.42      2.63    
    Crypt::Eksblowfish::Bcrypt              0.005     0.009   
    DateTime                                0.47      1.56    
    DateTime::Event::Recurrence             0.16      0.19    
    DateTime::Span                          0         0.3900  
    DBIx::Class                             0.08100   0.082842
    DBIx::Class::IntrospectableM2M          0.001001  0.001002
    Devel::Declare                          0.005000  0.006022
    Email::Valid                            0.181     1.202   
    ExtUtils::MakeMaker                     6.11      7.62    
    File::ShareDir                          1.00      1.118   
    File::Spec                              3.29      3.78    
    JSON                                    0         4.05    
    metaclass                               0.81      2.2015  
    Method::Signatures::Simple              0.03      1.07    
    Moose                                   0.74      2.2015  
    MooseX::MethodAttributes                0.18      0.31    
    MooseX::Role::Parameterized             0.24      1.11    
    MooseX::Types                           0.10      0.50    
    MooseX::Types::Common                   0.001000  0.001014
    MooseX::Types::DateTime                 0.03      0.13    
    MooseX::Types::URI                      0.02      0.08    
    namespace::clean                        0.11      0.27    
    Path::Class::Dir                        0         0.37    
    Path::Class::File                       0         0.37    
    perl                                    5.008001  5.030002
    Scalar::Util                            1.19      1.60    
    signatures                              0.05      0.14    
    SQL::Translator                         0.11002   1.62    
    Sub::Exporter                           0.982     0.987   
    Sub::Name                               0.04      0.26    
    Template                                2.20      3.009   
    Test::Class                             0.31      0.50    
    Test::Memory::Cycle                     1.04      1.06    
    Test::WWW::Mechanize::Catalyst          0.51      0.62    
    Time::ParseDate                         2006.0814 2015.103
    URI                                     1.37      5.09    

build_requires:

    Module                                  Need      Have    
    --------------------------------------- --------- --------
    ExtUtils::MakeMaker                     6.42      7.62    
    SQL::Translator                         0.11002   1.62    
    Test::Class                             0.31      0.50    
    Test::Memory::Cycle                     1.04      1.06    
    Test::WWW::Mechanize::Catalyst          0.51      0.62    

configure_requires:

    Module                                  Need      Have    
    --------------------------------------- --------- --------
    ExtUtils::MakeMaker                     6.42      7.62    


------------------------------
ENVIRONMENT AND OTHER CONTEXT
------------------------------

Environment variables:

    LANG = en_US.UTF-8
    PATH = /usr/local/bin:/usr/bin:/bin:/usr/local/sbin:/usr/sbin:/sbin:/home/cpansand/bin/linux-gnu:/home/cpansand/bin/sh:/home/cpansand/bin:/usr/games:/home/cpansand/devel:/home/eserte/src/srezic-misc/scripts
    PERL5LIB = /home/cpansand/.local/share/.cpan/build/2022030511/signatures-0.14-2/blib/arch:/home/cpansand/.local/share/.cpan/build/2022030511/signatures-0.14-2/blib/lib:/home/cpansand/.local/share/.cpan/build/2022030511/Method-Signatures-Simple-1.07-2/blib/arch:/home/cpansand/.local/share/.cpan/build/2022030511/Method-Signatures-Simple-1.07-2/blib/lib:/home/cpansand/.local/share/.cpan/build/2022030511/DBIx-Class-IntrospectableM2M-0.001002-2/blib/arch:/home/cpansand/.local/share/.cpan/build/2022030511/DBIx-Class-IntrospectableM2M-0.001002-2/blib/lib:/home/cpansand/.local/share/.cpan/build/2022030511/Catalyst-Component-ACCEPT_CONTEXT-0.07-2/blib/arch:/home/cpansand/.local/share/.cpan/build/2022030511/Catalyst-Component-ACCEPT_CONTEXT-0.07-2/blib/lib
    PERL5OPT = 
    PERL5_CPANPLUS_IS_RUNNING = 1703270
    PERL5_CPAN_IS_RUNNING = 1703270
    PERL5_CPAN_IS_RUNNING_IN_RECURSION = 1697971,1703270
    PERLDOC = -MPod::Perldoc::ToTextOverstrike
    PERL_BATCH = yes
    PERL_CANARY_STABILITY_NOPROMPT = 1
    PERL_CPAN_REPORTER_CONFIG = /var/tmp/cpansmoker-1023/2022030511/cpanreporter_000_config.ini
    PERL_EXTUTILS_AUTOINSTALL = --defaultdeps
    PERL_USE_UNSAFE_INC = 1
    SHELL = /usr/bin/zsh
    TERM = screen
    TMPDIR = /var/tmp/cpansmoker-1023/2022030511

Perl special variables (and OS-specific diagnostics, for MSWin32):

    $^X = /opt/perl-5.30.2/bin/perl
    $UID/$EUID = 1023 / 1023
    $GID = 1023 1023
    $EGID = 1023 1023

Perl module toolchain versions installed:

    Module              Have    
    ------------------- --------
    CPAN                2.22    
    CPAN::Meta          2.150010
    Cwd                 3.78    
    ExtUtils::CBuilder  0.280231
    ExtUtils::Command   7.62    
    ExtUtils::Install   2.20    
    ExtUtils::MakeMaker 7.62    
    ExtUtils::Manifest  1.73    
    ExtUtils::ParseXS   3.44    
    File::Spec          3.78    
    JSON                4.05    
    JSON::PP            4.06    
    Module::Build       0.4231  
    Module::Signature   0.87    
    Parse::CPAN::Meta   2.150010
    Test::Harness       3.42    
    Test::More          1.302190
    YAML                1.30    
    YAML::Syck          1.33    
    version             0.9929  


--

Summary of my perl5 (revision 5 version 30 subversion 2) configuration:
   
  Platform:
    osname=linux
    osvers=5.4.0-33-generic
    archname=x86_64-linux
    uname='linux cloud8.bbbike.org 5.4.0-33-generic #37-ubuntu smp thu may 21 12:53:59 utc 2020 x86_64 x86_64 x86_64 gnulinux '
    config_args='-ds -e -Dprefix=/opt/perl-5.30.2 -Dcf_email=srezic@cpan.org'
    hint=recommended
    useposix=true
    d_sigaction=define
    useithreads=undef
    usemultiplicity=undef
    use64bitint=define
    use64bitall=define
    uselongdouble=undef
    usemymalloc=n
    default_inc_excludes_dot=define
    bincompat5005=undef
  Compiler:
    cc='cc'
    ccflags ='-fwrapv -fno-strict-aliasing -pipe -fstack-protector-strong -I/usr/local/include -D_LARGEFILE_SOURCE -D_FILE_OFFSET_BITS=64'
    optimize='-O2'
    cppflags='-fwrapv -fno-strict-aliasing -pipe -fstack-protector-strong -I/usr/local/include'
    ccversion=''
    gccversion='9.3.0'
    gccosandvers=''
    intsize=4
    longsize=8
    ptrsize=8
    doublesize=8
    byteorder=12345678
    doublekind=3
    d_longlong=define
    longlongsize=8
    d_longdbl=define
    longdblsize=16
    longdblkind=3
    ivtype='long'
    ivsize=8
    nvtype='double'
    nvsize=8
    Off_t='off_t'
    lseeksize=8
    alignbytes=8
    prototype=define
  Linker and Libraries:
    ld='cc'
    ldflags =' -fstack-protector-strong -L/usr/local/lib'
    libpth=/usr/local/lib /usr/include/x86_64-linux-gnu /usr/lib /lib/x86_64-linux-gnu /lib/../lib /usr/lib/x86_64-linux-gnu /usr/lib/../lib /lib
    libs=-lpthread -lnsl -lgdbm -ldb -ldl -lm -lcrypt -lutil -lc
    perllibs=-lpthread -lnsl -ldl -lm -lcrypt -lutil -lc
    libc=libc-2.31.so
    so=so
    useshrplib=false
    libperl=libperl.a
    gnulibc_version='2.31'
  Dynamic Linking:
    dlsrc=dl_dlopen.xs
    dlext=so
    d_dlsymun=undef
    ccdlflags='-Wl,-E'
    cccdlflags='-fPIC'
    lddlflags='-shared -O2 -L/usr/local/lib -fstack-protector-strong'


Characteristics of this binary (from libperl): 
  Compile-time options:
    HAS_TIMES
    PERLIO_LAYERS
    PERL_COPY_ON_WRITE
    PERL_DONT_CREATE_GVSV
    PERL_MALLOC_WRAP
    PERL_OP_PARENT
    PERL_PRESERVE_IVUV
    USE_64_BIT_ALL
    USE_64_BIT_INT
    USE_LARGE_FILES
    USE_LOCALE
    USE_LOCALE_COLLATE
    USE_LOCALE_CTYPE
    USE_LOCALE_NUMERIC
    USE_LOCALE_TIME
    USE_PERLIO
    USE_PERL_ATOF
  Built under linux
  Compiled at May 31 2020 21:52:41
  %ENV:
    PERL5LIB="/home/cpansand/.local/share/.cpan/build/2022030511/signatures-0.14-2/blib/arch:/home/cpansand/.local/share/.cpan/build/2022030511/signatures-0.14-2/blib/lib:/home/cpansand/.local/share/.cpan/build/2022030511/Method-Signatures-Simple-1.07-2/blib/arch:/home/cpansand/.local/share/.cpan/build/2022030511/Method-Signatures-Simple-1.07-2/blib/lib:/home/cpansand/.local/share/.cpan/build/2022030511/DBIx-Class-IntrospectableM2M-0.001002-2/blib/arch:/home/cpansand/.local/share/.cpan/build/2022030511/DBIx-Class-IntrospectableM2M-0.001002-2/blib/lib:/home/cpansand/.local/share/.cpan/build/2022030511/Catalyst-Component-ACCEPT_CONTEXT-0.07-2/blib/arch:/home/cpansand/.local/share/.cpan/build/2022030511/Catalyst-Component-ACCEPT_CONTEXT-0.07-2/blib/lib"
    PERL5OPT=""
    PERL5_CPANPLUS_IS_RUNNING="1703270"
    PERL5_CPAN_IS_RUNNING="1703270"
    PERL5_CPAN_IS_RUNNING_IN_RECURSION="1697971,1703270"
    PERLDOC="-MPod::Perldoc::ToTextOverstrike"
    PERL_BATCH="yes"
    PERL_CANARY_STABILITY_NOPROMPT="1"
    PERL_CPAN_REPORTER_CONFIG="/var/tmp/cpansmoker-1023/2022030511/cpanreporter_000_config.ini"
    PERL_EXTUTILS_AUTOINSTALL="--defaultdeps"
    PERL_USE_UNSAFE_INC="1"
  @INC:
    /home/cpansand/.local/share/.cpan/build/2022030511/signatures-0.14-2/blib/arch
    /home/cpansand/.local/share/.cpan/build/2022030511/signatures-0.14-2/blib/lib
    /home/cpansand/.local/share/.cpan/build/2022030511/Method-Signatures-Simple-1.07-2/blib/arch
    /home/cpansand/.local/share/.cpan/build/2022030511/Method-Signatures-Simple-1.07-2/blib/lib
    /home/cpansand/.local/share/.cpan/build/2022030511/DBIx-Class-IntrospectableM2M-0.001002-2/blib/arch
    /home/cpansand/.local/share/.cpan/build/2022030511/DBIx-Class-IntrospectableM2M-0.001002-2/blib/lib
    /home/cpansand/.local/share/.cpan/build/2022030511/Catalyst-Component-ACCEPT_CONTEXT-0.07-2/blib/arch
    /home/cpansand/.local/share/.cpan/build/2022030511/Catalyst-Component-ACCEPT_CONTEXT-0.07-2/blib/lib
    /opt/perl-5.30.2/lib/site_perl/5.30.2/x86_64-linux
    /opt/perl-5.30.2/lib/site_perl/5.30.2
    /opt/perl-5.30.2/lib/5.30.2/x86_64-linux
    /opt/perl-5.30.2/lib/5.30.2
    .