Report for Net-HTTP-API-0.14

Back
From: metabase:user:314402c4-2aae-11df-837a-5e0a49663a4f
Subject: FAIL Net-HTTP-API-0.14 v5.22.3 RC4 FreeBSD
Date: 2016-11-16T19:06:42Z

This distribution has been tested as part of the CPAN Testers
project, supporting the Perl programming language.  See
http://wiki.cpantesters.org/ for more information or email
questions to cpan-testers-discuss@perl.org


--
Dear Franck Cuny,

This is a computer-generated report for Net-HTTP-API-0.14
on perl 5.22.3, created by CPAN-Reporter-1.2018.

Thank you for uploading your work to CPAN.  However, there was a problem
testing your distribution.

If you think this report is invalid, please consult the CPAN Testers Wiki
for suggestions on how to avoid getting FAIL reports for missing library
or binary dependencies, unsupported operating systems, and so on:

http://wiki.cpantesters.org/wiki/CPANAuthorNotes

Sections of this report:

    * Tester comments
    * Program output
    * Prerequisites
    * Environment and other context

------------------------------
TESTER COMMENTS
------------------------------

Additional comments from tester:

none provided

------------------------------
PROGRAM OUTPUT
------------------------------

Output from '/usr/bin/make test':

PERL_DL_NONLAZY=1 "/usr/perl5.22.3-RC4p/bin/perl" "-MExtUtils::Command::MM" "-MTest::Harness" "-e" "undef *Test::Harness::Switches; test_harness(0, 'blib/lib', 'blib/arch')" t/*.t
Passing a list of values to enum is deprecated. Enum values should be wrapped in an arrayref. at /usr/perl5.22.3-RC4p/lib/site_perl/5.22.3/amd64-freebsd/Moose/Util/TypeConstraints.pm line 437.
	Moose::Util::TypeConstraints::enum("Method", "HEAD", "GET", "POST", "PUT", "DELETE") called at /home/cpansand/.cpan/build/2016111618/Net-HTTP-API-0.14-tvVsZQ/blib/lib/Net/HTTP/API/Meta/Method.pm line 21
	require Net/HTTP/API/Meta/Method.pm called at /home/cpansand/.cpan/build/2016111618/Net-HTTP-API-0.14-tvVsZQ/blib/lib/Net/HTTP/API/Meta/Method/APIMethod.pm line 10
	Net::HTTP::API::Meta::Method::APIMethod::BEGIN() called at /home/cpansand/.cpan/build/2016111618/Net-HTTP-API-0.14-tvVsZQ/blib/lib/Net/HTTP/API/Meta/Method.pm line 0
	eval {...} called at /home/cpansand/.cpan/build/2016111618/Net-HTTP-API-0.14-tvVsZQ/blib/lib/Net/HTTP/API/Meta/Method.pm line 0
	require Net/HTTP/API/Meta/Method/APIMethod.pm called at /usr/perl5.22.3-RC4p/lib/site_perl/5.22.3/Module/Runtime.pm line 317
	Module::Runtime::require_module("Net::HTTP::API::Meta::Method::APIMethod") called at /usr/perl5.22.3-RC4p/lib/site_perl/5.22.3/Module/Runtime.pm line 381
	eval {...} called at /usr/perl5.22.3-RC4p/lib/site_perl/5.22.3/Module/Runtime.pm line 381
	Module::Runtime::use_package_optimistically("Net::HTTP::API::Meta::Method::APIMethod") called at /usr/perl5.22.3-RC4p/lib/site_perl/5.22.3/amd64-freebsd/Moose/Util.pm line 352
	Moose::Util::_load_user_class("Net::HTTP::API::Meta::Method::APIMethod", undef) called at /usr/perl5.22.3-RC4p/lib/site_perl/5.22.3/amd64-freebsd/Moose/Util.pm line 147
	Moose::Util::_apply_all_roles(Moose::Meta::Role=HASH(0x445f7bb8), undef, "Net::HTTP::API::Meta::Method::APIMethod", "Net::HTTP::API::Meta::Method::APIDeclare") called at /usr/perl5.22.3-RC4p/lib/site_perl/5.22.3/amd64-freebsd/Moose/Util.pm line 114
	Moose::Util::apply_all_roles(Moose::Meta::Role=HASH(0x445f7bb8), "Net::HTTP::API::Meta::Method::APIMethod", "Net::HTTP::API::Meta::Method::APIDeclare") called at /usr/perl5.22.3-RC4p/lib/site_perl/5.22.3/amd64-freebsd/Moose/Role.pm line 25
	Moose::Role::with(Moose::Meta::Role=HASH(0x445f7bb8), "Net::HTTP::API::Meta::Method::APIMethod", "Net::HTTP::API::Meta::Method::APIDeclare") called at /usr/perl5.22.3-RC4p/lib/site_perl/5.22.3/amd64-freebsd/Moose/Exporter.pm line 419
	Moose::Role::with("Net::HTTP::API::Meta::Method::APIMethod", "Net::HTTP::API::Meta::Method::APIDeclare") called at /home/cpansand/.cpan/build/2016111618/Net-HTTP-API-0.14-tvVsZQ/blib/lib/Net/HTTP/API/Meta/Class.pm line 10
	require Net/HTTP/API/Meta/Class.pm called at /usr/perl5.22.3-RC4p/lib/site_perl/5.22.3/Module/Runtime.pm line 317
	Module::Runtime::require_module("Net::HTTP::API::Meta::Class") called at /usr/perl5.22.3-RC4p/lib/site_perl/5.22.3/Module/Runtime.pm line 381
	eval {...} called at /usr/perl5.22.3-RC4p/lib/site_perl/5.22.3/Module/Runtime.pm line 381
	Module::Runtime::use_package_optimistically("Net::HTTP::API::Meta::Class") called at /usr/perl5.22.3-RC4p/lib/site_perl/5.22.3/amd64-freebsd/Moose/Util.pm line 352
	Moose::Util::_load_user_class("Net::HTTP::API::Meta::Class", undef) called at /usr/perl5.22.3-RC4p/lib/site_perl/5.22.3/amd64-freebsd/Moose/Util.pm line 147
	Moose::Util::_apply_all_roles(Moose::Meta::Class=HASH(0x445e7fd8), undef, "Net::HTTP::API::Meta::Class") called at /usr/perl5.22.3-RC4p/lib/site_perl/5.22.3/amd64-freebsd/Moose/Util.pm line 114
	Moose::Util::apply_all_roles(Moose::Meta::Class=HASH(0x445e7fd8), "Net::HTTP::API::Meta::Class") called at /usr/perl5.22.3-RC4p/lib/site_perl/5.22.3/amd64-freebsd/Moose/Meta/Class.pm line 88
	Moose::Meta::Class::create("Moose::Meta::Class", "Moose::Meta::Class::__ANON__::SERIAL::1", "roles", ARRAY(0x444636a8), "superclasses", ARRAY(0x445e7de0), "weaken", "") called at /usr/perl5.22.3-RC4p/lib/site_perl/5.22.3/amd64-freebsd/Class/MOP/Package.pm line 120
	Class::MOP::Package::create_anon("Moose::Meta::Class", "superclasses", ARRAY(0x445e7de0), "roles", ARRAY(0x444636a8), "cache", 1) called at /usr/perl5.22.3-RC4p/lib/site_perl/5.22.3/amd64-freebsd/Class/MOP/Class.pm line 472
	Class::MOP::Class::create_anon_class("Moose::Meta::Class", "superclasses", ARRAY(0x445e7de0), "roles", ARRAY(0x444636a8), "cache", 1) called at /usr/perl5.22.3-RC4p/lib/site_perl/5.22.3/amd64-freebsd/Moose/Util/MetaRole.pm line 108
	Moose::Util::MetaRole::_make_new_class("Moose::Meta::Class", ARRAY(0x444636a8)) called at /usr/perl5.22.3-RC4p/lib/site_perl/5.22.3/amd64-freebsd/Moose/Util/MetaRole.pm line 53
	Moose::Util::MetaRole::_make_new_metaclass(Moose::Meta::Class=HASH(0x4445b708), HASH(0x425233f0), "class") called at /usr/perl5.22.3-RC4p/lib/site_perl/5.22.3/amd64-freebsd/Moose/Util/MetaRole.pm line 21
	Moose::Util::MetaRole::apply_metaroles("for", "main", "class_metaroles", HASH(0x425233f0)) called at /home/cpansand/.cpan/build/2016111618/Net-HTTP-API-0.14-tvVsZQ/blib/lib/Net/HTTP/API.pm line 34
	Net::HTTP::API::init_meta("Net::HTTP::API", "for_class", "MooseX::Types::Moose", "metaclass", undef, "meta_name", "meta") called at /usr/perl5.22.3-RC4p/lib/site_perl/5.22.3/amd64-freebsd/Moose/Exporter.pm line 484
	Net::HTTP::API::import("Net::HTTP::API") called at t/00_compile.t line 4
	main::BEGIN() called at /home/cpansand/.cpan/build/2016111618/Net-HTTP-API-0.14-tvVsZQ/blib/lib/Net/HTTP/API/Meta/Method.pm line 0
	eval {...} called at /home/cpansand/.cpan/build/2016111618/Net-HTTP-API-0.14-tvVsZQ/blib/lib/Net/HTTP/API/Meta/Method.pm line 0
	eval 'package main;

#line 4 t/00_compile.t
use Net::HTTP::API @{$args[0]};
1;
' called at /usr/perl5.22.3-RC4p/lib/site_perl/5.22.3/Test/More.pm line 1029
	Test::More::_eval("package main;\x{a}\x{a}#line 4 t/00_compile.t\x{a}use Net::HTTP::API \@{\$a"..., ARRAY(0x424ece88)) called at /usr/perl5.22.3-RC4p/lib/site_perl/5.22.3/Test/More.pm line 1004
	Test::More::use_ok("Net::HTTP::API") called at t/00_compile.t line 4
	main::BEGIN() called at /home/cpansand/.cpan/build/2016111618/Net-HTTP-API-0.14-tvVsZQ/blib/lib/Net/HTTP/API/Meta/Method.pm line 0
	eval {...} called at /home/cpansand/.cpan/build/2016111618/Net-HTTP-API-0.14-tvVsZQ/blib/lib/Net/HTTP/API/Meta/Method.pm line 0
Passing a list of values to enum is deprecated. Enum values should be wrapped in an arrayref. at /usr/perl5.22.3-RC4p/lib/site_perl/5.22.3/amd64-freebsd/Moose/Util/TypeConstraints.pm line 437.
	Moose::Util::TypeConstraints::enum("FormatMode", "content-type", "append") called at /home/cpansand/.cpan/build/2016111618/Net-HTTP-API-0.14-tvVsZQ/blib/lib/Net/HTTP/API/Role/Format.pm line 23
	require Net/HTTP/API/Role/Format.pm called at /usr/perl5.22.3-RC4p/lib/site_perl/5.22.3/Module/Runtime.pm line 317
	Module::Runtime::require_module("Net::HTTP::API::Role::Format") called at /usr/perl5.22.3-RC4p/lib/site_perl/5.22.3/Module/Runtime.pm line 381
	eval {...} called at /usr/perl5.22.3-RC4p/lib/site_perl/5.22.3/Module/Runtime.pm line 381
	Module::Runtime::use_package_optimistically("Net::HTTP::API::Role::Format") called at /usr/perl5.22.3-RC4p/lib/site_perl/5.22.3/amd64-freebsd/Moose/Util.pm line 352
	Moose::Util::_load_user_class("Net::HTTP::API::Role::Format", undef) called at /usr/perl5.22.3-RC4p/lib/site_perl/5.22.3/amd64-freebsd/Moose/Util.pm line 147
	Moose::Util::_apply_all_roles(Moose::Meta::Class=HASH(0x445dc090), undef, "Net::HTTP::API::Role::UserAgent", "Net::HTTP::API::Role::Format", "Net::HTTP::API::Role::Authentication", "Net::HTTP::API::Role::Serialization", "Net::HTTP::API::Role::Request") called at /usr/perl5.22.3-RC4p/lib/site_perl/5.22.3/amd64-freebsd/Moose/Util.pm line 114
	Moose::Util::apply_all_roles(Moose::Meta::Class=HASH(0x445dc090), "Net::HTTP::API::Role::UserAgent", "Net::HTTP::API::Role::Format", "Net::HTTP::API::Role::Authentication", "Net::HTTP::API::Role::Serialization", "Net::HTTP::API::Role::Request") called at /usr/perl5.22.3-RC4p/lib/site_perl/5.22.3/amd64-freebsd/Moose/Meta/Class.pm line 88
	Moose::Meta::Class::create("Moose::Meta::Class", "Moose::Meta::Class::__ANON__::SERIAL::10", "weaken", "", "superclasses", ARRAY(0x451da690), "roles", ARRAY(0x42523870)) called at /usr/perl5.22.3-RC4p/lib/site_perl/5.22.3/amd64-freebsd/Class/MOP/Package.pm line 120
	Class::MOP::Package::create_anon("Moose::Meta::Class", "superclasses", ARRAY(0x451da690), "roles", ARRAY(0x42523870), "cache", 1) called at /usr/perl5.22.3-RC4p/lib/site_perl/5.22.3/amd64-freebsd/Class/MOP/Class.pm line 472
	Class::MOP::Class::create_anon_class("Moose::Meta::Class", "superclasses", ARRAY(0x451da690), "roles", ARRAY(0x42523870), "cache", 1) called at /usr/perl5.22.3-RC4p/lib/site_perl/5.22.3/amd64-freebsd/Moose/Util/MetaRole.pm line 108
	Moose::Util::MetaRole::_make_new_class("main", ARRAY(0x42523870), ARRAY(0x451da690)) called at /usr/perl5.22.3-RC4p/lib/site_perl/5.22.3/amd64-freebsd/Moose/Util/MetaRole.pm line 88
	Moose::Util::MetaRole::apply_base_class_roles("for", "main", "roles", ARRAY(0x42523870)) called at /home/cpansand/.cpan/build/2016111618/Net-HTTP-API-0.14-tvVsZQ/blib/lib/Net/HTTP/API.pm line 41
	Net::HTTP::API::init_meta("Net::HTTP::API", "for_class", "Net::HTTP::API::Role::Format", "metaclass", undef, "meta_name", "meta") called at /usr/perl5.22.3-RC4p/lib/site_perl/5.22.3/amd64-freebsd/Moose/Exporter.pm line 484
	Net::HTTP::API::import("Net::HTTP::API") called at t/00_compile.t line 4
	main::BEGIN() called at /home/cpansand/.cpan/build/2016111618/Net-HTTP-API-0.14-tvVsZQ/blib/lib/Net/HTTP/API/Role/Format.pm line 0
	eval {...} called at /home/cpansand/.cpan/build/2016111618/Net-HTTP-API-0.14-tvVsZQ/blib/lib/Net/HTTP/API/Role/Format.pm line 0
	eval 'package main;

#line 4 t/00_compile.t
use Net::HTTP::API @{$args[0]};
1;
' called at /usr/perl5.22.3-RC4p/lib/site_perl/5.22.3/Test/More.pm line 1029
	Test::More::_eval("package main;\x{a}\x{a}#line 4 t/00_compile.t\x{a}use Net::HTTP::API \@{\$a"..., ARRAY(0x424ece88)) called at /usr/perl5.22.3-RC4p/lib/site_perl/5.22.3/Test/More.pm line 1004
	Test::More::use_ok("Net::HTTP::API") called at t/00_compile.t line 4
	main::BEGIN() called at /home/cpansand/.cpan/build/2016111618/Net-HTTP-API-0.14-tvVsZQ/blib/lib/Net/HTTP/API/Role/Format.pm line 0
	eval {...} called at /home/cpansand/.cpan/build/2016111618/Net-HTTP-API-0.14-tvVsZQ/blib/lib/Net/HTTP/API/Role/Format.pm line 0
t/00_compile.t ............ ok
Passing a list of values to enum is deprecated. Enum values should be wrapped in an arrayref. at /usr/perl5.22.3-RC4p/lib/site_perl/5.22.3/amd64-freebsd/Moose/Util/TypeConstraints.pm line 437.
	Moose::Util::TypeConstraints::enum("Method", "HEAD", "GET", "POST", "PUT", "DELETE") called at /home/cpansand/.cpan/build/2016111618/Net-HTTP-API-0.14-tvVsZQ/blib/lib/Net/HTTP/API/Meta/Method.pm line 21
	require Net/HTTP/API/Meta/Method.pm called at /home/cpansand/.cpan/build/2016111618/Net-HTTP-API-0.14-tvVsZQ/blib/lib/Net/HTTP/API/Meta/Method/APIMethod.pm line 10
	Net::HTTP::API::Meta::Method::APIMethod::BEGIN() called at /home/cpansand/.cpan/build/2016111618/Net-HTTP-API-0.14-tvVsZQ/blib/lib/Net/HTTP/API/Meta/Method.pm line 0
	eval {...} called at /home/cpansand/.cpan/build/2016111618/Net-HTTP-API-0.14-tvVsZQ/blib/lib/Net/HTTP/API/Meta/Method.pm line 0
	require Net/HTTP/API/Meta/Method/APIMethod.pm called at /usr/perl5.22.3-RC4p/lib/site_perl/5.22.3/Module/Runtime.pm line 317
	Module::Runtime::require_module("Net::HTTP::API::Meta::Method::APIMethod") called at /usr/perl5.22.3-RC4p/lib/site_perl/5.22.3/Module/Runtime.pm line 381
	eval {...} called at /usr/perl5.22.3-RC4p/lib/site_perl/5.22.3/Module/Runtime.pm line 381
	Module::Runtime::use_package_optimistically("Net::HTTP::API::Meta::Method::APIMethod") called at /usr/perl5.22.3-RC4p/lib/site_perl/5.22.3/amd64-freebsd/Moose/Util.pm line 352
	Moose::Util::_load_user_class("Net::HTTP::API::Meta::Method::APIMethod", undef) called at /usr/perl5.22.3-RC4p/lib/site_perl/5.22.3/amd64-freebsd/Moose/Util.pm line 147
	Moose::Util::_apply_all_roles(Moose::Meta::Role=HASH(0x44627150), undef, "Net::HTTP::API::Meta::Method::APIMethod", "Net::HTTP::API::Meta::Method::APIDeclare") called at /usr/perl5.22.3-RC4p/lib/site_perl/5.22.3/amd64-freebsd/Moose/Util.pm line 114
	Moose::Util::apply_all_roles(Moose::Meta::Role=HASH(0x44627150), "Net::HTTP::API::Meta::Method::APIMethod", "Net::HTTP::API::Meta::Method::APIDeclare") called at /usr/perl5.22.3-RC4p/lib/site_perl/5.22.3/amd64-freebsd/Moose/Role.pm line 25
	Moose::Role::with(Moose::Meta::Role=HASH(0x44627150), "Net::HTTP::API::Meta::Method::APIMethod", "Net::HTTP::API::Meta::Method::APIDeclare") called at /usr/perl5.22.3-RC4p/lib/site_perl/5.22.3/amd64-freebsd/Moose/Exporter.pm line 419
	Moose::Role::with("Net::HTTP::API::Meta::Method::APIMethod", "Net::HTTP::API::Meta::Method::APIDeclare") called at /home/cpansand/.cpan/build/2016111618/Net-HTTP-API-0.14-tvVsZQ/blib/lib/Net/HTTP/API/Meta/Class.pm line 10
	require Net/HTTP/API/Meta/Class.pm called at /usr/perl5.22.3-RC4p/lib/site_perl/5.22.3/Module/Runtime.pm line 317
	Module::Runtime::require_module("Net::HTTP::API::Meta::Class") called at /usr/perl5.22.3-RC4p/lib/site_perl/5.22.3/Module/Runtime.pm line 381
	eval {...} called at /usr/perl5.22.3-RC4p/lib/site_perl/5.22.3/Module/Runtime.pm line 381
	Module::Runtime::use_package_optimistically("Net::HTTP::API::Meta::Class") called at /usr/perl5.22.3-RC4p/lib/site_perl/5.22.3/amd64-freebsd/Moose/Util.pm line 352
	Moose::Util::_load_user_class("Net::HTTP::API::Meta::Class", undef) called at /usr/perl5.22.3-RC4p/lib/site_perl/5.22.3/amd64-freebsd/Moose/Util.pm line 147
	Moose::Util::_apply_all_roles(Moose::Meta::Class=HASH(0x4461deb8), undef, "Net::HTTP::API::Meta::Class") called at /usr/perl5.22.3-RC4p/lib/site_perl/5.22.3/amd64-freebsd/Moose/Util.pm line 114
	Moose::Util::apply_all_roles(Moose::Meta::Class=HASH(0x4461deb8), "Net::HTTP::API::Meta::Class") called at /usr/perl5.22.3-RC4p/lib/site_perl/5.22.3/amd64-freebsd/Moose/Meta/Class.pm line 88
	Moose::Meta::Class::create("Moose::Meta::Class", "Moose::Meta::Class::__ANON__::SERIAL::1", "superclasses", ARRAY(0x4461d3d8), "weaken", "", "roles", ARRAY(0x425ba780)) called at /usr/perl5.22.3-RC4p/lib/site_perl/5.22.3/amd64-freebsd/Class/MOP/Package.pm line 120
	Class::MOP::Package::create_anon("Moose::Meta::Class", "superclasses", ARRAY(0x4461d3d8), "roles", ARRAY(0x425ba780), "cache", 1) called at /usr/perl5.22.3-RC4p/lib/site_perl/5.22.3/amd64-freebsd/Class/MOP/Class.pm line 472
	Class::MOP::Class::create_anon_class("Moose::Meta::Class", "superclasses", ARRAY(0x4461d3d8), "roles", ARRAY(0x425ba780), "cache", 1) called at /usr/perl5.22.3-RC4p/lib/site_perl/5.22.3/amd64-freebsd/Moose/Util/MetaRole.pm line 108
	Moose::Util::MetaRole::_make_new_class("Moose::Meta::Class", ARRAY(0x425ba780)) called at /usr/perl5.22.3-RC4p/lib/site_perl/5.22.3/amd64-freebsd/Moose/Util/MetaRole.pm line 53
	Moose::Util::MetaRole::_make_new_metaclass(Moose::Meta::Class=HASH(0x4461d1c8), HASH(0x425ba7b0), "class") called at /usr/perl5.22.3-RC4p/lib/site_perl/5.22.3/amd64-freebsd/Moose/Util/MetaRole.pm line 21
	Moose::Util::MetaRole::apply_metaroles("for", "TestAPI", "class_metaroles", HASH(0x425ba7b0)) called at /home/cpansand/.cpan/build/2016111618/Net-HTTP-API-0.14-tvVsZQ/blib/lib/Net/HTTP/API.pm line 34
	Net::HTTP::API::init_meta("Net::HTTP::API", "for_class", "MooseX::Types::Moose", "metaclass", undef, "meta_name", "meta") called at /usr/perl5.22.3-RC4p/lib/site_perl/5.22.3/amd64-freebsd/Moose/Exporter.pm line 484
	Net::HTTP::API::import("Net::HTTP::API") called at t/lib/TestAPI.pm line 2
	TestAPI::BEGIN() called at /home/cpansand/.cpan/build/2016111618/Net-HTTP-API-0.14-tvVsZQ/blib/lib/Net/HTTP/API/Meta/Method.pm line 0
	eval {...} called at /home/cpansand/.cpan/build/2016111618/Net-HTTP-API-0.14-tvVsZQ/blib/lib/Net/HTTP/API/Meta/Method.pm line 0
	require TestAPI.pm called at t/01_basic.t line 9
	main::BEGIN() called at /home/cpansand/.cpan/build/2016111618/Net-HTTP-API-0.14-tvVsZQ/blib/lib/Net/HTTP/API/Meta/Method.pm line 0
	eval {...} called at /home/cpansand/.cpan/build/2016111618/Net-HTTP-API-0.14-tvVsZQ/blib/lib/Net/HTTP/API/Meta/Method.pm line 0
Passing a list of values to enum is deprecated. Enum values should be wrapped in an arrayref. at /usr/perl5.22.3-RC4p/lib/site_perl/5.22.3/amd64-freebsd/Moose/Util/TypeConstraints.pm line 437.
	Moose::Util::TypeConstraints::enum("FormatMode", "content-type", "append") called at /home/cpansand/.cpan/build/2016111618/Net-HTTP-API-0.14-tvVsZQ/blib/lib/Net/HTTP/API/Role/Format.pm line 23
	require Net/HTTP/API/Role/Format.pm called at /usr/perl5.22.3-RC4p/lib/site_perl/5.22.3/Module/Runtime.pm line 317
	Module::Runtime::require_module("Net::HTTP::API::Role::Format") called at /usr/perl5.22.3-RC4p/lib/site_perl/5.22.3/Module/Runtime.pm line 381
	eval {...} called at /usr/perl5.22.3-RC4p/lib/site_perl/5.22.3/Module/Runtime.pm line 381
	Module::Runtime::use_package_optimistically("Net::HTTP::API::Role::Format") called at /usr/perl5.22.3-RC4p/lib/site_perl/5.22.3/amd64-freebsd/Moose/Util.pm line 352
	Moose::Util::_load_user_class("Net::HTTP::API::Role::Format", undef) called at /usr/perl5.22.3-RC4p/lib/site_perl/5.22.3/amd64-freebsd/Moose/Util.pm line 147
	Moose::Util::_apply_all_roles(Moose::Meta::Class=HASH(0x4461db88), undef, "Net::HTTP::API::Role::UserAgent", "Net::HTTP::API::Role::Format", "Net::HTTP::API::Role::Authentication", "Net::HTTP::API::Role::Serialization", "Net::HTTP::API::Role::Request") called at /usr/perl5.22.3-RC4p/lib/site_perl/5.22.3/amd64-freebsd/Moose/Util.pm line 114
	Moose::Util::apply_all_roles(Moose::Meta::Class=HASH(0x4461db88), "Net::HTTP::API::Role::UserAgent", "Net::HTTP::API::Role::Format", "Net::HTTP::API::Role::Authentication", "Net::HTTP::API::Role::Serialization", "Net::HTTP::API::Role::Request") called at /usr/perl5.22.3-RC4p/lib/site_perl/5.22.3/amd64-freebsd/Moose/Meta/Class.pm line 88
	Moose::Meta::Class::create("Moose::Meta::Class", "Moose::Meta::Class::__ANON__::SERIAL::10", "weaken", "", "roles", ARRAY(0x44616f18), "superclasses", ARRAY(0x4522b978)) called at /usr/perl5.22.3-RC4p/lib/site_perl/5.22.3/amd64-freebsd/Class/MOP/Package.pm line 120
	Class::MOP::Package::create_anon("Moose::Meta::Class", "superclasses", ARRAY(0x4522b978), "roles", ARRAY(0x44616f18), "cache", 1) called at /usr/perl5.22.3-RC4p/lib/site_perl/5.22.3/amd64-freebsd/Class/MOP/Class.pm line 472
	Class::MOP::Class::create_anon_class("Moose::Meta::Class", "superclasses", ARRAY(0x4522b978), "roles", ARRAY(0x44616f18), "cache", 1) called at /usr/perl5.22.3-RC4p/lib/site_perl/5.22.3/amd64-freebsd/Moose/Util/MetaRole.pm line 108
	Moose::Util::MetaRole::_make_new_class("TestAPI", ARRAY(0x44616f18), ARRAY(0x4522b978)) called at /usr/perl5.22.3-RC4p/lib/site_perl/5.22.3/amd64-freebsd/Moose/Util/MetaRole.pm line 88
	Moose::Util::MetaRole::apply_base_class_roles("for", "TestAPI", "roles", ARRAY(0x44616f18)) called at /home/cpansand/.cpan/build/2016111618/Net-HTTP-API-0.14-tvVsZQ/blib/lib/Net/HTTP/API.pm line 41
	Net::HTTP::API::init_meta("Net::HTTP::API", "for_class", "Net::HTTP::API::Role::Format", "metaclass", undef, "meta_name", "meta") called at /usr/perl5.22.3-RC4p/lib/site_perl/5.22.3/amd64-freebsd/Moose/Exporter.pm line 484
	Net::HTTP::API::import("Net::HTTP::API") called at t/lib/TestAPI.pm line 2
	TestAPI::BEGIN() called at /home/cpansand/.cpan/build/2016111618/Net-HTTP-API-0.14-tvVsZQ/blib/lib/Net/HTTP/API/Role/Format.pm line 0
	eval {...} called at /home/cpansand/.cpan/build/2016111618/Net-HTTP-API-0.14-tvVsZQ/blib/lib/Net/HTTP/API/Role/Format.pm line 0
	require TestAPI.pm called at t/01_basic.t line 9
	main::BEGIN() called at /home/cpansand/.cpan/build/2016111618/Net-HTTP-API-0.14-tvVsZQ/blib/lib/Net/HTTP/API/Role/Format.pm line 0
	eval {...} called at /home/cpansand/.cpan/build/2016111618/Net-HTTP-API-0.14-tvVsZQ/blib/lib/Net/HTTP/API/Role/Format.pm line 0
Class::MOP::load_class is deprecated at /usr/perl5.22.3-RC4p/lib/site_perl/5.22.3/amd64-freebsd/Class/MOP.pm line 69.
	Class::MOP::load_class("Net::HTTP::API::Parser::JSON") called at /home/cpansand/.cpan/build/2016111618/Net-HTTP-API-0.14-tvVsZQ/blib/lib/Net/HTTP/API/Role/Serialization.pm line 74
	Net::HTTP::API::Role::Serialization::_load_serializer(TestAPI=HASH(0x41cc49a8), "json") called at /home/cpansand/.cpan/build/2016111618/Net-HTTP-API-0.14-tvVsZQ/blib/lib/Net/HTTP/API/Role/Serialization.pm line 53
	Net::HTTP::API::Role::Serialization::deserialize(TestAPI=HASH(0x41cc49a8), "[{\"name\":\"eris\"}]", ARRAY(0x45d0c768)) called at /home/cpansand/.cpan/build/2016111618/Net-HTTP-API-0.14-tvVsZQ/blib/lib/Net/HTTP/API/Role/Serialization.pm line 37
	Net::HTTP::API::Role::Serialization::get_content(TestAPI=HASH(0x41cc49a8), HTTP::Response=HASH(0x465ba7e0)) called at /home/cpansand/.cpan/build/2016111618/Net-HTTP-API-0.14-tvVsZQ/blib/lib/Net/HTTP/API/Meta/Method.pm line 134
	TestAPI::users(TestAPI=HASH(0x41cc49a8)) called at /usr/perl5.22.3-RC4p/lib/site_perl/5.22.3/amd64-freebsd/Class/MOP/Method/Wrapped.pm line 44
	TestAPI::_wrapped_users(TestAPI=HASH(0x41cc49a8)) called at /usr/perl5.22.3-RC4p/lib/site_perl/5.22.3/amd64-freebsd/Class/MOP/Method/Wrapped.pm line 95
	TestAPI::users(TestAPI=HASH(0x41cc49a8)) called at t/01_basic.t line 29

#   Failed test 'got valid content in POST'
#   at t/01_basic.t line 56.
#          got: '{"dob":"01/02/1900","name":"eris"}'
#     expected: '{"name":"eris","dob":"01/02/1900"}'

#   Failed test 'url is ok with no declared parameters'
#   at t/01_basic.t line 113.
#          got: 'http://exemple.com/users/unstrict.json?last_name=foo&name=eris&random_stuff=bar'
#     expected: 'http://exemple.com/users/unstrict.json?random_stuff=bar&name=eris&last_name=foo'
# Looks like you failed 2 tests of 25.
t/01_basic.t .............. 
Dubious, test returned 2 (wstat 512, 0x200)
Failed 2/25 subtests 
Passing a list of values to enum is deprecated. Enum values should be wrapped in an arrayref. at /usr/perl5.22.3-RC4p/lib/site_perl/5.22.3/amd64-freebsd/Moose/Util/TypeConstraints.pm line 437.
	Moose::Util::TypeConstraints::enum("Method", "HEAD", "GET", "POST", "PUT", "DELETE") called at /home/cpansand/.cpan/build/2016111618/Net-HTTP-API-0.14-tvVsZQ/blib/lib/Net/HTTP/API/Meta/Method.pm line 21
	require Net/HTTP/API/Meta/Method.pm called at /home/cpansand/.cpan/build/2016111618/Net-HTTP-API-0.14-tvVsZQ/blib/lib/Net/HTTP/API/Meta/Method/APIMethod.pm line 10
	Net::HTTP::API::Meta::Method::APIMethod::BEGIN() called at /home/cpansand/.cpan/build/2016111618/Net-HTTP-API-0.14-tvVsZQ/blib/lib/Net/HTTP/API/Meta/Method.pm line 0
	eval {...} called at /home/cpansand/.cpan/build/2016111618/Net-HTTP-API-0.14-tvVsZQ/blib/lib/Net/HTTP/API/Meta/Method.pm line 0
	require Net/HTTP/API/Meta/Method/APIMethod.pm called at /usr/perl5.22.3-RC4p/lib/site_perl/5.22.3/Module/Runtime.pm line 317
	Module::Runtime::require_module("Net::HTTP::API::Meta::Method::APIMethod") called at /usr/perl5.22.3-RC4p/lib/site_perl/5.22.3/Module/Runtime.pm line 381
	eval {...} called at /usr/perl5.22.3-RC4p/lib/site_perl/5.22.3/Module/Runtime.pm line 381
	Module::Runtime::use_package_optimistically("Net::HTTP::API::Meta::Method::APIMethod") called at /usr/perl5.22.3-RC4p/lib/site_perl/5.22.3/amd64-freebsd/Moose/Util.pm line 352
	Moose::Util::_load_user_class("Net::HTTP::API::Meta::Method::APIMethod", undef) called at /usr/perl5.22.3-RC4p/lib/site_perl/5.22.3/amd64-freebsd/Moose/Util.pm line 147
	Moose::Util::_apply_all_roles(Moose::Meta::Role=HASH(0x44621d68), undef, "Net::HTTP::API::Meta::Method::APIMethod", "Net::HTTP::API::Meta::Method::APIDeclare") called at /usr/perl5.22.3-RC4p/lib/site_perl/5.22.3/amd64-freebsd/Moose/Util.pm line 114
	Moose::Util::apply_all_roles(Moose::Meta::Role=HASH(0x44621d68), "Net::HTTP::API::Meta::Method::APIMethod", "Net::HTTP::API::Meta::Method::APIDeclare") called at /usr/perl5.22.3-RC4p/lib/site_perl/5.22.3/amd64-freebsd/Moose/Role.pm line 25
	Moose::Role::with(Moose::Meta::Role=HASH(0x44621d68), "Net::HTTP::API::Meta::Method::APIMethod", "Net::HTTP::API::Meta::Method::APIDeclare") called at /usr/perl5.22.3-RC4p/lib/site_perl/5.22.3/amd64-freebsd/Moose/Exporter.pm line 419
	Moose::Role::with("Net::HTTP::API::Meta::Method::APIMethod", "Net::HTTP::API::Meta::Method::APIDeclare") called at /home/cpansand/.cpan/build/2016111618/Net-HTTP-API-0.14-tvVsZQ/blib/lib/Net/HTTP/API/Meta/Class.pm line 10
	require Net/HTTP/API/Meta/Class.pm called at /usr/perl5.22.3-RC4p/lib/site_perl/5.22.3/Module/Runtime.pm line 317
	Module::Runtime::require_module("Net::HTTP::API::Meta::Class") called at /usr/perl5.22.3-RC4p/lib/site_perl/5.22.3/Module/Runtime.pm line 381
	eval {...} called at /usr/perl5.22.3-RC4p/lib/site_perl/5.22.3/Module/Runtime.pm line 381
	Module::Runtime::use_package_optimistically("Net::HTTP::API::Meta::Class") called at /usr/perl5.22.3-RC4p/lib/site_perl/5.22.3/amd64-freebsd/Moose/Util.pm line 352
	Moose::Util::_load_user_class("Net::HTTP::API::Meta::Class", undef) called at /usr/perl5.22.3-RC4p/lib/site_perl/5.22.3/amd64-freebsd/Moose/Util.pm line 147
	Moose::Util::_apply_all_roles(Moose::Meta::Class=HASH(0x446121e0), undef, "Net::HTTP::API::Meta::Class") called at /usr/perl5.22.3-RC4p/lib/site_perl/5.22.3/amd64-freebsd/Moose/Util.pm line 114
	Moose::Util::apply_all_roles(Moose::Meta::Class=HASH(0x446121e0), "Net::HTTP::API::Meta::Class") called at /usr/perl5.22.3-RC4p/lib/site_perl/5.22.3/amd64-freebsd/Moose/Meta/Class.pm line 88
	Moose::Meta::Class::create("Moose::Meta::Class", "Moose::Meta::Class::__ANON__::SERIAL::1", "superclasses", ARRAY(0x425bb6d8), "weaken", "", "roles", ARRAY(0x44480fd8)) called at /usr/perl5.22.3-RC4p/lib/site_perl/5.22.3/amd64-freebsd/Class/MOP/Package.pm line 120
	Class::MOP::Package::create_anon("Moose::Meta::Class", "superclasses", ARRAY(0x425bb6d8), "roles", ARRAY(0x44480fd8), "cache", 1) called at /usr/perl5.22.3-RC4p/lib/site_perl/5.22.3/amd64-freebsd/Class/MOP/Class.pm line 472
	Class::MOP::Class::create_anon_class("Moose::Meta::Class", "superclasses", ARRAY(0x425bb6d8), "roles", ARRAY(0x44480fd8), "cache", 1) called at /usr/perl5.22.3-RC4p/lib/site_perl/5.22.3/amd64-freebsd/Moose/Util/MetaRole.pm line 108
	Moose::Util::MetaRole::_make_new_class("Moose::Meta::Class", ARRAY(0x44480fd8)) called at /usr/perl5.22.3-RC4p/lib/site_perl/5.22.3/amd64-freebsd/Moose/Util/MetaRole.pm line 53
	Moose::Util::MetaRole::_make_new_metaclass(Moose::Meta::Class=HASH(0x425bb4c8), HASH(0x42524888), "class") called at /usr/perl5.22.3-RC4p/lib/site_perl/5.22.3/amd64-freebsd/Moose/Util/MetaRole.pm line 21
	Moose::Util::MetaRole::apply_metaroles("for", "test::api::missing_api_base_url", "class_metaroles", HASH(0x42524888)) called at /home/cpansand/.cpan/build/2016111618/Net-HTTP-API-0.14-tvVsZQ/blib/lib/Net/HTTP/API.pm line 34
	Net::HTTP::API::init_meta("Net::HTTP::API", "for_class", "MooseX::Types::Moose", "metaclass", undef, "meta_name", "meta") called at /usr/perl5.22.3-RC4p/lib/site_perl/5.22.3/amd64-freebsd/Moose/Exporter.pm line 484
	Net::HTTP::API::import("Net::HTTP::API") called at t/02_error.t line 7
	test::api::missing_api_base_url::BEGIN() called at /home/cpansand/.cpan/build/2016111618/Net-HTTP-API-0.14-tvVsZQ/blib/lib/Net/HTTP/API/Meta/Method.pm line 0
	eval {...} called at /home/cpansand/.cpan/build/2016111618/Net-HTTP-API-0.14-tvVsZQ/blib/lib/Net/HTTP/API/Meta/Method.pm line 0
Passing a list of values to enum is deprecated. Enum values should be wrapped in an arrayref. at /usr/perl5.22.3-RC4p/lib/site_perl/5.22.3/amd64-freebsd/Moose/Util/TypeConstraints.pm line 437.
	Moose::Util::TypeConstraints::enum("FormatMode", "content-type", "append") called at /home/cpansand/.cpan/build/2016111618/Net-HTTP-API-0.14-tvVsZQ/blib/lib/Net/HTTP/API/Role/Format.pm line 23
	require Net/HTTP/API/Role/Format.pm called at /usr/perl5.22.3-RC4p/lib/site_perl/5.22.3/Module/Runtime.pm line 317
	Module::Runtime::require_module("Net::HTTP::API::Role::Format") called at /usr/perl5.22.3-RC4p/lib/site_perl/5.22.3/Module/Runtime.pm line 381
	eval {...} called at /usr/perl5.22.3-RC4p/lib/site_perl/5.22.3/Module/Runtime.pm line 381
	Module::Runtime::use_package_optimistically("Net::HTTP::API::Role::Format") called at /usr/perl5.22.3-RC4p/lib/site_perl/5.22.3/amd64-freebsd/Moose/Util.pm line 352
	Moose::Util::_load_user_class("Net::HTTP::API::Role::Format", undef) called at /usr/perl5.22.3-RC4p/lib/site_perl/5.22.3/amd64-freebsd/Moose/Util.pm line 147
	Moose::Util::_apply_all_roles(Moose::Meta::Class=HASH(0x451a30d8), undef, "Net::HTTP::API::Role::UserAgent", "Net::HTTP::API::Role::Format", "Net::HTTP::API::Role::Authentication", "Net::HTTP::API::Role::Serialization", "Net::HTTP::API::Role::Request") called at /usr/perl5.22.3-RC4p/lib/site_perl/5.22.3/amd64-freebsd/Moose/Util.pm line 114
	Moose::Util::apply_all_roles(Moose::Meta::Class=HASH(0x451a30d8), "Net::HTTP::API::Role::UserAgent", "Net::HTTP::API::Role::Format", "Net::HTTP::API::Role::Authentication", "Net::HTTP::API::Role::Serialization", "Net::HTTP::API::Role::Request") called at /usr/perl5.22.3-RC4p/lib/site_perl/5.22.3/amd64-freebsd/Moose/Meta/Class.pm line 88
	Moose::Meta::Class::create("Moose::Meta::Class", "Moose::Meta::Class::__ANON__::SERIAL::10", "roles", ARRAY(0x425adbd0), "superclasses", ARRAY(0x451f7b70), "weaken", "") called at /usr/perl5.22.3-RC4p/lib/site_perl/5.22.3/amd64-freebsd/Class/MOP/Package.pm line 120
	Class::MOP::Package::create_anon("Moose::Meta::Class", "superclasses", ARRAY(0x451f7b70), "roles", ARRAY(0x425adbd0), "cache", 1) called at /usr/perl5.22.3-RC4p/lib/site_perl/5.22.3/amd64-freebsd/Class/MOP/Class.pm line 472
	Class::MOP::Class::create_anon_class("Moose::Meta::Class", "superclasses", ARRAY(0x451f7b70), "roles", ARRAY(0x425adbd0), "cache", 1) called at /usr/perl5.22.3-RC4p/lib/site_perl/5.22.3/amd64-freebsd/Moose/Util/MetaRole.pm line 108
	Moose::Util::MetaRole::_make_new_class("test::api::missing_api_base_url", ARRAY(0x425adbd0), ARRAY(0x451f7b70)) called at /usr/perl5.22.3-RC4p/lib/site_perl/5.22.3/amd64-freebsd/Moose/Util/MetaRole.pm line 88
	Moose::Util::MetaRole::apply_base_class_roles("for", "test::api::missing_api_base_url", "roles", ARRAY(0x425adbd0)) called at /home/cpansand/.cpan/build/2016111618/Net-HTTP-API-0.14-tvVsZQ/blib/lib/Net/HTTP/API.pm line 41
	Net::HTTP::API::init_meta("Net::HTTP::API", "for_class", "Net::HTTP::API::Role::Format", "metaclass", undef, "meta_name", "meta") called at /usr/perl5.22.3-RC4p/lib/site_perl/5.22.3/amd64-freebsd/Moose/Exporter.pm line 484
	Net::HTTP::API::import("Net::HTTP::API") called at t/02_error.t line 7
	test::api::missing_api_base_url::BEGIN() called at /home/cpansand/.cpan/build/2016111618/Net-HTTP-API-0.14-tvVsZQ/blib/lib/Net/HTTP/API/Role/Format.pm line 0
	eval {...} called at /home/cpansand/.cpan/build/2016111618/Net-HTTP-API-0.14-tvVsZQ/blib/lib/Net/HTTP/API/Role/Format.pm line 0
t/02_error.t .............. ok
t/03_serialization.t ...... ok
Passing a list of values to enum is deprecated. Enum values should be wrapped in an arrayref. at /usr/perl5.22.3-RC4p/lib/site_perl/5.22.3/amd64-freebsd/Moose/Util/TypeConstraints.pm line 437.
	Moose::Util::TypeConstraints::enum("Method", "HEAD", "GET", "POST", "PUT", "DELETE") called at /home/cpansand/.cpan/build/2016111618/Net-HTTP-API-0.14-tvVsZQ/blib/lib/Net/HTTP/API/Meta/Method.pm line 21
	require Net/HTTP/API/Meta/Method.pm called at t/04_apimethod.t line 5
	main::BEGIN() called at /home/cpansand/.cpan/build/2016111618/Net-HTTP-API-0.14-tvVsZQ/blib/lib/Net/HTTP/API/Meta/Method.pm line 0
	eval {...} called at /home/cpansand/.cpan/build/2016111618/Net-HTTP-API-0.14-tvVsZQ/blib/lib/Net/HTTP/API/Meta/Method.pm line 0
t/04_apimethod.t .......... ok
Passing a list of values to enum is deprecated. Enum values should be wrapped in an arrayref. at /usr/perl5.22.3-RC4p/lib/site_perl/5.22.3/amd64-freebsd/Moose/Util/TypeConstraints.pm line 437.
	Moose::Util::TypeConstraints::enum("Method", "HEAD", "GET", "POST", "PUT", "DELETE") called at /home/cpansand/.cpan/build/2016111618/Net-HTTP-API-0.14-tvVsZQ/blib/lib/Net/HTTP/API/Meta/Method.pm line 21
	require Net/HTTP/API/Meta/Method.pm called at /home/cpansand/.cpan/build/2016111618/Net-HTTP-API-0.14-tvVsZQ/blib/lib/Net/HTTP/API/Meta/Method/APIMethod.pm line 10
	Net::HTTP::API::Meta::Method::APIMethod::BEGIN() called at /home/cpansand/.cpan/build/2016111618/Net-HTTP-API-0.14-tvVsZQ/blib/lib/Net/HTTP/API/Meta/Method.pm line 0
	eval {...} called at /home/cpansand/.cpan/build/2016111618/Net-HTTP-API-0.14-tvVsZQ/blib/lib/Net/HTTP/API/Meta/Method.pm line 0
	require Net/HTTP/API/Meta/Method/APIMethod.pm called at /usr/perl5.22.3-RC4p/lib/site_perl/5.22.3/Module/Runtime.pm line 317
	Module::Runtime::require_module("Net::HTTP::API::Meta::Method::APIMethod") called at /usr/perl5.22.3-RC4p/lib/site_perl/5.22.3/Module/Runtime.pm line 381
	eval {...} called at /usr/perl5.22.3-RC4p/lib/site_perl/5.22.3/Module/Runtime.pm line 381
	Module::Runtime::use_package_optimistically("Net::HTTP::API::Meta::Method::APIMethod") called at /usr/perl5.22.3-RC4p/lib/site_perl/5.22.3/amd64-freebsd/Moose/Util.pm line 352
	Moose::Util::_load_user_class("Net::HTTP::API::Meta::Method::APIMethod", undef) called at /usr/perl5.22.3-RC4p/lib/site_perl/5.22.3/amd64-freebsd/Moose/Util.pm line 147
	Moose::Util::_apply_all_roles(Moose::Meta::Role=HASH(0x445ecdc8), undef, "Net::HTTP::API::Meta::Method::APIMethod", "Net::HTTP::API::Meta::Method::APIDeclare") called at /usr/perl5.22.3-RC4p/lib/site_perl/5.22.3/amd64-freebsd/Moose/Util.pm line 114
	Moose::Util::apply_all_roles(Moose::Meta::Role=HASH(0x445ecdc8), "Net::HTTP::API::Meta::Method::APIMethod", "Net::HTTP::API::Meta::Method::APIDeclare") called at /usr/perl5.22.3-RC4p/lib/site_perl/5.22.3/amd64-freebsd/Moose/Role.pm line 25
	Moose::Role::with(Moose::Meta::Role=HASH(0x445ecdc8), "Net::HTTP::API::Meta::Method::APIMethod", "Net::HTTP::API::Meta::Method::APIDeclare") called at /usr/perl5.22.3-RC4p/lib/site_perl/5.22.3/amd64-freebsd/Moose/Exporter.pm line 419
	Moose::Role::with("Net::HTTP::API::Meta::Method::APIMethod", "Net::HTTP::API::Meta::Method::APIDeclare") called at /home/cpansand/.cpan/build/2016111618/Net-HTTP-API-0.14-tvVsZQ/blib/lib/Net/HTTP/API/Meta/Class.pm line 10
	require Net/HTTP/API/Meta/Class.pm called at /usr/perl5.22.3-RC4p/lib/site_perl/5.22.3/Module/Runtime.pm line 317
	Module::Runtime::require_module("Net::HTTP::API::Meta::Class") called at /usr/perl5.22.3-RC4p/lib/site_perl/5.22.3/Module/Runtime.pm line 381
	eval {...} called at /usr/perl5.22.3-RC4p/lib/site_perl/5.22.3/Module/Runtime.pm line 381
	Module::Runtime::use_package_optimistically("Net::HTTP::API::Meta::Class") called at /usr/perl5.22.3-RC4p/lib/site_perl/5.22.3/amd64-freebsd/Moose/Util.pm line 352
	Moose::Util::_load_user_class("Net::HTTP::API::Meta::Class", undef) called at /usr/perl5.22.3-RC4p/lib/site_perl/5.22.3/amd64-freebsd/Moose/Util.pm line 147
	Moose::Util::_apply_all_roles(Moose::Meta::Class=HASH(0x42521210), undef, "Net::HTTP::API::Meta::Class") called at /usr/perl5.22.3-RC4p/lib/site_perl/5.22.3/amd64-freebsd/Moose/Util.pm line 114
	Moose::Util::apply_all_roles(Moose::Meta::Class=HASH(0x42521210), "Net::HTTP::API::Meta::Class") called at /usr/perl5.22.3-RC4p/lib/site_perl/5.22.3/amd64-freebsd/Moose/Meta/Class.pm line 88
	Moose::Meta::Class::create("Moose::Meta::Class", "Moose::Meta::Class::__ANON__::SERIAL::1", "roles", ARRAY(0x424ec2e8), "superclasses", ARRAY(0x41d1b7e0), "weaken", "") called at /usr/perl5.22.3-RC4p/lib/site_perl/5.22.3/amd64-freebsd/Class/MOP/Package.pm line 120
	Class::MOP::Package::create_anon("Moose::Meta::Class", "superclasses", ARRAY(0x41d1b7e0), "roles", ARRAY(0x424ec2e8), "cache", 1) called at /usr/perl5.22.3-RC4p/lib/site_perl/5.22.3/amd64-freebsd/Class/MOP/Class.pm line 472
	Class::MOP::Class::create_anon_class("Moose::Meta::Class", "superclasses", ARRAY(0x41d1b7e0), "roles", ARRAY(0x424ec2e8), "cache", 1) called at /usr/perl5.22.3-RC4p/lib/site_perl/5.22.3/amd64-freebsd/Moose/Util/MetaRole.pm line 108
	Moose::Util::MetaRole::_make_new_class("Moose::Meta::Class", ARRAY(0x424ec2e8)) called at /usr/perl5.22.3-RC4p/lib/site_perl/5.22.3/amd64-freebsd/Moose/Util/MetaRole.pm line 53
	Moose::Util::MetaRole::_make_new_metaclass(Moose::Meta::Class=HASH(0x41d1b4b0), HASH(0x4251c6c0), "class") called at /usr/perl5.22.3-RC4p/lib/site_perl/5.22.3/amd64-freebsd/Moose/Util/MetaRole.pm line 21
	Moose::Util::MetaRole::apply_metaroles("for", "test::auth", "class_metaroles", HASH(0x4251c6c0)) called at /home/cpansand/.cpan/build/2016111618/Net-HTTP-API-0.14-tvVsZQ/blib/lib/Net/HTTP/API.pm line 34
	Net::HTTP::API::init_meta("Net::HTTP::API", "for_class", "MooseX::Types::Moose", "metaclass", undef, "meta_name", "meta") called at /usr/perl5.22.3-RC4p/lib/site_perl/5.22.3/amd64-freebsd/Moose/Exporter.pm line 484
	Net::HTTP::API::import("Net::HTTP::API") called at t/05_authentication.t line 6
	test::auth::BEGIN() called at /home/cpansand/.cpan/build/2016111618/Net-HTTP-API-0.14-tvVsZQ/blib/lib/Net/HTTP/API/Meta/Method.pm line 0
	eval {...} called at /home/cpansand/.cpan/build/2016111618/Net-HTTP-API-0.14-tvVsZQ/blib/lib/Net/HTTP/API/Meta/Method.pm line 0
Passing a list of values to enum is deprecated. Enum values should be wrapped in an arrayref. at /usr/perl5.22.3-RC4p/lib/site_perl/5.22.3/amd64-freebsd/Moose/Util/TypeConstraints.pm line 437.
	Moose::Util::TypeConstraints::enum("FormatMode", "content-type", "append") called at /home/cpansand/.cpan/build/2016111618/Net-HTTP-API-0.14-tvVsZQ/blib/lib/Net/HTTP/API/Role/Format.pm line 23
	require Net/HTTP/API/Role/Format.pm called at /usr/perl5.22.3-RC4p/lib/site_perl/5.22.3/Module/Runtime.pm line 317
	Module::Runtime::require_module("Net::HTTP::API::Role::Format") called at /usr/perl5.22.3-RC4p/lib/site_perl/5.22.3/Module/Runtime.pm line 381
	eval {...} called at /usr/perl5.22.3-RC4p/lib/site_perl/5.22.3/Module/Runtime.pm line 381
	Module::Runtime::use_package_optimistically("Net::HTTP::API::Role::Format") called at /usr/perl5.22.3-RC4p/lib/site_perl/5.22.3/amd64-freebsd/Moose/Util.pm line 352
	Moose::Util::_load_user_class("Net::HTTP::API::Role::Format", undef) called at /usr/perl5.22.3-RC4p/lib/site_perl/5.22.3/amd64-freebsd/Moose/Util.pm line 147
	Moose::Util::_apply_all_roles(Moose::Meta::Class=HASH(0x4516db88), undef, "Net::HTTP::API::Role::UserAgent", "Net::HTTP::API::Role::Format", "Net::HTTP::API::Role::Authentication", "Net::HTTP::API::Role::Serialization", "Net::HTTP::API::Role::Request") called at /usr/perl5.22.3-RC4p/lib/site_perl/5.22.3/amd64-freebsd/Moose/Util.pm line 114
	Moose::Util::apply_all_roles(Moose::Meta::Class=HASH(0x4516db88), "Net::HTTP::API::Role::UserAgent", "Net::HTTP::API::Role::Format", "Net::HTTP::API::Role::Authentication", "Net::HTTP::API::Role::Serialization", "Net::HTTP::API::Role::Request") called at /usr/perl5.22.3-RC4p/lib/site_perl/5.22.3/amd64-freebsd/Moose/Meta/Class.pm line 88
	Moose::Meta::Class::create("Moose::Meta::Class", "Moose::Meta::Class::__ANON__::SERIAL::10", "superclasses", ARRAY(0x451d66f0), "weaken", "", "roles", ARRAY(0x4442af18)) called at /usr/perl5.22.3-RC4p/lib/site_perl/5.22.3/amd64-freebsd/Class/MOP/Package.pm line 120
	Class::MOP::Package::create_anon("Moose::Meta::Class", "superclasses", ARRAY(0x451d66f0), "roles", ARRAY(0x4442af18), "cache", 1) called at /usr/perl5.22.3-RC4p/lib/site_perl/5.22.3/amd64-freebsd/Class/MOP/Class.pm line 472
	Class::MOP::Class::create_anon_class("Moose::Meta::Class", "superclasses", ARRAY(0x451d66f0), "roles", ARRAY(0x4442af18), "cache", 1) called at /usr/perl5.22.3-RC4p/lib/site_perl/5.22.3/amd64-freebsd/Moose/Util/MetaRole.pm line 108
	Moose::Util::MetaRole::_make_new_class("test::auth", ARRAY(0x4442af18), ARRAY(0x451d66f0)) called at /usr/perl5.22.3-RC4p/lib/site_perl/5.22.3/amd64-freebsd/Moose/Util/MetaRole.pm line 88
	Moose::Util::MetaRole::apply_base_class_roles("for", "test::auth", "roles", ARRAY(0x4442af18)) called at /home/cpansand/.cpan/build/2016111618/Net-HTTP-API-0.14-tvVsZQ/blib/lib/Net/HTTP/API.pm line 41
	Net::HTTP::API::init_meta("Net::HTTP::API", "for_class", "Net::HTTP::API::Role::Format", "metaclass", undef, "meta_name", "meta") called at /usr/perl5.22.3-RC4p/lib/site_perl/5.22.3/amd64-freebsd/Moose/Exporter.pm line 484
	Net::HTTP::API::import("Net::HTTP::API") called at t/05_authentication.t line 6
	test::auth::BEGIN() called at /home/cpansand/.cpan/build/2016111618/Net-HTTP-API-0.14-tvVsZQ/blib/lib/Net/HTTP/API/Role/Format.pm line 0
	eval {...} called at /home/cpansand/.cpan/build/2016111618/Net-HTTP-API-0.14-tvVsZQ/blib/lib/Net/HTTP/API/Role/Format.pm line 0
Class::MOP::load_class is deprecated at /usr/perl5.22.3-RC4p/lib/site_perl/5.22.3/amd64-freebsd/Class/MOP.pm line 69.
	Class::MOP::load_class("Net::HTTP::API::Parser::JSON") called at /home/cpansand/.cpan/build/2016111618/Net-HTTP-API-0.14-tvVsZQ/blib/lib/Net/HTTP/API/Role/Serialization.pm line 74
	Net::HTTP::API::Role::Serialization::_load_serializer(test::auth=HASH(0x4645eb28), "json") called at /home/cpansand/.cpan/build/2016111618/Net-HTTP-API-0.14-tvVsZQ/blib/lib/Net/HTTP/API/Role/Serialization.pm line 53
	Net::HTTP::API::Role::Serialization::deserialize(test::auth=HASH(0x4645eb28), "[{\"name\":\"eris\"}]", ARRAY(0x45ccf360)) called at /home/cpansand/.cpan/build/2016111618/Net-HTTP-API-0.14-tvVsZQ/blib/lib/Net/HTTP/API/Role/Serialization.pm line 37
	Net::HTTP::API::Role::Serialization::get_content(test::auth=HASH(0x4645eb28), HTTP::Response=HASH(0x46588e10)) called at /home/cpansand/.cpan/build/2016111618/Net-HTTP-API-0.14-tvVsZQ/blib/lib/Net/HTTP/API/Meta/Method.pm line 134
	test::auth::user(test::auth=HASH(0x4645eb28)) called at /usr/perl5.22.3-RC4p/lib/site_perl/5.22.3/amd64-freebsd/Class/MOP/Method/Wrapped.pm line 44
	test::auth::_wrapped_user(test::auth=HASH(0x4645eb28)) called at /usr/perl5.22.3-RC4p/lib/site_perl/5.22.3/amd64-freebsd/Class/MOP/Method/Wrapped.pm line 95
	test::auth::user(test::auth=HASH(0x4645eb28)) called at t/05_authentication.t line 51
t/05_authentication.t ..... ok
t/release-eol.t ........... skipped: these tests are for release candidate testing
t/release-no-tabs.t ....... skipped: these tests are for release candidate testing
t/release-pod-coverage.t .. skipped: these tests are for release candidate testing
t/release-pod-syntax.t .... skipped: these tests are for release candidate testing

Test Summary Report
-------------------
t/01_basic.t            (Wstat: 512 Tests: 25 Failed: 2)
  Failed tests:  16, 23
  Non-zero exit status: 2
Files=10, Tests=42,  4 wallclock secs ( 0.01 usr  0.05 sys +  1.67 cusr  0.28 csys =  2.01 CPU)
Result: FAIL
Failed 1/10 test programs. 2/42 subtests failed.
*** Error code 255

Stop.
make: stopped in /home/cpansand/.cpan/build/2016111618/Net-HTTP-API-0.14-tvVsZQ

------------------------------
PREREQUISITES
------------------------------

Prerequisite modules loaded:

requires:

    Module                       Need Have    
    ---------------------------- ---- --------
    HTTP::Request                0    6.11    
    JSON                         0    2.90    
    LWP::UserAgent               0    6.15    
    Moose                        0    2.1806  
    Moose::Exporter              0    2.1806  
    Moose::Meta::Method          0    2.1806  
    Moose::Role                  0    2.1806  
    Moose::Util::MetaRole        0    2.1806  
    Moose::Util::TypeConstraints 0    2.1806  
    MooseX::Types::Moose         0    0.46    
    MooseX::Types::URI           0    0.08    
    overload                     0    1.26    
    Try::Tiny                    0    0.27    
    XML::Simple                  0    2.22    
    YAML::Syck                   0    1.29    

build_requires:

    Module                       Need Have    
    ---------------------------- ---- --------
    HTTP::Response               0    6.11    
    Test::Exception              0    0.43    
    Test::More                   0    1.302059

configure_requires:

    Module                       Need Have    
    ---------------------------- ---- --------
    ExtUtils::MakeMaker          6.31 7.04_02 


------------------------------
ENVIRONMENT AND OTHER CONTEXT
------------------------------

Environment variables:

    LC_ALL = de_DE.ISO8859-1
    PATH = /usr/local/bin:/usr/bin:/bin:/usr/local/sbin:/usr/sbin:/sbin:/home/cpansand/bin/freebsd10.1:/home/cpansand/bin/sh:/home/cpansand/bin:/usr/games:/home/cpansand/devel:/home/eserte/src/srezic-misc/scripts
    PERL5LIB = /home/cpansand/.cpan/build/2016111618/MooseX-Types-URI-0.08-xHOhmK/blib/arch:/home/cpansand/.cpan/build/2016111618/MooseX-Types-URI-0.08-xHOhmK/blib/lib:/home/cpansand/.cpan/build/2016111618/URI-FromHash-0.05-ThgizG/blib/arch:/home/cpansand/.cpan/build/2016111618/URI-FromHash-0.05-ThgizG/blib/lib:/home/cpansand/.cpan/build/2016111618/MooseX-Types-Path-Class-0.09-_r5XL_/blib/arch:/home/cpansand/.cpan/build/2016111618/MooseX-Types-Path-Class-0.09-_r5XL_/blib/lib
    PERL5OPT = 
    PERL5_CPANPLUS_IS_RUNNING = 76647
    PERL5_CPAN_IS_RUNNING = 76647
    PERL5_CPAN_IS_RUNNING_IN_RECURSION = 75363,76647
    PERLDOC = -MPod::Perldoc::ToTextOverstrike
    PERL_BATCH = yes
    PERL_CANARY_STABILITY_NOPROMPT = 1
    PERL_CPAN_REPORTER_CONFIG = /var/tmp/cpansmoker-1023/2016111618/cpanreporter_001_config.ini
    PERL_EXTUTILS_AUTOINSTALL = --defaultdeps
    SHELL = /usr/local/bin/zsh
    TERM = screen
    TMPDIR = /var/tmp/cpansmoker-1023/2016111618

Perl special variables (and OS-specific diagnostics, for MSWin32):

    $^X = /usr/perl5.22.3-RC4p/bin/perl
    $UID/$EUID = 1023 / 1023
    $GID = 1023 1023
    $EGID = 1023 1023

Perl module toolchain versions installed:

    Module              Have      
    ------------------- ----------
    CPAN                2.11_01   
    CPAN::Meta          2.150001  
    Cwd                 3.56_02   
    ExtUtils::CBuilder  0.280221  
    ExtUtils::Command   1.20_01   
    ExtUtils::Install   2.04      
    ExtUtils::MakeMaker 7.04_02   
    ExtUtils::Manifest  1.70      
    ExtUtils::ParseXS   3.28      
    File::Spec          3.56_02   
    JSON                2.90      
    JSON::PP            2.27300_01
    Module::Build       0.4220    
    Module::Signature   n/a       
    Parse::CPAN::Meta   1.4414_001
    Test::Harness       3.35_01   
    Test::More          1.302059  
    YAML                1.18      
    YAML::Syck          1.29      
    version             0.9909    


--

Summary of my perl5 (revision 5 version 22 subversion 3) configuration:
   
  Platform:
    osname=freebsd, osvers=10.1-release, archname=amd64-freebsd
    uname='freebsd cvrsnica-freebsd-101.herceg.de 10.1-release freebsd 10.1-release #0 r274401: tue nov 11 21:02:49 utc 2014 root@releng1.nyi.freebsd.org:usrobjusrsrcsysgeneric amd64 '
    config_args='-ds -e -Dprefix=/usr/perl5.22.3-RC4p -Dcf_email=srezic@cpan.org -Doptimize=-O2 -pipe'
    hint=recommended, useposix=true, d_sigaction=define
    useithreads=undef, usemultiplicity=undef
    use64bitint=define, use64bitall=define, uselongdouble=undef
    usemymalloc=n, bincompat5005=undef
  Compiler:
    cc='cc', ccflags ='-DHAS_FPSETMASK -DHAS_FLOATINGPOINT_H -fno-strict-aliasing -pipe -fstack-protector -I/usr/local/include -D_FORTIFY_SOURCE=2',
    optimize='-O2 -pipe',
    cppflags='-DHAS_FPSETMASK -DHAS_FLOATINGPOINT_H -fno-strict-aliasing -pipe -fstack-protector -I/usr/local/include'
    ccversion='', gccversion='4.2.1 Compatible FreeBSD Clang 3.4.1 (tags/RELEASE_34/dot1-final 208032)', gccosandvers=''
    intsize=4, longsize=8, ptrsize=8, doublesize=8, byteorder=12345678, doublekind=3
    d_longlong=define, longlongsize=8, d_longdbl=define, longdblsize=16, longdblkind=3
    ivtype='long', ivsize=8, nvtype='double', nvsize=8, Off_t='off_t', lseeksize=8
    alignbytes=8, prototype=define
  Linker and Libraries:
    ld='cc', ldflags ='-pthread -Wl,-E  -fstack-protector -L/usr/local/lib'
    libpth=/usr/lib /usr/local/lib /usr/include/clang/3.4.1 /usr/lib
    libs=-lpthread -lgdbm -lm -lcrypt -lutil -lc
    perllibs=-lpthread -lm -lcrypt -lutil -lc
    libc=, so=so, useshrplib=false, libperl=libperl.a
    gnulibc_version=''
  Dynamic Linking:
    dlsrc=dl_dlopen.xs, dlext=so, d_dlsymun=undef, ccdlflags=' '
    cccdlflags='-DPIC -fPIC', lddlflags='-shared  -L/usr/local/lib -fstack-protector'


Characteristics of this binary (from libperl): 
  Compile-time options: HAS_TIMES PERLIO_LAYERS PERL_DONT_CREATE_GVSV
                        PERL_HASH_FUNC_ONE_AT_A_TIME_HARD PERL_MALLOC_WRAP
                        PERL_NEW_COPY_ON_WRITE PERL_PRESERVE_IVUV
                        USE_64_BIT_ALL USE_64_BIT_INT USE_LARGE_FILES
                        USE_LOCALE USE_LOCALE_COLLATE USE_LOCALE_CTYPE
                        USE_LOCALE_NUMERIC USE_LOCALE_TIME USE_PERLIO
                        USE_PERL_ATOF
  Locally applied patches:
	RC4
  Built under freebsd
  Compiled at Oct 13 2016 19:50:47
  %ENV:
    PERL5LIB="/home/cpansand/.cpan/build/2016111618/MooseX-Types-URI-0.08-xHOhmK/blib/arch:/home/cpansand/.cpan/build/2016111618/MooseX-Types-URI-0.08-xHOhmK/blib/lib:/home/cpansand/.cpan/build/2016111618/URI-FromHash-0.05-ThgizG/blib/arch:/home/cpansand/.cpan/build/2016111618/URI-FromHash-0.05-ThgizG/blib/lib:/home/cpansand/.cpan/build/2016111618/MooseX-Types-Path-Class-0.09-_r5XL_/blib/arch:/home/cpansand/.cpan/build/2016111618/MooseX-Types-Path-Class-0.09-_r5XL_/blib/lib"
    PERL5OPT=""
    PERL5_CPANPLUS_IS_RUNNING="76647"
    PERL5_CPAN_IS_RUNNING="76647"
    PERL5_CPAN_IS_RUNNING_IN_RECURSION="75363,76647"
    PERLDOC="-MPod::Perldoc::ToTextOverstrike"
    PERL_BATCH="yes"
    PERL_CANARY_STABILITY_NOPROMPT="1"
    PERL_CPAN_REPORTER_CONFIG="/var/tmp/cpansmoker-1023/2016111618/cpanreporter_001_config.ini"
    PERL_EXTUTILS_AUTOINSTALL="--defaultdeps"
  @INC:
    /home/cpansand/.cpan/build/2016111618/MooseX-Types-URI-0.08-xHOhmK/blib/arch
    /home/cpansand/.cpan/build/2016111618/MooseX-Types-URI-0.08-xHOhmK/blib/lib
    /home/cpansand/.cpan/build/2016111618/URI-FromHash-0.05-ThgizG/blib/arch
    /home/cpansand/.cpan/build/2016111618/URI-FromHash-0.05-ThgizG/blib/lib
    /home/cpansand/.cpan/build/2016111618/MooseX-Types-Path-Class-0.09-_r5XL_/blib/arch
    /home/cpansand/.cpan/build/2016111618/MooseX-Types-Path-Class-0.09-_r5XL_/blib/lib
    /usr/perl5.22.3-RC4p/lib/site_perl/5.22.3/amd64-freebsd
    /usr/perl5.22.3-RC4p/lib/site_perl/5.22.3
    /usr/perl5.22.3-RC4p/lib/5.22.3/amd64-freebsd
    /usr/perl5.22.3-RC4p/lib/5.22.3
    .