Report for POE-Component-SSLify-1.012

Back
From: metabase:user:322078bc-2aae-11df-837a-5e0a49663a4f
Subject: FAIL POE-Component-SSLify-1.012 v5.22.1 GNU/Linux
Date: 2016-05-19T13:01:32Z

This distribution has been tested as part of the CPAN Testers
project, supporting the Perl programming language.  See
http://wiki.cpantesters.org/ for more information or email
questions to cpan-testers-discuss@perl.org


--

Dear Apocalypse,

This is a computer-generated error report created automatically by
CPANPLUS, version 0.9160. Testers personal comments may appear
at the end of this report.


Thank you for uploading your work to CPAN.  However, it appears that
there were some problems testing your distribution.

TEST RESULTS:

Below is the error stack from stage 'make test':

t/00-compile.t ................ ok
# 
# Versions for all modules listed in MYMETA.json (including optional ones):
# 
# === Configure Requires ===
# 
#     Module               Want  Have
#     ------------------- ----- -----
#     ExtUtils::MakeMaker   any  7.16
#     Module::Build::Tiny 0.039 0.039
# 
# === Test Requires ===
# 
#     Module                          Want     Have
#     --------------------------- -------- --------
#     ExtUtils::MakeMaker              any     7.16
#     File::Spec                       any     3.62
#     File::Temp                       any   0.2304
#     IO::Handle                      1.28     1.35
#     IPC::Open3                       any     1.18
#     POE                            1.267    1.367
#     POE::Component::Client::TCP      any    1.367
#     POE::Component::Server::TCP      any    1.367
#     POE::Filter::Stream              any    1.367
#     Socket                           any    2.021
#     Test::FailWarnings               any    0.008
#     Test::More                  1.001002 1.302019
# 
# === Test Recommends ===
# 
#     Module         Want     Have
#     ---------- -------- --------
#     CPAN::Meta 2.120900 2.150005
# 
# === Runtime Requires ===
# 
#     Module        Want  Have
#     ------------ ----- -----
#     Exporter       any  5.72
#     IO::Handle    1.28  1.35
#     Net::SSLeay   1.36  1.74
#     POE          1.267 1.367
#     Scalar::Util   any  1.45
#     Symbol         any  1.07
#     Task::Weaken  1.03  1.04
#     parent         any 0.234
#     strict         any  1.09
#     warnings       any  1.34
# 
t/00-report-prereqs.t ......... ok
# 
# Net::SSLeay::ver_number is 0x1000207f
# 	OpenSSL 1.0.2g  1 Mar 2016
# 	compiler: gcc -I. -I.. -I../include  -fPIC -DOPENSSL_PIC -DOPENSSL_THREADS -D_REENTRANT -DDSO_DLFCN -DHAVE_DLFCN_H -DL_ENDIAN -g -O2 -fstack-protector-strong -Wformat -Werror=format-security -Wdate-time -D_FORTIFY_SOURCE=2 -Wl,-z,relro -Wa,--noexecstack -Wall -march=i686 -DOPENSSL_BN_ASM_PART_WORDS -DOPENSSL_IA32_SSE2 -DOPENSSL_BN_ASM_MONT -DOPENSSL_BN_ASM_GF2m -DSHA1_ASM -DSHA256_ASM -DSHA512_ASM -DMD5_ASM -DRMD160_ASM -DAES_ASM -DVPAES_ASM -DWHIRLPOOL_ASM -DGHASH_ASM
# 	built on: reproducible build, date unspecified
# 	platform: debian-i386-i686/cmov
# 	pogomips: 15187515
t/00-ssleay-info.t ............ ok
t/99_mire_test.t .............. skipped: AUTHOR TEST
t/apocalypse.t ................ skipped: Test::Apocalypse required for validating the distribution
t/connect_hook.t .............. ok
t/connect_hook_nodata.t ....... ok
t/connfail_client.t ........... ok
t/connfail_server.t ........... ok

#   Failed test 'SERVER: SSLify_Options Can't locate auto/Net/SSLeay/CTX_v3_new.al in @INC (@INC contains: /opt/perl-5.22.1/.cpanplus/5.22.1/build/VjHzPjuqAv/POE-Component-SSLify-1.012/blib/arch /opt/perl-5.22.1/.cpanplus/5.22.1/build/VjHzPjuqAv/POE-Component-SSLify-1.012/blib/lib /opt/perl-5.22.1/.cpanplus/5.22.1/build/VjHzPjuqAv/POE-Component-SSLify-1.012/blib/lib /opt/perl-5.22.1/.cpanplus/5.22.1/build/VjHzPjuqAv/POE-Component-SSLify-1.012/blib/arch /opt/perl-5.22.1/lib/site_perl/5.22.1/i686-linux-64int /opt/perl-5.22.1/lib/site_perl/5.22.1 /opt/perl-5.22.1/lib/5.22.1/i686-linux-64int /opt/perl-5.22.1/lib/5.22.1 .) at /opt/perl-5.22.1/.cpanplus/5.22.1/build/VjHzPjuqAv/POE-Component-SSLify-1.012/blib/lib/POE/Component/SSLify.pm line 362.
# '
#   at t/renegotiate_client.t line 55.

#   Failed test 'SERVER: Server_SSLify Please do SSLify_Options() first ( or pass in a $ctx object ) at /opt/perl-5.22.1/.cpanplus/5.22.1/build/VjHzPjuqAv/POE-Component-SSLify-1.012/blib/lib/POE/Component/SSLify.pm line 247.
# '
#   at t/renegotiate_client.t line 58.

#   Failed test 'CLIENT: SSLify_ContextCreate Can't locate auto/Net/SSLeay/CTX_v3_new.al in @INC (@INC contains: /opt/perl-5.22.1/.cpanplus/5.22.1/build/VjHzPjuqAv/POE-Component-SSLify-1.012/blib/arch /opt/perl-5.22.1/.cpanplus/5.22.1/build/VjHzPjuqAv/POE-Component-SSLify-1.012/blib/lib /opt/perl-5.22.1/.cpanplus/5.22.1/build/VjHzPjuqAv/POE-Component-SSLify-1.012/blib/lib /opt/perl-5.22.1/.cpanplus/5.22.1/build/VjHzPjuqAv/POE-Component-SSLify-1.012/blib/arch /opt/perl-5.22.1/lib/site_perl/5.22.1/i686-linux-64int /opt/perl-5.22.1/lib/site_perl/5.22.1 /opt/perl-5.22.1/lib/5.22.1/i686-linux-64int /opt/perl-5.22.1/lib/5.22.1 .) at /opt/perl-5.22.1/.cpanplus/5.22.1/build/VjHzPjuqAv/POE-Component-SSLify-1.012/blib/lib/POE/Component/SSLify.pm line 362.
# '
#   at t/renegotiate_client.t line 117.
Can't use an undefined value as a symbol reference at /opt/perl-5.22.1/.cpanplus/5.22.1/build/VjHzPjuqAv/POE-Component-SSLify-1.012/blib/lib/POE/Component/SSLify.pm line 446.
# Tests were run but no plan was declared and done_testing() was not seen.
# Looks like your test exited with 22 just after 7.
t/renegotiate_client.t ........ 
Dubious, test returned 22 (wstat 5632, 0x1600)
Failed 3/7 subtests 

#   Failed test 'SERVER: SSLify_Options Can't locate auto/Net/SSLeay/CTX_v3_new.al in @INC (@INC contains: /opt/perl-5.22.1/.cpanplus/5.22.1/build/VjHzPjuqAv/POE-Component-SSLify-1.012/blib/arch /opt/perl-5.22.1/.cpanplus/5.22.1/build/VjHzPjuqAv/POE-Component-SSLify-1.012/blib/lib /opt/perl-5.22.1/.cpanplus/5.22.1/build/VjHzPjuqAv/POE-Component-SSLify-1.012/blib/lib /opt/perl-5.22.1/.cpanplus/5.22.1/build/VjHzPjuqAv/POE-Component-SSLify-1.012/blib/arch /opt/perl-5.22.1/lib/site_perl/5.22.1/i686-linux-64int /opt/perl-5.22.1/lib/site_perl/5.22.1 /opt/perl-5.22.1/lib/5.22.1/i686-linux-64int /opt/perl-5.22.1/lib/5.22.1 .) at /opt/perl-5.22.1/.cpanplus/5.22.1/build/VjHzPjuqAv/POE-Component-SSLify-1.012/blib/lib/POE/Component/SSLify.pm line 362.
# '
#   at t/renegotiate_client_pings.t line 57.

#   Failed test 'SERVER: Server_SSLify Please do SSLify_Options() first ( or pass in a $ctx object ) at /opt/perl-5.22.1/.cpanplus/5.22.1/build/VjHzPjuqAv/POE-Component-SSLify-1.012/blib/lib/POE/Component/SSLify.pm line 247.
# '
#   at t/renegotiate_client_pings.t line 60.

#   Failed test 'CLIENT: SSLify_ContextCreate Can't locate auto/Net/SSLeay/CTX_v3_new.al in @INC (@INC contains: /opt/perl-5.22.1/.cpanplus/5.22.1/build/VjHzPjuqAv/POE-Component-SSLify-1.012/blib/arch /opt/perl-5.22.1/.cpanplus/5.22.1/build/VjHzPjuqAv/POE-Component-SSLify-1.012/blib/lib /opt/perl-5.22.1/.cpanplus/5.22.1/build/VjHzPjuqAv/POE-Component-SSLify-1.012/blib/lib /opt/perl-5.22.1/.cpanplus/5.22.1/build/VjHzPjuqAv/POE-Component-SSLify-1.012/blib/arch /opt/perl-5.22.1/lib/site_perl/5.22.1/i686-linux-64int /opt/perl-5.22.1/lib/site_perl/5.22.1 /opt/perl-5.22.1/lib/5.22.1/i686-linux-64int /opt/perl-5.22.1/lib/5.22.1 .) at /opt/perl-5.22.1/.cpanplus/5.22.1/build/VjHzPjuqAv/POE-Component-SSLify-1.012/blib/lib/POE/Component/SSLify.pm line 362.
# '
#   at t/renegotiate_client_pings.t line 120.
Can't use an undefined value as a symbol reference at /opt/perl-5.22.1/.cpanplus/5.22.1/build/VjHzPjuqAv/POE-Component-SSLify-1.012/blib/lib/POE/Component/SSLify.pm line 446.
# Tests were run but no plan was declared and done_testing() was not seen.
# Looks like your test exited with 22 just after 7.
t/renegotiate_client_pings.t .. 
Dubious, test returned 22 (wstat 5632, 0x1600)
Failed 3/7 subtests 

#   Failed test 'SERVER: SSLify_Options Can't locate auto/Net/SSLeay/CTX_v3_new.al in @INC (@INC contains: /opt/perl-5.22.1/.cpanplus/5.22.1/build/VjHzPjuqAv/POE-Component-SSLify-1.012/blib/arch /opt/perl-5.22.1/.cpanplus/5.22.1/build/VjHzPjuqAv/POE-Component-SSLify-1.012/blib/lib /opt/perl-5.22.1/.cpanplus/5.22.1/build/VjHzPjuqAv/POE-Component-SSLify-1.012/blib/lib /opt/perl-5.22.1/.cpanplus/5.22.1/build/VjHzPjuqAv/POE-Component-SSLify-1.012/blib/arch /opt/perl-5.22.1/lib/site_perl/5.22.1/i686-linux-64int /opt/perl-5.22.1/lib/site_perl/5.22.1 /opt/perl-5.22.1/lib/5.22.1/i686-linux-64int /opt/perl-5.22.1/lib/5.22.1 .) at /opt/perl-5.22.1/.cpanplus/5.22.1/build/VjHzPjuqAv/POE-Component-SSLify-1.012/blib/lib/POE/Component/SSLify.pm line 362.
# '
#   at t/renegotiate_server.t line 55.

#   Failed test 'SERVER: Server_SSLify Please do SSLify_Options() first ( or pass in a $ctx object ) at /opt/perl-5.22.1/.cpanplus/5.22.1/build/VjHzPjuqAv/POE-Component-SSLify-1.012/blib/lib/POE/Component/SSLify.pm line 247.
# '
#   at t/renegotiate_server.t line 58.

#   Failed test 'CLIENT: SSLify_ContextCreate Can't locate auto/Net/SSLeay/CTX_v3_new.al in @INC (@INC contains: /opt/perl-5.22.1/.cpanplus/5.22.1/build/VjHzPjuqAv/POE-Component-SSLify-1.012/blib/arch /opt/perl-5.22.1/.cpanplus/5.22.1/build/VjHzPjuqAv/POE-Component-SSLify-1.012/blib/lib /opt/perl-5.22.1/.cpanplus/5.22.1/build/VjHzPjuqAv/POE-Component-SSLify-1.012/blib/lib /opt/perl-5.22.1/.cpanplus/5.22.1/build/VjHzPjuqAv/POE-Component-SSLify-1.012/blib/arch /opt/perl-5.22.1/lib/site_perl/5.22.1/i686-linux-64int /opt/perl-5.22.1/lib/site_perl/5.22.1 /opt/perl-5.22.1/lib/5.22.1/i686-linux-64int /opt/perl-5.22.1/lib/5.22.1 .) at /opt/perl-5.22.1/.cpanplus/5.22.1/build/VjHzPjuqAv/POE-Component-SSLify-1.012/blib/lib/POE/Component/SSLify.pm line 362.
# '
#   at t/renegotiate_server.t line 117.
Can't use an undefined value as a symbol reference at /opt/perl-5.22.1/.cpanplus/5.22.1/build/VjHzPjuqAv/POE-Component-SSLify-1.012/blib/lib/POE/Component/SSLify.pm line 446.
# Tests were run but no plan was declared and done_testing() was not seen.
# Looks like your test exited with 22 just after 7.
t/renegotiate_server.t ........ 
Dubious, test returned 22 (wstat 5632, 0x1600)
Failed 3/7 subtests 

#   Failed test 'SERVER: SSLify_Options Can't locate auto/Net/SSLeay/CTX_v3_new.al in @INC (@INC contains: /opt/perl-5.22.1/.cpanplus/5.22.1/build/VjHzPjuqAv/POE-Component-SSLify-1.012/blib/arch /opt/perl-5.22.1/.cpanplus/5.22.1/build/VjHzPjuqAv/POE-Component-SSLify-1.012/blib/lib /opt/perl-5.22.1/.cpanplus/5.22.1/build/VjHzPjuqAv/POE-Component-SSLify-1.012/blib/lib /opt/perl-5.22.1/.cpanplus/5.22.1/build/VjHzPjuqAv/POE-Component-SSLify-1.012/blib/arch /opt/perl-5.22.1/lib/site_perl/5.22.1/i686-linux-64int /opt/perl-5.22.1/lib/site_perl/5.22.1 /opt/perl-5.22.1/lib/5.22.1/i686-linux-64int /opt/perl-5.22.1/lib/5.22.1 .) at /opt/perl-5.22.1/.cpanplus/5.22.1/build/VjHzPjuqAv/POE-Component-SSLify-1.012/blib/lib/POE/Component/SSLify.pm line 362.
# '
#   at t/simple.t line 52.

#   Failed test 'SERVER: Server_SSLify Please do SSLify_Options() first ( or pass in a $ctx object ) at /opt/perl-5.22.1/.cpanplus/5.22.1/build/VjHzPjuqAv/POE-Component-SSLify-1.012/blib/lib/POE/Component/SSLify.pm line 247.
# '
#   at t/simple.t line 55.

#   Failed test 'CLIENT: SSLify_ContextCreate Can't locate auto/Net/SSLeay/CTX_v3_new.al in @INC (@INC contains: /opt/perl-5.22.1/.cpanplus/5.22.1/build/VjHzPjuqAv/POE-Component-SSLify-1.012/blib/arch /opt/perl-5.22.1/.cpanplus/5.22.1/build/VjHzPjuqAv/POE-Component-SSLify-1.012/blib/lib /opt/perl-5.22.1/.cpanplus/5.22.1/build/VjHzPjuqAv/POE-Component-SSLify-1.012/blib/lib /opt/perl-5.22.1/.cpanplus/5.22.1/build/VjHzPjuqAv/POE-Component-SSLify-1.012/blib/arch /opt/perl-5.22.1/lib/site_perl/5.22.1/i686-linux-64int /opt/perl-5.22.1/lib/site_perl/5.22.1 /opt/perl-5.22.1/lib/5.22.1/i686-linux-64int /opt/perl-5.22.1/lib/5.22.1 .) at /opt/perl-5.22.1/.cpanplus/5.22.1/build/VjHzPjuqAv/POE-Component-SSLify-1.012/blib/lib/POE/Component/SSLify.pm line 362.
# '
#   at t/simple.t line 111.
Can't use an undefined value as a symbol reference at /opt/perl-5.22.1/.cpanplus/5.22.1/build/VjHzPjuqAv/POE-Component-SSLify-1.012/blib/lib/POE/Component/SSLify.pm line 446.
# Tests were run but no plan was declared and done_testing() was not seen.
# Looks like your test exited with 22 just after 7.
t/simple.t .................... 
Dubious, test returned 22 (wstat 5632, 0x1600)
Failed 3/7 subtests 

#   Failed test 'SERVER: SSLify_Options Can't locate auto/Net/SSLeay/CTX_v3_new.al in @INC (@INC contains: /opt/perl-5.22.1/.cpanplus/5.22.1/build/VjHzPjuqAv/POE-Component-SSLify-1.012/blib/arch /opt/perl-5.22.1/.cpanplus/5.22.1/build/VjHzPjuqAv/POE-Component-SSLify-1.012/blib/lib /opt/perl-5.22.1/.cpanplus/5.22.1/build/VjHzPjuqAv/POE-Component-SSLify-1.012/blib/lib /opt/perl-5.22.1/.cpanplus/5.22.1/build/VjHzPjuqAv/POE-Component-SSLify-1.012/blib/arch /opt/perl-5.22.1/lib/site_perl/5.22.1/i686-linux-64int /opt/perl-5.22.1/lib/site_perl/5.22.1 /opt/perl-5.22.1/lib/5.22.1/i686-linux-64int /opt/perl-5.22.1/lib/5.22.1 .) at /opt/perl-5.22.1/.cpanplus/5.22.1/build/VjHzPjuqAv/POE-Component-SSLify-1.012/blib/lib/POE/Component/SSLify.pm line 362.
# '
#   at t/simple_large.t line 54.

#   Failed test 'SERVER: Server_SSLify Please do SSLify_Options() first ( or pass in a $ctx object ) at /opt/perl-5.22.1/.cpanplus/5.22.1/build/VjHzPjuqAv/POE-Component-SSLify-1.012/blib/lib/POE/Component/SSLify.pm line 247.
# '
#   at t/simple_large.t line 57.

#   Failed test 'CLIENT: SSLify_ContextCreate Can't locate auto/Net/SSLeay/CTX_v3_new.al in @INC (@INC contains: /opt/perl-5.22.1/.cpanplus/5.22.1/build/VjHzPjuqAv/POE-Component-SSLify-1.012/blib/arch /opt/perl-5.22.1/.cpanplus/5.22.1/build/VjHzPjuqAv/POE-Component-SSLify-1.012/blib/lib /opt/perl-5.22.1/.cpanplus/5.22.1/build/VjHzPjuqAv/POE-Component-SSLify-1.012/blib/lib /opt/perl-5.22.1/.cpanplus/5.22.1/build/VjHzPjuqAv/POE-Component-SSLify-1.012/blib/arch /opt/perl-5.22.1/lib/site_perl/5.22.1/i686-linux-64int /opt/perl-5.22.1/lib/site_perl/5.22.1 /opt/perl-5.22.1/lib/5.22.1/i686-linux-64int /opt/perl-5.22.1/lib/5.22.1 .) at /opt/perl-5.22.1/.cpanplus/5.22.1/build/VjHzPjuqAv/POE-Component-SSLify-1.012/blib/lib/POE/Component/SSLify.pm line 362.
# '
#   at t/simple_large.t line 113.
Can't use an undefined value as a symbol reference at /opt/perl-5.22.1/.cpanplus/5.22.1/build/VjHzPjuqAv/POE-Component-SSLify-1.012/blib/lib/POE/Component/SSLify.pm line 446.
# Tests were run but no plan was declared and done_testing() was not seen.
# Looks like your test exited with 22 just after 6.
t/simple_large.t .............. 
Dubious, test returned 22 (wstat 5632, 0x1600)
Failed 3/6 subtests 

#   Failed test 'SERVER: SSLify_Options Can't locate auto/Net/SSLeay/CTX_v3_new.al in @INC (@INC contains: /opt/perl-5.22.1/.cpanplus/5.22.1/build/VjHzPjuqAv/POE-Component-SSLify-1.012/blib/arch /opt/perl-5.22.1/.cpanplus/5.22.1/build/VjHzPjuqAv/POE-Component-SSLify-1.012/blib/lib /opt/perl-5.22.1/.cpanplus/5.22.1/build/VjHzPjuqAv/POE-Component-SSLify-1.012/blib/lib /opt/perl-5.22.1/.cpanplus/5.22.1/build/VjHzPjuqAv/POE-Component-SSLify-1.012/blib/arch /opt/perl-5.22.1/lib/site_perl/5.22.1/i686-linux-64int /opt/perl-5.22.1/lib/site_perl/5.22.1 /opt/perl-5.22.1/lib/5.22.1/i686-linux-64int /opt/perl-5.22.1/lib/5.22.1 .) at /opt/perl-5.22.1/.cpanplus/5.22.1/build/VjHzPjuqAv/POE-Component-SSLify-1.012/blib/lib/POE/Component/SSLify.pm line 362.
# '
#   at t/simple_parallel.t line 52.

#   Failed test 'SERVER: Server_SSLify Please do SSLify_Options() first ( or pass in a $ctx object ) at /opt/perl-5.22.1/.cpanplus/5.22.1/build/VjHzPjuqAv/POE-Component-SSLify-1.012/blib/lib/POE/Component/SSLify.pm line 247.
# '
#   at t/simple_parallel.t line 55.

#   Failed test 'CLIENT: SSLify_ContextCreate Can't locate auto/Net/SSLeay/CTX_v3_new.al in @INC (@INC contains: /opt/perl-5.22.1/.cpanplus/5.22.1/build/VjHzPjuqAv/POE-Component-SSLify-1.012/blib/arch /opt/perl-5.22.1/.cpanplus/5.22.1/build/VjHzPjuqAv/POE-Component-SSLify-1.012/blib/lib /opt/perl-5.22.1/.cpanplus/5.22.1/build/VjHzPjuqAv/POE-Component-SSLify-1.012/blib/lib /opt/perl-5.22.1/.cpanplus/5.22.1/build/VjHzPjuqAv/POE-Component-SSLify-1.012/blib/arch /opt/perl-5.22.1/lib/site_perl/5.22.1/i686-linux-64int /opt/perl-5.22.1/lib/site_perl/5.22.1 /opt/perl-5.22.1/lib/5.22.1/i686-linux-64int /opt/perl-5.22.1/lib/5.22.1 .) at /opt/perl-5.22.1/.cpanplus/5.22.1/build/VjHzPjuqAv/POE-Component-SSLify-1.012/blib/lib/POE/Component/SSLify.pm line 362.
# '
#   at t/simple_parallel.t line 111.

#   Failed test 'CLIENT: SSLify_ContextCreate Can't locate auto/Net/SSLeay/CTX_v3_new.al in @INC (@INC contains: /opt/perl-5.22.1/.cpanplus/5.22.1/build/VjHzPjuqAv/POE-Component-SSLify-1.012/blib/arch /opt/perl-5.22.1/.cpanplus/5.22.1/build/VjHzPjuqAv/POE-Component-SSLify-1.012/blib/lib /opt/perl-5.22.1/.cpanplus/5.22.1/build/VjHzPjuqAv/POE-Component-SSLify-1.012/blib/lib /opt/perl-5.22.1/.cpanplus/5.22.1/build/VjHzPjuqAv/POE-Component-SSLify-1.012/blib/arch /opt/perl-5.22.1/lib/site_perl/5.22.1/i686-linux-64int /opt/perl-5.22.1/lib/site_perl/5.22.1 /opt/perl-5.22.1/lib/5.22.1/i686-linux-64int /opt/perl-5.22.1/lib/5.22.1 .) at /opt/perl-5.22.1/.cpanplus/5.22.1/build/VjHzPjuqAv/POE-Component-SSLify-1.012/blib/lib/POE/Component/SSLify.pm line 362.
# '
#   at t/simple_parallel.t line 111.

#   Failed test 'CLIENT: SSLify_ContextCreate Can't locate auto/Net/SSLeay/CTX_v3_new.al in @INC (@INC contains: /opt/perl-5.22.1/.cpanplus/5.22.1/build/VjHzPjuqAv/POE-Component-SSLify-1.012/blib/arch /opt/perl-5.22.1/.cpanplus/5.22.1/build/VjHzPjuqAv/POE-Component-SSLify-1.012/blib/lib /opt/perl-5.22.1/.cpanplus/5.22.1/build/VjHzPjuqAv/POE-Component-SSLify-1.012/blib/lib /opt/perl-5.22.1/.cpanplus/5.22.1/build/VjHzPjuqAv/POE-Component-SSLify-1.012/blib/arch /opt/perl-5.22.1/lib/site_perl/5.22.1/i686-linux-64int /opt/perl-5.22.1/lib/site_perl/5.22.1 /opt/perl-5.22.1/lib/5.22.1/i686-linux-64int /opt/perl-5.22.1/lib/5.22.1 .) at /opt/perl-5.22.1/.cpanplus/5.22.1/build/VjHzPjuqAv/POE-Component-SSLify-1.012/blib/lib/POE/Component/SSLify.pm line 362.
# '
#   at t/simple_parallel.t line 111.

#   Failed test 'CLIENT: SSLify_ContextCreate Can't locate auto/Net/SSLeay/CTX_v3_new.al in @INC (@INC contains: /opt/perl-5.22.1/.cpanplus/5.22.1/build/VjHzPjuqAv/POE-Component-SSLify-1.012/blib/arch /opt/perl-5.22.1/.cpanplus/5.22.1/build/VjHzPjuqAv/POE-Component-SSLify-1.012/blib/lib /opt/perl-5.22.1/.cpanplus/5.22.1/build/VjHzPjuqAv/POE-Component-SSLify-1.012/blib/lib /opt/perl-5.22.1/.cpanplus/5.22.1/build/VjHzPjuqAv/POE-Component-SSLify-1.012/blib/arch /opt/perl-5.22.1/lib/site_perl/5.22.1/i686-linux-64int /opt/perl-5.22.1/lib/site_perl/5.22.1 /opt/perl-5.22.1/lib/5.22.1/i686-linux-64int /opt/perl-5.22.1/lib/5.22.1 .) at /opt/perl-5.22.1/.cpanplus/5.22.1/build/VjHzPjuqAv/POE-Component-SSLify-1.012/blib/lib/POE/Component/SSLify.pm line 362.
# '
#   at t/simple_parallel.t line 111.

#   Failed test 'CLIENT: SSLify_ContextCreate Can't locate auto/Net/SSLeay/CTX_v3_new.al in @INC (@INC contains: /opt/perl-5.22.1/.cpanplus/5.22.1/build/VjHzPjuqAv/POE-Component-SSLify-1.012/blib/arch /opt/perl-5.22.1/.cpanplus/5.22.1/build/VjHzPjuqAv/POE-Component-SSLify-1.012/blib/lib /opt/perl-5.22.1/.cpanplus/5.22.1/build/VjHzPjuqAv/POE-Component-SSLify-1.012/blib/lib /opt/perl-5.22.1/.cpanplus/5.22.1/build/VjHzPjuqAv/POE-Component-SSLify-1.012/blib/arch /opt/perl-5.22.1/lib/site_perl/5.22.1/i686-linux-64int /opt/perl-5.22.1/lib/site_perl/5.22.1 /opt/perl-5.22.1/lib/5.22.1/i686-linux-64int /opt/perl-5.22.1/lib/5.22.1 .) at /opt/perl-5.22.1/.cpanplus/5.22.1/build/VjHzPjuqAv/POE-Component-SSLify-1.012/blib/lib/POE/Component/SSLify.pm line 362.
# '
#   at t/simple_parallel.t line 111.

#   Failed test 'CLIENT: SSLify_ContextCreate Can't locate auto/Net/SSLeay/CTX_v3_new.al in @INC (@INC contains: /opt/perl-5.22.1/.cpanplus/5.22.1/build/VjHzPjuqAv/POE-Component-SSLify-1.012/blib/arch /opt/perl-5.22.1/.cpanplus/5.22.1/build/VjHzPjuqAv/POE-Component-SSLify-1.012/blib/lib /opt/perl-5.22.1/.cpanplus/5.22.1/build/VjHzPjuqAv/POE-Component-SSLify-1.012/blib/lib /opt/perl-5.22.1/.cpanplus/5.22.1/build/VjHzPjuqAv/POE-Component-SSLify-1.012/blib/arch /opt/perl-5.22.1/lib/site_perl/5.22.1/i686-linux-64int /opt/perl-5.22.1/lib/site_perl/5.22.1 /opt/perl-5.22.1/lib/5.22.1/i686-linux-64int /opt/perl-5.22.1/lib/5.22.1 .) at /opt/perl-5.22.1/.cpanplus/5.22.1/build/VjHzPjuqAv/POE-Component-SSLify-1.012/blib/lib/POE/Component/SSLify.pm line 362.
# '
#   at t/simple_parallel.t line 111.

#   Failed test 'CLIENT: SSLify_ContextCreate Can't locate auto/Net/SSLeay/CTX_v3_new.al in @INC (@INC contains: /opt/perl-5.22.1/.cpanplus/5.22.1/build/VjHzPjuqAv/POE-Component-SSLify-1.012/blib/arch /opt/perl-5.22.1/.cpanplus/5.22.1/build/VjHzPjuqAv/POE-Component-SSLify-1.012/blib/lib /opt/perl-5.22.1/.cpanplus/5.22.1/build/VjHzPjuqAv/POE-Component-SSLify-1.012/blib/lib /opt/perl-5.22.1/.cpanplus/5.22.1/build/VjHzPjuqAv/POE-Component-SSLify-1.012/blib/arch /opt/perl-5.22.1/lib/site_perl/5.22.1/i686-linux-64int /opt/perl-5.22.1/lib/site_perl/5.22.1 /opt/perl-5.22.1/lib/5.22.1/i686-linux-64int /opt/perl-5.22.1/lib/5.22.1 .) at /opt/perl-5.22.1/.cpanplus/5.22.1/build/VjHzPjuqAv/POE-Component-SSLify-1.012/blib/lib/POE/Component/SSLify.pm line 362.
# '
#   at t/simple_parallel.t line 111.

#   Failed test 'CLIENT: SSLify_ContextCreate Can't locate auto/Net/SSLeay/CTX_v3_new.al in @INC (@INC contains: /opt/perl-5.22.1/.cpanplus/5.22.1/build/VjHzPjuqAv/POE-Component-SSLify-1.012/blib/arch /opt/perl-5.22.1/.cpanplus/5.22.1/build/VjHzPjuqAv/POE-Component-SSLify-1.012/blib/lib /opt/perl-5.22.1/.cpanplus/5.22.1/build/VjHzPjuqAv/POE-Component-SSLify-1.012/blib/lib /opt/perl-5.22.1/.cpanplus/5.22.1/build/VjHzPjuqAv/POE-Component-SSLify-1.012/blib/arch /opt/perl-5.22.1/lib/site_perl/5.22.1/i686-linux-64int /opt/perl-5.22.1/lib/site_perl/5.22.1 /opt/perl-5.22.1/lib/5.22.1/i686-linux-64int /opt/perl-5.22.1/lib/5.22.1 .) at /opt/perl-5.22.1/.cpanplus/5.22.1/build/VjHzPjuqAv/POE-Component-SSLify-1.012/blib/lib/POE/Component/SSLify.pm line 362.
# '
#   at t/simple_parallel.t line 111.

#   Failed test 'CLIENT: SSLify_ContextCreate Can't locate auto/Net/SSLeay/CTX_v3_new.al in @INC (@INC contains: /opt/perl-5.22.1/.cpanplus/5.22.1/build/VjHzPjuqAv/POE-Component-SSLify-1.012/blib/arch /opt/perl-5.22.1/.cpanplus/5.22.1/build/VjHzPjuqAv/POE-Component-SSLify-1.012/blib/lib /opt/perl-5.22.1/.cpanplus/5.22.1/build/VjHzPjuqAv/POE-Component-SSLify-1.012/blib/lib /opt/perl-5.22.1/.cpanplus/5.22.1/build/VjHzPjuqAv/POE-Component-SSLify-1.012/blib/arch /opt/perl-5.22.1/lib/site_perl/5.22.1/i686-linux-64int /opt/perl-5.22.1/lib/site_perl/5.22.1 /opt/perl-5.22.1/lib/5.22.1/i686-linux-64int /opt/perl-5.22.1/lib/5.22.1 .) at /opt/perl-5.22.1/.cpanplus/5.22.1/build/VjHzPjuqAv/POE-Component-SSLify-1.012/blib/lib/POE/Component/SSLify.pm line 362.
# '
#   at t/simple_parallel.t line 111.

#   Failed test 'CLIENT: SSLify_ContextCreate Can't locate auto/Net/SSLeay/CTX_v3_new.al in @INC (@INC contains: /opt/perl-5.22.1/.cpanplus/5.22.1/build/VjHzPjuqAv/POE-Component-SSLify-1.012/blib/arch /opt/perl-5.22.1/.cpanplus/5.22.1/build/VjHzPjuqAv/POE-Component-SSLify-1.012/blib/lib /opt/perl-5.22.1/.cpanplus/5.22.1/build/VjHzPjuqAv/POE-Component-SSLify-1.012/blib/lib /opt/perl-5.22.1/.cpanplus/5.22.1/build/VjHzPjuqAv/POE-Component-SSLify-1.012/blib/arch /opt/perl-5.22.1/lib/site_perl/5.22.1/i686-linux-64int /opt/perl-5.22.1/lib/site_perl/5.22.1 /opt/perl-5.22.1/lib/5.22.1/i686-linux-64int /opt/perl-5.22.1/lib/5.22.1 .) at /opt/perl-5.22.1/.cpanplus/5.22.1/build/VjHzPjuqAv/POE-Component-SSLify-1.012/blib/lib/POE/Component/SSLify.pm line 362.
# '
#   at t/simple_parallel.t line 111.
Can't use an undefined value as a symbol reference at /opt/perl-5.22.1/.cpanplus/5.22.1/build/VjHzPjuqAv/POE-Component-SSLify-1.012/blib/lib/POE/Component/SSLify.pm line 446.
# Tests were run but no plan was declared and done_testing() was not seen.
# Looks like your test exited with 22 just after 52.
t/simple_parallel.t ........... 
Dubious, test returned 22 (wstat 5632, 0x1600)
Failed 12/52 subtests 

#   Failed test 'SERVER: SSLify_Options Can't locate auto/Net/SSLeay/CTX_v3_new.al in @INC (@INC contains: /opt/perl-5.22.1/.cpanplus/5.22.1/build/VjHzPjuqAv/POE-Component-SSLify-1.012/blib/arch /opt/perl-5.22.1/.cpanplus/5.22.1/build/VjHzPjuqAv/POE-Component-SSLify-1.012/blib/lib /opt/perl-5.22.1/.cpanplus/5.22.1/build/VjHzPjuqAv/POE-Component-SSLify-1.012/blib/lib /opt/perl-5.22.1/.cpanplus/5.22.1/build/VjHzPjuqAv/POE-Component-SSLify-1.012/blib/arch /opt/perl-5.22.1/lib/site_perl/5.22.1/i686-linux-64int /opt/perl-5.22.1/lib/site_perl/5.22.1 /opt/perl-5.22.1/lib/5.22.1/i686-linux-64int /opt/perl-5.22.1/lib/5.22.1 .) at /opt/perl-5.22.1/.cpanplus/5.22.1/build/VjHzPjuqAv/POE-Component-SSLify-1.012/blib/lib/POE/Component/SSLify.pm line 362.
# '
#   at t/simple_parallel_large.t line 54.

#   Failed test 'SERVER: Server_SSLify Please do SSLify_Options() first ( or pass in a $ctx object ) at /opt/perl-5.22.1/.cpanplus/5.22.1/build/VjHzPjuqAv/POE-Component-SSLify-1.012/blib/lib/POE/Component/SSLify.pm line 247.
# '
#   at t/simple_parallel_large.t line 57.

#   Failed test 'CLIENT: SSLify_ContextCreate Can't locate auto/Net/SSLeay/CTX_v3_new.al in @INC (@INC contains: /opt/perl-5.22.1/.cpanplus/5.22.1/build/VjHzPjuqAv/POE-Component-SSLify-1.012/blib/arch /opt/perl-5.22.1/.cpanplus/5.22.1/build/VjHzPjuqAv/POE-Component-SSLify-1.012/blib/lib /opt/perl-5.22.1/.cpanplus/5.22.1/build/VjHzPjuqAv/POE-Component-SSLify-1.012/blib/lib /opt/perl-5.22.1/.cpanplus/5.22.1/build/VjHzPjuqAv/POE-Component-SSLify-1.012/blib/arch /opt/perl-5.22.1/lib/site_perl/5.22.1/i686-linux-64int /opt/perl-5.22.1/lib/site_perl/5.22.1 /opt/perl-5.22.1/lib/5.22.1/i686-linux-64int /opt/perl-5.22.1/lib/5.22.1 .) at /opt/perl-5.22.1/.cpanplus/5.22.1/build/VjHzPjuqAv/POE-Component-SSLify-1.012/blib/lib/POE/Component/SSLify.pm line 362.
# '
#   at t/simple_parallel_large.t line 111.

#   Failed test 'CLIENT: SSLify_ContextCreate Can't locate auto/Net/SSLeay/CTX_v3_new.al in @INC (@INC contains: /opt/perl-5.22.1/.cpanplus/5.22.1/build/VjHzPjuqAv/POE-Component-SSLify-1.012/blib/arch /opt/perl-5.22.1/.cpanplus/5.22.1/build/VjHzPjuqAv/POE-Component-SSLify-1.012/blib/lib /opt/perl-5.22.1/.cpanplus/5.22.1/build/VjHzPjuqAv/POE-Component-SSLify-1.012/blib/lib /opt/perl-5.22.1/.cpanplus/5.22.1/build/VjHzPjuqAv/POE-Component-SSLify-1.012/blib/arch /opt/perl-5.22.1/lib/site_perl/5.22.1/i686-linux-64int /opt/perl-5.22.1/lib/site_perl/5.22.1 /opt/perl-5.22.1/lib/5.22.1/i686-linux-64int /opt/perl-5.22.1/lib/5.22.1 .) at /opt/perl-5.22.1/.cpanplus/5.22.1/build/VjHzPjuqAv/POE-Component-SSLify-1.012/blib/lib/POE/Component/SSLify.pm line 362.
# '
#   at t/simple_parallel_large.t line 111.

#   Failed test 'CLIENT: SSLify_ContextCreate Can't locate auto/Net/SSLeay/CTX_v3_new.al in @INC (@INC contains: /opt/perl-5.22.1/.cpanplus/5.22.1/build/VjHzPjuqAv/POE-Component-SSLify-1.012/blib/arch /opt/perl-5.22.1/.cpanplus/5.22.1/build/VjHzPjuqAv/POE-Component-SSLify-1.012/blib/lib /opt/perl-5.22.1/.cpanplus/5.22.1/build/VjHzPjuqAv/POE-Component-SSLify-1.012/blib/lib /opt/perl-5.22.1/.cpanplus/5.22.1/build/VjHzPjuqAv/POE-Component-SSLify-1.012/blib/arch /opt/perl-5.22.1/lib/site_perl/5.22.1/i686-linux-64int /opt/perl-5.22.1/lib/site_perl/5.22.1 /opt/perl-5.22.1/lib/5.22.1/i686-linux-64int /opt/perl-5.22.1/lib/5.22.1 .) at /opt/perl-5.22.1/.cpanplus/5.22.1/build/VjHzPjuqAv/POE-Component-SSLify-1.012/blib/lib/POE/Component/SSLify.pm line 362.
# '
#   at t/simple_parallel_large.t line 111.

#   Failed test 'CLIENT: SSLify_ContextCreate Can't locate auto/Net/SSLeay/CTX_v3_new.al in @INC (@INC contains: /opt/perl-5.22.1/.cpanplus/5.22.1/build/VjHzPjuqAv/POE-Component-SSLify-1.012/blib/arch /opt/perl-5.22.1/.cpanplus/5.22.1/build/VjHzPjuqAv/POE-Component-SSLify-1.012/blib/lib /opt/perl-5.22.1/.cpanplus/5.22.1/build/VjHzPjuqAv/POE-Component-SSLify-1.012/blib/lib /opt/perl-5.22.1/.cpanplus/5.22.1/build/VjHzPjuqAv/POE-Component-SSLify-1.012/blib/arch /opt/perl-5.22.1/lib/site_perl/5.22.1/i686-linux-64int /opt/perl-5.22.1/lib/site_perl/5.22.1 /opt/perl-5.22.1/lib/5.22.1/i686-linux-64int /opt/perl-5.22.1/lib/5.22.1 .) at /opt/perl-5.22.1/.cpanplus/5.22.1/build/VjHzPjuqAv/POE-Component-SSLify-1.012/blib/lib/POE/Component/SSLify.pm line 362.
# '
#   at t/simple_parallel_large.t line 111.

#   Failed test 'CLIENT: SSLify_ContextCreate Can't locate auto/Net/SSLeay/CTX_v3_new.al in @INC (@INC contains: /opt/perl-5.22.1/.cpanplus/5.22.1/build/VjHzPjuqAv/POE-Component-SSLify-1.012/blib/arch /opt/perl-5.22.1/.cpanplus/5.22.1/build/VjHzPjuqAv/POE-Component-SSLify-1.012/blib/lib /opt/perl-5.22.1/.cpanplus/5.22.1/build/VjHzPjuqAv/POE-Component-SSLify-1.012/blib/lib /opt/perl-5.22.1/.cpanplus/5.22.1/build/VjHzPjuqAv/POE-Component-SSLify-1.012/blib/arch /opt/perl-5.22.1/lib/site_perl/5.22.1/i686-linux-64int /opt/perl-5.22.1/lib/site_perl/5.22.1 /opt/perl-5.22.1/lib/5.22.1/i686-linux-64int /opt/perl-5.22.1/lib/5.22.1 .) at /opt/perl-5.22.1/.cpanplus/5.22.1/build/VjHzPjuqAv/POE-Component-SSLify-1.012/blib/lib/POE/Component/SSLify.pm line 362.
# '
#   at t/simple_parallel_large.t line 111.

#   Failed test 'CLIENT: SSLify_ContextCreate Can't locate auto/Net/SSLeay/CTX_v3_new.al in @INC (@INC contains: /opt/perl-5.22.1/.cpanplus/5.22.1/build/VjHzPjuqAv/POE-Component-SSLify-1.012/blib/arch /opt/perl-5.22.1/.cpanplus/5.22.1/build/VjHzPjuqAv/POE-Component-SSLify-1.012/blib/lib /opt/perl-5.22.1/.cpanplus/5.22.1/build/VjHzPjuqAv/POE-Component-SSLify-1.012/blib/lib /opt/perl-5.22.1/.cpanplus/5.22.1/build/VjHzPjuqAv/POE-Component-SSLify-1.012/blib/arch /opt/perl-5.22.1/lib/site_perl/5.22.1/i686-linux-64int /opt/perl-5.22.1/lib/site_perl/5.22.1 /opt/perl-5.22.1/lib/5.22.1/i686-linux-64int /opt/perl-5.22.1/lib/5.22.1 .) at /opt/perl-5.22.1/.cpanplus/5.22.1/build/VjHzPjuqAv/POE-Component-SSLify-1.012/blib/lib/POE/Component/SSLify.pm line 362.
# '
#   at t/simple_parallel_large.t line 111.

#   Failed test 'CLIENT: SSLify_ContextCreate Can't locate auto/Net/SSLeay/CTX_v3_new.al in @INC (@INC contains: /opt/perl-5.22.1/.cpanplus/5.22.1/build/VjHzPjuqAv/POE-Component-SSLify-1.012/blib/arch /opt/perl-5.22.1/.cpanplus/5.22.1/build/VjHzPjuqAv/POE-Component-SSLify-1.012/blib/lib /opt/perl-5.22.1/.cpanplus/5.22.1/build/VjHzPjuqAv/POE-Component-SSLify-1.012/blib/lib /opt/perl-5.22.1/.cpanplus/5.22.1/build/VjHzPjuqAv/POE-Component-SSLify-1.012/blib/arch /opt/perl-5.22.1/lib/site_perl/5.22.1/i686-linux-64int /opt/perl-5.22.1/lib/site_perl/5.22.1 /opt/perl-5.22.1/lib/5.22.1/i686-linux-64int /opt/perl-5.22.1/lib/5.22.1 .) at /opt/perl-5.22.1/.cpanplus/5.22.1/build/VjHzPjuqAv/POE-Component-SSLify-1.012/blib/lib/POE/Component/SSLify.pm line 362.
# '
#   at t/simple_parallel_large.t line 111.

#   Failed test 'CLIENT: SSLify_ContextCreate Can't locate auto/Net/SSLeay/CTX_v3_new.al in @INC (@INC contains: /opt/perl-5.22.1/.cpanplus/5.22.1/build/VjHzPjuqAv/POE-Component-SSLify-1.012/blib/arch /opt/perl-5.22.1/.cpanplus/5.22.1/build/VjHzPjuqAv/POE-Component-SSLify-1.012/blib/lib /opt/perl-5.22.1/.cpanplus/5.22.1/build/VjHzPjuqAv/POE-Component-SSLify-1.012/blib/lib /opt/perl-5.22.1/.cpanplus/5.22.1/build/VjHzPjuqAv/POE-Component-SSLify-1.012/blib/arch /opt/perl-5.22.1/lib/site_perl/5.22.1/i686-linux-64int /opt/perl-5.22.1/lib/site_perl/5.22.1 /opt/perl-5.22.1/lib/5.22.1/i686-linux-64int /opt/perl-5.22.1/lib/5.22.1 .) at /opt/perl-5.22.1/.cpanplus/5.22.1/build/VjHzPjuqAv/POE-Component-SSLify-1.012/blib/lib/POE/Component/SSLify.pm line 362.
# '
#   at t/simple_parallel_large.t line 111.

#   Failed test 'CLIENT: SSLify_ContextCreate Can't locate auto/Net/SSLeay/CTX_v3_new.al in @INC (@INC contains: /opt/perl-5.22.1/.cpanplus/5.22.1/build/VjHzPjuqAv/POE-Component-SSLify-1.012/blib/arch /opt/perl-5.22.1/.cpanplus/5.22.1/build/VjHzPjuqAv/POE-Component-SSLify-1.012/blib/lib /opt/perl-5.22.1/.cpanplus/5.22.1/build/VjHzPjuqAv/POE-Component-SSLify-1.012/blib/lib /opt/perl-5.22.1/.cpanplus/5.22.1/build/VjHzPjuqAv/POE-Component-SSLify-1.012/blib/arch /opt/perl-5.22.1/lib/site_perl/5.22.1/i686-linux-64int /opt/perl-5.22.1/lib/site_perl/5.22.1 /opt/perl-5.22.1/lib/5.22.1/i686-linux-64int /opt/perl-5.22.1/lib/5.22.1 .) at /opt/perl-5.22.1/.cpanplus/5.22.1/build/VjHzPjuqAv/POE-Component-SSLify-1.012/blib/lib/POE/Component/SSLify.pm line 362.
# '
#   at t/simple_parallel_large.t line 111.

#   Failed test 'CLIENT: SSLify_ContextCreate Can't locate auto/Net/SSLeay/CTX_v3_new.al in @INC (@INC contains: /opt/perl-5.22.1/.cpanplus/5.22.1/build/VjHzPjuqAv/POE-Component-SSLify-1.012/blib/arch /opt/perl-5.22.1/.cpanplus/5.22.1/build/VjHzPjuqAv/POE-Component-SSLify-1.012/blib/lib /opt/perl-5.22.1/.cpanplus/5.22.1/build/VjHzPjuqAv/POE-Component-SSLify-1.012/blib/lib /opt/perl-5.22.1/.cpanplus/5.22.1/build/VjHzPjuqAv/POE-Component-SSLify-1.012/blib/arch /opt/perl-5.22.1/lib/site_perl/5.22.1/i686-linux-64int /opt/perl-5.22.1/lib/site_perl/5.22.1 /opt/perl-5.22.1/lib/5.22.1/i686-linux-64int /opt/perl-5.22.1/lib/5.22.1 .) at /opt/perl-5.22.1/.cpanplus/5.22.1/build/VjHzPjuqAv/POE-Component-SSLify-1.012/blib/lib/POE/Component/SSLify.pm line 362.
# '
#   at t/simple_parallel_large.t line 111.
Can't use an undefined value as a symbol reference at /opt/perl-5.22.1/.cpanplus/5.22.1/build/VjHzPjuqAv/POE-Component-SSLify-1.012/blib/lib/POE/Component/SSLify.pm line 446.
# Tests were run but no plan was declared and done_testing() was not seen.
# Looks like your test exited with 22 just after 42.
t/simple_parallel_large.t ..... 
Dubious, test returned 22 (wstat 5632, 0x1600)
Failed 12/42 subtests 

#   Failed test 'SERVER: SSLify_Options Can't locate auto/Net/SSLeay/CTX_v3_new.al in @INC (@INC contains: /opt/perl-5.22.1/.cpanplus/5.22.1/build/VjHzPjuqAv/POE-Component-SSLify-1.012/blib/arch /opt/perl-5.22.1/.cpanplus/5.22.1/build/VjHzPjuqAv/POE-Component-SSLify-1.012/blib/lib /opt/perl-5.22.1/.cpanplus/5.22.1/build/VjHzPjuqAv/POE-Component-SSLify-1.012/blib/lib /opt/perl-5.22.1/.cpanplus/5.22.1/build/VjHzPjuqAv/POE-Component-SSLify-1.012/blib/arch /opt/perl-5.22.1/lib/site_perl/5.22.1/i686-linux-64int /opt/perl-5.22.1/lib/site_perl/5.22.1 /opt/perl-5.22.1/lib/5.22.1/i686-linux-64int /opt/perl-5.22.1/lib/5.22.1 .) at /opt/perl-5.22.1/.cpanplus/5.22.1/build/VjHzPjuqAv/POE-Component-SSLify-1.012/blib/lib/POE/Component/SSLify.pm line 362.
# '
#   at t/simple_parallel_superbig.t line 63.

#   Failed test 'SERVER: Server_SSLify Please do SSLify_Options() first ( or pass in a $ctx object ) at /opt/perl-5.22.1/.cpanplus/5.22.1/build/VjHzPjuqAv/POE-Component-SSLify-1.012/blib/lib/POE/Component/SSLify.pm line 247.
# '
#   at t/simple_parallel_superbig.t line 66.

#   Failed test 'CLIENT: SSLify_ContextCreate Can't locate auto/Net/SSLeay/CTX_v3_new.al in @INC (@INC contains: /opt/perl-5.22.1/.cpanplus/5.22.1/build/VjHzPjuqAv/POE-Component-SSLify-1.012/blib/arch /opt/perl-5.22.1/.cpanplus/5.22.1/build/VjHzPjuqAv/POE-Component-SSLify-1.012/blib/lib /opt/perl-5.22.1/.cpanplus/5.22.1/build/VjHzPjuqAv/POE-Component-SSLify-1.012/blib/lib /opt/perl-5.22.1/.cpanplus/5.22.1/build/VjHzPjuqAv/POE-Component-SSLify-1.012/blib/arch /opt/perl-5.22.1/lib/site_perl/5.22.1/i686-linux-64int /opt/perl-5.22.1/lib/site_perl/5.22.1 /opt/perl-5.22.1/lib/5.22.1/i686-linux-64int /opt/perl-5.22.1/lib/5.22.1 .) at /opt/perl-5.22.1/.cpanplus/5.22.1/build/VjHzPjuqAv/POE-Component-SSLify-1.012/blib/lib/POE/Component/SSLify.pm line 362.
# '
#   at t/simple_parallel_superbig.t line 120.

#   Failed test 'CLIENT: SSLify_ContextCreate Can't locate auto/Net/SSLeay/CTX_v3_new.al in @INC (@INC contains: /opt/perl-5.22.1/.cpanplus/5.22.1/build/VjHzPjuqAv/POE-Component-SSLify-1.012/blib/arch /opt/perl-5.22.1/.cpanplus/5.22.1/build/VjHzPjuqAv/POE-Component-SSLify-1.012/blib/lib /opt/perl-5.22.1/.cpanplus/5.22.1/build/VjHzPjuqAv/POE-Component-SSLify-1.012/blib/lib /opt/perl-5.22.1/.cpanplus/5.22.1/build/VjHzPjuqAv/POE-Component-SSLify-1.012/blib/arch /opt/perl-5.22.1/lib/site_perl/5.22.1/i686-linux-64int /opt/perl-5.22.1/lib/site_perl/5.22.1 /opt/perl-5.22.1/lib/5.22.1/i686-linux-64int /opt/perl-5.22.1/lib/5.22.1 .) at /opt/perl-5.22.1/.cpanplus/5.22.1/build/VjHzPjuqAv/POE-Component-SSLify-1.012/blib/lib/POE/Component/SSLify.pm line 362.
# '
#   at t/simple_parallel_superbig.t line 120.

#   Failed test 'CLIENT: SSLify_ContextCreate Can't locate auto/Net/SSLeay/CTX_v3_new.al in @INC (@INC contains: /opt/perl-5.22.1/.cpanplus/5.22.1/build/VjHzPjuqAv/POE-Component-SSLify-1.012/blib/arch /opt/perl-5.22.1/.cpanplus/5.22.1/build/VjHzPjuqAv/POE-Component-SSLify-1.012/blib/lib /opt/perl-5.22.1/.cpanplus/5.22.1/build/VjHzPjuqAv/POE-Component-SSLify-1.012/blib/lib /opt/perl-5.22.1/.cpanplus/5.22.1/build/VjHzPjuqAv/POE-Component-SSLify-1.012/blib/arch /opt/perl-5.22.1/lib/site_perl/5.22.1/i686-linux-64int /opt/perl-5.22.1/lib/site_perl/5.22.1 /opt/perl-5.22.1/lib/5.22.1/i686-linux-64int /opt/perl-5.22.1/lib/5.22.1 .) at /opt/perl-5.22.1/.cpanplus/5.22.1/build/VjHzPjuqAv/POE-Component-SSLify-1.012/blib/lib/POE/Component/SSLify.pm line 362.
# '
#   at t/simple_parallel_superbig.t line 120.

#   Failed test 'CLIENT: SSLify_ContextCreate Can't locate auto/Net/SSLeay/CTX_v3_new.al in @INC (@INC contains: /opt/perl-5.22.1/.cpanplus/5.22.1/build/VjHzPjuqAv/POE-Component-SSLify-1.012/blib/arch /opt/perl-5.22.1/.cpanplus/5.22.1/build/VjHzPjuqAv/POE-Component-SSLify-1.012/blib/lib /opt/perl-5.22.1/.cpanplus/5.22.1/build/VjHzPjuqAv/POE-Component-SSLify-1.012/blib/lib /opt/perl-5.22.1/.cpanplus/5.22.1/build/VjHzPjuqAv/POE-Component-SSLify-1.012/blib/arch /opt/perl-5.22.1/lib/site_perl/5.22.1/i686-linux-64int /opt/perl-5.22.1/lib/site_perl/5.22.1 /opt/perl-5.22.1/lib/5.22.1/i686-linux-64int /opt/perl-5.22.1/lib/5.22.1 .) at /opt/perl-5.22.1/.cpanplus/5.22.1/build/VjHzPjuqAv/POE-Component-SSLify-1.012/blib/lib/POE/Component/SSLify.pm line 362.
# '
#   at t/simple_parallel_superbig.t line 120.

#   Failed test 'CLIENT: SSLify_ContextCreate Can't locate auto/Net/SSLeay/CTX_v3_new.al in @INC (@INC contains: /opt/perl-5.22.1/.cpanplus/5.22.1/build/VjHzPjuqAv/POE-Component-SSLify-1.012/blib/arch /opt/perl-5.22.1/.cpanplus/5.22.1/build/VjHzPjuqAv/POE-Component-SSLify-1.012/blib/lib /opt/perl-5.22.1/.cpanplus/5.22.1/build/VjHzPjuqAv/POE-Component-SSLify-1.012/blib/lib /opt/perl-5.22.1/.cpanplus/5.22.1/build/VjHzPjuqAv/POE-Component-SSLify-1.012/blib/arch /opt/perl-5.22.1/lib/site_perl/5.22.1/i686-linux-64int /opt/perl-5.22.1/lib/site_perl/5.22.1 /opt/perl-5.22.1/lib/5.22.1/i686-linux-64int /opt/perl-5.22.1/lib/5.22.1 .) at /opt/perl-5.22.1/.cpanplus/5.22.1/build/VjHzPjuqAv/POE-Component-SSLify-1.012/blib/lib/POE/Component/SSLify.pm line 362.
# '
#   at t/simple_parallel_superbig.t line 120.

#   Failed test 'CLIENT: SSLify_ContextCreate Can't locate auto/Net/SSLeay/CTX_v3_new.al in @INC (@INC contains: /opt/perl-5.22.1/.cpanplus/5.22.1/build/VjHzPjuqAv/POE-Component-SSLify-1.012/blib/arch /opt/perl-5.22.1/.cpanplus/5.22.1/build/VjHzPjuqAv/POE-Component-SSLify-1.012/blib/lib /opt/perl-5.22.1/.cpanplus/5.22.1/build/VjHzPjuqAv/POE-Component-SSLify-1.012/blib/lib /opt/perl-5.22.1/.cpanplus/5.22.1/build/VjHzPjuqAv/POE-Component-SSLify-1.012/blib/arch /opt/perl-5.22.1/lib/site_perl/5.22.1/i686-linux-64int /opt/perl-5.22.1/lib/site_perl/5.22.1 /opt/perl-5.22.1/lib/5.22.1/i686-linux-64int /opt/perl-5.22.1/lib/5.22.1 .) at /opt/perl-5.22.1/.cpanplus/5.22.1/build/VjHzPjuqAv/POE-Component-SSLify-1.012/blib/lib/POE/Component/SSLify.pm line 362.
# '
#   at t/simple_parallel_superbig.t line 120.

#   Failed test 'CLIENT: SSLify_ContextCreate Can't locate auto/Net/SSLeay/CTX_v3_new.al in @INC (@INC contains: /opt/perl-5.22.1/.cpanplus/5.22.1/build/VjHzPjuqAv/POE-Component-SSLify-1.012/blib/arch /opt/perl-5.22.1/.cpanplus/5.22.1/build/VjHzPjuqAv/POE-Component-SSLify-1.012/blib/lib /opt/perl-5.22.1/.cpanplus/5.22.1/build/VjHzPjuqAv/POE-Component-SSLify-1.012/blib/lib /opt/perl-5.22.1/.cpanplus/5.22.1/build/VjHzPjuqAv/POE-Component-SSLify-1.012/blib/arch /opt/perl-5.22.1/lib/site_perl/5.22.1/i686-linux-64int /opt/perl-5.22.1/lib/site_perl/5.22.1 /opt/perl-5.22.1/lib/5.22.1/i686-linux-64int /opt/perl-5.22.1/lib/5.22.1 .) at /opt/perl-5.22.1/.cpanplus/5.22.1/build/VjHzPjuqAv/POE-Component-SSLify-1.012/blib/lib/POE/Component/SSLify.pm line 362.
# '
#   at t/simple_parallel_superbig.t line 120.

#   Failed test 'CLIENT: SSLify_ContextCreate Can't locate auto/Net/SSLeay/CTX_v3_new.al in @INC (@INC contains: /opt/perl-5.22.1/.cpanplus/5.22.1/build/VjHzPjuqAv/POE-Component-SSLify-1.012/blib/arch /opt/perl-5.22.1/.cpanplus/5.22.1/build/VjHzPjuqAv/POE-Component-SSLify-1.012/blib/lib /opt/perl-5.22.1/.cpanplus/5.22.1/build/VjHzPjuqAv/POE-Component-SSLify-1.012/blib/lib /opt/perl-5.22.1/.cpanplus/5.22.1/build/VjHzPjuqAv/POE-Component-SSLify-1.012/blib/arch /opt/perl-5.22.1/lib/site_perl/5.22.1/i686-linux-64int /opt/perl-5.22.1/lib/site_perl/5.22.1 /opt/perl-5.22.1/lib/5.22.1/i686-linux-64int /opt/perl-5.22.1/lib/5.22.1 .) at /opt/perl-5.22.1/.cpanplus/5.22.1/build/VjHzPjuqAv/POE-Component-SSLify-1.012/blib/lib/POE/Component/SSLify.pm line 362.
# '
#   at t/simple_parallel_superbig.t line 120.

#   Failed test 'CLIENT: SSLify_ContextCreate Can't locate auto/Net/SSLeay/CTX_v3_new.al in @INC (@INC contains: /opt/perl-5.22.1/.cpanplus/5.22.1/build/VjHzPjuqAv/POE-Component-SSLify-1.012/blib/arch /opt/perl-5.22.1/.cpanplus/5.22.1/build/VjHzPjuqAv/POE-Component-SSLify-1.012/blib/lib /opt/perl-5.22.1/.cpanplus/5.22.1/build/VjHzPjuqAv/POE-Component-SSLify-1.012/blib/lib /opt/perl-5.22.1/.cpanplus/5.22.1/build/VjHzPjuqAv/POE-Component-SSLify-1.012/blib/arch /opt/perl-5.22.1/lib/site_perl/5.22.1/i686-linux-64int /opt/perl-5.22.1/lib/site_perl/5.22.1 /opt/perl-5.22.1/lib/5.22.1/i686-linux-64int /opt/perl-5.22.1/lib/5.22.1 .) at /opt/perl-5.22.1/.cpanplus/5.22.1/build/VjHzPjuqAv/POE-Component-SSLify-1.012/blib/lib/POE/Component/SSLify.pm line 362.
# '
#   at t/simple_parallel_superbig.t line 120.

#   Failed test 'CLIENT: SSLify_ContextCreate Can't locate auto/Net/SSLeay/CTX_v3_new.al in @INC (@INC contains: /opt/perl-5.22.1/.cpanplus/5.22.1/build/VjHzPjuqAv/POE-Component-SSLify-1.012/blib/arch /opt/perl-5.22.1/.cpanplus/5.22.1/build/VjHzPjuqAv/POE-Component-SSLify-1.012/blib/lib /opt/perl-5.22.1/.cpanplus/5.22.1/build/VjHzPjuqAv/POE-Component-SSLify-1.012/blib/lib /opt/perl-5.22.1/.cpanplus/5.22.1/build/VjHzPjuqAv/POE-Component-SSLify-1.012/blib/arch /opt/perl-5.22.1/lib/site_perl/5.22.1/i686-linux-64int /opt/perl-5.22.1/lib/site_perl/5.22.1 /opt/perl-5.22.1/lib/5.22.1/i686-linux-64int /opt/perl-5.22.1/lib/5.22.1 .) at /opt/perl-5.22.1/.cpanplus/5.22.1/build/VjHzPjuqAv/POE-Component-SSLify-1.012/blib/lib/POE/Component/SSLify.pm line 362.
# '
#   at t/simple_parallel_superbig.t line 120.
Can't use an undefined value as a symbol reference at /opt/perl-5.22.1/.cpanplus/5.22.1/build/VjHzPjuqAv/POE-Component-SSLify-1.012/blib/lib/POE/Component/SSLify.pm line 446.
# Tests were run but no plan was declared and done_testing() was not seen.
# Looks like your test exited with 22 just after 42.
t/simple_parallel_superbig.t .. 
Dubious, test returned 22 (wstat 5632, 0x1600)
Failed 12/42 subtests 

#   Failed test 'SERVER: SSLify_Options Can't locate auto/Net/SSLeay/CTX_v3_new.al in @INC (@INC contains: /opt/perl-5.22.1/.cpanplus/5.22.1/build/VjHzPjuqAv/POE-Component-SSLify-1.012/blib/arch /opt/perl-5.22.1/.cpanplus/5.22.1/build/VjHzPjuqAv/POE-Component-SSLify-1.012/blib/lib /opt/perl-5.22.1/.cpanplus/5.22.1/build/VjHzPjuqAv/POE-Component-SSLify-1.012/blib/lib /opt/perl-5.22.1/.cpanplus/5.22.1/build/VjHzPjuqAv/POE-Component-SSLify-1.012/blib/arch /opt/perl-5.22.1/lib/site_perl/5.22.1/i686-linux-64int /opt/perl-5.22.1/lib/site_perl/5.22.1 /opt/perl-5.22.1/lib/5.22.1/i686-linux-64int /opt/perl-5.22.1/lib/5.22.1 .) at /opt/perl-5.22.1/.cpanplus/5.22.1/build/VjHzPjuqAv/POE-Component-SSLify-1.012/blib/lib/POE/Component/SSLify.pm line 362.
# '
#   at t/simple_superbig.t line 62.

#   Failed test 'SERVER: Server_SSLify Please do SSLify_Options() first ( or pass in a $ctx object ) at /opt/perl-5.22.1/.cpanplus/5.22.1/build/VjHzPjuqAv/POE-Component-SSLify-1.012/blib/lib/POE/Component/SSLify.pm line 247.
# '
#   at t/simple_superbig.t line 65.

#   Failed test 'CLIENT: SSLify_ContextCreate Can't locate auto/Net/SSLeay/CTX_v3_new.al in @INC (@INC contains: /opt/perl-5.22.1/.cpanplus/5.22.1/build/VjHzPjuqAv/POE-Component-SSLify-1.012/blib/arch /opt/perl-5.22.1/.cpanplus/5.22.1/build/VjHzPjuqAv/POE-Component-SSLify-1.012/blib/lib /opt/perl-5.22.1/.cpanplus/5.22.1/build/VjHzPjuqAv/POE-Component-SSLify-1.012/blib/lib /opt/perl-5.22.1/.cpanplus/5.22.1/build/VjHzPjuqAv/POE-Component-SSLify-1.012/blib/arch /opt/perl-5.22.1/lib/site_perl/5.22.1/i686-linux-64int /opt/perl-5.22.1/lib/site_perl/5.22.1 /opt/perl-5.22.1/lib/5.22.1/i686-linux-64int /opt/perl-5.22.1/lib/5.22.1 .) at /opt/perl-5.22.1/.cpanplus/5.22.1/build/VjHzPjuqAv/POE-Component-SSLify-1.012/blib/lib/POE/Component/SSLify.pm line 362.
# '
#   at t/simple_superbig.t line 123.
Can't use an undefined value as a symbol reference at /opt/perl-5.22.1/.cpanplus/5.22.1/build/VjHzPjuqAv/POE-Component-SSLify-1.012/blib/lib/POE/Component/SSLify.pm line 446.
# Tests were run but no plan was declared and done_testing() was not seen.
# Looks like your test exited with 22 just after 6.
t/simple_superbig.t ........... 
Dubious, test returned 22 (wstat 5632, 0x1600)
Failed 3/6 subtests 

#   Failed test 'SERVER: SSLify_Options Can't locate auto/Net/SSLeay/CTX_v3_new.al in @INC (@INC contains: /opt/perl-5.22.1/.cpanplus/5.22.1/build/VjHzPjuqAv/POE-Component-SSLify-1.012/blib/arch /opt/perl-5.22.1/.cpanplus/5.22.1/build/VjHzPjuqAv/POE-Component-SSLify-1.012/blib/lib /opt/perl-5.22.1/.cpanplus/5.22.1/build/VjHzPjuqAv/POE-Component-SSLify-1.012/blib/lib /opt/perl-5.22.1/.cpanplus/5.22.1/build/VjHzPjuqAv/POE-Component-SSLify-1.012/blib/arch /opt/perl-5.22.1/lib/site_perl/5.22.1/i686-linux-64int /opt/perl-5.22.1/lib/site_perl/5.22.1 /opt/perl-5.22.1/lib/5.22.1/i686-linux-64int /opt/perl-5.22.1/lib/5.22.1 .) at /opt/perl-5.22.1/.cpanplus/5.22.1/build/VjHzPjuqAv/POE-Component-SSLify-1.012/blib/lib/POE/Component/SSLify.pm line 362.
# '
#   at t/upgrade.t line 59.

#   Failed test 'SERVER: Server_SSLify Please do SSLify_Options() first ( or pass in a $ctx object ) at /opt/perl-5.22.1/.cpanplus/5.22.1/build/VjHzPjuqAv/POE-Component-SSLify-1.012/blib/lib/POE/Component/SSLify.pm line 247.
# '
#   at t/upgrade.t line 61.
Can't use an undefined value as a symbol reference at /opt/perl-5.22.1/.cpanplus/5.22.1/build/VjHzPjuqAv/POE-Component-SSLify-1.012/blib/lib/POE/Component/SSLify.pm line 446.
# Tests were run but no plan was declared and done_testing() was not seen.
# Looks like your test exited with 22 just after 5.
t/upgrade.t ................... 
Dubious, test returned 22 (wstat 5632, 0x1600)
Failed 2/5 subtests 

Test Summary Report
-------------------
t/renegotiate_client.t      (Wstat: 5632 Tests: 7 Failed: 3)
  Failed tests:  1-3
  Non-zero exit status: 22
  Parse errors: No plan found in TAP output
t/renegotiate_client_pings.t (Wstat: 5632 Tests: 7 Failed: 3)
  Failed tests:  1-3
  Non-zero exit status: 22
  Parse errors: No plan found in TAP output
t/renegotiate_server.t      (Wstat: 5632 Tests: 7 Failed: 3)
  Failed tests:  1-3
  Non-zero exit status: 22
  Parse errors: No plan found in TAP output
t/simple.t                  (Wstat: 5632 Tests: 7 Failed: 3)
  Failed tests:  1-3
  Non-zero exit status: 22
  Parse errors: No plan found in TAP output
t/simple_large.t            (Wstat: 5632 Tests: 6 Failed: 3)
  Failed tests:  1-3
  Non-zero exit status: 22
  Parse errors: No plan found in TAP output
t/simple_parallel.t         (Wstat: 5632 Tests: 52 Failed: 12)
  Failed tests:  1-3, 8, 13, 18, 23, 28, 33, 38, 43, 48
  Non-zero exit status: 22
  Parse errors: No plan found in TAP output
t/simple_parallel_large.t   (Wstat: 5632 Tests: 42 Failed: 12)
  Failed tests:  1-3, 7, 11, 15, 19, 23, 27, 31, 35, 39
  Non-zero exit status: 22
  Parse errors: No plan found in TAP output
t/simple_parallel_superbig.t (Wstat: 5632 Tests: 42 Failed: 12)
  Failed tests:  1-3, 7, 11, 15, 19, 23, 27, 31, 35, 39
  Non-zero exit status: 22
  Parse errors: No plan found in TAP output
t/simple_superbig.t         (Wstat: 5632 Tests: 6 Failed: 3)
  Failed tests:  1-3
  Non-zero exit status: 22
  Parse errors: No plan found in TAP output
t/upgrade.t                 (Wstat: 5632 Tests: 5 Failed: 2)
  Failed tests:  4-5
  Non-zero exit status: 22
  Parse errors: No plan found in TAP output
Files=19, Tests=235,  7 wallclock secs ( 0.23 usr  0.05 sys +  7.18 cusr  0.38 csys =  7.84 CPU)
Result: FAIL



MISSING PREREQUISITES:

It was observed that the test suite seem to fail without these modules:

auto::Net::SSLeay::CTX_v3_new.al

As such, adding the prerequisite module(s) to 'PREREQ_PM' in your
Makefile.PL should solve this problem.  For example:

WriteMakefile(
    AUTHOR      => 'Apocalypse (perl@0ne.us)',
    ... # other information
    PREREQ_PM   => {
	'auto::Net::SSLeay::CTX_v3_new.al'	=> '0', # or a minimum working version
    }
);

Thanks! :-)

PREREQUISITES:

Here is a list of prerequisites you specified and versions we
managed to load:

	  Module Name                        Have     Want
	  Exporter                           5.72        0
	  ExtUtils::MakeMaker                7.16        0
	  File::Spec                         3.62        0
	  File::Temp                       0.2304        0
	  IO::Handle                         1.35     1.28
	  IPC::Open3                         1.18        0
	  Net::SSLeay                        1.74     1.36
	  POE                               1.367    1.267
	  POE::Component::Client::TCP       1.367        0
	  POE::Component::Server::TCP       1.367        0
	  POE::Filter::Stream               1.367        0
	  Scalar::Util                       1.45        0
	  Socket                            2.021        0
	  Symbol                             1.07        0
	  Task::Weaken                       1.04     1.03
	  Test::FailWarnings                0.008        0
	  Test::More                     1.302019 1.001002
	  parent                            0.234        0
	  strict                             1.09        0
	  warnings                           1.34        0

Perl module toolchain versions installed:
	Module Name                        Have
	CPANPLUS                         0.9160
	CPANPLUS::Dist::Build              0.78
	Cwd                                3.62
	ExtUtils::CBuilder             0.280224
	ExtUtils::Command                  7.16
	ExtUtils::Install                  2.04
	ExtUtils::MakeMaker                7.16
	ExtUtils::Manifest                 1.70
	ExtUtils::ParseXS                  3.30
	File::Spec                         3.62
	Module::Build                    0.4218
	Pod::Parser                        1.63
	Pod::Simple                        3.32
	Test2                          1.302019
	Test::Harness                      3.36
	Test::More                     1.302019
	version                          0.9916

******************************** NOTE ********************************
The comments above are created mechanically, possibly without manual
checking by the sender.  As there are many people performing automatic
tests on each upload to CPAN, it is likely that you will receive
identical messages about the same problem.

If you believe that the message is mistaken, please reply to the first
one with correction and/or additional informations, and do not take
it personally.  We appreciate your patience. :)
**********************************************************************

Additional comments:


This report was machine-generated by CPANPLUS::Dist::YACSmoke 0.98.

------------------------------
ENVIRONMENT AND OTHER CONTEXT
------------------------------

Environment variables:

    AUTOMATED_TESTING = 1
    LANG = en_GB.UTF-8
    LANGUAGE = en_GB:en
    PATH = /usr/local/sbin:/usr/local/bin:/usr/sbin:/usr/bin:/sbin:/bin
    PERL5LIB = :/opt/perl-5.22.1/.cpanplus/5.22.1/build/VjHzPjuqAv/POE-Component-SSLify-1.012/blib/lib:/opt/perl-5.22.1/.cpanplus/5.22.1/build/VjHzPjuqAv/POE-Component-SSLify-1.012/blib/arch
    PERL5_CPANIDX_URL = http://cpan.mirror.local/cpanidx/
    PERL5_CPANPLUS_HOME = /opt/perl-5.22.1
    PERL5_CPANPLUS_IS_RUNNING = 12866
    PERL5_CPANPLUS_IS_VERSION = 0.9160
    PERL_EXTUTILS_AUTOINSTALL = --defaultdeps
    PERL_INSTALL_QUIET = 1
    PERL_MM_USE_DEFAULT = 1
    SHELL = /bin/bash
    TERM = screen

Perl special variables (and OS-specific diagnostics, for MSWin32):

    Perl: $^X = /opt/perl-5.22.1/bin/perl
    UID:  $<  = 0
    EUID: $>  = 0
    GID:  $(  = 0 0
    EGID: $)  = 0 0


-------------------------------


--

Summary of my perl5 (revision 5 version 22 subversion 1) configuration:
   
  Platform:
    osname=linux, osvers=4.3.0-1-686-pae, archname=i686-linux-64int
    uname='linux llath 4.3.0-1-686-pae #1 smp debian 4.3.3-2 (2015-12-17) i686 gnulinux '
    config_args='-des -Duse64bitint -Dprefix=/opt/perl-5.22.1'
    hint=recommended, useposix=true, d_sigaction=define
    useithreads=undef, usemultiplicity=undef
    use64bitint=define, use64bitall=undef, uselongdouble=undef
    usemymalloc=n, bincompat5005=undef
  Compiler:
    cc='cc', ccflags ='-fwrapv -fno-strict-aliasing -pipe -fstack-protector-strong -I/usr/local/include -D_LARGEFILE_SOURCE -D_FILE_OFFSET_BITS=64',
    optimize='-O2',
    cppflags='-fwrapv -fno-strict-aliasing -pipe -fstack-protector-strong -I/usr/local/include'
    ccversion='', gccversion='5.3.1 20151219', gccosandvers=''
    intsize=4, longsize=4, ptrsize=4, doublesize=8, byteorder=12345678, doublekind=3
    d_longlong=define, longlongsize=8, d_longdbl=define, longdblsize=12, longdblkind=3
    ivtype='long long', ivsize=8, nvtype='double', nvsize=8, Off_t='off_t', lseeksize=8
    alignbytes=4, prototype=define
  Linker and Libraries:
    ld='cc', ldflags =' -fstack-protector-strong -L/usr/local/lib'
    libpth=/usr/local/lib /usr/lib/gcc/i586-linux-gnu/5/include-fixed /usr/include/i386-linux-gnu /usr/lib /lib/i386-linux-gnu /lib/../lib /usr/lib/i386-linux-gnu /usr/lib/../lib /lib
    libs=-lpthread -lnsl -ldl -lm -lcrypt -lutil -lc
    perllibs=-lpthread -lnsl -ldl -lm -lcrypt -lutil -lc
    libc=libc-2.21.so, so=so, useshrplib=false, libperl=libperl.a
    gnulibc_version='2.21'
  Dynamic Linking:
    dlsrc=dl_dlopen.xs, dlext=so, d_dlsymun=undef, ccdlflags='-Wl,-E'
    cccdlflags='-fPIC', lddlflags='-shared -O2 -L/usr/local/lib -fstack-protector-strong'


Characteristics of this binary (from libperl): 
  Compile-time options: HAS_TIMES PERLIO_LAYERS PERL_DONT_CREATE_GVSV
                        PERL_HASH_FUNC_ONE_AT_A_TIME_HARD PERL_MALLOC_WRAP
                        PERL_NEW_COPY_ON_WRITE PERL_PRESERVE_IVUV
                        USE_64_BIT_INT USE_LARGE_FILES USE_LOCALE
                        USE_LOCALE_COLLATE USE_LOCALE_CTYPE
                        USE_LOCALE_NUMERIC USE_LOCALE_TIME USE_PERLIO
                        USE_PERL_ATOF
  Built under linux
  Compiled at Jan  3 2016 21:34:34
  %ENV:
    PERL5LIB=":/opt/perl-5.22.1/.cpanplus/5.22.1/build/VjHzPjuqAv/POE-Component-SSLify-1.012/blib/lib:/opt/perl-5.22.1/.cpanplus/5.22.1/build/VjHzPjuqAv/POE-Component-SSLify-1.012/blib/arch"
    PERL5_CPANIDX_URL="http://cpan.mirror.local/cpanidx/"
    PERL5_CPANPLUS_HOME="/opt/perl-5.22.1"
    PERL5_CPANPLUS_IS_RUNNING="12866"
    PERL5_CPANPLUS_IS_VERSION="0.9160"
    PERL_EXTUTILS_AUTOINSTALL="--defaultdeps"
    PERL_INSTALL_QUIET="1"
    PERL_MM_USE_DEFAULT="1"
  @INC:
    /opt/perl-5.22.1/.cpanplus/5.22.1/build/VjHzPjuqAv/POE-Component-SSLify-1.012/blib/lib
    /opt/perl-5.22.1/.cpanplus/5.22.1/build/VjHzPjuqAv/POE-Component-SSLify-1.012/blib/arch
    /opt/perl-5.22.1/lib/site_perl/5.22.1/i686-linux-64int
    /opt/perl-5.22.1/lib/site_perl/5.22.1
    /opt/perl-5.22.1/lib/5.22.1/i686-linux-64int
    /opt/perl-5.22.1/lib/5.22.1
    .