Web-Request v0.11 Perl 5 v5.26.1 OpenBSD.amd64-openbsd-thread-multi
- Status
- Fail
- From
- Chris Williams (BINGOS)
- Dist
-
Web-Request v0.11
- Platform
- Perl 5 v5.26.1 OpenBSD.amd64-openbsd-thread-multi
- Date
- 2023-06-13 22:29:49
- ID
- ceeb1d7c-0a39-11ee-98b0-b3c3213a625c
This distribution has been tested as part of the CPAN Testers
project, supporting the Perl programming language. See
http://wiki.cpantesters.org/ for more information or email
questions to cpan-testers-discuss@perl.org
--
Dear Jesse Luehrs,
This is a computer-generated error report created automatically by
CPANPLUS, version 0.9914. Testers personal comments may appear
at the end of this report.
Thank you for uploading your work to CPAN. However, it appears that
there were some problems testing your distribution.
TEST RESULTS:
Below is the error stack from stage 'make test':
PERL_DL_NONLAZY=1 "/home/cpan/pit/thr/perl-5.26.1/bin/perl" "-MExtUtils::Command::MM" "-MTest::Harness" "-e" "undef *Test::Harness::Switches; test_harness(0, 'blib/lib', 'blib/arch')" t/*.t
t/00-compile.t ................. ok
t/base.t ....................... ok
t/body.t ....................... ok
t/content-on-get.t ............. ok
t/content.t .................... ok
t/cookie.t ..................... ok
t/double_port.t ................ ok
t/encoding.t ................... ok
t/hostname.t ................... ok
t/many_upload.t ................ ok
t/multi_read.t ................. ok
t/new.t ........................ ok
t/parameters.t ................. ok
t/params.t ..................... ok
t/path_info.t .................. ok
t/path_info_escaped.t .......... ok
t/readbody.t ................... ok
t/request_uri.t ................ ok
t/response-body.t .............. ok
t/response-compatible.t ........ ok
t/response-cookie.t ............ ok
t/response-new.t ............... ok
t/response-redirect.t .......... ok
t/response-streaming-cookie.t .. ok
t/response-streaming-utf8.t .... ok
t/response-streaming.t ......... ok
t/response-to_app.t ............ ok
t/response.t ................... ok
t/upload-basename.t ............ ok
t/upload-large.t ............... ok
t/upload.t ..................... ok
Attribute (query_parameters) does not pass the type constraint because: Validation failed for 'HashRef[Str]' with value HASH(0x1a8f59bd328) at reader Web::Request::query_parameters (defined at /home/cpan/pit/thr/conf/perl-5.26.1/.cpanplus/5.26.1/build/pqKGk3TsVz/Web-Request-0.11/blib/lib/Web/Request.pm line 233) line 8
Web::Request::query_parameters('Web::Request=HASH(0x1a8f59a0e68)') called at t/uri.t line 116
# Tests were run but no plan was declared and done_testing() was not seen.
# Looks like your test exited with 255 just after 23.
t/uri.t ........................
Dubious, test returned 255 (wstat 65280, 0xff00)
All 23 subtests passed
t/uri_utf8.t ................... ok
Test Summary Report
-------------------
t/uri.t (Wstat: 65280 (exited 255) Tests: 23 Failed: 0)
Non-zero exit status: 255
Parse errors: No plan found in TAP output
Files=33, Tests=237, 20 wallclock secs ( 0.16 usr 0.12 sys + 14.68 cusr 3.49 csys = 18.45 CPU)
Result: FAIL
Failed 1/33 test programs. 0/237 subtests failed.
*** Error 255 in /home/cpan/pit/thr/conf/perl-5.26.1/.cpanplus/5.26.1/build/pqKGk3TsVz/Web-Request-0.11 (Makefile:896 'test_dynamic')
PREREQUISITES:
Here is a list of prerequisites you specified and versions we
managed to load:
Module Name Have Want
Data::Dumper 2.167 0
Encode 3.19 0
File::Find 1.34 0
File::Spec::Unix 3.75 0
File::Temp 0.2311 0
FindBin 1.51 0
HTTP::Body 1.22 0
HTTP::Headers 6.44 0
HTTP::Message::PSGI 0 0
HTTP::Request 6.44 0
HTTP::Request::Common 6.44 0
IO::String 1.08 0
Module::Runtime 0.016 0
Moose 2.2203 0
Moose::Util::TypeConstraints 2.2203 0
Plack::App::URLMap 0 0
Plack::Test 0 0
Plack::Util 0 0
Stream::Buffered 0.03 0
Test::More 1.302195 0.88
Try::Tiny 0.31 0
URI 5.19 0
URI::Escape 5.19 0
strict 1.11 0
utf8 1.19 0
warnings 1.37 0
Perl module toolchain versions installed:
Module Name Have
CPANPLUS 0.9914
CPANPLUS::Dist::Build 0.90
Cwd 3.75
ExtUtils::CBuilder 0.280236
ExtUtils::Command 7.70
ExtUtils::Install 2.22
ExtUtils::MakeMaker 7.70
ExtUtils::Manifest 1.75
ExtUtils::ParseXS 3.44
File::Spec 3.75
Module::Build 0.4234
Pod::Parser 1.63
Pod::Simple 3.35
Test2 1.302195
Test::Harness 3.44
Test::More 1.302195
version 0.9929
******************************** NOTE ********************************
The comments above are created mechanically, possibly without manual
checking by the sender. As there are many people performing automatic
tests on each upload to CPAN, it is likely that you will receive
identical messages about the same problem.
If you believe that the message is mistaken, please reply to the first
one with correction and/or additional informations, and do not take
it personally. We appreciate your patience. :)
**********************************************************************
Additional comments:
This report was machine-generated by CPANPLUS::Dist::YACSmoke 1.08.
Powered by minismokebox version 0.68
CPANPLUS is prefering Build.PL
------------------------------
ENVIRONMENT AND OTHER CONTEXT
------------------------------
Environment variables:
AUTOMATED_TESTING = 1
NONINTERACTIVE_TESTING = 1
PATH = /home/cpan/bin:/bin:/sbin:/usr/bin:/usr/sbin:/usr/X11R6/bin:/usr/local/bin:/usr/local/sbin
PERL5LIB = /home/cpan/pit/jail/qDJlUGLy7e/lib/perl5:/home/cpan/pit/thr/conf/perl-5.26.1/.cpanplus/5.26.1/build/pqKGk3TsVz/Web-Request-0.11/blib/lib:/home/cpan/pit/thr/conf/perl-5.26.1/.cpanplus/5.26.1/build/pqKGk3TsVz/Web-Request-0.11/blib/arch
PERL5_CPANPLUS_IS_RUNNING = 95006
PERL5_CPANPLUS_IS_VERSION = 0.9914
PERL5_MINISMOKEBOX = 0.68
PERL5_YACSMOKE_BASE = /home/cpan/pit/thr/conf/perl-5.26.1
PERL_EXTUTILS_AUTOINSTALL = --defaultdeps
PERL_LOCAL_LIB_ROOT = /home/cpan/pit/jail/qDJlUGLy7e
PERL_MB_OPT = --install_base "/home/cpan/pit/jail/qDJlUGLy7e"
PERL_MM_OPT = INSTALL_BASE=/home/cpan/pit/jail/qDJlUGLy7e
PERL_MM_USE_DEFAULT = 1
SHELL = /usr/local/bin/bash
TERM = screen.xterm-256color
Perl special variables (and OS-specific diagnostics, for MSWin32):
Perl: $^X = /home/cpan/pit/thr/perl-5.26.1/bin/perl
UID: $< = 1001
EUID: $> = 1001
GID: $( = 1001 1001
EGID: $) = 1001 1001
-------------------------------
--
Summary of my perl5 (revision 5 version 26 subversion 1) configuration:
Platform:
osname=openbsd
osvers=7.3
archname=OpenBSD.amd64-openbsd-thread-multi
uname='openbsd overture.bingosnet.co.uk 7.3 generic#1072 amd64 '
config_args='-des -Dprefix=/home/cpan/pit/thr/perl-5.26.1 -Dusethreads'
hint=recommended
useposix=true
d_sigaction=define
useithreads=define
usemultiplicity=define
use64bitint=define
use64bitall=define
uselongdouble=undef
usemymalloc=n
default_inc_excludes_dot=define
bincompat5005=undef
Compiler:
cc='cc'
ccflags ='-pthread -fno-strict-aliasing -pipe -fstack-protector-strong -I/usr/local/include'
optimize='-O2'
cppflags='-pthread -fno-strict-aliasing -pipe -fstack-protector-strong -I/usr/local/include'
ccversion=''
gccversion='OpenBSD Clang 13.0.0'
gccosandvers=''
intsize=4
longsize=8
ptrsize=8
doublesize=8
byteorder=12345678
doublekind=3
d_longlong=define
longlongsize=8
d_longdbl=define
longdblsize=16
longdblkind=3
ivtype='long'
ivsize=8
nvtype='double'
nvsize=8
Off_t='off_t'
lseeksize=8
alignbytes=8
prototype=define
Linker and Libraries:
ld='cc'
ldflags ='-pthread -Wl,-E -fstack-protector-strong -L/usr/local/lib'
libpth=/usr/lib/clang/13.0.0/lib /usr/lib /usr/local/lib
libs=-lpthread -lgdbm -lm -lutil -lc
perllibs=-lpthread -lm -lutil -lc
libc=/usr/lib/libc.so.97.0
so=so
useshrplib=false
libperl=libperl.a
gnulibc_version=''
Dynamic Linking:
dlsrc=dl_dlopen.xs
dlext=so
d_dlsymun=undef
ccdlflags=' '
cccdlflags='-DPIC -fPIC '
lddlflags='-shared -fPIC -L/usr/local/lib -fstack-protector-strong'
Characteristics of this binary (from libperl):
Compile-time options:
HAS_TIMES
MULTIPLICITY
PERLIO_LAYERS
PERL_COPY_ON_WRITE
PERL_DONT_CREATE_GVSV
PERL_IMPLICIT_CONTEXT
PERL_MALLOC_WRAP
PERL_OP_PARENT
PERL_PRESERVE_IVUV
USE_64_BIT_ALL
USE_64_BIT_INT
USE_ITHREADS
USE_LARGE_FILES
USE_LOCALE
USE_LOCALE_COLLATE
USE_LOCALE_CTYPE
USE_LOCALE_NUMERIC
USE_LOCALE_TIME
USE_PERLIO
USE_PERL_ATOF
USE_REENTRANT_API
Locally applied patches:
Devel::PatchPerl 2.08
Built under openbsd
Compiled at May 30 2023 09:31:54
%ENV:
PERL5LIB="/home/cpan/pit/jail/qDJlUGLy7e/lib/perl5:/home/cpan/pit/thr/conf/perl-5.26.1/.cpanplus/5.26.1/build/pqKGk3TsVz/Web-Request-0.11/blib/lib:/home/cpan/pit/thr/conf/perl-5.26.1/.cpanplus/5.26.1/build/pqKGk3TsVz/Web-Request-0.11/blib/arch"
PERL5_CPANPLUS_IS_RUNNING="95006"
PERL5_CPANPLUS_IS_VERSION="0.9914"
PERL5_MINISMOKEBOX="0.68"
PERL5_YACSMOKE_BASE="/home/cpan/pit/thr/conf/perl-5.26.1"
PERL_EXTUTILS_AUTOINSTALL="--defaultdeps"
PERL_LOCAL_LIB_ROOT="/home/cpan/pit/jail/qDJlUGLy7e"
PERL_MB_OPT="--install_base "/home/cpan/pit/jail/qDJlUGLy7e""
PERL_MM_OPT="INSTALL_BASE=/home/cpan/pit/jail/qDJlUGLy7e"
PERL_MM_USE_DEFAULT="1"
@INC:
/home/cpan/pit/jail/qDJlUGLy7e/lib/perl5/5.26.1/OpenBSD.amd64-openbsd-thread-multi
/home/cpan/pit/jail/qDJlUGLy7e/lib/perl5/5.26.1
/home/cpan/pit/jail/qDJlUGLy7e/lib/perl5/OpenBSD.amd64-openbsd-thread-multi
/home/cpan/pit/jail/qDJlUGLy7e/lib/perl5
/home/cpan/pit/thr/conf/perl-5.26.1/.cpanplus/5.26.1/build/pqKGk3TsVz/Web-Request-0.11/blib/lib
/home/cpan/pit/thr/conf/perl-5.26.1/.cpanplus/5.26.1/build/pqKGk3TsVz/Web-Request-0.11/blib/arch
/home/cpan/pit/thr/perl-5.26.1/lib/site_perl/5.26.1/OpenBSD.amd64-openbsd-thread-multi
/home/cpan/pit/thr/perl-5.26.1/lib/site_perl/5.26.1
/home/cpan/pit/thr/perl-5.26.1/lib/5.26.1/OpenBSD.amd64-openbsd-thread-multi
/home/cpan/pit/thr/perl-5.26.1/lib/5.26.1