Back
From: metabase:user:322078bc-2aae-11df-837a-5e0a49663a4f
Subject: FAIL IO-Event-0.813 v5.18.0 NetBSD
Date: 2014-07-23T16:10:04Z
This distribution has been tested as part of the CPAN Testers
project, supporting the Perl programming language. See
http://wiki.cpantesters.org/ for more information or email
questions to cpan-testers-discuss@perl.org
--
Dear David Muir Sharnoff,
This is a computer-generated error report created automatically by
CPANPLUS, version 0.9152. Testers personal comments may appear
at the end of this report.
Thank you for uploading your work to CPAN. However, it appears that
there were some problems testing your distribution.
TEST RESULTS:
Below is the error stack from stage 'make test':
PERL_DL_NONLAZY=1 /home/cpan/pit/bare/perl-5.18.0/bin/perl "-MExtUtils::Command::MM" "-MTest::Harness" "-e" "undef *Test::Harness::Switches; test_harness(0, 'blib/lib', 'blib/arch')" t/*.t
t/callbacks1.t .. ok
t/callbacks2.t .. ok
t/callbacks3.t .. ok
t/forked1.t ..... ok
# Failed test at /home/cpan/pit/bare/conf/perl-5.18.0/.cpanplus/5.18.0/build/IO-Event-0.813/t/forked.tt line 364.
# Structures begin differing at:
# $got->[1] = 'a
# b
#
# '
# $expected->[1] = Does not exist
# Failed test at /home/cpan/pit/bare/conf/perl-5.18.0/.cpanplus/5.18.0/build/IO-Event-0.813/t/forked.tt line 364.
# Structures begin differing at:
# $got->[0] = 'e
# '
# $expected->[0] = 'a
# b
#
# '
# Failed test at /home/cpan/pit/bare/conf/perl-5.18.0/.cpanplus/5.18.0/build/IO-Event-0.813/t/forked.tt line 373.
# got: '2'
# expected: '3'
# Failed test at /home/cpan/pit/bare/conf/perl-5.18.0/.cpanplus/5.18.0/build/IO-Event-0.813/t/forked.tt line 364.
# Structures begin differing at:
# $got->[1] = 'a
# b
#
# '
# $expected->[1] = Does not exist
# Failed test at /home/cpan/pit/bare/conf/perl-5.18.0/.cpanplus/5.18.0/build/IO-Event-0.813/t/forked.tt line 364.
# Structures begin differing at:
# $got->[0] = 'e
# '
# $expected->[0] = 'a
# b
#
# '
# Failed test at /home/cpan/pit/bare/conf/perl-5.18.0/.cpanplus/5.18.0/build/IO-Event-0.813/t/forked.tt line 373.
# got: '2'
# expected: '3'
# Failed test at /home/cpan/pit/bare/conf/perl-5.18.0/.cpanplus/5.18.0/build/IO-Event-0.813/t/forked.tt line 364.
# Structures begin differing at:
# $got->[1] = 'a
# b
#
# '
# $expected->[1] = Does not exist
# Failed test at /home/cpan/pit/bare/conf/perl-5.18.0/.cpanplus/5.18.0/build/IO-Event-0.813/t/forked.tt line 364.
# Structures begin differing at:
# $got->[0] = 'e
# '
# $expected->[0] = 'a
# b
#
# '
# Failed test at /home/cpan/pit/bare/conf/perl-5.18.0/.cpanplus/5.18.0/build/IO-Event-0.813/t/forked.tt line 373.
# got: '2'
# expected: '3'
# Failed test at /home/cpan/pit/bare/conf/perl-5.18.0/.cpanplus/5.18.0/build/IO-Event-0.813/t/forked.tt line 364.
# Structures begin differing at:
# $got->[1] = 'a
# b
#
# '
# $expected->[1] = Does not exist
# Failed test at /home/cpan/pit/bare/conf/perl-5.18.0/.cpanplus/5.18.0/build/IO-Event-0.813/t/forked.tt line 364.
# Structures begin differing at:
# $got->[0] = 'e
# '
# $expected->[0] = 'a
# b
#
# '
# Failed test at /home/cpan/pit/bare/conf/perl-5.18.0/.cpanplus/5.18.0/build/IO-Event-0.813/t/forked.tt line 373.
# got: '2'
# expected: '3'
# Failed test at /home/cpan/pit/bare/conf/perl-5.18.0/.cpanplus/5.18.0/build/IO-Event-0.813/t/forked.tt line 364.
# Structures begin differing at:
# $got->[1] = 'a
# b
#
# '
# $expected->[1] = Does not exist
# Failed test at /home/cpan/pit/bare/conf/perl-5.18.0/.cpanplus/5.18.0/build/IO-Event-0.813/t/forked.tt line 364.
# Structures begin differing at:
# $got->[0] = 'e
# '
# $expected->[0] = 'a
# b
#
# '
# Failed test at /home/cpan/pit/bare/conf/perl-5.18.0/.cpanplus/5.18.0/build/IO-Event-0.813/t/forked.tt line 373.
# got: '2'
# expected: '3'
# Failed test at /home/cpan/pit/bare/conf/perl-5.18.0/.cpanplus/5.18.0/build/IO-Event-0.813/t/forked.tt line 364.
# Structures begin differing at:
# $got->[1] = 'a
# b
#
# '
# $expected->[1] = Does not exist
# Failed test at /home/cpan/pit/bare/conf/perl-5.18.0/.cpanplus/5.18.0/build/IO-Event-0.813/t/forked.tt line 364.
# Structures begin differing at:
# $got->[0] = 'e
# '
# $expected->[0] = 'a
# b
#
# '
# Failed test at /home/cpan/pit/bare/conf/perl-5.18.0/.cpanplus/5.18.0/build/IO-Event-0.813/t/forked.tt line 373.
# got: '2'
# expected: '3'
# Failed test at /home/cpan/pit/bare/conf/perl-5.18.0/.cpanplus/5.18.0/build/IO-Event-0.813/t/forked.tt line 364.
# Structures begin differing at:
# $got->[1] = 'a
# b
#
# '
# $expected->[1] = Does not exist
# Failed test at /home/cpan/pit/bare/conf/perl-5.18.0/.cpanplus/5.18.0/build/IO-Event-0.813/t/forked.tt line 364.
# Structures begin differing at:
# $got->[0] = 'e
# '
# $expected->[0] = 'a
# b
#
# '
# Failed test at /home/cpan/pit/bare/conf/perl-5.18.0/.cpanplus/5.18.0/build/IO-Event-0.813/t/forked.tt line 373.
# got: '2'
# expected: '3'
# Failed test at /home/cpan/pit/bare/conf/perl-5.18.0/.cpanplus/5.18.0/build/IO-Event-0.813/t/forked.tt line 364.
# Structures begin differing at:
# $got->[1] = 'a
# b
#
# '
# $expected->[1] = Does not exist
# Failed test at /home/cpan/pit/bare/conf/perl-5.18.0/.cpanplus/5.18.0/build/IO-Event-0.813/t/forked.tt line 364.
# Structures begin differing at:
# $got->[0] = 'e
# '
# $expected->[0] = 'a
# b
#
# '
# Failed test at /home/cpan/pit/bare/conf/perl-5.18.0/.cpanplus/5.18.0/build/IO-Event-0.813/t/forked.tt line 373.
# got: '2'
# expected: '3'
# Failed test at /home/cpan/pit/bare/conf/perl-5.18.0/.cpanplus/5.18.0/build/IO-Event-0.813/t/forked.tt line 364.
# Structures begin differing at:
# $got->[1] = 'a
# b
#
# '
# $expected->[1] = Does not exist
# Failed test at /home/cpan/pit/bare/conf/perl-5.18.0/.cpanplus/5.18.0/build/IO-Event-0.813/t/forked.tt line 364.
# Structures begin differing at:
# $got->[0] = 'e
# '
# $expected->[0] = 'a
# b
#
# '
# Failed test at /home/cpan/pit/bare/conf/perl-5.18.0/.cpanplus/5.18.0/build/IO-Event-0.813/t/forked.tt line 373.
# got: '2'
# expected: '3'
# Failed test at /home/cpan/pit/bare/conf/perl-5.18.0/.cpanplus/5.18.0/build/IO-Event-0.813/t/forked.tt line 364.
# Structures begin differing at:
# $got->[1] = 'a
# b
#
# '
# $expected->[1] = Does not exist
# Failed test at /home/cpan/pit/bare/conf/perl-5.18.0/.cpanplus/5.18.0/build/IO-Event-0.813/t/forked.tt line 364.
# Structures begin differing at:
# $got->[0] = 'e
# '
# $expected->[0] = 'a
# b
#
# '
# Failed test at /home/cpan/pit/bare/conf/perl-5.18.0/.cpanplus/5.18.0/build/IO-Event-0.813/t/forked.tt line 373.
# got: '2'
# expected: '3'
# Looks like you planned 115 tests but ran 105.
# Looks like you failed 30 tests of 105 run.
t/forked2.t .....
Dubious, test returned 30 (wstat 7680, 0x1e00)
Failed 40/115 subtests
# Failed test at /home/cpan/pit/bare/conf/perl-5.18.0/.cpanplus/5.18.0/build/IO-Event-0.813/t/forked.tt line 364.
# Structures begin differing at:
# $got->[1] = 'a
# b
#
# '
# $expected->[1] = Does not exist
# Failed test at /home/cpan/pit/bare/conf/perl-5.18.0/.cpanplus/5.18.0/build/IO-Event-0.813/t/forked.tt line 364.
# Structures begin differing at:
# $got->[0] = 'e
# '
# $expected->[0] = 'a
# b
#
# '
# Failed test at /home/cpan/pit/bare/conf/perl-5.18.0/.cpanplus/5.18.0/build/IO-Event-0.813/t/forked.tt line 373.
# got: '2'
# expected: '3'
# Failed test at /home/cpan/pit/bare/conf/perl-5.18.0/.cpanplus/5.18.0/build/IO-Event-0.813/t/forked.tt line 364.
# Structures begin differing at:
# $got->[1] = 'a
# b
#
# '
# $expected->[1] = Does not exist
# Failed test at /home/cpan/pit/bare/conf/perl-5.18.0/.cpanplus/5.18.0/build/IO-Event-0.813/t/forked.tt line 364.
# Structures begin differing at:
# $got->[0] = 'e
# '
# $expected->[0] = 'a
# b
#
# '
# Failed test at /home/cpan/pit/bare/conf/perl-5.18.0/.cpanplus/5.18.0/build/IO-Event-0.813/t/forked.tt line 373.
# got: '2'
# expected: '3'
# Failed test at /home/cpan/pit/bare/conf/perl-5.18.0/.cpanplus/5.18.0/build/IO-Event-0.813/t/forked.tt line 364.
# Structures begin differing at:
# $got->[1] = 'a
# b
#
# '
# $expected->[1] = Does not exist
# Failed test at /home/cpan/pit/bare/conf/perl-5.18.0/.cpanplus/5.18.0/build/IO-Event-0.813/t/forked.tt line 364.
# Structures begin differing at:
# $got->[0] = 'e
# '
# $expected->[0] = 'a
# b
#
# '
# Failed test at /home/cpan/pit/bare/conf/perl-5.18.0/.cpanplus/5.18.0/build/IO-Event-0.813/t/forked.tt line 373.
# got: '2'
# expected: '3'
# Failed test at /home/cpan/pit/bare/conf/perl-5.18.0/.cpanplus/5.18.0/build/IO-Event-0.813/t/forked.tt line 364.
# Structures begin differing at:
# $got->[1] = 'a
# b
#
# '
# $expected->[1] = Does not exist
# Failed test at /home/cpan/pit/bare/conf/perl-5.18.0/.cpanplus/5.18.0/build/IO-Event-0.813/t/forked.tt line 364.
# Structures begin differing at:
# $got->[0] = 'e
# '
# $expected->[0] = 'a
# b
#
# '
# Failed test at /home/cpan/pit/bare/conf/perl-5.18.0/.cpanplus/5.18.0/build/IO-Event-0.813/t/forked.tt line 373.
# got: '2'
# expected: '3'
# Failed test at /home/cpan/pit/bare/conf/perl-5.18.0/.cpanplus/5.18.0/build/IO-Event-0.813/t/forked.tt line 364.
# Structures begin differing at:
# $got->[1] = 'a
# b
#
# '
# $expected->[1] = Does not exist
# Failed test at /home/cpan/pit/bare/conf/perl-5.18.0/.cpanplus/5.18.0/build/IO-Event-0.813/t/forked.tt line 364.
# Structures begin differing at:
# $got->[0] = 'e
# '
# $expected->[0] = 'a
# b
#
# '
# Failed test at /home/cpan/pit/bare/conf/perl-5.18.0/.cpanplus/5.18.0/build/IO-Event-0.813/t/forked.tt line 373.
# got: '2'
# expected: '3'
# Failed test at /home/cpan/pit/bare/conf/perl-5.18.0/.cpanplus/5.18.0/build/IO-Event-0.813/t/forked.tt line 364.
# Structures begin differing at:
# $got->[1] = 'a
# b
#
# '
# $expected->[1] = Does not exist
# Failed test at /home/cpan/pit/bare/conf/perl-5.18.0/.cpanplus/5.18.0/build/IO-Event-0.813/t/forked.tt line 364.
# Structures begin differing at:
# $got->[0] = 'e
# '
# $expected->[0] = 'a
# b
#
# '
# Failed test at /home/cpan/pit/bare/conf/perl-5.18.0/.cpanplus/5.18.0/build/IO-Event-0.813/t/forked.tt line 373.
# got: '2'
# expected: '3'
# Failed test at /home/cpan/pit/bare/conf/perl-5.18.0/.cpanplus/5.18.0/build/IO-Event-0.813/t/forked.tt line 364.
# Structures begin differing at:
# $got->[1] = 'a
# b
#
# '
# $expected->[1] = Does not exist
# Failed test at /home/cpan/pit/bare/conf/perl-5.18.0/.cpanplus/5.18.0/build/IO-Event-0.813/t/forked.tt line 364.
# Structures begin differing at:
# $got->[0] = 'e
# '
# $expected->[0] = 'a
# b
#
# '
# Failed test at /home/cpan/pit/bare/conf/perl-5.18.0/.cpanplus/5.18.0/build/IO-Event-0.813/t/forked.tt line 373.
# got: '2'
# expected: '3'
# Failed test at /home/cpan/pit/bare/conf/perl-5.18.0/.cpanplus/5.18.0/build/IO-Event-0.813/t/forked.tt line 364.
# Structures begin differing at:
# $got->[1] = 'a
# b
#
# '
# $expected->[1] = Does not exist
# Failed test at /home/cpan/pit/bare/conf/perl-5.18.0/.cpanplus/5.18.0/build/IO-Event-0.813/t/forked.tt line 364.
# Structures begin differing at:
# $got->[0] = 'e
# '
# $expected->[0] = 'a
# b
#
# '
# Failed test at /home/cpan/pit/bare/conf/perl-5.18.0/.cpanplus/5.18.0/build/IO-Event-0.813/t/forked.tt line 373.
# got: '2'
# expected: '3'
# Failed test at /home/cpan/pit/bare/conf/perl-5.18.0/.cpanplus/5.18.0/build/IO-Event-0.813/t/forked.tt line 364.
# Structures begin differing at:
# $got->[1] = 'a
# b
#
# '
# $expected->[1] = Does not exist
# Failed test at /home/cpan/pit/bare/conf/perl-5.18.0/.cpanplus/5.18.0/build/IO-Event-0.813/t/forked.tt line 364.
# Structures begin differing at:
# $got->[0] = 'e
# '
# $expected->[0] = 'a
# b
#
# '
# Failed test at /home/cpan/pit/bare/conf/perl-5.18.0/.cpanplus/5.18.0/build/IO-Event-0.813/t/forked.tt line 373.
# got: '2'
# expected: '3'
# Looks like you planned 115 tests but ran 106.
# Looks like you failed 27 tests of 106 run.
t/forked3.t .....
Dubious, test returned 27 (wstat 6912, 0x1b00)
Failed 36/115 subtests
t/getline1.t .... ok
t/getline2.t .... ok
t/getline3.t .... ok
t/multifork1.t .. ok
t/multifork2.t .. ok
t/multifork3.t .. ok
Test Summary Report
-------------------
t/forked2.t (Wstat: 7680 Tests: 105 Failed: 30)
Failed tests: 46-60, 91-105
Non-zero exit status: 30
Parse errors: Bad plan. You planned 115 tests but ran 105.
t/forked3.t (Wstat: 6912 Tests: 106 Failed: 27)
Failed tests: 46-57, 92-106
Non-zero exit status: 27
Parse errors: Bad plan. You planned 115 tests but ran 106.
Files=12, Tests=905, 130 wallclock secs ( 0.22 usr 0.01 sys + 1.53 cusr 0.35 csys = 2.11 CPU)
Result: FAIL
*** Error code 255
Stop.
make: stopped in /home/cpan/pit/bare/conf/perl-5.18.0/.cpanplus/5.18.0/build/IO-Event-0.813
Failed 2/12 test programs. 57/905 subtests failed.
PREREQUISITES:
Here is a list of prerequisites you specified and versions we
managed to load:
Module Name Have Want
AnyEvent 7.07 0
Event 1.23 0
IO::Handle 1.34 0
List::MoreUtils 0.33 0
Test::Simple 1.001003 0
Time::HiRes 1.9726 0
diagnostics 1.31 0
Perl module toolchain versions installed:
Module Name Have
CPANPLUS 0.9152
CPANPLUS::Dist::Build 0.78
Cwd 3.47
ExtUtils::CBuilder 0.280216
ExtUtils::Command 1.17
ExtUtils::Install 1.68
ExtUtils::MakeMaker 6.98
ExtUtils::Manifest 1.63
ExtUtils::ParseXS 3.24
File::Spec 3.47
Module::Build 0.4205
Pod::Parser 1.60
Pod::Simple 3.28
Test::Harness 3.32
Test::More 1.001003
version 0.9908
******************************** NOTE ********************************
The comments above are created mechanically, possibly without manual
checking by the sender. As there are many people performing automatic
tests on each upload to CPAN, it is likely that you will receive
identical messages about the same problem.
If you believe that the message is mistaken, please reply to the first
one with correction and/or additional informations, and do not take
it personally. We appreciate your patience. :)
**********************************************************************
Additional comments:
This report was machine-generated by CPANPLUS::Dist::YACSmoke 0.90.
Powered by minismokebox version 0.58
------------------------------
ENVIRONMENT AND OTHER CONTEXT
------------------------------
Environment variables:
AUTOMATED_TESTING = 1
NONINTERACTIVE_TESTING = 1
PATH = /home/cpan/bin:/bin:/sbin:/usr/bin:/usr/sbin:/usr/X11R7/bin:/usr/X11R6/bin:/usr/pkg/bin:/usr/pkg/sbin:/usr/games:/usr/local/bin:/usr/local/sbin
PERL5LIB = :/home/cpan/pit/bare/conf/perl-5.18.0/.cpanplus/5.18.0/build/AnyEvent-7.07/blib/lib:/home/cpan/pit/bare/conf/perl-5.18.0/.cpanplus/5.18.0/build/AnyEvent-7.07/blib/arch:/home/cpan/pit/bare/conf/perl-5.18.0/.cpanplus/5.18.0/build/Test-Pod-1.48/blib/lib:/home/cpan/pit/bare/conf/perl-5.18.0/.cpanplus/5.18.0/build/Test-Pod-1.48/blib/arch:/home/cpan/pit/bare/conf/perl-5.18.0/.cpanplus/5.18.0/build/Data-Structure-Util-0.15/blib/lib:/home/cpan/pit/bare/conf/perl-5.18.0/.cpanplus/5.18.0/build/Data-Structure-Util-0.15/blib/arch:/home/cpan/pit/bare/conf/perl-5.18.0/.cpanplus/5.18.0/build/File-Slurp-9999.19/blib/lib:/home/cpan/pit/bare/conf/perl-5.18.0/.cpanplus/5.18.0/build/File-Slurp-9999.19/blib/arch:/home/cpan/pit/bare/conf/perl-5.18.0/.cpanplus/5.18.0/build/Event-1.23/blib/lib:/home/cpan/pit/bare/conf/perl-5.18.0/.cpanplus/5.18.0/build/Event-1.23/blib/arch:/home/cpan/pit/bare/conf/perl-5.18.0/.cpanplus/5.18.0/build/List-MoreUtils-0.33/blib/lib:/home/cpan/pit/bare/conf/perl-5.18.0/.cpanplus/5.18.0/build/List-MoreUtils-0.33/blib/arch:/home/cpan/pit/bare/conf/perl-5.18.0/.cpanplus/5.18.0/build/IO-Event-0.813/blib/lib:/home/cpan/pit/bare/conf/perl-5.18.0/.cpanplus/5.18.0/build/IO-Event-0.813/blib/arch
PERL5_CPANPLUS_IS_RUNNING = 7645
PERL5_CPANPLUS_IS_VERSION = 0.9152
PERL5_MINISMOKEBOX = 0.58
PERL5_YACSMOKE_BASE = /home/cpan/pit/bare/conf/perl-5.18.0
PERL_EXTUTILS_AUTOINSTALL = --defaultdeps
PERL_MM_USE_DEFAULT = 1
SHELL = /usr/pkg/bin/bash
TERM = screen
Perl special variables (and OS-specific diagnostics, for MSWin32):
Perl: $^X = /home/cpan/pit/bare/perl-5.18.0/bin/perl
UID: $< = 1002
EUID: $> = 1002
GID: $( = 100 100
EGID: $) = 100 100
-------------------------------
--
Summary of my perl5 (revision 5 version 18 subversion 0) configuration:
Platform:
osname=netbsd, osvers=6.1.4, archname=amd64-netbsd
uname='netbsd naboo.bingosnet.co.uk 6.1.4 netbsd 6.1.4 (generic) amd64 '
config_args='-des -Dprefix=/home/cpan/pit/bare/perl-5.18.0'
hint=recommended, useposix=true, d_sigaction=define
useithreads=undef, usemultiplicity=undef
useperlio=define, d_sfio=undef, uselargefiles=define, usesocks=undef
use64bitint=define, use64bitall=define, uselongdouble=undef
usemymalloc=n, bincompat5005=undef
Compiler:
cc='cc', ccflags ='-fno-strict-aliasing -pipe -fstack-protector -I/usr/pkg/include',
optimize='-O',
cppflags='-fno-strict-aliasing -pipe -fstack-protector -I/usr/pkg/include'
ccversion='', gccversion='4.5.3', gccosandvers=''
intsize=4, longsize=8, ptrsize=8, doublesize=8, byteorder=12345678
d_longlong=define, longlongsize=8, d_longdbl=define, longdblsize=16
ivtype='long', ivsize=8, nvtype='double', nvsize=8, Off_t='off_t', lseeksize=8
alignbytes=8, prototype=define
Linker and Libraries:
ld='cc', ldflags =' -Wl,-rpath,/usr/pkg/lib -Wl,-rpath,/usr/local/lib -fstack-protector -L/usr/pkg/lib'
libpth=/usr/pkg/lib /lib /usr/lib
libs=-lgdbm -lm -lcrypt -lutil -lc -lposix
perllibs=-lm -lcrypt -lutil -lc -lposix
libc=/lib/libc.so, so=so, useshrplib=false, libperl=libperl.a
gnulibc_version=''
Dynamic Linking:
dlsrc=dl_dlopen.xs, dlext=so, d_dlsymun=undef, ccdlflags='-Wl,-E '
cccdlflags='-DPIC -fPIC ', lddlflags='--whole-archive -shared -L/usr/pkg/lib -fstack-protector'
Characteristics of this binary (from libperl):
Compile-time options: HAS_TIMES PERLIO_LAYERS PERL_DONT_CREATE_GVSV
PERL_HASH_FUNC_ONE_AT_A_TIME_HARD PERL_MALLOC_WRAP
PERL_PRESERVE_IVUV PERL_SAWAMPERSAND USE_64_BIT_ALL
USE_64_BIT_INT USE_LARGE_FILES USE_LOCALE
USE_LOCALE_COLLATE USE_LOCALE_CTYPE
USE_LOCALE_NUMERIC USE_PERLIO USE_PERL_ATOF
Built under netbsd
Compiled at May 9 2014 16:48:11
%ENV:
PERL5LIB=":/home/cpan/pit/bare/conf/perl-5.18.0/.cpanplus/5.18.0/build/AnyEvent-7.07/blib/lib:/home/cpan/pit/bare/conf/perl-5.18.0/.cpanplus/5.18.0/build/AnyEvent-7.07/blib/arch:/home/cpan/pit/bare/conf/perl-5.18.0/.cpanplus/5.18.0/build/Test-Pod-1.48/blib/lib:/home/cpan/pit/bare/conf/perl-5.18.0/.cpanplus/5.18.0/build/Test-Pod-1.48/blib/arch:/home/cpan/pit/bare/conf/perl-5.18.0/.cpanplus/5.18.0/build/Data-Structure-Util-0.15/blib/lib:/home/cpan/pit/bare/conf/perl-5.18.0/.cpanplus/5.18.0/build/Data-Structure-Util-0.15/blib/arch:/home/cpan/pit/bare/conf/perl-5.18.0/.cpanplus/5.18.0/build/File-Slurp-9999.19/blib/lib:/home/cpan/pit/bare/conf/perl-5.18.0/.cpanplus/5.18.0/build/File-Slurp-9999.19/blib/arch:/home/cpan/pit/bare/conf/perl-5.18.0/.cpanplus/5.18.0/build/Event-1.23/blib/lib:/home/cpan/pit/bare/conf/perl-5.18.0/.cpanplus/5.18.0/build/Event-1.23/blib/arch:/home/cpan/pit/bare/conf/perl-5.18.0/.cpanplus/5.18.0/build/List-MoreUtils-0.33/blib/lib:/home/cpan/pit/bare/conf/perl-5.18.0/.cpanplus/5.18.0/build/List-MoreUtils-0.33/blib/arch:/home/cpan/pit/bare/conf/perl-5.18.0/.cpanplus/5.18.0/build/IO-Event-0.813/blib/lib:/home/cpan/pit/bare/conf/perl-5.18.0/.cpanplus/5.18.0/build/IO-Event-0.813/blib/arch"
PERL5_CPANPLUS_IS_RUNNING="7645"
PERL5_CPANPLUS_IS_VERSION="0.9152"
PERL5_MINISMOKEBOX="0.58"
PERL5_YACSMOKE_BASE="/home/cpan/pit/bare/conf/perl-5.18.0"
PERL_EXTUTILS_AUTOINSTALL="--defaultdeps"
PERL_MM_USE_DEFAULT="1"
@INC:
/home/cpan/pit/bare/conf/perl-5.18.0/.cpanplus/5.18.0/build/AnyEvent-7.07/blib/lib
/home/cpan/pit/bare/conf/perl-5.18.0/.cpanplus/5.18.0/build/AnyEvent-7.07/blib/arch
/home/cpan/pit/bare/conf/perl-5.18.0/.cpanplus/5.18.0/build/Test-Pod-1.48/blib/lib
/home/cpan/pit/bare/conf/perl-5.18.0/.cpanplus/5.18.0/build/Test-Pod-1.48/blib/arch
/home/cpan/pit/bare/conf/perl-5.18.0/.cpanplus/5.18.0/build/Data-Structure-Util-0.15/blib/lib
/home/cpan/pit/bare/conf/perl-5.18.0/.cpanplus/5.18.0/build/Data-Structure-Util-0.15/blib/arch
/home/cpan/pit/bare/conf/perl-5.18.0/.cpanplus/5.18.0/build/File-Slurp-9999.19/blib/lib
/home/cpan/pit/bare/conf/perl-5.18.0/.cpanplus/5.18.0/build/File-Slurp-9999.19/blib/arch
/home/cpan/pit/bare/conf/perl-5.18.0/.cpanplus/5.18.0/build/Event-1.23/blib/lib
/home/cpan/pit/bare/conf/perl-5.18.0/.cpanplus/5.18.0/build/Event-1.23/blib/arch
/home/cpan/pit/bare/conf/perl-5.18.0/.cpanplus/5.18.0/build/List-MoreUtils-0.33/blib/lib
/home/cpan/pit/bare/conf/perl-5.18.0/.cpanplus/5.18.0/build/List-MoreUtils-0.33/blib/arch
/home/cpan/pit/bare/conf/perl-5.18.0/.cpanplus/5.18.0/build/IO-Event-0.813/blib/lib
/home/cpan/pit/bare/conf/perl-5.18.0/.cpanplus/5.18.0/build/IO-Event-0.813/blib/arch
/home/cpan/pit/bare/perl-5.18.0/lib/site_perl/5.18.0/amd64-netbsd
/home/cpan/pit/bare/perl-5.18.0/lib/site_perl/5.18.0
/home/cpan/pit/bare/perl-5.18.0/lib/5.18.0/amd64-netbsd
/home/cpan/pit/bare/perl-5.18.0/lib/5.18.0
.