Module-Build-Functions v0.04 Perl 5 v5.12.1 i686-linux-thread-multi-64int-ld
- Status
- Fail
- From
- Graham Crookham (GRAHAMC)
- Dist
-
Module-Build-Functions v0.04
- Platform
- Perl 5 v5.12.1 i686-linux-thread-multi-64int-ld
- Date
- 2010-08-24 21:08:55
- ID
- cdf63926-afc3-11df-8b3f-2db62b63d4c0
This distribution has been tested as part of the CPAN Testers
project, supporting the Perl programming language. See
http://wiki.cpantesters.org/ for more information or email
questions to cpan-testers-discuss@perl.org
--
Dear Nickolay Platonov,
This is a computer-generated report for Module-Build-Functions-0.04
on perl 5.12.1, created by CPAN-Reporter-1.18.
Thank you for uploading your work to CPAN. However, there was a problem
testing your distribution.
If you think this report is invalid, please consult the CPAN Testers Wiki
for suggestions on how to avoid getting FAIL reports for missing library
or binary dependencies, unsupported operating systems, and so on:
http://wiki.cpantesters.org/wiki/CPANAuthorNotes
Sections of this report:
* Tester comments
* Program output
* Prerequisites
* Environment and other context
------------------------------
TESTER COMMENTS
------------------------------
Additional comments from tester:
this report is from an automated smoke testing program
and was not reviewed by a human for accuracy
------------------------------
PROGRAM OUTPUT
------------------------------
Output from './Build test':
t/00_load.t ....................... ok
# Using Module::Build 0.3614
t/01_basic_and_share.t ............ ok
# Failed test 'Module::Build was added to 'configure_requires''
# at t/02_all_from.t line 21.
# Looks like you failed 1 test of 8.
t/02_all_from.t ...................
Dubious, test returned 1 (wstat 256, 0x100)
Failed 1/8 subtests
t/03_meta.t ....................... ok
# Using Module::Build 0.3614
t/04_basic_and_share_with_dsl.t ... ok
t/05_dsl.t ........................ ok
t/06_no_littering.t ............... ok
t/07_test_prereq.t ................ ok
# Using Module::Build 0.3614
t/081_custom_subclass_with_dsl.t .. ok
# Using Module::Build 0.3614
t/08_custom_subclass.t ............ ok
t/80_perlcritic.t ................. skipped: Author tests not required for installation
t/81_pod.t ........................ skipped: Author tests not required for installation
t/82_pod-coverage.t ............... skipped: Author tests not required for installation
t/83_version.t .................... skipped: Author tests not required for installation
t/84_minimumversion.t ............. skipped: Author tests not required for installation
t/85_meta.t ....................... skipped: Author tests not required for installation
t/86_manifest.t ................... skipped: Author tests not required for installation
t/89_prereq.t ..................... skipped: Author tests not required for installation
Test Summary Report
-------------------
t/02_all_from.t (Wstat: 256 Tests: 8 Failed: 1)
Failed test: 1
Non-zero exit status: 1
Files=18, Tests=72, 25 wallclock secs ( 0.17 usr 0.08 sys + 22.87 cusr 1.27 csys = 24.39 CPU)
Result: FAIL
Failed 1/18 test programs. 1/72 subtests failed.
------------------------------
PREREQUISITES
------------------------------
Prerequisite modules loaded:
requires:
Module Need Have
------------- ------- --------
File::Slurp 0 9999.13
Module::Build 0.07 0.36_14
perl 5.00503 5.012001
build_requires:
Module Need Have
------------- ------- --------
Capture::Tiny 0.06 0.08
Module::Build 0.31 0.36_14
Test::Compile 0 0.13
Test::More 0 0.96
configure_requires:
Module Need Have
------------- ------- --------
Module::Build 0.31 0.36_14
------------------------------
ENVIRONMENT AND OTHER CONTEXT
------------------------------
Environment variables:
AUTOMATED_TESTING = 1
LANG = C
PATH = /home/graham/perltest/th_ld_perl5121/perl/bin:/bin:/usr/bin:/sbin:/usr/sbin:/opt/java/bin:/opt/java/jre/bin:/opt/kde/bin:/usr/bin/perlbin/site:/usr/bin/perlbin/vendor:/usr/bin/perlbin/core:/opt/qt/bin
PERL5LIB =
PERL5OPT =
PERL5_CPANPLUS_IS_RUNNING = 3651
PERL5_CPAN_IS_RUNNING = 3651
PERL5_CPAN_IS_RUNNING_IN_RECURSION = 3645,3651
PERL_CR_SMOKER_CURRENT = Module-JSAN-0.04
PERL_EXTUTILS_AUTOINSTALL = --defaultdeps
PERL_MM_USE_DEFAULT = 1
SHELL = /bin/bash
TERM = xterm
Perl special variables (and OS-specific diagnostics, for MSWin32):
$^X = /home/graham/perltest/th_ld_perl5121/perl/bin/perl
$UID/$EUID = 1000 / 1000
$GID = 1000 7 10 91 92 93 95 98 100 108 1000 1001
$EGID = 1000 7 10 91 92 93 95 98 100 108 1000 1001
Perl module toolchain versions installed:
Module Have
------------------- -------
CPAN 1.94_58
Cwd 3.31_02
ExtUtils::CBuilder 0.27_05
ExtUtils::Command 1.16
ExtUtils::Install 1.55
ExtUtils::MakeMaker 6.56
ExtUtils::Manifest 1.57
ExtUtils::ParseXS 2.2206
File::Spec 3.31_02
Module::Build 0.36_14
Module::Signature 0.64
Test::Harness 3.22
Test::More 0.96
YAML 0.71
YAML::Syck 1.12
version 0.82
--
Summary of my perl5 (revision 5 version 12 subversion 1) configuration:
Platform:
osname=linux, osvers=2.6.33-arch, archname=i686-linux-thread-multi-64int-ld
uname='linux lorant 2.6.33-arch #1 smp preempt thu may 13 12:06:25 cest 2010 i686 intel(r) pentium(r) 4 cpu 2.80ghz genuineintel gnulinux '
config_args=''
hint=recommended, useposix=true, d_sigaction=define
useithreads=define, usemultiplicity=define
useperlio=define, d_sfio=undef, uselargefiles=define, usesocks=undef
use64bitint=define, use64bitall=undef, uselongdouble=define
usemymalloc=n, bincompat5005=undef
Compiler:
cc='cc', ccflags ='-D_REENTRANT -D_GNU_SOURCE -fno-strict-aliasing -pipe -fstack-protector -I/usr/local/include -D_LARGEFILE_SOURCE -D_FILE_OFFSET_BITS=64',
optimize='-O2',
cppflags='-D_REENTRANT -D_GNU_SOURCE -fno-strict-aliasing -pipe -fstack-protector -I/usr/local/include'
ccversion='', gccversion='4.5.0 20100520 (prerelease)', gccosandvers=''
intsize=4, longsize=4, ptrsize=4, doublesize=8, byteorder=12345678
d_longlong=define, longlongsize=8, d_longdbl=define, longdblsize=12
ivtype='long long', ivsize=8, nvtype='long double', nvsize=12, Off_t='off_t', lseeksize=8
alignbytes=4, prototype=define
Linker and Libraries:
ld='cc', ldflags =' -fstack-protector -L/usr/local/lib'
libpth=/usr/local/lib /lib /usr/lib
libs=-lnsl -lgdbm -ldb -ldl -lm -lcrypt -lutil -lpthread -lc -lgdbm_compat
perllibs=-lnsl -ldl -lm -lcrypt -lutil -lpthread -lc
libc=/lib/libc-2.12.so, so=so, useshrplib=true, libperl=libperl.so
gnulibc_version='2.12'
Dynamic Linking:
dlsrc=dl_dlopen.xs, dlext=so, d_dlsymun=undef, ccdlflags='-Wl,-E -Wl,-rpath,/home/graham/perltest/th_ld_perl5121/perl/lib/5.12.1/i686-linux-thread-multi-64int-ld/CORE'
cccdlflags='-fPIC', lddlflags='-shared -O2 -L/usr/local/lib -fstack-protector'
Characteristics of this binary (from libperl):
Compile-time options: MULTIPLICITY PERL_DONT_CREATE_GVSV
PERL_IMPLICIT_CONTEXT PERL_MALLOC_WRAP USE_64_BIT_INT
USE_FAST_STDIO USE_ITHREADS USE_LARGE_FILES
USE_LONG_DOUBLE USE_PERLIO USE_PERL_ATOF
USE_REENTRANT_API
Built under linux
Compiled at Aug 7 2010 12:43:27
%ENV:
PERL5LIB=""
PERL5OPT=""
PERL5_CPANPLUS_IS_RUNNING="3651"
PERL5_CPAN_IS_RUNNING="3651"
PERL5_CPAN_IS_RUNNING_IN_RECURSION="3645,3651"
PERL_CR_SMOKER_CURRENT="Module-JSAN-0.04"
PERL_EXTUTILS_AUTOINSTALL="--defaultdeps"
PERL_MM_USE_DEFAULT="1"
@INC:
/home/graham/perltest/th_ld_perl5121/perl/lib/site_perl/5.12.1/i686-linux-thread-multi-64int-ld
/home/graham/perltest/th_ld_perl5121/perl/lib/site_perl/5.12.1
/home/graham/perltest/th_ld_perl5121/perl/lib/5.12.1/i686-linux-thread-multi-64int-ld
/home/graham/perltest/th_ld_perl5121/perl/lib/5.12.1
.