lib-archive v0.2 Perl 5 v5.26.1 amd64-freebsd
- Status
- Fail
- From
- Slaven Rezić (SREZIC)
- Dist
-
lib-archive v0.2
- Platform
- Perl 5 v5.26.1 amd64-freebsd
- Date
- 2018-08-29 08:30:36
- ID
- cdecb738-ab65-11e8-b3c9-fd67cf9ec46d
This distribution has been tested as part of the CPAN Testers
project, supporting the Perl programming language. See
http://wiki.cpantesters.org/ for more information or email
questions to cpan-testers-discuss@perl.org
--
Dear Thomas Kratz,
This is a computer-generated report for lib-archive-0.2
on perl 5.26.1, created by CPAN-Reporter-1.2018.
Thank you for uploading your work to CPAN. However, there was a problem
testing your distribution.
If you think this report is invalid, please consult the CPAN Testers Wiki
for suggestions on how to avoid getting FAIL reports for missing library
or binary dependencies, unsupported operating systems, and so on:
http://wiki.cpantesters.org/wiki/CPANAuthorNotes
Sections of this report:
* Tester comments
* Program output
* Prerequisites
* Environment and other context
------------------------------
TESTER COMMENTS
------------------------------
Additional comments from tester:
none provided
------------------------------
PROGRAM OUTPUT
------------------------------
Output from '/usr/bin/make test':
PERL_DL_NONLAZY=1 "/usr/perl5.26.1p/bin/perl" "-MExtUtils::Command::MM" "-MTest::Harness" "-e" "undef *Test::Harness::Switches; test_harness(0, 'blib/lib', 'blib/arch')" t/*.t
Could not open '/home/cpansand/.cpan/build/2018082915/lib-archive-0.2-2/t/arclib/VMod.tgz' for reading: No such file or directory at /home/cpansand/.cpan/build/2018082915/lib-archive-0.2-2/blib/lib/lib/archive.pm line 110.
Can't locate VMod.pm in @INC (you may need to install the VMod module) (@INC contains: CODE(0x4445a498) /home/cpansand/.cpan/build/2018082915/lib-archive-0.2-2/blib/lib /home/cpansand/.cpan/build/2018082915/lib-archive-0.2-2/blib/arch /usr/perl5.26.1p/lib/site_perl/5.26.1/amd64-freebsd /usr/perl5.26.1p/lib/site_perl/5.26.1 /usr/perl5.26.1p/lib/5.26.1/amd64-freebsd /usr/perl5.26.1p/lib/5.26.1 .) at t/01_basic.t line 11.
BEGIN failed--compilation aborted at t/01_basic.t line 11.
t/01_basic.t ..
Dubious, test returned 2 (wstat 512, 0x200)
No subtests run
Could not open '/home/cpansand/.cpan/build/2018082915/lib-archive-0.2-2/t/arclib/VMod4-7.0.tar.gz' for reading: No such file or directory at /home/cpansand/.cpan/build/2018082915/lib-archive-0.2-2/blib/lib/lib/archive.pm line 110.
# Failed test 'use VMod4;'
# at t/02_file.t line 20.
# Tried to use 'VMod4'.
# Error: Can't locate VMod4.pm in @INC (you may need to install the VMod4 module) (@INC contains: CODE(0x43232c18) /home/cpansand/.cpan/build/2018082915/lib-archive-0.2-2/blib/lib /home/cpansand/.cpan/build/2018082915/lib-archive-0.2-2/blib/arch /usr/perl5.26.1p/lib/site_perl/5.26.1/amd64-freebsd /usr/perl5.26.1p/lib/site_perl/5.26.1 /usr/perl5.26.1p/lib/5.26.1/amd64-freebsd /usr/perl5.26.1p/lib/5.26.1 .) at t/02_file.t line 20.
# BEGIN failed--compilation aborted at t/02_file.t line 20.
# Failed test 'version ok'
# at t/02_file.t line 21.
# got: '0'
# expected: '6'
# Looks like you failed 2 tests of 8.
t/02_file.t ...
Dubious, test returned 2 (wstat 512, 0x200)
Failed 2/8 subtests
t/03_url.t .... ok
Test Summary Report
-------------------
t/01_basic.t (Wstat: 512 Tests: 0 Failed: 0)
Non-zero exit status: 2
Parse errors: No plan found in TAP output
t/02_file.t (Wstat: 512 Tests: 8 Failed: 2)
Failed tests: 7-8
Non-zero exit status: 2
Files=3, Tests=13, 1 wallclock secs ( 0.04 usr 0.03 sys + 0.84 cusr 0.17 csys = 1.09 CPU)
Result: FAIL
Failed 2/3 test programs. 2/13 subtests failed.
*** Error code 255
Stop.
make: stopped in /home/cpansand/.cpan/build/2018082915/lib-archive-0.2-2
------------------------------
PREREQUISITES
------------------------------
Prerequisite modules loaded:
requires:
Module Need Have
------------------- -------- --------
perl 5.010001 5.026001
build_requires:
Module Need Have
------------------- -------- --------
ExtUtils::MakeMaker 0 7.34
configure_requires:
Module Need Have
------------------- -------- --------
ExtUtils::MakeMaker 0 7.34
------------------------------
ENVIRONMENT AND OTHER CONTEXT
------------------------------
Environment variables:
PATH = /usr/local/bin:/usr/bin:/bin:/usr/local/sbin:/usr/sbin:/sbin:/home/cpansand/bin/sh:/home/cpansand/bin:/usr/games:/home/cpansand/devel:/home/eserte/src/srezic-misc/scripts
PERL5LIB =
PERL5OPT =
PERL5_CPANPLUS_IS_RUNNING = 46584
PERL5_CPAN_IS_RUNNING = 46584
PERL5_CPAN_IS_RUNNING_IN_RECURSION = 46363,46584
PERL_BATCH = yes
PERL_CANARY_STABILITY_NOPROMPT = 1
PERL_CPAN_REPORTER_CONFIG = /var/tmp/cpansmoker-1023/2018082915/cpanreporter_000_config.ini
PERL_EXTUTILS_AUTOINSTALL = --defaultdeps
PERL_USE_UNSAFE_INC = 1
SHELL = /bin/sh
TMPDIR = /var/tmp/cpansmoker-1023/2018082915
Perl special variables (and OS-specific diagnostics, for MSWin32):
$^X = /usr/perl5.26.1p/bin/perl
$UID/$EUID = 1023 / 1023
$GID = 1023 1023
$EGID = 1023 1023
Perl module toolchain versions installed:
Module Have
------------------- --------
CPAN 2.18
CPAN::Meta 2.150010
Cwd 3.74
ExtUtils::CBuilder 0.280230
ExtUtils::Command 7.34
ExtUtils::Install 2.06
ExtUtils::MakeMaker 7.34
ExtUtils::Manifest 1.70
ExtUtils::ParseXS 3.34
File::Spec 3.74
JSON 2.97001
JSON::PP 2.94
Module::Build 0.4224
Module::Signature 0.81
Parse::CPAN::Meta 2.150010
Test::Harness 3.42
Test::More 1.302136
YAML 1.26
YAML::Syck 1.30
version 0.9917
--
Summary of my perl5 (revision 5 version 26 subversion 1) configuration:
Platform:
osname=freebsd
osvers=11.1-stable
archname=amd64-freebsd
uname='freebsd ali3.bbbike.org 11.1-stable freebsd 11.1-stable #1 21e3b2eb0af(stable11): thu oct 19 19:30:51 utc 2017 root@ali3.bbbike.org:usrobjhomeprojectsfreebsdsysgeneric amd64 '
config_args='-ds -e -Dprefix=/usr/perl5.26.1p -Dcf_email=srezic@cpan.org -Doptimize=-O2 -pipe'
hint=recommended
useposix=true
d_sigaction=define
useithreads=undef
usemultiplicity=undef
use64bitint=define
use64bitall=define
uselongdouble=undef
usemymalloc=n
default_inc_excludes_dot=define
bincompat5005=undef
Compiler:
cc='cc'
ccflags ='-DHAS_FPSETMASK -DHAS_FLOATINGPOINT_H -fno-strict-aliasing -pipe -fstack-protector-strong -I/usr/local/include -D_FORTIFY_SOURCE=2'
optimize='-O2 -pipe'
cppflags='-DHAS_FPSETMASK -DHAS_FLOATINGPOINT_H -fno-strict-aliasing -pipe -fstack-protector-strong -I/usr/local/include'
ccversion=''
gccversion='4.2.1 Compatible FreeBSD Clang 5.0.0 (tags/RELEASE_500/final 312559)'
gccosandvers=''
intsize=4
longsize=8
ptrsize=8
doublesize=8
byteorder=12345678
doublekind=3
d_longlong=define
longlongsize=8
d_longdbl=define
longdblsize=16
longdblkind=3
ivtype='long'
ivsize=8
nvtype='double'
nvsize=8
Off_t='off_t'
lseeksize=8
alignbytes=8
prototype=define
Linker and Libraries:
ld='cc'
ldflags ='-pthread -Wl,-E -fstack-protector-strong -L/usr/local/lib'
libpth=/usr/lib /usr/local/lib /usr/lib/clang/5.0.0/lib /usr/lib
libs=-lpthread -lgdbm -lm -lcrypt -lutil -lc
perllibs=-lpthread -lm -lcrypt -lutil -lc
libc=
so=so
useshrplib=false
libperl=libperl.a
gnulibc_version=''
Dynamic Linking:
dlsrc=dl_dlopen.xs
dlext=so
d_dlsymun=undef
ccdlflags=' '
cccdlflags='-DPIC -fPIC'
lddlflags='-shared -L/usr/local/lib -fstack-protector-strong'
Characteristics of this binary (from libperl):
Compile-time options:
HAS_TIMES
PERLIO_LAYERS
PERL_COPY_ON_WRITE
PERL_DONT_CREATE_GVSV
PERL_MALLOC_WRAP
PERL_OP_PARENT
PERL_PRESERVE_IVUV
USE_64_BIT_ALL
USE_64_BIT_INT
USE_LARGE_FILES
USE_LOCALE
USE_LOCALE_COLLATE
USE_LOCALE_CTYPE
USE_LOCALE_NUMERIC
USE_LOCALE_TIME
USE_PERLIO
USE_PERL_ATOF
Built under freebsd
Compiled at Oct 31 2017 01:02:57
%ENV:
PERL5LIB=""
PERL5OPT=""
PERL5_CPANPLUS_IS_RUNNING="46584"
PERL5_CPAN_IS_RUNNING="46584"
PERL5_CPAN_IS_RUNNING_IN_RECURSION="46363,46584"
PERL_BATCH="yes"
PERL_CANARY_STABILITY_NOPROMPT="1"
PERL_CPAN_REPORTER_CONFIG="/var/tmp/cpansmoker-1023/2018082915/cpanreporter_000_config.ini"
PERL_EXTUTILS_AUTOINSTALL="--defaultdeps"
PERL_USE_UNSAFE_INC="1"
@INC:
/usr/perl5.26.1p/lib/site_perl/5.26.1/amd64-freebsd
/usr/perl5.26.1p/lib/site_perl/5.26.1
/usr/perl5.26.1p/lib/5.26.1/amd64-freebsd
/usr/perl5.26.1p/lib/5.26.1
.