Back
From: metabase:user:320bfe00-2aae-11df-837a-5e0a49663a4f
Subject: FAIL Perlbal-1.80 v5.22.1 GNU/Linux
Date: 2016-01-18T00:24:14Z
This distribution has been tested as part of the CPAN Testers
project, supporting the Perl programming language. See
http://wiki.cpantesters.org/ for more information or email
questions to cpan-testers-discuss@perl.org
--
Dear Alan Kasindorf,
This is a computer-generated report for Perlbal-1.80
on perl 5.22.1, created by CPAN-Reporter-1.2015.
Thank you for uploading your work to CPAN. However, there was a problem
testing your distribution.
If you think this report is invalid, please consult the CPAN Testers Wiki
for suggestions on how to avoid getting FAIL reports for missing library
or binary dependencies, unsupported operating systems, and so on:
http://wiki.cpantesters.org/wiki/CPANAuthorNotes
Sections of this report:
* Tester comments
* Program output
* Prerequisites
* Environment and other context
------------------------------
TESTER COMMENTS
------------------------------
Additional comments from tester:
this report is from an automated smoke testing program
and was not reviewed by a human for accuracy
------------------------------
PROGRAM OUTPUT
------------------------------
Output from '/usr/bin/make test':
PERL_DL_NONLAZY=1 "/home/sand/src/perl/repoperls/installed-perls/perl/v5.22.1/8d81/bin/perl" "-MExtUtils::Command::MM" "-MTest::Harness" "-e" "undef *Test::Harness::Switches; test_harness(0, 'blib/lib', 'blib/arch')" t/*.t
t/00-use.t ............... ok
t/10-testharness.t ....... ok
t/12-headers.t ........... ok
t/13-server-tokens.t ..... ok
t/15-webserver.t ......... ok
t/17-webserver-concat.t .. ok
Manage command failed: 'SERVER aio_mode = ioaio' 'ERROR: IO::AIO not available
'
Manage command failed: 'SERVER aio_mode = ioaio' 'ERROR: IO::AIO not available
'
Manage command failed: 'SERVER aio_mode = ioaio' 'ERROR: IO::AIO not available
'
t/20-put.t ............... ok
# Writing: 500
# Writing: 5
# Writing: 5
# Writing: 5
# Writing: 100000
# Writing: 60000
# Writing: 1000
# Writing: 338485
t/22-chunked-put.t ....... ok
t/30-reverseproxy.t ...... ok
t/31-realworld.t ......... ok
# separator length 2
# separator length 0
500 response!
t/32-pipelining.t ........ ok
t/32-selector.t .......... ok
Manage command failed: 'SERVER aio_mode = ioaio' 'ERROR: IO::AIO not available
'
t/35-reproxy.t ........... ok
Manage command failed: 'SERVER aio_mode = ioaio' 'ERROR: IO::AIO not available
'
Manage command failed: 'SERVER aio_mode = ioaio' 'ERROR: IO::AIO not available
'
t/40-ranges.t ............ ok
t/45-buffereduploads.t ... ok
t/50-plugins.t ........... ok
Configuration error at /tmp/loop_over_bdir-1011-pRd6WC/Perlbal-1.80-M_DlDT/blib/lib/Perlbal/Test.pm line 290, <GEN102> line 1.
Child process (webserver) died.
# Looks like your test exited with 29 just after 1.
Can't use an undefined value as a symbol reference at /tmp/loop_over_bdir-1011-pRd6WC/Perlbal-1.80-M_DlDT/blib/lib/Perlbal/Test.pm line 173.
END failed--call queue aborted at t/52-chunked-upload.t line 346.
t/52-chunked-upload.t ....
Dubious, test returned 22 (wstat 5632, 0x1600)
All 1 subtests passed
t/60-child-httpd.t ....... skipped: Alpha feature; test skipped without $ENV{PERLBAL_TEST_ALPHA}
Configuration error at /tmp/loop_over_bdir-1011-pRd6WC/Perlbal-1.80-M_DlDT/blib/lib/Perlbal/Test.pm line 290.
Child process (webserver) died.
# Looks like your test exited with 111 before it could output anything.
Can't use an undefined value as a symbol reference at /tmp/loop_over_bdir-1011-pRd6WC/Perlbal-1.80-M_DlDT/blib/lib/Perlbal/Test.pm line 173.
END failed--call queue aborted at t/75-plugin-include.t line 346.
t/75-plugin-include.t ....
Dubious, test returned 22 (wstat 5632, 0x1600)
Failed 8/8 subtests
Configuration error at /tmp/loop_over_bdir-1011-pRd6WC/Perlbal-1.80-M_DlDT/blib/lib/Perlbal/Test.pm line 290.
Child process (webserver) died.
Can't use an undefined value as a symbol reference at /tmp/loop_over_bdir-1011-pRd6WC/Perlbal-1.80-M_DlDT/blib/lib/Perlbal/Test.pm line 173.
END failed--call queue aborted at t/76-plugin-redirect.t line 346.
t/76-plugin-redirect.t ... skipped: (no reason given)
t/77-plugin-throttle.t ... ok
t/78-plugin-xffextras.t .. ok
t/90-accesscontrol.t ..... skipped: Net::Netmask not installed
t/91-fields.t ............ ok
t/99-benchmark-bool.t .... ok
Test Summary Report
-------------------
t/52-chunked-upload.t (Wstat: 5632 Tests: 1 Failed: 0)
Non-zero exit status: 22
t/75-plugin-include.t (Wstat: 5632 Tests: 0 Failed: 0)
Non-zero exit status: 22
Parse errors: Bad plan. You planned 8 tests but ran 0.
t/76-plugin-redirect.t (Wstat: 5632 Tests: 0 Failed: 0)
Non-zero exit status: 22
Files=25, Tests=505, 64 wallclock secs ( 0.11 usr 0.18 sys + 5.36 cusr 1.07 csys = 6.72 CPU)
Result: FAIL
Failed 3/25 test programs. 0/505 subtests failed.
Makefile:1182: recipe for target 'test_dynamic' failed
make: *** [test_dynamic] Error 255
------------------------------
PREREQUISITES
------------------------------
Prerequisite modules loaded:
requires:
Module Need Have
------------------- ---- ------------
base 0 2.22
BSD::Resource 0 1.2909
Carp 0 1.36
constant 0 1.33
Danga::Socket 1.44 1.61
Errno 0 1.23
Exporter 0 5.72
Fcntl 0 1.13
fields 0 2.17
File::Path 0 2.09
File::Temp 0 0.2304
FindBin 0 1.51
Getopt::Long 0 2.45
Hash::Util 0 0.18
HTTP::Date 0 6.02
HTTP::Request 0 6.11
HTTP::Response 0 6.11
IO::File 0 1.16
IO::Handle 0 1.35
IO::Select 0 1.22
IO::Socket::INET 0 1.35
lib 0 0.63
LWP::UserAgent 0 6.15
Scalar::Util 0 1.42
Socket 0 2.018
strict 0 1.09
Sys::Syscall 0 0.25
Test::More 0.94 1.302013_010
Time::HiRes 0 1.9726
vars 0 1.03
warnings 0 1.34
build_requires:
Module Need Have
------------------- ---- ------------
ExtUtils::MakeMaker 0 7.10
configure_requires:
Module Need Have
------------------- ---- ------------
ExtUtils::MakeMaker 0 7.10
------------------------------
ENVIRONMENT AND OTHER CONTEXT
------------------------------
Environment variables:
AUTOMATED_TESTING = 1
LANG = en_US.UTF-8
LANGUAGE = en_US:en
PATH = /home/sand/bin:/usr/local/bin:/usr/bin:/bin:/usr/games:/usr/local/perl/bin:/usr/X11/bin:/sbin:/usr/sbin
PERL5LIB =
PERL5OPT =
PERL5_CPANPLUS_IS_RUNNING = 1012
PERL5_CPAN_IS_RUNNING = 1012
PERLBAL_DEBUG = 1
PERLBAL_DEBUG_OBJ = 1
PERLBAL_TRACK_STATES = 1
PERL_MM_USE_DEFAULT = 1
SHELL = /usr/bin/zsh
TERM = screen
Perl special variables (and OS-specific diagnostics, for MSWin32):
$^X = /home/sand/src/perl/repoperls/installed-perls/perl/v5.22.1/8d81/bin/perl
$UID/$EUID = 1005 / 1005
$GID = 1005 1005
$EGID = 1005 1005
Perl module toolchain versions installed:
Module Have
------------------- ------------
CPAN 2.11
CPAN::Meta 2.150005
Cwd 3.62
ExtUtils::CBuilder 0.280224
ExtUtils::Command 7.10
ExtUtils::Install 2.04
ExtUtils::MakeMaker 7.10
ExtUtils::Manifest 1.70
ExtUtils::ParseXS 3.28
File::Spec 3.62
JSON 2.90
JSON::PP 2.27300
Module::Build 0.4214
Module::Signature 0.79
Parse::CPAN::Meta 1.4417
Test::Harness 3.36
Test::More 1.302013_010
YAML 1.15
YAML::Syck 1.29
version 0.9912
--
Summary of my perl5 (revision 5 version 22 subversion 1) configuration:
Derived from: 0ab152a1d10861997fe3e1b985cc92f142f4cec7
Platform:
osname=linux, osvers=4.3.0-1-amd64, archname=x86_64-linux-ld
uname='linux k83 4.3.0-1-amd64 #1 smp debian 4.3.3-2 (2015-12-17) x86_64 gnulinux '
config_args='-Dprefix=/home/sand/src/perl/repoperls/installed-perls/perl/v5.22.1/8d81 -Dmyhostname=k83 -Dinstallusrbinperl=n -Uversiononly -Dusedevel -des -Ui_db -Dlibswanted=cl pthread socket inet nsl gdbm dbm malloc dl ld sun m crypt sec util c cposix posix ucb BSD gdbm_compat -Uuseithreads -Duselongdouble'
hint=recommended, useposix=true, d_sigaction=define
useithreads=undef, usemultiplicity=undef
use64bitint=define, use64bitall=define, uselongdouble=define
usemymalloc=n, bincompat5005=undef
Compiler:
cc='cc', ccflags ='-fwrapv -fno-strict-aliasing -pipe -fstack-protector-strong -I/usr/local/include -D_LARGEFILE_SOURCE -D_FILE_OFFSET_BITS=64',
optimize='-O2',
cppflags='-fwrapv -fno-strict-aliasing -pipe -fstack-protector-strong -I/usr/local/include'
ccversion='', gccversion='5.3.1 20160101', gccosandvers=''
intsize=4, longsize=8, ptrsize=8, doublesize=8, byteorder=12345678, doublekind=3
d_longlong=define, longlongsize=8, d_longdbl=define, longdblsize=16, longdblkind=3
ivtype='long', ivsize=8, nvtype='long double', nvsize=16, Off_t='off_t', lseeksize=8
alignbytes=16, prototype=define
Linker and Libraries:
ld='cc', ldflags =' -fstack-protector-strong -L/usr/local/lib'
libpth=/usr/local/lib /usr/lib/gcc/x86_64-linux-gnu/5/include-fixed /usr/include/x86_64-linux-gnu /usr/lib /lib/x86_64-linux-gnu /lib/../lib /usr/lib/x86_64-linux-gnu /usr/lib/../lib /lib
libs=-lpthread -lnsl -lgdbm -ldl -lm -lcrypt -lutil -lc -lgdbm_compat
perllibs=-lpthread -lnsl -ldl -lm -lcrypt -lutil -lc
libc=libc-2.21.so, so=so, useshrplib=false, libperl=libperl.a
gnulibc_version='2.21'
Dynamic Linking:
dlsrc=dl_dlopen.xs, dlext=so, d_dlsymun=undef, ccdlflags='-Wl,-E'
cccdlflags='-fPIC', lddlflags='-shared -O2 -L/usr/local/lib -fstack-protector-strong'
Characteristics of this binary (from libperl):
Compile-time options: HAS_TIMES PERLIO_LAYERS PERL_DONT_CREATE_GVSV
PERL_HASH_FUNC_ONE_AT_A_TIME_HARD PERL_MALLOC_WRAP
PERL_NEW_COPY_ON_WRITE PERL_PRESERVE_IVUV
PERL_USE_DEVEL USE_64_BIT_ALL USE_64_BIT_INT
USE_LARGE_FILES USE_LOCALE USE_LOCALE_COLLATE
USE_LOCALE_CTYPE USE_LOCALE_NUMERIC USE_LOCALE_TIME
USE_LONG_DOUBLE USE_PERLIO USE_PERL_ATOF
Locally applied patches:
uncommitted-changes
Devel::PatchPerl 1.38
Built under linux
Compiled at Jan 3 2016 17:23:28
%ENV:
PERL5LIB=""
PERL5OPT=""
PERL5_CPANPLUS_IS_RUNNING="1012"
PERL5_CPAN_IS_RUNNING="1012"
PERLBAL_DEBUG="1"
PERLBAL_DEBUG_OBJ="1"
PERLBAL_TRACK_STATES="1"
PERL_MM_USE_DEFAULT="1"
@INC:
/home/sand/src/perl/repoperls/installed-perls/perl/v5.22.1/8d81/lib/site_perl/5.22.1/x86_64-linux-ld
/home/sand/src/perl/repoperls/installed-perls/perl/v5.22.1/8d81/lib/site_perl/5.22.1
/home/sand/src/perl/repoperls/installed-perls/perl/v5.22.1/8d81/lib/5.22.1/x86_64-linux-ld
/home/sand/src/perl/repoperls/installed-perls/perl/v5.22.1/8d81/lib/5.22.1
.