Back
From: metabase:user:313dc9fe-2aae-11df-837a-5e0a49663a4f
Subject: FAIL CGI-Application-Plugin-DetectAjax-0.04 v5.10.0 GNU/Linux
Date: 2010-10-19T01:47:17Z
This distribution has been tested as part of the CPAN Testers
project, supporting the Perl programming language. See
http://wiki.cpantesters.org/ for more information or email
questions to cpan-testers-discuss@perl.org
--
Dear Jiri Pavlovsky,
This is a computer-generated report for CGI-Application-Plugin-DetectAjax-0.04
on perl 5.10.0, created by CPAN-Reporter-1.1711.
Thank you for uploading your work to CPAN. However, there was a problem
testing your distribution.
If you think this report is invalid, please consult the CPAN Testers Wiki
for suggestions on how to avoid getting FAIL reports for missing library
or binary dependencies, unsupported operating systems, and so on:
http://wiki.cpantesters.org/wiki/CPANAuthorNotes
Sections of this report:
* Tester comments
* Program output
* Prerequisites
* Environment and other context
------------------------------
TESTER COMMENTS
------------------------------
Additional comments from tester:
this report is from an automated smoke testing program
and was not reviewed by a human for accuracy
------------------------------
PROGRAM OUTPUT
------------------------------
Output from './Build test':
# Failed test 'use CGI::Application::Plugin::DetectAjax;'
# at t/01_basic.t line 2.
# Tried to use 'CGI::Application::Plugin::DetectAjax'.
# Error: Can't locate UNIVERSAL/require.pm in @INC (@INC contains: /home/perl5100/.cpan/build/CGI-Application-Plugin-DetectAjax-0.04-IBBdyZ/blib/lib /home/perl5100/.cpan/build/CGI-Application-Plugin-DetectAjax-0.04-IBBdyZ/blib/arch /home/perl5100/.cpan/build/CGI-Application-4.31-OlAgCG/blib/arch /home/perl5100/.cpan/build/CGI-Application-4.31-OlAgCG/blib/lib /home/perl5100/.cpan/build/HTML-Template-2.9-kJEdx8/blib/arch /home/perl5100/.cpan/build/HTML-Template-2.9-kJEdx8/blib/lib /home/perl5100/.cpan/build/CGI-Application-4.31-OlAgCG/blib/arch /home/perl5100/.cpan/build/CGI-Application-4.31-OlAgCG/blib/lib /home/perl5100/.cpan/build/HTML-Template-2.9-kJEdx8/blib/arch /home/perl5100/.cpan/build/HTML-Template-2.9-kJEdx8/blib/lib /home/perl5100/perl/lib/5.10.0 /home/perl5100/perl/lib/5.10.0 .) at /home/perl5100/.cpan/build/CGI-Application-Plugin-DetectAjax-0.04-IBBdyZ/blib/lib/CGI/Application/Plugin/DetectAjax.pm line 7.
# Compilation failed in require at (eval 4) line 2.
# BEGIN failed--compilation aborted at (eval 4) line 2.
Can't locate Test/MockObject.pm in @INC (@INC contains: ./t /home/perl5100/.cpan/build/CGI-Application-Plugin-DetectAjax-0.04-IBBdyZ/blib/lib /home/perl5100/.cpan/build/CGI-Application-Plugin-DetectAjax-0.04-IBBdyZ/blib/arch /home/perl5100/.cpan/build/CGI-Application-4.31-OlAgCG/blib/arch /home/perl5100/.cpan/build/CGI-Application-4.31-OlAgCG/blib/lib /home/perl5100/.cpan/build/HTML-Template-2.9-kJEdx8/blib/arch /home/perl5100/.cpan/build/HTML-Template-2.9-kJEdx8/blib/lib /home/perl5100/perl/lib/5.10.0 .) at t/01_basic.t line 9.
BEGIN failed--compilation aborted at t/01_basic.t line 9.
# Looks like you planned 3 tests but ran 1.
# Looks like you failed 1 test of 1 run.
# Looks like your test exited with 2 just after 1.
t/01_basic.t ......
Dubious, test returned 2 (wstat 512, 0x200)
Failed 3/3 subtests
t/pod.t ........... ok
t/pod_coverage.t .. skipped: Test::Pod::Coverage 1.00 required for testing POD coverage
Test Summary Report
-------------------
t/01_basic.t (Wstat: 512 Tests: 1 Failed: 1)
Failed test: 1
Non-zero exit status: 2
Parse errors: Bad plan. You planned 3 tests but ran 1.
Files=3, Tests=2, 1 wallclock secs ( 0.03 usr 0.01 sys + 0.18 cusr 0.03 csys = 0.25 CPU)
Result: FAIL
Failed 1/3 test programs. 1/2 subtests failed.
------------------------------
PREREQUISITES
------------------------------
Prerequisite modules loaded:
requires:
Module Need Have
---------------- ---- ------
CGI::Application 0 4.31
build_requires:
Module Need Have
---------------- ---- ------
Test::More 0 0.94
configure_requires:
Module Need Have
---------------- ---- ------
Module::Build 0.36 0.3607
------------------------------
ENVIRONMENT AND OTHER CONTEXT
------------------------------
Environment variables:
AUTOMATED_TESTING = 1
LANG = en_US.UTF-8
PATH = /usr/local/sbin:/usr/local/bin:/usr/sbin:/usr/bin:/sbin:/bin:/usr/games
PERL5LIB = /home/perl5100/.cpan/build/CGI-Application-4.31-OlAgCG/blib/arch:/home/perl5100/.cpan/build/CGI-Application-4.31-OlAgCG/blib/lib:/home/perl5100/.cpan/build/HTML-Template-2.9-kJEdx8/blib/arch:/home/perl5100/.cpan/build/HTML-Template-2.9-kJEdx8/blib/lib
PERL5OPT =
PERL5_CPANPLUS_IS_RUNNING = 30546
PERL5_CPAN_IS_RUNNING = 30546
PERL5_CPAN_IS_RUNNING_IN_RECURSION = 21190,30546
PERL_CR_SMOKER_CURRENT = CGI-Application-Plugin-DetectAjax-0.04
PERL_EXTUTILS_AUTOINSTALL = --defaultdeps
PERL_MM_USE_DEFAULT = 1
SHELL = /bin/bash
TERM = xterm
Perl special variables (and OS-specific diagnostics, for MSWin32):
$^X = /home/perl5100/perl/bin/perl
$UID/$EUID = 1002 / 1002
$GID = 1002 1002
$EGID = 1002 1002
Perl module toolchain versions installed:
Module Have
------------------- ------
CPAN 1.9402
Cwd 3.31
ExtUtils::CBuilder 0.2703
ExtUtils::Command 1.16
ExtUtils::Install 1.54
ExtUtils::MakeMaker 6.56
ExtUtils::Manifest 1.58
ExtUtils::ParseXS 2.2205
File::Spec 3.31
Module::Build 0.3607
Module::Signature n/a
Test::Harness 3.21
Test::More 0.94
YAML 0.71
YAML::Syck 1.09
version 0.82
--
Summary of my perl5 (revision 5 version 10 subversion 0) configuration:
Platform:
osname=linux, osvers=2.6.31-20-generic, archname=i686-linux-thread-multi
uname='linux st47-laptop 2.6.31-20-generic #57-ubuntu smp mon feb 8 09:05:19 utc 2010 i686 gnulinux '
config_args=''
hint=recommended, useposix=true, d_sigaction=define
useithreads=define, usemultiplicity=define
useperlio=define, d_sfio=undef, uselargefiles=define, usesocks=undef
use64bitint=undef, use64bitall=undef, uselongdouble=undef
usemymalloc=n, bincompat5005=undef
Compiler:
cc='cc', ccflags ='-D_REENTRANT -D_GNU_SOURCE -fno-strict-aliasing -pipe -I/usr/local/include -D_LARGEFILE_SOURCE -D_FILE_OFFSET_BITS=64',
optimize='-O2',
cppflags='-D_REENTRANT -D_GNU_SOURCE -fno-strict-aliasing -pipe -I/usr/local/include'
ccversion='', gccversion='4.4.1', gccosandvers=''
intsize=4, longsize=4, ptrsize=4, doublesize=8, byteorder=1234
d_longlong=define, longlongsize=8, d_longdbl=define, longdblsize=12
ivtype='long', ivsize=4, nvtype='double', nvsize=8, Off_t='off_t', lseeksize=8
alignbytes=4, prototype=define
Linker and Libraries:
ld='cc', ldflags =' -L/usr/local/lib'
libpth=/usr/local/lib /lib /usr/lib
libs=-lnsl -ldl -lm -lcrypt -lutil -lpthread -lc
perllibs=-lnsl -ldl -lm -lcrypt -lutil -lpthread -lc
libc=/lib/libc-2.10.1.so, so=so, useshrplib=false, libperl=libperl.a
gnulibc_version='2.10.1'
Dynamic Linking:
dlsrc=dl_dlopen.xs, dlext=so, d_dlsymun=undef, ccdlflags='-Wl,-E'
cccdlflags='-fPIC', lddlflags='-shared -O2 -L/usr/local/lib'
Characteristics of this binary (from libperl):
Compile-time options: MULTIPLICITY PERL_DONT_CREATE_GVSV
PERL_IMPLICIT_CONTEXT PERL_MALLOC_WRAP USE_ITHREADS
USE_LARGE_FILES USE_PERLIO USE_REENTRANT_API
Built under linux
Compiled at Mar 12 2010 10:42:50
%ENV:
PERL5LIB="/home/perl5100/.cpan/build/CGI-Application-4.31-OlAgCG/blib/arch:/home/perl5100/.cpan/build/CGI-Application-4.31-OlAgCG/blib/lib:/home/perl5100/.cpan/build/HTML-Template-2.9-kJEdx8/blib/arch:/home/perl5100/.cpan/build/HTML-Template-2.9-kJEdx8/blib/lib"
PERL5OPT=""
PERL5_CPANPLUS_IS_RUNNING="30546"
PERL5_CPAN_IS_RUNNING="30546"
PERL5_CPAN_IS_RUNNING_IN_RECURSION="21190,30546"
PERL_CR_SMOKER_CURRENT="CGI-Application-Plugin-DetectAjax-0.04"
PERL_EXTUTILS_AUTOINSTALL="--defaultdeps"
PERL_MM_USE_DEFAULT="1"
@INC:
/home/perl5100/.cpan/build/CGI-Application-4.31-OlAgCG/blib/arch
/home/perl5100/.cpan/build/CGI-Application-4.31-OlAgCG/blib/lib
/home/perl5100/.cpan/build/HTML-Template-2.9-kJEdx8/blib/arch
/home/perl5100/.cpan/build/HTML-Template-2.9-kJEdx8/blib/lib
/home/perl5100/perl/lib/5.10.0
/home/perl5100/perl/lib/5.10.0
.