Map-Tube-Plugin-FuzzyFind vv0.81.0 Perl 5 v5.40.0 aarch64-linux
- Status
- Fail
- From
- Slaven Rezić
- Dist
-
Map-Tube-Plugin-FuzzyFind vv0.81.0
- Platform
- Perl 5 v5.40.0 aarch64-linux
- Date
- 2024-11-14 07:33:55
- ID
- cd9aef6e-a25a-11ef-af09-c6266e8775ea
This distribution has been tested as part of the CPAN Testers
project, supporting the Perl programming language. See
http://wiki.cpantesters.org/ for more information or email
questions to cpan-testers-discuss@perl.org
--
Dear Gisbert W. Selke,
This is a computer-generated report for Map-Tube-Plugin-FuzzyFind-v0.81.0
on perl 5.40.0, created by CPAN-Reporter-1.2019.
Thank you for uploading your work to CPAN. However, there was a problem
testing your distribution.
If you think this report is invalid, please consult the CPAN Testers Wiki
for suggestions on how to avoid getting FAIL reports for missing library
or binary dependencies, unsupported operating systems, and so on:
http://wiki.cpantesters.org/wiki/CPANAuthorNotes
Sections of this report:
* Tester comments
* Program output
* Prerequisites
* Environment and other context
------------------------------
TESTER COMMENTS
------------------------------
Additional comments from tester:
none provided
------------------------------
PROGRAM OUTPUT
------------------------------
Output from '/usr/bin/make test':
PERL_DL_NONLAZY=1 "/opt/perl-5.40.0/bin/perl" "-MExtUtils::Command::MM" "-MTest::Harness" "-e" "undef *Test::Harness::Switches; test_harness(0, 'blib/lib', 'blib/arch')" t/*.t
# Testing Map::Tube::Plugin::FuzzyFind v0.81.0, Perl 5.040000, /opt/perl-5.40.0/bin/perl
t/00-load.t ................. ok
t/01-exact.t ................ ok
t/02-start.t ................ ok
t/03-in.t ................... ok
t/04-re.t ................... ok
t/05-soundex.t .............. ok
*** Expect many messages saying 'Negative repeat count does nothing at ...' -- ignore these, please! ***
Matcher module Text::Phonetic::Phonix not loaded or not executed: at /home/cpansand/.cpan/build/2024111400/Map-Tube-Plugin-FuzzyFind-v0.81.0-1/blib/lib/Map/Tube/Plugin/FuzzyFind.pm line 517.
at /home/cpansand/.cpan/build/2024111400/Map-Tube-Plugin-FuzzyFind-v0.81.0-1/blib/lib/Map/Tube/Plugin/FuzzyFind.pm line 517.
# Looks like your test exited with 2 just after 1.
t/06-phonix.t ...............
Dubious, test returned 2 (wstat 512, 0x200)
Failed 13/14 subtests
Matcher module Text::Phonetic::DaitchMokotoff not loaded or not executed: at /home/cpansand/.cpan/build/2024111400/Map-Tube-Plugin-FuzzyFind-v0.81.0-1/blib/lib/Map/Tube/Plugin/FuzzyFind.pm line 517.
at /home/cpansand/.cpan/build/2024111400/Map-Tube-Plugin-FuzzyFind-v0.81.0-1/blib/lib/Map/Tube/Plugin/FuzzyFind.pm line 517.
# Looks like your test exited with 2 just after 1.
t/07-daitch-motokoff.t ......
Dubious, test returned 2 (wstat 512, 0x200)
Failed 14/15 subtests
Matcher module Text::Phonetic::Koeln not loaded or not executed: at /home/cpansand/.cpan/build/2024111400/Map-Tube-Plugin-FuzzyFind-v0.81.0-1/blib/lib/Map/Tube/Plugin/FuzzyFind.pm line 517.
at /home/cpansand/.cpan/build/2024111400/Map-Tube-Plugin-FuzzyFind-v0.81.0-1/blib/lib/Map/Tube/Plugin/FuzzyFind.pm line 517.
# Looks like your test exited with 2 just after 1.
t/08-koeln.t ................
Dubious, test returned 2 (wstat 512, 0x200)
Failed 14/15 subtests
# Text::Metaphone required for this test -- skipping
# Looks like you planned 19 tests but ran 15.
t/09-metaphone.t ............
Dubious, test returned 255 (wstat 65280, 0xff00)
Failed 4/19 subtests
(less 14 skipped subtests: 1 okay)
# Text::Metaphone required for this test -- skipping
# Looks like you planned 16 tests but ran 15.
t/10-doublemetaphone.t ......
Dubious, test returned 255 (wstat 65280, 0xff00)
Failed 1/16 subtests
(less 14 skipped subtests: 1 okay)
Matcher module Text::Phonetic::Phonem not loaded or not executed: at /home/cpansand/.cpan/build/2024111400/Map-Tube-Plugin-FuzzyFind-v0.81.0-1/blib/lib/Map/Tube/Plugin/FuzzyFind.pm line 517.
at /home/cpansand/.cpan/build/2024111400/Map-Tube-Plugin-FuzzyFind-v0.81.0-1/blib/lib/Map/Tube/Plugin/FuzzyFind.pm line 517.
# Looks like your test exited with 2 just after 1.
t/11-phonem.t ...............
Dubious, test returned 2 (wstat 512, 0x200)
Failed 13/14 subtests
t/12-levenshtein.t .......... ok
t/13-levenshtein-damerau.t .. ok
t/14-jaro-winkler.t ......... skipped: Text::JaroWinkler required for this test
t/15-ngrams.t ............... skipped: String::Trigram required for this test
t/49-args.t ................. ok
t/50-manifest.t ............. skipped: for authors only -- define $ENV{AUTHOR_TESTING}
t/51-meta-json.t ............ skipped: for authors only -- define $ENV{AUTHOR_TESTING}
t/52-meta-yml.t ............. skipped: for authors only -- define $ENV{AUTHOR_TESTING}
t/53-version.t .............. skipped: for authors only -- define $ENV{AUTHOR_TESTING}
t/54-signature.t ............ skipped: for authors only -- define $ENV{AUTHOR_TESTING}
t/60-pod.t .................. skipped: for authors only -- define $ENV{AUTHOR_TESTING}
t/61-pod-coverage.t ......... skipped: for authors only -- define $ENV{AUTHOR_TESTING}
t/62-changes.t .............. skipped: for authors only -- define $ENV{AUTHOR_TESTING}
Test Summary Report
-------------------
t/06-phonix.t (Wstat: 512 (exited 2) Tests: 1 Failed: 0)
Non-zero exit status: 2
Parse errors: Bad plan. You planned 14 tests but ran 1.
t/07-daitch-motokoff.t (Wstat: 512 (exited 2) Tests: 1 Failed: 0)
Non-zero exit status: 2
Parse errors: Bad plan. You planned 15 tests but ran 1.
t/08-koeln.t (Wstat: 512 (exited 2) Tests: 1 Failed: 0)
Non-zero exit status: 2
Parse errors: Bad plan. You planned 15 tests but ran 1.
t/09-metaphone.t (Wstat: 65280 (exited 255) Tests: 15 Failed: 0)
Non-zero exit status: 255
Parse errors: Bad plan. You planned 19 tests but ran 15.
t/10-doublemetaphone.t (Wstat: 65280 (exited 255) Tests: 15 Failed: 0)
Non-zero exit status: 255
Parse errors: Bad plan. You planned 16 tests but ran 15.
t/11-phonem.t (Wstat: 512 (exited 2) Tests: 1 Failed: 0)
Non-zero exit status: 2
Parse errors: Bad plan. You planned 14 tests but ran 1.
Files=25, Tests=192, 5 wallclock secs ( 0.09 usr 0.06 sys + 4.23 cusr 0.73 csys = 5.11 CPU)
Result: FAIL
Failed 6/25 test programs. 0/192 subtests failed.
make: *** [Makefile:899: test_dynamic] Error 255
------------------------------
PREREQUISITES
------------------------------
Prerequisite modules loaded:
requires:
Module Need Have
------------------- ----- --------
Map::Tube 3.77 3.77
Moo 0 2.005005
Moo::Role 0 2.005005
namespace::clean 0 0.27
perl 5.010 5.040000
Try::Tiny 0 0.31
build_requires:
Module Need Have
------------------- ----- --------
ExtUtils::MakeMaker 0 7.70
Map::Tube 3.77 3.77
Map::Tube::London 1.39 1.39
Test::More 0.82 1.302203
configure_requires:
Module Need Have
------------------- ----- --------
ExtUtils::MakeMaker 6.64 7.70
------------------------------
ENVIRONMENT AND OTHER CONTEXT
------------------------------
Environment variables:
LANG = en_US.UTF-8
PATH = /usr/local/bin:/usr/bin:/bin:/usr/local/sbin:/usr/sbin:/sbin:/home/cpansand/bin/linux-gnu:/home/cpansand/bin/sh:/home/cpansand/bin:/usr/games:/home/cpansand/devel:/home/eserte/src/srezic-misc/scripts
PERL5LIB = /home/cpansand/.local/share/.cpan/build/2024111400/Map-Tube-London-1.39-1/blib/arch:/home/cpansand/.local/share/.cpan/build/2024111400/Map-Tube-London-1.39-1/blib/lib:/home/cpansand/.local/share/.cpan/build/2024111400/Map-Tube-3.77-1/blib/arch:/home/cpansand/.local/share/.cpan/build/2024111400/Map-Tube-3.77-1/blib/lib
PERL5OPT =
PERL5_CPANPLUS_IS_RUNNING = 1254148
PERL5_CPAN_IS_RUNNING = 1254148
PERL5_CPAN_IS_RUNNING_IN_RECURSION = 1253583,1254148
PERLDOC = -MPod::Perldoc::ToTextOverstrike
PERL_BATCH = yes
PERL_CANARY_STABILITY_NOPROMPT = 1
PERL_CPAN_REPORTER_CONFIG = /var/tmp/cpansmoker-1023/2024111400/cpanreporter_000_config.ini
PERL_EXTUTILS_AUTOINSTALL = --defaultdeps
PERL_USE_UNSAFE_INC = 1
SHELL = /usr/bin/zsh
TERM = screen
TMPDIR = /var/tmp/cpansmoker-1023/2024111400
Perl special variables (and OS-specific diagnostics, for MSWin32):
$^X = /opt/perl-5.40.0/bin/perl
$UID/$EUID = 1023 / 1023
$GID = 1023 1023
$EGID = 1023 1023
Perl module toolchain versions installed:
Module Have
------------------- --------
CPAN 2.36
CPAN::Meta 2.150010
Cwd 3.90
ExtUtils::CBuilder 0.280240
ExtUtils::Command 7.70
ExtUtils::Install 2.22
ExtUtils::MakeMaker 7.70
ExtUtils::Manifest 1.75
ExtUtils::ParseXS 3.51
File::Spec 3.90
JSON 4.10
JSON::PP 4.16
Module::Build 0.4234
Module::Signature n/a
Parse::CPAN::Meta 2.150010
Test2 1.302203
Test::Harness 3.48
Test::More 1.302203
YAML 1.31
YAML::Syck 1.34
version 0.9930
--
Summary of my perl5 (revision 5 version 40 subversion 0) configuration:
Platform:
osname=linux
osvers=6.8.0-35-generic
archname=aarch64-linux
uname='linux cloud6.bbbike.org 6.8.0-35-generic #35-ubuntu smp preempt_dynamic tue may 21 07:52:29 utc 2024 aarch64 aarch64 aarch64 gnulinux '
config_args='-ds -e -Dprefix=/opt/perl-5.40.0 -Uinstallusrbinperl -Dcf_email=srezic@cpan.org'
hint=recommended
useposix=true
d_sigaction=define
useithreads=undef
usemultiplicity=undef
use64bitint=define
use64bitall=define
uselongdouble=undef
usemymalloc=n
default_inc_excludes_dot=define
Compiler:
cc='cc'
ccflags ='-fwrapv -fno-strict-aliasing -pipe -fstack-protector-strong -I/usr/local/include -D_LARGEFILE_SOURCE -D_FILE_OFFSET_BITS=64'
optimize='-O2'
cppflags='-fwrapv -fno-strict-aliasing -pipe -fstack-protector-strong -I/usr/local/include'
ccversion=''
gccversion='13.2.0'
gccosandvers=''
intsize=4
longsize=8
ptrsize=8
doublesize=8
byteorder=12345678
doublekind=3
d_longlong=define
longlongsize=8
d_longdbl=define
longdblsize=16
longdblkind=1
ivtype='long'
ivsize=8
nvtype='double'
nvsize=8
Off_t='off_t'
lseeksize=8
alignbytes=8
prototype=define
Linker and Libraries:
ld='cc'
ldflags =' -fstack-protector-strong -L/usr/local/lib'
libpth=/usr/local/lib /usr/lib/aarch64-linux-gnu /usr/lib
libs=-lpthread -ldb -ldl -lm -lcrypt -lutil -lc
perllibs=-lpthread -ldl -lm -lcrypt -lutil -lc
libc=/lib/aarch64-linux-gnu/libc.so.6
so=so
useshrplib=false
libperl=libperl.a
gnulibc_version='2.39'
Dynamic Linking:
dlsrc=dl_dlopen.xs
dlext=so
d_dlsymun=undef
ccdlflags='-Wl,-E'
cccdlflags='-fPIC'
lddlflags='-shared -O2 -L/usr/local/lib -fstack-protector-strong'
Characteristics of this binary (from libperl):
Compile-time options:
HAS_LONG_DOUBLE
HAS_STRTOLD
HAS_TIMES
PERLIO_LAYERS
PERL_COPY_ON_WRITE
PERL_DONT_CREATE_GVSV
PERL_HASH_FUNC_SIPHASH13
PERL_HASH_USE_SBOX32
PERL_MALLOC_WRAP
PERL_OP_PARENT
PERL_PRESERVE_IVUV
PERL_USE_SAFE_PUTENV
USE_64_BIT_ALL
USE_64_BIT_INT
USE_LARGE_FILES
USE_LOCALE
USE_LOCALE_COLLATE
USE_LOCALE_CTYPE
USE_LOCALE_NUMERIC
USE_LOCALE_TIME
USE_PERLIO
USE_PERL_ATOF
Built under linux
Compiled at Jun 10 2024 21:14:35
%ENV:
PERL5LIB="/home/cpansand/.local/share/.cpan/build/2024111400/Map-Tube-London-1.39-1/blib/arch:/home/cpansand/.local/share/.cpan/build/2024111400/Map-Tube-London-1.39-1/blib/lib:/home/cpansand/.local/share/.cpan/build/2024111400/Map-Tube-3.77-1/blib/arch:/home/cpansand/.local/share/.cpan/build/2024111400/Map-Tube-3.77-1/blib/lib"
PERL5OPT=""
PERL5_CPANPLUS_IS_RUNNING="1254148"
PERL5_CPAN_IS_RUNNING="1254148"
PERL5_CPAN_IS_RUNNING_IN_RECURSION="1253583,1254148"
PERLDOC="-MPod::Perldoc::ToTextOverstrike"
PERL_BATCH="yes"
PERL_CANARY_STABILITY_NOPROMPT="1"
PERL_CPAN_REPORTER_CONFIG="/var/tmp/cpansmoker-1023/2024111400/cpanreporter_000_config.ini"
PERL_EXTUTILS_AUTOINSTALL="--defaultdeps"
PERL_USE_UNSAFE_INC="1"
@INC:
/home/cpansand/.local/share/.cpan/build/2024111400/Map-Tube-London-1.39-1/blib/arch
/home/cpansand/.local/share/.cpan/build/2024111400/Map-Tube-London-1.39-1/blib/lib
/home/cpansand/.local/share/.cpan/build/2024111400/Map-Tube-3.77-1/blib/arch
/home/cpansand/.local/share/.cpan/build/2024111400/Map-Tube-3.77-1/blib/lib
/opt/perl-5.40.0/lib/site_perl/5.40.0/aarch64-linux
/opt/perl-5.40.0/lib/site_perl/5.40.0
/opt/perl-5.40.0/lib/5.40.0/aarch64-linux
/opt/perl-5.40.0/lib/5.40.0
.