Back
From: metabase:user:d2c9f356-b46f-11df-9a90-20a83c0b7757
Subject: FAIL SVG-DOM2-1.00 v5.15.4 SunOS/Solaris
Date: 2011-11-20T02:10:22Z
This distribution has been tested as part of the CPAN Testers
project, supporting the Perl programming language. See
http://wiki.cpantesters.org/ for more information or email
questions to cpan-testers-discuss@perl.org
--
Dear Martin Owens,
This is a computer-generated report for SVG-DOM2-1.00
on perl 5.15.4, created by CPAN-Reporter-1.2002.
Thank you for uploading your work to CPAN. However, there was a problem
testing your distribution.
If you think this report is invalid, please consult the CPAN Testers Wiki
for suggestions on how to avoid getting FAIL reports for missing library
or binary dependencies, unsupported operating systems, and so on:
http://wiki.cpantesters.org/wiki/CPANAuthorNotes
Sections of this report:
* Tester comments
* Program output
* Prerequisites
* Environment and other context
------------------------------
TESTER COMMENTS
------------------------------
Additional comments from tester:
this report is from an automated smoke testing program
and was not reviewed by a human for accuracy
------------------------------
PROGRAM OUTPUT
------------------------------
Output from '/usr/local/bin/make test':
PERL_DL_NONLAZY=1 /export/home/cpant4/perl5/bin/perl5.15.4 "-MExtUtils::Command::MM" "-e" "test_harness(0, 'blib/lib', 'blib/arch')" t/*.t
# Failed test 'use SVG::DOM2;'
# at t/00-load.t line 6.
# Tried to use 'SVG::DOM2'.
# Error: Base class package "XML::DOM2" is empty.
# (Perhaps you need to 'use' the module which defines that package first,
# or make that module available in @INC (@INC contains: /export/home/cpant4/.cpan/build/SVG-DOM2-1.00-V_y0NE/blib/lib /export/home/cpant4/.cpan/build/SVG-DOM2-1.00-V_y0NE/blib/arch /export/home/cpant4/perl5/lib/site_perl/5.15.4/i86pc-solaris-64int /export/home/cpant4/perl5/lib/site_perl/5.15.4 /export/home/cpant4/perl5/lib/5.15.4/i86pc-solaris-64int /export/home/cpant4/perl5/lib/5.15.4 /export/home/cpant4/perl5/lib/site_perl).
# at /export/home/cpant4/.cpan/build/SVG-DOM2-1.00-V_y0NE/blib/lib/SVG/DOM2.pm line 24
# BEGIN failed--compilation aborted at /export/home/cpant4/.cpan/build/SVG-DOM2-1.00-V_y0NE/blib/lib/SVG/DOM2.pm line 24.
# Compilation failed in require at (eval 4) line 2.
# BEGIN failed--compilation aborted at (eval 4) line 2.
Use of uninitialized value $SVG::DOM2::VERSION in concatenation (.) or string at t/00-load.t line 9.
# Testing SVG::DOM2 , Perl 5.015004, /export/home/cpant4/perl5/bin/perl5.15.4
# Looks like you failed 1 test of 1.
t/00-load.t .......
Dubious, test returned 1 (wstat 256, 0x100)
Failed 1/1 subtests
t/boilerplate.t ... ok
# Failed test 'Pod coverage on SVG::DOM2::Element::Group'
# at /export/home/cpant4/perl5/lib/site_perl/5.15.4/Test/Pod/Coverage.pm line 126.
# SVG::DOM2::Element::Group: couldn't find pod
# Failed test 'Pod coverage on SVG::DOM2::Element::Rect'
# at /export/home/cpant4/perl5/lib/site_perl/5.15.4/Test/Pod/Coverage.pm line 126.
# SVG::DOM2::Element::Rect: couldn't find pod
# Failed test 'Pod coverage on SVG::DOM2::Element::Text'
# at /export/home/cpant4/perl5/lib/site_perl/5.15.4/Test/Pod/Coverage.pm line 126.
# SVG::DOM2::Element::Text: couldn't find pod
# Failed test 'Pod coverage on SVG::DOM2::Element::Definition'
# at /export/home/cpant4/perl5/lib/site_perl/5.15.4/Test/Pod/Coverage.pm line 126.
# SVG::DOM2::Element::Definition: couldn't find pod
# Failed test 'Pod coverage on SVG::DOM2::Element::Path'
# at /export/home/cpant4/perl5/lib/site_perl/5.15.4/Test/Pod/Coverage.pm line 126.
# SVG::DOM2::Element::Path: couldn't find pod
# Failed test 'Pod coverage on SVG::DOM2::Element::Line'
# at /export/home/cpant4/perl5/lib/site_perl/5.15.4/Test/Pod/Coverage.pm line 126.
# SVG::DOM2::Element::Line: couldn't find pod
# Failed test 'Pod coverage on SVG::DOM2::Attribute::Opacity'
# at /export/home/cpant4/perl5/lib/site_perl/5.15.4/Test/Pod/Coverage.pm line 126.
# SVG::DOM2::Attribute::Opacity: couldn't find pod
# Failed test 'Pod coverage on SVG::DOM2::Attribute::Style'
# at /export/home/cpant4/perl5/lib/site_perl/5.15.4/Test/Pod/Coverage.pm line 126.
# SVG::DOM2::Attribute::Style: couldn't find pod
# Failed test 'Pod coverage on SVG::DOM2::Attribute::Metric'
# at /export/home/cpant4/perl5/lib/site_perl/5.15.4/Test/Pod/Coverage.pm line 126.
# SVG::DOM2::Attribute::Metric: couldn't find pod
# Failed test 'Pod coverage on SVG::DOM2::Attribute::Path'
# at /export/home/cpant4/perl5/lib/site_perl/5.15.4/Test/Pod/Coverage.pm line 126.
# SVG::DOM2::Attribute::Path: couldn't find pod
# Failed test 'Pod coverage on SVG::DOM2::Attribute::Colour'
# at /export/home/cpant4/perl5/lib/site_perl/5.15.4/Test/Pod/Coverage.pm line 126.
# SVG::DOM2::Attribute::Colour: couldn't find pod
# Failed test 'Pod coverage on SVG::DOM2::Element::Shape::Fill'
# at /export/home/cpant4/perl5/lib/site_perl/5.15.4/Test/Pod/Coverage.pm line 126.
# Coverage for SVG::DOM2::Element::Shape::Fill is 0.0%, with 3 naked subroutines:
# fill
# fill_color
# fill_opacity
# Failed test 'Pod coverage on SVG::DOM2::Element::Shape::Font'
# at /export/home/cpant4/perl5/lib/site_perl/5.15.4/Test/Pod/Coverage.pm line 126.
# Coverage for SVG::DOM2::Element::Shape::Font is 0.0%, with 6 naked subroutines:
# font_family
# font_size
# font_style
# font_weight
# stroke
# text_align
# Failed test 'Pod coverage on SVG::DOM2::Element::Shape::Stroke'
# at /export/home/cpant4/perl5/lib/site_perl/5.15.4/Test/Pod/Coverage.pm line 126.
# Coverage for SVG::DOM2::Element::Shape::Stroke is 0.0%, with 4 naked subroutines:
# stroke
# stroke_color
# stroke_opacity
# stroke_width
# Failed test 'Pod coverage on SVG::DOM2::Element::MetaData::RDF'
# at /export/home/cpant4/perl5/lib/site_perl/5.15.4/Test/Pod/Coverage.pm line 126.
# SVG::DOM2::Element::MetaData::RDF: couldn't find pod
# Failed test 'Pod coverage on SVG::DOM2::Element::Definition::radialGradient'
# at /export/home/cpant4/perl5/lib/site_perl/5.15.4/Test/Pod/Coverage.pm line 126.
# SVG::DOM2::Element::Definition::radialGradient: couldn't find pod
# Failed test 'Pod coverage on SVG::DOM2::Element::Definition::linearGradient'
# at /export/home/cpant4/perl5/lib/site_perl/5.15.4/Test/Pod/Coverage.pm line 126.
# SVG::DOM2::Element::Definition::linearGradient: couldn't find pod
# Failed test 'Pod coverage on SVG::DOM2::Element::Definition::linearGradient::Stop'
# at /export/home/cpant4/perl5/lib/site_perl/5.15.4/Test/Pod/Coverage.pm line 126.
# SVG::DOM2::Element::Definition::linearGradient::Stop: couldn't find pod
# Looks like you failed 18 tests of 23.
t/pod-coverage.t ..
Dubious, test returned 18 (wstat 4608, 0x1200)
Failed 18/23 subtests
t/pod.t ........... ok
Test Summary Report
-------------------
t/00-load.t (Wstat: 256 Tests: 1 Failed: 1)
Failed test: 1
Non-zero exit status: 1
t/pod-coverage.t (Wstat: 4608 Tests: 23 Failed: 18)
Failed tests: 2-3, 6, 8-11, 13-23
Non-zero exit status: 18
Files=4, Tests=50, 0 wallclock secs ( 0.06 usr 0.02 sys + 0.28 cusr 0.03 csys = 0.39 CPU)
Result: FAIL
Failed 2/4 test programs. 19/50 subtests failed.
make: *** [test_dynamic] Error 255
------------------------------
PREREQUISITES
------------------------------
Prerequisite modules loaded:
requires:
Module Need Have
------------------- ---- ----
Test::More 0 0.98
build_requires:
Module Need Have
------------------- ---- ----
ExtUtils::MakeMaker 0 6.62
------------------------------
ENVIRONMENT AND OTHER CONTEXT
------------------------------
Environment variables:
AUTOMATED_TESTING = 1
LANG = C
LD_LIBRARY_PATH = /usr/local/lib:
PATH = /export/home/cpant4/perl5/bin:/usr/local/bin:/usr/bin
PERL5LIB =
PERL5OPT =
PERL5_CPANPLUS_IS_RUNNING = 404
PERL5_CPAN_IS_RUNNING = 404
PERL5_CPAN_IS_RUNNING_IN_RECURSION = 28098,404
PERL_CR_SMOKER_CURRENT = SVG-DOM2-1.00
PERL_EXTUTILS_AUTOINSTALL = --defaultdeps
PERL_MM_USE_DEFAULT = 1
SHELL = /bin/bash
TERM = xterm
Perl special variables (and OS-specific diagnostics, for MSWin32):
$^X = /export/home/cpant4/perl5/bin/perl5.15.4
$UID/$EUID = 104 / 104
$GID = 1 1
$EGID = 1 1
Perl module toolchain versions installed:
Module Have
------------------- --------
CPAN 1.9800
CPAN::Meta 2.112621
Cwd 3.37
ExtUtils::CBuilder 0.280204
ExtUtils::Command 1.17
ExtUtils::Install 1.57
ExtUtils::MakeMaker 6.62
ExtUtils::Manifest 1.60
ExtUtils::ParseXS 3.05
File::Spec 3.34
JSON 2.53
JSON::PP 2.27200
Module::Build 0.39_01
Module::Signature n/a
Parse::CPAN::Meta 1.4401
Test::Harness 3.23
Test::More 0.98
YAML 0.77
YAML::Syck n/a
version 0.95
--
Summary of my perl5 (revision 5 version 15 subversion 4) configuration:
Platform:
osname=solaris, osvers=2.10, archname=i86pc-solaris-64int
uname='sunos vmrz0046 5.10 generic_141445-09 i86pc i386 i86pc solaris '
config_args='-Dcc=gcc -Dprefix=~/perl5 -Duse64bitint -Dusedevel -d'
hint=recommended, useposix=true, d_sigaction=define
useithreads=undef, usemultiplicity=undef
useperlio=define, d_sfio=undef, uselargefiles=define, usesocks=undef
use64bitint=define, use64bitall=undef, uselongdouble=undef
usemymalloc=n, bincompat5005=undef
Compiler:
cc='gcc', ccflags ='-DPTR_IS_LONG -fno-strict-aliasing -pipe -I/usr/local/include -D_LARGEFILE_SOURCE -D_FILE_OFFSET_BITS=64 -DPERL_USE_SAFE_PUTENV',
optimize='-O',
cppflags='-DPTR_IS_LONG -fno-strict-aliasing -pipe -I/usr/local/include'
ccversion='', gccversion='3.4.6', gccosandvers='solaris2.10'
intsize=4, longsize=4, ptrsize=4, doublesize=8, byteorder=12345678
d_longlong=define, longlongsize=8, d_longdbl=define, longdblsize=12
ivtype='long long', ivsize=8, nvtype='double', nvsize=8, Off_t='off_t', lseeksize=8
alignbytes=4, prototype=define
Linker and Libraries:
ld='gcc', ldflags =' -L/usr/local/lib '
libpth=/usr/local/lib /usr/lib /usr/ccs/lib
libs=-lsocket -lnsl -lgdbm -ldl -lm -lc
perllibs=-lsocket -lnsl -ldl -lm -lc
libc=/lib/libc.so, so=so, useshrplib=false, libperl=libperl.a
gnulibc_version=''
Dynamic Linking:
dlsrc=dl_dlopen.xs, dlext=so, d_dlsymun=undef, ccdlflags=' '
cccdlflags='-fPIC', lddlflags='-G -L/usr/local/lib'
Characteristics of this binary (from libperl):
Compile-time options: HAS_TIMES PERLIO_LAYERS PERL_DONT_CREATE_GVSV
PERL_MALLOC_WRAP PERL_PRESERVE_IVUV PERL_USE_DEVEL
PERL_USE_SAFE_PUTENV USE_64_BIT_INT USE_LARGE_FILES
USE_LOCALE USE_LOCALE_COLLATE USE_LOCALE_CTYPE
USE_LOCALE_NUMERIC USE_PERLIO USE_PERL_ATOF
Built under solaris
Compiled at Oct 24 2011 11:26:38
%ENV:
PERL5LIB=""
PERL5OPT=""
PERL5_CPANPLUS_IS_RUNNING="404"
PERL5_CPAN_IS_RUNNING="404"
PERL5_CPAN_IS_RUNNING_IN_RECURSION="28098,404"
PERL_CR_SMOKER_CURRENT="SVG-DOM2-1.00"
PERL_EXTUTILS_AUTOINSTALL="--defaultdeps"
PERL_MM_USE_DEFAULT="1"
@INC:
/export/home/cpant4/perl5/lib/site_perl/5.15.4/i86pc-solaris-64int
/export/home/cpant4/perl5/lib/site_perl/5.15.4
/export/home/cpant4/perl5/lib/5.15.4/i86pc-solaris-64int
/export/home/cpant4/perl5/lib/5.15.4
/export/home/cpant4/perl5/lib/site_perl
.