Report for Class-Scaffold-1.102280

Back
From: metabase:user:320bfe00-2aae-11df-837a-5e0a49663a4f
Subject: FAIL Class-Scaffold-1.102280 v5.15.9 GNU/Linux
Date: 2012-04-11T03:59:56Z

This distribution has been tested as part of the CPAN Testers
project, supporting the Perl programming language.  See
http://wiki.cpantesters.org/ for more information or email
questions to cpan-testers-discuss@perl.org


--
Dear Marcel Gruenauer,

This is a computer-generated report for Class-Scaffold-1.102280
on perl 5.15.9, created by CPAN-Reporter-1.2005.

Thank you for uploading your work to CPAN.  However, there was a problem
testing your distribution.

If you think this report is invalid, please consult the CPAN Testers Wiki
for suggestions on how to avoid getting FAIL reports for missing library
or binary dependencies, unsupported operating systems, and so on:

http://wiki.cpantesters.org/wiki/CPANAuthorNotes

Sections of this report:

    * Tester comments
    * Program output
    * Prerequisites
    * Environment and other context

------------------------------
TESTER COMMENTS
------------------------------

Additional comments from tester:

this report is from an automated smoke testing program
and was not reviewed by a human for accuracy

------------------------------
PROGRAM OUTPUT
------------------------------

Output from '/usr/bin/make test':

PERL_DL_NONLAZY=1 /home/sand/src/perl/repoperls/installed-perls/perl/v5.15.9-124-g35c5736/9980/bin/perl "-MExtUtils::Command::MM" "-e" "test_harness(0, 'blib/lib', 'blib/arch')" t/*.t
t/00-compile.t ............... ok
# Testing with Perl 5.015009, /home/sand/src/perl/repoperls/installed-perls/perl/v5.15.9-124-g35c5736/9980/bin/perl
#     Carp version is 1.25
#     Class::Accessor::Complex version is 1.100880
#     Class::Accessor::Constructor version is 1.111590
#     Class::Accessor::FactoryTyped version is 1.100970
#     Class::Factory::Enhanced version is 1.101420
#     Class::Value version is 1.100840
#     Cwd version is 3.39_02
#     Data::Comparable version is 1.100840
#     Data::Inherited version is 1.100860
#     Data::Miscellany version is 1.100850
#     Data::Storage version is 1.102720
#     Devel::Caller version is 2.05
#     Encode version is 2.44
#     English version is 1.05
#     Error version is 0.17017
#     Error::Hierarchy version is 1.103530
#     Error::Hierarchy::Container version is 1.103530
#     Error::Hierarchy::Internal version is 1.103530
#     Error::Hierarchy::Mixin version is 1.103530
#     Error::Hierarchy::Test version is 1.103530
#     Error::Hierarchy::Util version is 1.103530
#     Exporter version is 5.66
#     ExtUtils::MakeMaker version is 6.6302
#     File::Find version is 1.20
#     File::Spec::Functions version is 3.39_02
#     File::Temp version is 0.22
#     FindBin version is 1.51
#     Getopt::Inherited version is 1.100860
#     Getopt::Long version is 2.38
#     IO::File version is 1.16
#     IO::Handle version is 1.33
#     List::Util version is 1.25
#     Property::Lookup version is 1.101400
#     Scalar::Util version is 1.25
#     String::FlexMatch version is 1.100820
#     Sys::Hostname version is 1.16
#     Test::Builder version is 0.98
#     Test::Class::GetoptControl version is 1.100860
#     Test::CompanionClasses::Base version is 1.101370
#     Test::CompanionClasses::Engine version is 1.101370
#     Test::More version is 0.98
#     Time::HiRes version is 1.9725
#     UNIVERSAL::require version is 0.13
#     YAML version is 0.80
#     YAML::Active version is 1.100810
#     YAML::Active::Plugin::Array version is 1.100810
#     YAML::Active::Plugin::Hash version is 1.100810
#     YAML::Marshall version is 0.80
#     constant version is 1.23
#     overload version is 1.18
#     parent version is 0.225
t/000-report-versions.t ...... ok
20120411.045753.17 Hello
20120411.045753.17 a debug message that should appear
20120411.045753.17 (00002636) a message with pid and timestamp
(00002636) a message with pid but without timestamp
a message without pid or timestamp
t/01_companion_classes.t ..... ok
Deep recursion on anonymous subroutine at /home/src/perl/repoperls/installed-perls/perl/v5.15.9-124-g35c5736/9980/lib/5.15.9/Carp.pm line 294.
Deep recursion on subroutine "Error::throw" at /home/src/perl/repoperls/installed-perls/perl/v5.15.9-124-g35c5736/9980/lib/site_perl/5.15.9/Error/Hierarchy/Mixin.pm line 18.
Deep recursion on subroutine "Error::Hierarchy::Base::new" at /home/src/perl/repoperls/installed-perls/perl/v5.15.9-124-g35c5736/9980/lib/site_perl/5.15.9/Error.pm line 182.
Deep recursion on subroutine "Error::Hierarchy::init" at /home/src/perl/repoperls/installed-perls/perl/v5.15.9-124-g35c5736/9980/lib/site_perl/5.15.9/Class/Accessor/Complex.pm line 34.
Deep recursion on subroutine "Carp::longmess" at /home/src/perl/repoperls/installed-perls/perl/v5.15.9-124-g35c5736/9980/lib/site_perl/5.15.9/Error/Hierarchy.pm line 47.
Deep recursion on subroutine "Carp::longmess_heavy" at /home/src/perl/repoperls/installed-perls/perl/v5.15.9-124-g35c5736/9980/lib/5.15.9/Carp.pm line 86.
Deep recursion on subroutine "Carp::ret_backtrace" at /home/src/perl/repoperls/installed-perls/perl/v5.15.9-124-g35c5736/9980/lib/5.15.9/Carp.pm line 271.
t/02_storage_conf.t .......... 
Failed 5/5 subtests 
t/author-critic.t ............ skipped: these tests are for testing by the author
t/release-check-changes.t .... skipped: these tests are for release candidate testing
t/release-dist-manifest.t .... skipped: these tests are for release candidate testing
t/release-distmeta.t ......... skipped: these tests are for release candidate testing
t/release-has-version.t ...... skipped: these tests are for release candidate testing
t/release-kwalitee.t ......... skipped: these tests are for release candidate testing
t/release-minimum-version.t .. skipped: these tests are for release candidate testing
t/release-no-tabs.t .......... skipped: these tests are for release candidate testing
t/release-pod-coverage.t ..... skipped: these tests are for release candidate testing
t/release-pod-spell.t ........ skipped: these tests are for release candidate testing
t/release-pod-syntax.t ....... skipped: these tests are for release candidate testing
t/release-portability.t ...... skipped: these tests are for release candidate testing
t/release-synopsis.t ......... skipped: these tests are for release candidate testing
t/release-unused-vars.t ...... skipped: these tests are for release candidate testing

Test Summary Report
-------------------
t/02_storage_conf.t        (Wstat: 9 Tests: 0 Failed: 0)
  Non-zero wait status: 9
  Parse errors: Bad plan.  You planned 5 tests but ran 0.
Files=18, Tests=103, 3608 wallclock secs ( 0.07 usr  0.02 sys + 3563.80 cusr 34.57 csys = 3598.46 CPU)
Result: FAIL
Failed 1/18 test programs. 0/103 subtests failed.
make: *** [test_dynamic] Error 255

------------------------------
PREREQUISITES
------------------------------

Prerequisite modules loaded:

requires:

    Module                         Need Have    
    ------------------------------ ---- --------
    Carp                           0    1.25    
    Class::Accessor::Complex       0    1.100880
    Class::Accessor::Constructor   0    1.111590
    Class::Accessor::FactoryTyped  0    1.100970
    Class::Factory::Enhanced       0    1.101420
    Class::Value                   0    1.100840
    constant                       0    1.23    
    Cwd                            0    3.39_02 
    Data::Comparable               0    1.100840
    Data::Inherited                0    1.100860
    Data::Miscellany               0    1.100850
    Data::Storage                  0    1.102720
    Devel::Caller                  0    2.05    
    Encode                         0    2.44    
    Error                          0    0.17017 
    Error::Hierarchy               0    1.103530
    Error::Hierarchy::Container    0    1.103530
    Error::Hierarchy::Internal     0    1.103530
    Error::Hierarchy::Mixin        0    1.103530
    Error::Hierarchy::Test         0    1.103530
    Error::Hierarchy::Util         0    1.103530
    Exporter                       0    5.66    
    File::Find                     0    1.20    
    File::Spec::Functions          0    3.39_02 
    FindBin                        0    1.51    
    Getopt::Inherited              0    1.100860
    Getopt::Long                   0    2.38    
    IO::File                       0    1.16    
    IO::Handle                     0    1.33    
    List::Util                     0    1.25    
    overload                       0    1.18    
    parent                         0    0.225   
    Property::Lookup               0    1.101400
    String::FlexMatch              0    1.100820
    Sys::Hostname                  0    1.16    
    Test::Builder                  0    0.98    
    Test::Class::GetoptControl     0    1.100860
    Test::CompanionClasses::Base   0    1.101370
    Test::CompanionClasses::Engine 0    1.101370
    Test::More                     0    0.98    
    Time::HiRes                    0    1.9725  
    UNIVERSAL::require             0    0.13    
    YAML                           0    0.80    
    YAML::Active                   0    1.100810
    YAML::Active::Plugin::Array    0    1.100810
    YAML::Active::Plugin::Hash     0    1.100810
    YAML::Marshall                 0    0.80    

build_requires:

    Module                         Need Have    
    ------------------------------ ---- --------
    English                        0    1.05    
    File::Temp                     0    0.22    
    Scalar::Util                   0    1.25    
    Test::More                     0.94 0.98    

configure_requires:

    Module                         Need Have    
    ------------------------------ ---- --------
    ExtUtils::MakeMaker            6.31 6.63_02 


------------------------------
ENVIRONMENT AND OTHER CONTEXT
------------------------------

Environment variables:

    AUTOMATED_TESTING = 1
    LANG = en_US.UTF-8
    LANGUAGE = en_US:en
    PATH = /home/sand/bin:/usr/local/bin:/usr/bin:/bin:/usr/bin/X11:/usr/games:/usr/local/perl/bin:/usr/X11/bin:/sbin:/usr/sbin
    PERL5LIB = 
    PERL5OPT = 
    PERL5_CPANPLUS_IS_RUNNING = 31157
    PERL5_CPAN_IS_RUNNING = 31157
    PERL_MM_USE_DEFAULT = 1
    SHELL = /usr/bin/zsh
    TERM = screen

Perl special variables (and OS-specific diagnostics, for MSWin32):

    $^X = /home/sand/src/perl/repoperls/installed-perls/perl/v5.15.9-124-g35c5736/9980/bin/perl
    $UID/$EUID = 1005 / 1005
    $GID = 1005 123 1005
    $EGID = 1005 123 1005

Perl module toolchain versions installed:

    Module              Have    
    ------------------- --------
    CPAN                1.9800  
    CPAN::Meta          2.120630
    Cwd                 3.39_02 
    ExtUtils::CBuilder  0.280206
    ExtUtils::Command   1.17    
    ExtUtils::Install   1.58    
    ExtUtils::MakeMaker 6.63_02 
    ExtUtils::Manifest  1.61    
    ExtUtils::ParseXS   3.16    
    File::Spec          3.39_02 
    JSON                2.53    
    JSON::PP            2.27200 
    Module::Build       0.40    
    Module::Signature   0.68    
    Parse::CPAN::Meta   1.4404  
    Test::Harness       3.23    
    Test::More          0.98    
    YAML                0.80    
    YAML::Syck          1.20    
    version             0.97    


--

Summary of my perl5 (revision 5 version 15 subversion 9) configuration:
  Commit id: 35c5736572cfe7a326c2bcdd39a98c514d54d038
  Platform:
    osname=linux, osvers=3.2.0-2-amd64, archname=x86_64-linux-thread-multi
    uname='linux k83 3.2.0-2-amd64 #1 smp fri apr 6 05:01:55 utc 2012 x86_64 gnulinux '
    config_args='-Dprefix=/home/src/perl/repoperls/installed-perls/perl/v5.15.9-124-g35c5736/9980 -Dmyhostname=k83 -Dinstallusrbinperl=n -Uversiononly -Dusedevel -des -Ui_db -Duseithreads -Uuselongdouble -DDEBUGGING=-g'
    hint=recommended, useposix=true, d_sigaction=define
    useithreads=define, usemultiplicity=define
    useperlio=define, d_sfio=undef, uselargefiles=define, usesocks=undef
    use64bitint=define, use64bitall=define, uselongdouble=undef
    usemymalloc=n, bincompat5005=undef
  Compiler:
    cc='cc', ccflags ='-D_REENTRANT -D_GNU_SOURCE -fno-strict-aliasing -pipe -fstack-protector -I/usr/local/include -D_LARGEFILE_SOURCE -D_FILE_OFFSET_BITS=64',
    optimize='-O2 -g',
    cppflags='-D_REENTRANT -D_GNU_SOURCE -fno-strict-aliasing -pipe -fstack-protector -I/usr/local/include'
    ccversion='', gccversion='4.6.3', gccosandvers=''
    intsize=4, longsize=8, ptrsize=8, doublesize=8, byteorder=12345678
    d_longlong=define, longlongsize=8, d_longdbl=define, longdblsize=16
    ivtype='long', ivsize=8, nvtype='double', nvsize=8, Off_t='off_t', lseeksize=8
    alignbytes=8, prototype=define
  Linker and Libraries:
    ld='cc', ldflags =' -fstack-protector -L/usr/local/lib'
    libpth=/usr/local/lib /lib/x86_64-linux-gnu /lib/../lib /usr/lib/x86_64-linux-gnu /usr/lib/../lib /lib /usr/lib
    libs=-lnsl -ldb -ldl -lm -lcrypt -lutil -lpthread -lc
    perllibs=-lnsl -ldl -lm -lcrypt -lutil -lpthread -lc
    libc=, so=so, useshrplib=false, libperl=libperl.a
    gnulibc_version='2.13'
  Dynamic Linking:
    dlsrc=dl_dlopen.xs, dlext=so, d_dlsymun=undef, ccdlflags='-Wl,-E'
    cccdlflags='-fPIC', lddlflags='-shared -O2 -g -L/usr/local/lib -fstack-protector'


Characteristics of this binary (from libperl): 
  Compile-time options: HAS_TIMES MULTIPLICITY PERLIO_LAYERS
                        PERL_DONT_CREATE_GVSV PERL_IMPLICIT_CONTEXT
                        PERL_MALLOC_WRAP PERL_PRESERVE_IVUV PERL_USE_DEVEL
                        USE_64_BIT_ALL USE_64_BIT_INT USE_ITHREADS
                        USE_LARGE_FILES USE_LOCALE USE_LOCALE_COLLATE
                        USE_LOCALE_CTYPE USE_LOCALE_NUMERIC USE_PERLIO
                        USE_PERL_ATOF USE_REENTRANT_API
  Built under linux
  Compiled at Apr 10 2012 16:38:32
  %ENV:
    PERL5LIB=""
    PERL5OPT=""
    PERL5_CPANPLUS_IS_RUNNING="31157"
    PERL5_CPAN_IS_RUNNING="31157"
    PERL_MM_USE_DEFAULT="1"
  @INC:
    /home/src/perl/repoperls/installed-perls/perl/v5.15.9-124-g35c5736/9980/lib/site_perl/5.15.9/x86_64-linux-thread-multi
    /home/src/perl/repoperls/installed-perls/perl/v5.15.9-124-g35c5736/9980/lib/site_perl/5.15.9
    /home/src/perl/repoperls/installed-perls/perl/v5.15.9-124-g35c5736/9980/lib/5.15.9/x86_64-linux-thread-multi
    /home/src/perl/repoperls/installed-perls/perl/v5.15.9-124-g35c5736/9980/lib/5.15.9
    .