Report for App-Validation-Automation-0.02

Back
From: metabase:user:314402c4-2aae-11df-837a-5e0a49663a4f
Subject: FAIL App-Validation-Automation-0.02 v5.20.0 GNU/Linux
Date: 2016-03-18T21:53:08Z

This distribution has been tested as part of the CPAN Testers
project, supporting the Perl programming language.  See
http://wiki.cpantesters.org/ for more information or email
questions to cpan-testers-discuss@perl.org


--
Dear Varun Juyal,

This is a computer-generated report for App-Validation-Automation-0.02
on perl 5.20.0, created by CPAN-Reporter-1.2016.

Thank you for uploading your work to CPAN.  However, there was a problem
testing your distribution.

If you think this report is invalid, please consult the CPAN Testers Wiki
for suggestions on how to avoid getting FAIL reports for missing library
or binary dependencies, unsupported operating systems, and so on:

http://wiki.cpantesters.org/wiki/CPANAuthorNotes

Sections of this report:

    * Tester comments
    * Program output
    * Prerequisites
    * Environment and other context

------------------------------
TESTER COMMENTS
------------------------------

Additional comments from tester:

none provided

------------------------------
PROGRAM OUTPUT
------------------------------

Output from './Build test':

# Testing App::Validation::Automation 0.01, Perl 5.020000, /bbbike/perl-5.20.0t/bin/perl
t/00-load.t ....... ok
Could not create /var/tmp/log.log : Permission denied at t/Alarming.t line 11.
# Looks like your test exited with 13 before it could output anything.
t/Alarming.t ...... 
Dubious, test returned 13 (wstat 3328, 0xd00)
Failed 2/2 subtests 
Could not create /var/tmp/log.log : Permission denied at t/Automation.t line 11.
# Looks like your test exited with 13 before it could output anything.
t/Automation.t .... 
Dubious, test returned 13 (wstat 3328, 0xd00)
Failed 17/17 subtests 
Could not create /var/tmp/log.log : Permission denied at t/Logging.t line 11.
# Looks like your test exited with 13 before it could output anything.
t/Logging.t ....... 
Dubious, test returned 13 (wstat 3328, 0xd00)
Failed 1/1 subtests 
Could not create /var/tmp/log.log : Permission denied at t/Purging.t line 11.
# Looks like your test exited with 13 before it could output anything.
t/Purging.t ....... 
Dubious, test returned 13 (wstat 3328, 0xd00)
Failed 1/1 subtests 
t/Unix.t .......... ok
t/Web.t ........... ok
t/boilerplate.t ... ok
t/manifest.t ...... skipped: Author tests not required for installation
t/pod-coverage.t .. ok
t/pod.t ........... ok

Test Summary Report
-------------------
t/Alarming.t    (Wstat: 3328 Tests: 0 Failed: 0)
  Non-zero exit status: 13
  Parse errors: Bad plan.  You planned 2 tests but ran 0.
t/Automation.t  (Wstat: 3328 Tests: 0 Failed: 0)
  Non-zero exit status: 13
  Parse errors: Bad plan.  You planned 17 tests but ran 0.
t/Logging.t     (Wstat: 3328 Tests: 0 Failed: 0)
  Non-zero exit status: 13
  Parse errors: Bad plan.  You planned 1 tests but ran 0.
t/Purging.t     (Wstat: 3328 Tests: 0 Failed: 0)
  Non-zero exit status: 13
  Parse errors: Bad plan.  You planned 1 tests but ran 0.
t/boilerplate.t (Wstat: 0 Tests: 3 Failed: 0)
  TODO passed:   3
Files=11, Tests=28,  4 wallclock secs ( 0.04 usr  0.07 sys +  2.70 cusr  0.45 csys =  3.26 CPU)
Result: FAIL
Failed 4/11 test programs. 0/28 subtests failed.

------------------------------
PREREQUISITES
------------------------------

Prerequisite modules loaded:

requires:

    Module                 Need     Have    
    ---------------------- -------- --------
    Carp                   0        1.38    
    Config::Simple         4.58     4.58    
    Crypt::Lite            v0.82.11 0.82.11 
    Data::Dumper           2.121_08 2.154   
    English                0        1.09    
    Error::TryCatch        0.07     0.07    
    File::Basename         0        2.85    
    File::Path             0        2.12    
    Getopt::Long           0        2.48    
    HTML::Form::ForceValue 0.007    0.009   
    Mail::Sendmail         0.79     0.79    
    Moose                  2.0205   2.1604  
    namespace::autoclean   0.13     0.28    
    Net::SSH::Perl         1.34     1.41    
    perl                   v5.8.8   5.020000
    Switch                 0        2.17    
    WWW::Mechanize         1.70     1.75    

build_requires:

    Module                 Need     Have    
    ---------------------- -------- --------
    Test::More             0        1.001014

configure_requires:

    Module                 Need     Have    
    ---------------------- -------- --------
    Module::Build          0.40     0.4214  


------------------------------
ENVIRONMENT AND OTHER CONTEXT
------------------------------

Environment variables:

    LANG = C
    PATH = /usr/local/bin:/usr/bin:/bin:/usr/local/sbin:/usr/sbin:/sbin:/home/cpansand/bin/linux-gnu:/home/cpansand/bin/sh:/home/cpansand/bin:/home/cpansand/bin/pistachio-perl/bin:/usr/games:/home/cpansand/devel:/home/eserte/src/srezic-misc/scripts
    PERL5LIB = /home/cpansand/.cpan/build/2016031821/HTML-Form-ForceValue-0.009-k_rA_b/blib/arch:/home/cpansand/.cpan/build/2016031821/HTML-Form-ForceValue-0.009-k_rA_b/blib/lib
    PERL5OPT = 
    PERL5_CPANPLUS_IS_RUNNING = 11632
    PERL5_CPAN_IS_RUNNING = 11632
    PERL5_CPAN_IS_RUNNING_IN_RECURSION = 3982,11632
    PERLDOC = -MPod::Perldoc::ToTextOverstrike
    PERL_BATCH = yes
    PERL_CANARY_STABILITY_NOPROMPT = 1
    PERL_CPAN_REPORTER_CONFIG = /var/tmp/cpansmoker-1023/2016031821/cpanreporter_002_config.ini
    PERL_EXTUTILS_AUTOINSTALL = --defaultdeps
    SHELL = /bin/zsh
    TERM = screen
    TMPDIR = /var/tmp/cpansmoker-1023/2016031821

Perl special variables (and OS-specific diagnostics, for MSWin32):

    $^X = /bbbike/perl-5.20.0t/bin/perl
    $UID/$EUID = 1023 / 1023
    $GID = 1023 1023
    $EGID = 1023 1023

Perl module toolchain versions installed:

    Module              Have    
    ------------------- --------
    CPAN                2.05    
    CPAN::Meta          2.150005
    Cwd                 3.62    
    ExtUtils::CBuilder  0.280223
    ExtUtils::Command   7.10    
    ExtUtils::Install   2.04    
    ExtUtils::MakeMaker 7.10    
    ExtUtils::Manifest  1.68    
    ExtUtils::ParseXS   3.24    
    File::Spec          3.62    
    JSON                2.90    
    JSON::PP            2.27300 
    Module::Build       0.4214  
    Module::Signature   0.78    
    Parse::CPAN::Meta   1.4414  
    Test::Harness       3.36    
    Test::More          1.001014
    YAML                1.15    
    YAML::Syck          1.29    
    version             0.9913  


--

Summary of my perl5 (revision 5 version 20 subversion 0) configuration:
   
  Platform:
    osname=linux, osvers=3.2.0-4-amd64, archname=x86_64-linux-thread-multi
    uname='linux eserte 3.2.0-4-amd64 #1 smp debian 3.2.57-3+deb7u1 x86_64 gnulinux '
    config_args='-ds -e -Dprefix=/opt/perl-5.20.0t -Dusethreads'
    hint=recommended, useposix=true, d_sigaction=define
    useithreads=define, usemultiplicity=define
    use64bitint=define, use64bitall=define, uselongdouble=undef
    usemymalloc=n, bincompat5005=undef
  Compiler:
    cc='cc', ccflags ='-D_REENTRANT -D_GNU_SOURCE -fwrapv -fno-strict-aliasing -pipe -fstack-protector -I/usr/local/include -D_LARGEFILE_SOURCE -D_FILE_OFFSET_BITS=64',
    optimize='-O2',
    cppflags='-D_REENTRANT -D_GNU_SOURCE -fwrapv -fno-strict-aliasing -pipe -fstack-protector -I/usr/local/include'
    ccversion='', gccversion='4.7.2', gccosandvers=''
    intsize=4, longsize=8, ptrsize=8, doublesize=8, byteorder=12345678
    d_longlong=define, longlongsize=8, d_longdbl=define, longdblsize=16
    ivtype='long', ivsize=8, nvtype='double', nvsize=8, Off_t='off_t', lseeksize=8
    alignbytes=8, prototype=define
  Linker and Libraries:
    ld='cc', ldflags =' -fstack-protector -L/usr/local/lib'
    libpth=/usr/local/lib /usr/lib/gcc/x86_64-linux-gnu/4.7/include-fixed /usr/include/x86_64-linux-gnu /usr/lib /lib/x86_64-linux-gnu /lib/../lib /usr/lib/x86_64-linux-gnu /usr/lib/../lib /lib
    libs=-lnsl -ldb -ldl -lm -lcrypt -lutil -lpthread -lc
    perllibs=-lnsl -ldl -lm -lcrypt -lutil -lpthread -lc
    libc=libc-2.13.so, so=so, useshrplib=false, libperl=libperl.a
    gnulibc_version='2.13'
  Dynamic Linking:
    dlsrc=dl_dlopen.xs, dlext=so, d_dlsymun=undef, ccdlflags='-Wl,-E'
    cccdlflags='-fPIC', lddlflags='-shared -O2 -L/usr/local/lib -fstack-protector'


Characteristics of this binary (from libperl): 
  Compile-time options: HAS_TIMES MULTIPLICITY PERLIO_LAYERS
                        PERL_DONT_CREATE_GVSV
                        PERL_HASH_FUNC_ONE_AT_A_TIME_HARD
                        PERL_IMPLICIT_CONTEXT PERL_MALLOC_WRAP
                        PERL_NEW_COPY_ON_WRITE PERL_PRESERVE_IVUV
                        USE_64_BIT_ALL USE_64_BIT_INT USE_ITHREADS
                        USE_LARGE_FILES USE_LOCALE USE_LOCALE_COLLATE
                        USE_LOCALE_CTYPE USE_LOCALE_NUMERIC USE_PERLIO
                        USE_PERL_ATOF USE_REENTRANT_API
  Built under linux
  Compiled at May 28 2014 05:18:47
  %ENV:
    PERL5LIB="/home/cpansand/.cpan/build/2016031821/HTML-Form-ForceValue-0.009-k_rA_b/blib/arch:/home/cpansand/.cpan/build/2016031821/HTML-Form-ForceValue-0.009-k_rA_b/blib/lib"
    PERL5OPT=""
    PERL5_CPANPLUS_IS_RUNNING="11632"
    PERL5_CPAN_IS_RUNNING="11632"
    PERL5_CPAN_IS_RUNNING_IN_RECURSION="3982,11632"
    PERLDOC="-MPod::Perldoc::ToTextOverstrike"
    PERL_BATCH="yes"
    PERL_CANARY_STABILITY_NOPROMPT="1"
    PERL_CPAN_REPORTER_CONFIG="/var/tmp/cpansmoker-1023/2016031821/cpanreporter_002_config.ini"
    PERL_EXTUTILS_AUTOINSTALL="--defaultdeps"
  @INC:
    /home/cpansand/.cpan/build/2016031821/HTML-Form-ForceValue-0.009-k_rA_b/blib/arch
    /home/cpansand/.cpan/build/2016031821/HTML-Form-ForceValue-0.009-k_rA_b/blib/lib
    /opt/perl-5.20.0t/lib/site_perl/5.20.0/x86_64-linux-thread-multi
    /opt/perl-5.20.0t/lib/site_perl/5.20.0
    /opt/perl-5.20.0t/lib/5.20.0/x86_64-linux-thread-multi
    /opt/perl-5.20.0t/lib/5.20.0
    .