AnyEvent-JSONRPC v0.15 Perl 5 v5.18.4 amd64-freebsd
- Status
- Fail
- From
- Slaven Rezić (SREZIC)
- Dist
-
AnyEvent-JSONRPC v0.15
- Platform
- Perl 5 v5.18.4 amd64-freebsd
- Date
- 2018-03-27 05:50:48
- ID
- ccdf016e-3182-11e8-baff-b12d47fca8e6
This distribution has been tested as part of the CPAN Testers
project, supporting the Perl programming language. See
http://wiki.cpantesters.org/ for more information or email
questions to cpan-testers-discuss@perl.org
--
Dear Peter Makholm,
This is a computer-generated report for AnyEvent-JSONRPC-0.15
on perl 5.18.4, created by CPAN-Reporter-1.2018.
Thank you for uploading your work to CPAN. However, there was a problem
testing your distribution.
If you think this report is invalid, please consult the CPAN Testers Wiki
for suggestions on how to avoid getting FAIL reports for missing library
or binary dependencies, unsupported operating systems, and so on:
http://wiki.cpantesters.org/wiki/CPANAuthorNotes
Sections of this report:
* Tester comments
* Program output
* Prerequisites
* Environment and other context
------------------------------
TESTER COMMENTS
------------------------------
Additional comments from tester:
none provided
------------------------------
PROGRAM OUTPUT
------------------------------
Output from '/usr/bin/make test':
PERL_DL_NONLAZY=1 "/usr/perl5.18.4p/bin/perl" "-MExtUtils::Command::MM" "-MTest::Harness" "-e" "undef *Test::Harness::Switches; test_harness(0, 'inc', 'blib/lib', 'blib/arch')" t/*.t
Any::Moose is deprecated. Please use Moo instead at /home/cpansand/.cpan/build/2018032700/AnyEvent-JSONRPC-0.15-Lgw4Kg/blib/lib/AnyEvent/JSONRPC/TCP/Client.pm line 2.
# Failed test 'use AnyEvent::JSONRPC::HTTP::Server;'
# at t/00_compile.t line 9.
# Tried to use 'AnyEvent::JSONRPC::HTTP::Server'.
# Error: Can't locate AnyEvent/HTTPD.pm in @INC (you may need to install the AnyEvent::HTTPD module) (@INC contains: /home/cpansand/.cpan/build/2018032700/AnyEvent-JSONRPC-0.15-Lgw4Kg/inc /home/cpansand/.cpan/build/2018032700/AnyEvent-JSONRPC-0.15-Lgw4Kg/blib/lib /home/cpansand/.cpan/build/2018032700/AnyEvent-JSONRPC-0.15-Lgw4Kg/blib/arch /home/cpansand/.cpan/build/2018032700/JSON-RPC-Common-0.11-wfO7Z0/blib/arch /home/cpansand/.cpan/build/2018032700/JSON-RPC-Common-0.11-wfO7Z0/blib/lib /home/cpansand/.cpan/build/2018032700/JSON-RPC-Common-0.11-wfO7Z0/blib/arch /home/cpansand/.cpan/build/2018032700/JSON-RPC-Common-0.11-wfO7Z0/blib/lib /usr/perl5.18.4p/lib/site_perl/5.18.4/amd64-freebsd /usr/perl5.18.4p/lib/site_perl/5.18.4 /usr/perl5.18.4p/lib/5.18.4/amd64-freebsd /usr/perl5.18.4p/lib/5.18.4 .) at /home/cpansand/.cpan/build/2018032700/AnyEvent-JSONRPC-0.15-Lgw4Kg/blib/lib/AnyEvent/JSONRPC/HTTP/Server.pm line 11.
# BEGIN failed--compilation aborted at /home/cpansand/.cpan/build/2018032700/AnyEvent-JSONRPC-0.15-Lgw4Kg/blib/lib/AnyEvent/JSONRPC/HTTP/Server.pm line 11.
# Compilation failed in require at (eval 295) line 2.
# BEGIN failed--compilation aborted at (eval 295) line 2.
# Looks like you failed 1 test of 6.
t/00_compile.t .........
Dubious, test returned 1 (wstat 256, 0x100)
Failed 1/6 subtests
Any::Moose is deprecated. Please use Moo instead at /home/cpansand/.cpan/build/2018032700/AnyEvent-JSONRPC-0.15-Lgw4Kg/blib/lib/AnyEvent/JSONRPC/TCP/Client.pm line 2.
t/client_error.t ....... ok
Any::Moose is deprecated. Please use Moo instead at /home/cpansand/.cpan/build/2018032700/AnyEvent-JSONRPC-0.15-Lgw4Kg/blib/lib/AnyEvent/JSONRPC/TCP/Client.pm line 2.
t/disconnect.t ......... ok
Any::Moose is deprecated. Please use Moo instead at /home/cpansand/.cpan/build/2018032700/AnyEvent-JSONRPC-0.15-Lgw4Kg/blib/lib/AnyEvent/JSONRPC/TCP/Client.pm line 2.
t/disconnect_server.t .. ok
Any::Moose is deprecated. Please use Moo instead at /home/cpansand/.cpan/build/2018032700/AnyEvent-JSONRPC-0.15-Lgw4Kg/blib/lib/AnyEvent/JSONRPC/TCP/Client.pm line 2.
t/mix_request.t ........ ok
Any::Moose is deprecated. Please use Moo instead at /home/cpansand/.cpan/build/2018032700/AnyEvent-JSONRPC-0.15-Lgw4Kg/blib/lib/AnyEvent/JSONRPC/TCP/Client.pm line 2.
t/multi_connection.t ... ok
Any::Moose is deprecated. Please use Moo instead at /home/cpansand/.cpan/build/2018032700/AnyEvent-JSONRPC-0.15-Lgw4Kg/blib/lib/AnyEvent/JSONRPC/TCP/Client.pm line 2.
t/simple_echo.t ........ ok
Any::Moose is deprecated. Please use Moo instead at /home/cpansand/.cpan/build/2018032700/AnyEvent-JSONRPC-0.15-Lgw4Kg/blib/lib/AnyEvent/JSONRPC/TCP/Client.pm line 2.
t/simple_echo_dsl.t .... ok
Test Summary Report
-------------------
t/00_compile.t (Wstat: 256 Tests: 6 Failed: 1)
Failed test: 5
Non-zero exit status: 1
Files=8, Tests=31, 13 wallclock secs ( 0.04 usr 0.02 sys + 4.07 cusr 0.45 csys = 4.58 CPU)
Result: FAIL
Failed 1/8 test programs. 1/31 subtests failed.
*** Error code 255
Stop.
make: stopped in /home/cpansand/.cpan/build/2018032700/AnyEvent-JSONRPC-0.15-Lgw4Kg
------------------------------
PREREQUISITES
------------------------------
Prerequisite modules loaded:
requires:
Module Need Have
------------------- ---- --------
Any::Moose 0 0.27
AnyEvent 5.12 7.14
Filter::Util::Call 0 1.58
JSON::RPC::Common 0 0.11
JSON::XS 2.22 3.04
Moose 0 2.2008
build_requires:
Module Need Have
------------------- ---- --------
ExtUtils::MakeMaker 6.42 7.30
Test::More 0 1.302128
Test::TCP 0 2.19
configure_requires:
Module Need Have
------------------- ---- --------
ExtUtils::MakeMaker 6.42 7.30
------------------------------
ENVIRONMENT AND OTHER CONTEXT
------------------------------
Environment variables:
PATH = /usr/local/bin:/usr/bin:/bin:/usr/local/sbin:/usr/sbin:/sbin:/home/cpansand/bin/freebsd12.0:/home/cpansand/bin/sh:/home/cpansand/bin:/usr/games:/home/cpansand/devel:/home/eserte/src/srezic-misc/scripts
PERL5LIB = /home/cpansand/.cpan/build/2018032700/JSON-RPC-Common-0.11-wfO7Z0/blib/arch:/home/cpansand/.cpan/build/2018032700/JSON-RPC-Common-0.11-wfO7Z0/blib/lib
PERL5OPT =
PERL5_CPANPLUS_IS_RUNNING = 11538
PERL5_CPAN_IS_RUNNING = 11538
PERL5_CPAN_IS_RUNNING_IN_RECURSION = 10993,11538
PERLDOC = -MPod::Perldoc::ToTextOverstrike
PERL_BATCH = yes
PERL_CANARY_STABILITY_NOPROMPT = 1
PERL_CPAN_REPORTER_CONFIG = /var/tmp/cpansmoker-1023/2018032700/cpanreporter_001_config.ini
PERL_EXTUTILS_AUTOINSTALL = --defaultdeps
SHELL = /usr/local/bin/zsh
TERM = screen
TMPDIR = /var/tmp/cpansmoker-1023/2018032700
Perl special variables (and OS-specific diagnostics, for MSWin32):
$^X = /usr/perl5.18.4p/bin/perl
$UID/$EUID = 1023 / 1023
$GID = 1023 1023
$EGID = 1023 1023
Perl module toolchain versions installed:
Module Have
------------------- --------
CPAN 2.00
CPAN::Meta 2.150010
Cwd 3.40
ExtUtils::CBuilder 0.280230
ExtUtils::Command 7.30
ExtUtils::Install 2.06
ExtUtils::MakeMaker 7.30
ExtUtils::Manifest 1.70
ExtUtils::ParseXS 3.35
File::Spec 3.40
JSON 2.97001
JSON::PP 2.97001
Module::Build 0.4224
Module::Signature 0.81
Parse::CPAN::Meta 2.150010
Test::Harness 3.39
Test::More 1.302128
YAML 1.24
YAML::Syck 1.30
version 0.9918
--
Summary of my perl5 (revision 5 version 18 subversion 4) configuration:
Platform:
osname=freebsd, osvers=12.0-current, archname=amd64-freebsd
uname='freebsd ali1.bbbike.org 12.0-current freebsd 12.0-current #0 bd8385a990e(master)-dirty: fri nov 17 03:13:11 utc 2017 root@ali1.bbbike.org:usrobjhomeprojectsfreebsdamd64.amd64sysgeneric-nodebug amd64 '
config_args='-ds -e -Dprefix=/usr/perl5.18.4p -Dcf_email=srezic@cpan.org -Doptimize=-O2 -pipe'
hint=recommended, useposix=true, d_sigaction=define
useithreads=undef, usemultiplicity=undef
useperlio=define, d_sfio=undef, uselargefiles=define, usesocks=undef
use64bitint=define, use64bitall=define, uselongdouble=undef
usemymalloc=n, bincompat5005=undef
Compiler:
cc='cc', ccflags ='-DHAS_FPSETMASK -DHAS_FLOATINGPOINT_H -fno-strict-aliasing -pipe -fstack-protector -I/usr/local/include',
optimize='-O2 -pipe',
cppflags='-DHAS_FPSETMASK -DHAS_FLOATINGPOINT_H -fno-strict-aliasing -pipe -fstack-protector -I/usr/local/include'
ccversion='', gccversion='4.2.1 Compatible FreeBSD Clang 5.0.0 (tags/RELEASE_500/final 312559)', gccosandvers=''
intsize=4, longsize=8, ptrsize=8, doublesize=8, byteorder=12345678
d_longlong=define, longlongsize=8, d_longdbl=define, longdblsize=16
ivtype='long', ivsize=8, nvtype='double', nvsize=8, Off_t='off_t', lseeksize=8
alignbytes=8, prototype=define
Linker and Libraries:
ld='cc', ldflags ='-pthread -Wl,-E -fstack-protector -L/usr/local/lib'
libpth=/usr/lib /usr/local/lib
libs=-lgdbm -lm -lcrypt -lutil -lc
perllibs=-lm -lcrypt -lutil -lc
libc=, so=so, useshrplib=false, libperl=libperl.a
gnulibc_version=''
Dynamic Linking:
dlsrc=dl_dlopen.xs, dlext=so, d_dlsymun=undef, ccdlflags=' '
cccdlflags='-DPIC -fPIC', lddlflags='-shared -L/usr/local/lib -fstack-protector'
Characteristics of this binary (from libperl):
Compile-time options: HAS_TIMES PERLIO_LAYERS PERL_DONT_CREATE_GVSV
PERL_HASH_FUNC_ONE_AT_A_TIME_HARD PERL_MALLOC_WRAP
PERL_PRESERVE_IVUV PERL_SAWAMPERSAND USE_64_BIT_ALL
USE_64_BIT_INT USE_LARGE_FILES USE_LOCALE
USE_LOCALE_COLLATE USE_LOCALE_CTYPE
USE_LOCALE_NUMERIC USE_PERLIO USE_PERL_ATOF
Built under freebsd
Compiled at Nov 17 2017 06:44:20
%ENV:
PERL5LIB="/home/cpansand/.cpan/build/2018032700/JSON-RPC-Common-0.11-wfO7Z0/blib/arch:/home/cpansand/.cpan/build/2018032700/JSON-RPC-Common-0.11-wfO7Z0/blib/lib"
PERL5OPT=""
PERL5_CPANPLUS_IS_RUNNING="11538"
PERL5_CPAN_IS_RUNNING="11538"
PERL5_CPAN_IS_RUNNING_IN_RECURSION="10993,11538"
PERLDOC="-MPod::Perldoc::ToTextOverstrike"
PERL_BATCH="yes"
PERL_CANARY_STABILITY_NOPROMPT="1"
PERL_CPAN_REPORTER_CONFIG="/var/tmp/cpansmoker-1023/2018032700/cpanreporter_001_config.ini"
PERL_EXTUTILS_AUTOINSTALL="--defaultdeps"
@INC:
/home/cpansand/.cpan/build/2018032700/JSON-RPC-Common-0.11-wfO7Z0/blib/arch
/home/cpansand/.cpan/build/2018032700/JSON-RPC-Common-0.11-wfO7Z0/blib/lib
/usr/perl5.18.4p/lib/site_perl/5.18.4/amd64-freebsd
/usr/perl5.18.4p/lib/site_perl/5.18.4
/usr/perl5.18.4p/lib/5.18.4/amd64-freebsd
/usr/perl5.18.4p/lib/5.18.4
.