Report for Method-Lexical-0.30

Back
From: metabase:user:314402c4-2aae-11df-837a-5e0a49663a4f
Subject: FAIL Method-Lexical-0.30 v5.25.12 GNU/Linux
Date: 2017-04-23T15:16:18Z

This distribution has been tested as part of the CPAN Testers
project, supporting the Perl programming language.  See
http://wiki.cpantesters.org/ for more information or email
questions to cpan-testers-discuss@perl.org


--
Dear chocolateboy,

This is a computer-generated report for Method-Lexical-0.30
on perl 5.25.12, created by CPAN-Reporter-1.2018.

Thank you for uploading your work to CPAN.  However, there was a problem
testing your distribution.

If you think this report is invalid, please consult the CPAN Testers Wiki
for suggestions on how to avoid getting FAIL reports for missing library
or binary dependencies, unsupported operating systems, and so on:

http://wiki.cpantesters.org/wiki/CPANAuthorNotes

Sections of this report:

    * Tester comments
    * Program output
    * Prerequisites
    * Environment and other context

------------------------------
TESTER COMMENTS
------------------------------

Additional comments from tester:

none provided

------------------------------
PROGRAM OUTPUT
------------------------------

Output from '/usr/bin/make test':

"/opt/perl-5.25.12/bin/perl5.25.12" -MExtUtils::Command::MM -e 'cp_nonempty' -- Lexical.bs blib/arch/auto/Method/Lexical/Lexical.bs 644
PERL_DL_NONLAZY=1 "/opt/perl-5.25.12/bin/perl5.25.12" "-MExtUtils::Command::MM" "-MTest::Harness" "-e" "undef *Test::Harness::Switches; test_harness(0, 'blib/lib', 'blib/arch')" t/*.t

#   Failed test 'use Method::Lexical;'
#   at t/01_use.t line 8.
#     Tried to use 'Method::Lexical'.
#     Error:  "on_require" is not exported by the Devel::Pragma module
# Can't continue after import errors at /opt/perl-5.25.12/lib/site_perl/5.25.12/x86_64-linux/Devel/Pragma.pm line 108.
# BEGIN failed--compilation aborted at /home/cpansand/.cpan/build/2017042312/Method-Lexical-0.30-0/blib/lib/Method/Lexical.pm line 12.
# Compilation failed in require at t/01_use.t line 8.
# BEGIN failed--compilation aborted at t/01_use.t line 8.
# Looks like you failed 1 test of 1.
t/01_use.t ................ 
Dubious, test returned 1 (wstat 256, 0x100)
Failed 1/1 subtests 
"on_require" is not exported by the Devel::Pragma module
Can't continue after import errors at /opt/perl-5.25.12/lib/site_perl/5.25.12/x86_64-linux/Devel/Pragma.pm line 108.
BEGIN failed--compilation aborted at /home/cpansand/.cpan/build/2017042312/Method-Lexical-0.30-0/blib/lib/Method/Lexical.pm line 12.
Compilation failed in require at t/autoload.t line 19.
BEGIN failed--compilation aborted at t/autoload.t line 19.
# Looks like your test exited with 255 before it could output anything.
t/autoload.t .............. 
Dubious, test returned 255 (wstat 65280, 0xff00)
Failed 25/25 subtests 
"on_require" is not exported by the Devel::Pragma module
Can't continue after import errors at /opt/perl-5.25.12/lib/site_perl/5.25.12/x86_64-linux/Devel/Pragma.pm line 108.
BEGIN failed--compilation aborted at /home/cpansand/.cpan/build/2017042312/Method-Lexical-0.30-0/blib/lib/Method/Lexical.pm line 12.
Compilation failed in require at t/basic.t line 25.
BEGIN failed--compilation aborted at t/basic.t line 25.
# Looks like your test exited with 255 before it could output anything.
t/basic.t ................. 
Dubious, test returned 255 (wstat 65280, 0xff00)
Failed 30/30 subtests 
"on_require" is not exported by the Devel::Pragma module
Can't continue after import errors at /opt/perl-5.25.12/lib/site_perl/5.25.12/x86_64-linux/Devel/Pragma.pm line 108.
BEGIN failed--compilation aborted at /home/cpansand/.cpan/build/2017042312/Method-Lexical-0.30-0/blib/lib/Method/Lexical.pm line 12.
Compilation failed in require at t/cache.t line 26.
BEGIN failed--compilation aborted at t/cache.t line 26.
# Looks like your test exited with 255 before it could output anything.
t/cache.t ................. 
Dubious, test returned 255 (wstat 65280, 0xff00)
Failed 136/136 subtests 
"on_require" is not exported by the Devel::Pragma module
Can't continue after import errors at /opt/perl-5.25.12/lib/site_perl/5.25.12/x86_64-linux/Devel/Pragma.pm line 108.
BEGIN failed--compilation aborted at /home/cpansand/.cpan/build/2017042312/Method-Lexical-0.30-0/blib/lib/Method/Lexical.pm line 12.
Compilation failed in require at t/depth.t line 324.
BEGIN failed--compilation aborted at t/depth.t line 324.
# Looks like your test exited with 255 before it could output anything.
t/depth.t ................. 
Dubious, test returned 255 (wstat 65280, 0xff00)
Failed 5/5 subtests 
"on_require" is not exported by the Devel::Pragma module
Can't continue after import errors at /opt/perl-5.25.12/lib/site_perl/5.25.12/x86_64-linux/Devel/Pragma.pm line 108.
BEGIN failed--compilation aborted at /home/cpansand/.cpan/build/2017042312/Method-Lexical-0.30-0/blib/lib/Method/Lexical.pm line 12.
Compilation failed in require at t/fail.t line 21.
BEGIN failed--compilation aborted at t/fail.t line 21.
# Looks like your test exited with 255 before it could output anything.
t/fail.t .................. 
Dubious, test returned 255 (wstat 65280, 0xff00)
Failed 33/33 subtests 
"on_require" is not exported by the Devel::Pragma module
Can't continue after import errors at /opt/perl-5.25.12/lib/site_perl/5.25.12/x86_64-linux/Devel/Pragma.pm line 108.
BEGIN failed--compilation aborted at /home/cpansand/.cpan/build/2017042312/Method-Lexical-0.30-0/blib/lib/Method/Lexical.pm line 12.
Compilation failed in require at t/fqname.t line 21.
BEGIN failed--compilation aborted at t/fqname.t line 21.
# Looks like your test exited with 255 before it could output anything.
t/fqname.t ................ 
Dubious, test returned 255 (wstat 65280, 0xff00)
Failed 54/54 subtests 
"on_require" is not exported by the Devel::Pragma module
Can't continue after import errors at /opt/perl-5.25.12/lib/site_perl/5.25.12/x86_64-linux/Devel/Pragma.pm line 108.
BEGIN failed--compilation aborted at /home/cpansand/.cpan/build/2017042312/Method-Lexical-0.30-0/blib/lib/Method/Lexical.pm line 12.
Compilation failed in require at t/method_name_value.t line 39.
BEGIN failed--compilation aborted at t/method_name_value.t line 39.
# Looks like your test exited with 255 before it could output anything.
t/method_name_value.t ..... 
Dubious, test returned 255 (wstat 65280, 0xff00)
Failed 12/12 subtests 

#   Failed test 'error loading nonexistent package (autoloaded)'
#   at t/module_autoload_fail.t line 9.
#                   '"on_require" is not exported by the Devel::Pragma module
# Can't continue after import errors at /opt/perl-5.25.12/lib/site_perl/5.25.12/x86_64-linux/Devel/Pragma.pm line 108.
# BEGIN failed--compilation aborted at /home/cpansand/.cpan/build/2017042312/Method-Lexical-0.30-0/blib/lib/Method/Lexical.pm line 12.
# Compilation failed in require at (eval 6) line 1.
# BEGIN failed--compilation aborted at (eval 6) line 1.
# '
#     doesn't match '(?^:Can't load Method::Lexical::Test::No::Such::Package)'

#   Failed test 'error loading nonexistent package (-autoload => 1)'
#   at t/module_autoload_fail.t line 12.
#                   'Attempt to reload Method/Lexical.pm aborted.
# Compilation failed in require at (eval 9) line 1.
# BEGIN failed--compilation aborted at (eval 9) line 1.
# '
#     doesn't match '(?^:Can't load Method::Lexical::Test::No::Such::Package)'
# Looks like you failed 2 tests of 2.
t/module_autoload_fail.t .. 
Dubious, test returned 2 (wstat 512, 0x200)
Failed 2/2 subtests 
t/pod.t ................... ok

Test Summary Report
-------------------
t/01_use.t              (Wstat: 256 Tests: 1 Failed: 1)
  Failed test:  1
  Non-zero exit status: 1
t/autoload.t            (Wstat: 65280 Tests: 0 Failed: 0)
  Non-zero exit status: 255
  Parse errors: Bad plan.  You planned 25 tests but ran 0.
t/basic.t               (Wstat: 65280 Tests: 0 Failed: 0)
  Non-zero exit status: 255
  Parse errors: Bad plan.  You planned 30 tests but ran 0.
t/cache.t               (Wstat: 65280 Tests: 0 Failed: 0)
  Non-zero exit status: 255
  Parse errors: Bad plan.  You planned 136 tests but ran 0.
t/depth.t               (Wstat: 65280 Tests: 0 Failed: 0)
  Non-zero exit status: 255
  Parse errors: Bad plan.  You planned 5 tests but ran 0.
t/fail.t                (Wstat: 65280 Tests: 0 Failed: 0)
  Non-zero exit status: 255
  Parse errors: Bad plan.  You planned 33 tests but ran 0.
t/fqname.t              (Wstat: 65280 Tests: 0 Failed: 0)
  Non-zero exit status: 255
  Parse errors: Bad plan.  You planned 54 tests but ran 0.
t/method_name_value.t   (Wstat: 65280 Tests: 0 Failed: 0)
  Non-zero exit status: 255
  Parse errors: Bad plan.  You planned 12 tests but ran 0.
t/module_autoload_fail.t (Wstat: 512 Tests: 2 Failed: 2)
  Failed tests:  1-2
  Non-zero exit status: 2
Files=10, Tests=4,  1 wallclock secs ( 0.05 usr  0.00 sys +  0.66 cusr  0.06 csys =  0.77 CPU)
Result: FAIL
Failed 9/10 test programs. 3/4 subtests failed.
Makefile:1044: recipe for target 'test_dynamic' failed
make: *** [test_dynamic] Error 255

------------------------------
PREREQUISITES
------------------------------

Prerequisite modules loaded:

requires:

    Module                   Need  Have 
    ------------------------ ----- -----
    B::Hooks::EndOfScope     0.12  0.21 
    B::Hooks::OP::Annotation 0.44  0.44 
    B::Hooks::OP::Check      0.19  0.19 
    Devel::Pragma            0.54  1.1.0

build_requires:

    Module                   Need  Have 
    ------------------------ ----- -----
    ExtUtils::MakeMaker      0     7.24 

configure_requires:

    Module                   Need  Have 
    ------------------------ ----- -----
    B::Hooks::OP::Annotation 0.44  0.44 
    B::Hooks::OP::Check      0.19  0.19 
    ExtUtils::Depends        0.304 0.405
    ExtUtils::MakeMaker      0     7.24 


------------------------------
ENVIRONMENT AND OTHER CONTEXT
------------------------------

Environment variables:

    LANG = en_US.UTF-8
    LANGUAGE = en_US:en
    PATH = /usr/local/bin:/usr/bin:/bin:/usr/local/sbin:/usr/sbin:/sbin:/home/cpansand/bin/linux-gnu:/home/cpansand/bin/sh:/home/cpansand/bin:/usr/games:/home/cpansand/devel:/home/eserte/src/srezic-misc/scripts
    PERL5LIB = 
    PERL5OPT = 
    PERL5_CPANPLUS_IS_RUNNING = 26840
    PERL5_CPAN_IS_RUNNING = 26840
    PERL5_CPAN_IS_RUNNING_IN_RECURSION = 3806,26840
    PERLDOC = -MPod::Perldoc::ToTextOverstrike
    PERL_BATCH = yes
    PERL_CANARY_STABILITY_NOPROMPT = 1
    PERL_CPAN_REPORTER_CONFIG = /var/tmp/cpansmoker-1002/2017042312/cpanreporter_000_config.ini
    PERL_EXTUTILS_AUTOINSTALL = --defaultdeps
    PERL_USE_UNSAFE_INC = 1
    SHELL = /bin/zsh
    TERM = screen
    TMPDIR = /var/tmp/cpansmoker-1002/2017042312

Perl special variables (and OS-specific diagnostics, for MSWin32):

    $^X = /opt/perl-5.25.12/bin/perl5.25.12
    $UID/$EUID = 1002 / 1002
    $GID = 1002 1002
    $EGID = 1002 1002

Perl module toolchain versions installed:

    Module              Have    
    ------------------- --------
    CPAN                2.18    
    CPAN::Meta          2.150010
    Cwd                 3.67    
    ExtUtils::CBuilder  0.280224
    ExtUtils::Command   7.24    
    ExtUtils::Install   2.04    
    ExtUtils::MakeMaker 7.24    
    ExtUtils::Manifest  1.70    
    ExtUtils::ParseXS   3.30    
    File::Spec          3.67    
    JSON                2.90    
    JSON::PP            2.27400 
    Module::Build       0.4222  
    Module::Signature   0.81    
    Parse::CPAN::Meta   2.150010
    Test::Harness       3.39    
    Test::More          1.302083
    YAML                1.23    
    YAML::Syck          1.30    
    version             0.9917  


--

Summary of my perl5 (revision 5 version 25 subversion 12) configuration:
   
  Platform:
    osname=linux
    osvers=4.9.0-2-amd64
    archname=x86_64-linux
    uname='linux prod4 4.9.0-2-amd64 #1 smp debian 4.9.18-1 (2017-03-30) x86_64 gnulinux '
    config_args='-ds -e -Dprefix=/opt/perl-5.25.12 -Dusedevel -Dusemallocwrap=no -Dcf_email=srezic@cpan.org'
    hint=recommended
    useposix=true
    d_sigaction=define
    useithreads=undef
    usemultiplicity=undef
    use64bitint=define
    use64bitall=define
    uselongdouble=undef
    usemymalloc=n
    default_inc_excludes_dot=define
    bincompat5005=undef
  Compiler:
    cc='cc'
    ccflags ='-fwrapv -fno-strict-aliasing -pipe -fstack-protector-strong -I/usr/local/include -D_LARGEFILE_SOURCE -D_FILE_OFFSET_BITS=64'
    optimize='-O2'
    cppflags='-fwrapv -fno-strict-aliasing -pipe -fstack-protector-strong -I/usr/local/include'
    ccversion=''
    gccversion='6.3.0 20170406'
    gccosandvers=''
    intsize=4
    longsize=8
    ptrsize=8
    doublesize=8
    byteorder=12345678
    doublekind=3
    d_longlong=define
    longlongsize=8
    d_longdbl=define
    longdblsize=16
    longdblkind=3
    ivtype='long'
    ivsize=8
    nvtype='double'
    nvsize=8
    Off_t='off_t'
    lseeksize=8
    alignbytes=8
    prototype=define
  Linker and Libraries:
    ld='cc'
    ldflags =' -fstack-protector-strong -L/usr/local/lib'
    libpth=/usr/local/lib /usr/lib/gcc/x86_64-linux-gnu/6/include-fixed /usr/include/x86_64-linux-gnu /usr/lib /lib/x86_64-linux-gnu /lib/../lib /usr/lib/x86_64-linux-gnu /usr/lib/../lib /lib
    libs=-lpthread -lnsl -lgdbm -ldb -ldl -lm -lcrypt -lutil -lc -lgdbm_compat
    perllibs=-lpthread -lnsl -ldl -lm -lcrypt -lutil -lc
    libc=libc-2.24.so
    so=so
    useshrplib=false
    libperl=libperl.a
    gnulibc_version='2.24'
  Dynamic Linking:
    dlsrc=dl_dlopen.xs
    dlext=so
    d_dlsymun=undef
    ccdlflags='-Wl,-E'
    cccdlflags='-fPIC'
    lddlflags='-shared -O2 -L/usr/local/lib -fstack-protector-strong'


Characteristics of this binary (from libperl): 
  Compile-time options:
    HAS_TIMES
    PERLIO_LAYERS
    PERL_COPY_ON_WRITE
    PERL_DONT_CREATE_GVSV
    PERL_OP_PARENT
    PERL_PRESERVE_IVUV
    PERL_USE_DEVEL
    USE_64_BIT_ALL
    USE_64_BIT_INT
    USE_LARGE_FILES
    USE_LOCALE
    USE_LOCALE_COLLATE
    USE_LOCALE_CTYPE
    USE_LOCALE_NUMERIC
    USE_LOCALE_TIME
    USE_PERLIO
    USE_PERL_ATOF
  Built under linux
  Compiled at Apr 20 2017 19:57:56
  %ENV:
    PERL5LIB=""
    PERL5OPT=""
    PERL5_CPANPLUS_IS_RUNNING="26840"
    PERL5_CPAN_IS_RUNNING="26840"
    PERL5_CPAN_IS_RUNNING_IN_RECURSION="3806,26840"
    PERLDOC="-MPod::Perldoc::ToTextOverstrike"
    PERL_BATCH="yes"
    PERL_CANARY_STABILITY_NOPROMPT="1"
    PERL_CPAN_REPORTER_CONFIG="/var/tmp/cpansmoker-1002/2017042312/cpanreporter_000_config.ini"
    PERL_EXTUTILS_AUTOINSTALL="--defaultdeps"
    PERL_USE_UNSAFE_INC="1"
  @INC:
    /opt/perl-5.25.12/lib/site_perl/5.25.12/x86_64-linux
    /opt/perl-5.25.12/lib/site_perl/5.25.12
    /opt/perl-5.25.12/lib/5.25.12/x86_64-linux
    /opt/perl-5.25.12/lib/5.25.12
    .