Reaction v0.002005 Perl 5 v5.38.3 x86_64-linux-ld

Status
Fail
From
Andreas J. König (ANDK)
Dist
Reaction v0.002005
Platform
Perl 5 v5.38.3 x86_64-linux-ld
Date
2025-03-24 23:50:43
ID
cccd9444-090a-11f0-9b27-cef513a04568
This distribution has been tested as part of the CPAN Testers
project, supporting the Perl programming language.  See
http://wiki.cpantesters.org/ for more information or email
questions to cpan-testers-discuss@perl.org


--
Dear Justin Hunter,

This is a computer-generated report for Reaction-0.002005
on perl 5.38.3, created by CPAN-Reporter-1.2020.

Thank you for uploading your work to CPAN.  However, there was a problem
testing your distribution.

If you think this report is invalid, please consult the CPAN Testers Wiki
for suggestions on how to avoid getting FAIL reports for missing library
or binary dependencies, unsupported operating systems, and so on:

http://wiki.cpantesters.org/wiki/CPANAuthorNotes

Sections of this report:

    * Tester comments
    * Program output
    * Prerequisites
    * Environment and other context

------------------------------
TESTER COMMENTS
------------------------------

Additional comments from tester:

this report is from an automated smoke testing program
and was not reviewed by a human for accuracy

------------------------------
PROGRAM OUTPUT
------------------------------

Output from '/usr/bin/make test':

PERL_DL_NONLAZY=1 "/tmp/basesmoker-reloperl-mogV/bin/perl" "-MExtUtils::Command::MM" "-MTest::Harness" "-e" "undef *Test::Harness::Switches; test_harness(0, 'inc', 'blib/lib', 'blib/arch')" t/00componentui_compiles.t t/01app.t t/04load_all.t t/05reflect_attr_from.t t/im_dbic.t t/ui_focus_stack.t t/ui_view.t t/ui_viewport.t t/uncheck_bool_field.t
Class::MOP::load_class is deprecated at /home/sand/src/perl/repoperls/installed-perls/host/k93jammy/v5.38.3/5674/lib/site_perl/5.38.3/x86_64-linux-ld/Class/MOP.pm line 69.
	Class::MOP::load_class("ComponentUI::TestModel") called at /tmp/loop_over_bdir-935399-bfmh6H/Reaction-0.002005-0/blib/lib/Catalyst/Model/Reaction/InterfaceModel/DBIC.pm line 24
	Catalyst::Model::Reaction::InterfaceModel::DBIC::COMPONENT("ComponentUI::Model::TestModel", "ComponentUI", HASH(0x5e3fbd6cfa90)) called at /home/sand/src/perl/repoperls/installed-perls/host/k93jammy/v5.38.3/5674/lib/site_perl/5.38.3/Catalyst.pm line 3240
	eval {...} called at /home/sand/src/perl/repoperls/installed-perls/host/k93jammy/v5.38.3/5674/lib/site_perl/5.38.3/Catalyst.pm line 3241
	Catalyst::setup_component("ComponentUI", "ComponentUI::Model::TestModel") called at /home/sand/src/perl/repoperls/installed-perls/host/k93jammy/v5.38.3/5674/lib/site_perl/5.38.3/Catalyst.pm line 3218
	Catalyst::__ANON__() called at /home/sand/src/perl/repoperls/installed-perls/host/k93jammy/v5.38.3/5674/lib/site_perl/5.38.3/Catalyst.pm line 3065
	Catalyst::setup_components("ComponentUI") called at /home/sand/src/perl/repoperls/installed-perls/host/k93jammy/v5.38.3/5674/lib/site_perl/5.38.3/Catalyst.pm line 1438
	Catalyst::setup("ComponentUI") called at /tmp/loop_over_bdir-935399-bfmh6H/Reaction-0.002005-0/blib/lib/ComponentUI.pm line 32
	require ComponentUI.pm called at t/00componentui_compiles.t line 7
	main::BEGIN() called at t/00componentui_compiles.t line 7
	eval {...} called at t/00componentui_compiles.t line 7
	eval 'package main;
BEGIN { ${^WARNING_BITS} = $args[-1] if defined $args[-1] }
#line 7 t/00componentui_compiles.t
use ComponentUI @{$args[0]};
1;
' called at /home/sand/src/perl/repoperls/installed-perls/host/k93jammy/v5.38.3/5674/lib/site_perl/5.38.3/Test/More.pm line 1056
	Test::More::_eval("package main;\x{a}BEGIN { \${^WARNING_BITS} = \$args[-1] if defined"..., ARRAY(0x5e3fb7b87fb0), "UUUUUUUUUUUUUUUUUUUU") called at /home/sand/src/perl/repoperls/installed-perls/host/k93jammy/v5.38.3/5674/lib/site_perl/5.38.3/Test/More.pm line 1031
	Test::More::use_ok("ComponentUI") called at t/00componentui_compiles.t line 7
Class::MOP::load_class is deprecated at /home/sand/src/perl/repoperls/installed-perls/host/k93jammy/v5.38.3/5674/lib/site_perl/5.38.3/x86_64-linux-ld/Class/MOP.pm line 69.
	Class::MOP::load_class("Reaction::InterfaceModel::Object") called at /tmp/loop_over_bdir-935399-bfmh6H/Reaction-0.002005-0/blib/lib/Reaction/InterfaceModel/Reflector/DBIC.pm line 149
	Reaction::InterfaceModel::Reflector::DBIC::reflect_schema(Reaction::InterfaceModel::Reflector::DBIC=HASH(0x5e3fbe1c0130), "model_class", "ComponentUI::TestModel", "schema_class", "RTest::TestDB", "sources", ARRAY(0x5e3fbe1d4448)) called at /tmp/loop_over_bdir-935399-bfmh6H/Reaction-0.002005-0/blib/lib/ComponentUI/TestModel.pm line 10
	require ComponentUI/TestModel.pm called at /home/sand/src/perl/repoperls/installed-perls/host/k93jammy/v5.38.3/5674/lib/site_perl/5.38.3/Module/Runtime.pm line 314
	Module::Runtime::require_module("ComponentUI::TestModel") called at /home/sand/src/perl/repoperls/installed-perls/host/k93jammy/v5.38.3/5674/lib/site_perl/5.38.3/Class/Load.pm line 174
	Class::Load::try {...} () called at /home/sand/src/perl/repoperls/installed-perls/host/k93jammy/v5.38.3/5674/lib/site_perl/5.38.3/Try/Tiny.pm line 98
	eval {...} called at /home/sand/src/perl/repoperls/installed-perls/host/k93jammy/v5.38.3/5674/lib/site_perl/5.38.3/Try/Tiny.pm line 93
	Try::Tiny::try(CODE(0x5e3fba5d4328), Try::Tiny::Catch=REF(0x5e3fbd712738)) called at /home/sand/src/perl/repoperls/installed-perls/host/k93jammy/v5.38.3/5674/lib/site_perl/5.38.3/Class/Load.pm line 180
	Class::Load::try_load_class("ComponentUI::TestModel", undef) called at /home/sand/src/perl/repoperls/installed-perls/host/k93jammy/v5.38.3/5674/lib/site_perl/5.38.3/Class/Load.pm line 35
	Class::Load::load_class("ComponentUI::TestModel") called at /tmp/loop_over_bdir-935399-bfmh6H/Reaction-0.002005-0/blib/lib/Catalyst/Model/Reaction/InterfaceModel/DBIC.pm line 24
	Catalyst::Model::Reaction::InterfaceModel::DBIC::COMPONENT("ComponentUI::Model::TestModel", "ComponentUI", HASH(0x5e3fbd6cfa90)) called at /home/sand/src/perl/repoperls/installed-perls/host/k93jammy/v5.38.3/5674/lib/site_perl/5.38.3/Catalyst.pm line 3240
	eval {...} called at /home/sand/src/perl/repoperls/installed-perls/host/k93jammy/v5.38.3/5674/lib/site_perl/5.38.3/Catalyst.pm line 3241
	Catalyst::setup_component("ComponentUI", "ComponentUI::Model::TestModel") called at /home/sand/src/perl/repoperls/installed-perls/host/k93jammy/v5.38.3/5674/lib/site_perl/5.38.3/Catalyst.pm line 3218
	Catalyst::__ANON__() called at /home/sand/src/perl/repoperls/installed-perls/host/k93jammy/v5.38.3/5674/lib/site_perl/5.38.3/Catalyst.pm line 3065
	Catalyst::setup_components("ComponentUI") called at /home/sand/src/perl/repoperls/installed-perls/host/k93jammy/v5.38.3/5674/lib/site_perl/5.38.3/Catalyst.pm line 1438
	Catalyst::setup("ComponentUI") called at /tmp/loop_over_bdir-935399-bfmh6H/Reaction-0.002005-0/blib/lib/ComponentUI.pm line 32
	require ComponentUI.pm called at t/00componentui_compiles.t line 7
	main::BEGIN() called at t/00componentui_compiles.t line 7
	eval {...} called at t/00componentui_compiles.t line 7
	eval 'package main;
BEGIN { ${^WARNING_BITS} = $args[-1] if defined $args[-1] }
#line 7 t/00componentui_compiles.t
use ComponentUI @{$args[0]};
1;
' called at /home/sand/src/perl/repoperls/installed-perls/host/k93jammy/v5.38.3/5674/lib/site_perl/5.38.3/Test/More.pm line 1056
	Test::More::_eval("package main;\x{a}BEGIN { \${^WARNING_BITS} = \$args[-1] if defined"..., ARRAY(0x5e3fb7b87fb0), "UUUUUUUUUUUUUUUUUUUU") called at /home/sand/src/perl/repoperls/installed-perls/host/k93jammy/v5.38.3/5674/lib/site_perl/5.38.3/Test/More.pm line 1031
	Test::More::use_ok("ComponentUI") called at t/00componentui_compiles.t line 7
Class::MOP::load_class is deprecated at /home/sand/src/perl/repoperls/installed-perls/host/k93jammy/v5.38.3/5674/lib/site_perl/5.38.3/x86_64-linux-ld/Class/MOP.pm line 69.
	Class::MOP::load_class("Reaction::InterfaceModel::Object") called at /tmp/loop_over_bdir-935399-bfmh6H/Reaction-0.002005-0/blib/lib/Reaction/Class.pm line 123
	Reaction::Class::do_class_sub("Reaction::Class", "ComponentUI::TestModel::Foo", "ComponentUI::TestModel::Foo", "is", "Reaction::InterfaceModel::Object", "which", CODE(0x5e3fbe4ab900)) called at /tmp/loop_over_bdir-935399-bfmh6H/Reaction-0.002005-0/blib/lib/Reaction/Class.pm line 86
	Reaction::Class::("ComponentUI::TestModel::Foo", "is", "Reaction::InterfaceModel::Object", "which", CODE(0x5e3fbe4ab900)) called at /tmp/loop_over_bdir-935399-bfmh6H/Reaction-0.002005-0/blib/lib/ComponentUI/TestModel/Foo.pm line 8
	require ComponentUI/TestModel/Foo.pm called at /home/sand/src/perl/repoperls/installed-perls/host/k93jammy/v5.38.3/5674/lib/site_perl/5.38.3/Module/Runtime.pm line 314
	Module::Runtime::require_module("ComponentUI::TestModel::Foo") called at /home/sand/src/perl/repoperls/installed-perls/host/k93jammy/v5.38.3/5674/lib/site_perl/5.38.3/Class/Load.pm line 174
	Class::Load::try {...} () called at /home/sand/src/perl/repoperls/installed-perls/host/k93jammy/v5.38.3/5674/lib/site_perl/5.38.3/Try/Tiny.pm line 98
	eval {...} called at /home/sand/src/perl/repoperls/installed-perls/host/k93jammy/v5.38.3/5674/lib/site_perl/5.38.3/Try/Tiny.pm line 93
	Try::Tiny::try(CODE(0x5e3fbe4906e8), Try::Tiny::Catch=REF(0x5e3fbe490748)) called at /home/sand/src/perl/repoperls/installed-perls/host/k93jammy/v5.38.3/5674/lib/site_perl/5.38.3/Class/Load.pm line 180
	Class::Load::try_load_class("ComponentUI::TestModel::Foo", undef) called at /home/sand/src/perl/repoperls/installed-perls/host/k93jammy/v5.38.3/5674/lib/site_perl/5.38.3/Class/Load.pm line 35
	Class::Load::load_class("ComponentUI::TestModel::Foo") called at /tmp/loop_over_bdir-935399-bfmh6H/Reaction-0.002005-0/blib/lib/Reaction/InterfaceModel/Reflector/DBIC.pm line 892
	eval {...} called at /tmp/loop_over_bdir-935399-bfmh6H/Reaction-0.002005-0/blib/lib/Reaction/InterfaceModel/Reflector/DBIC.pm line 892
	Reaction::InterfaceModel::Reflector::DBIC::_maybe_load_class(Reaction::InterfaceModel::Reflector::DBIC=HASH(0x5e3fbe1c0130), "ComponentUI::TestModel::Foo") called at /tmp/loop_over_bdir-935399-bfmh6H/Reaction-0.002005-0/blib/lib/Reaction/InterfaceModel/Reflector/DBIC.pm line 876
	Reaction::InterfaceModel::Reflector::DBIC::_load_or_create(Reaction::InterfaceModel::Reflector::DBIC=HASH(0x5e3fbe1c0130), "ComponentUI::TestModel::Foo", "superclasses", ARRAY(0x5e3fbe3e7090)) called at /tmp/loop_over_bdir-935399-bfmh6H/Reaction-0.002005-0/blib/lib/Reaction/InterfaceModel/Reflector/DBIC.pm line 448
	Reaction::InterfaceModel::Reflector::DBIC::reflect_source_object(Reaction::InterfaceModel::Reflector::DBIC=HASH(0x5e3fbe1c0130), "parent_class", "ComponentUI::TestModel", "source_name", "Foo", "source_class", "RTest::TestDB::Foo", "parent_domain_model_name", ...) called at /tmp/loop_over_bdir-935399-bfmh6H/Reaction-0.002005-0/blib/lib/Reaction/InterfaceModel/Reflector/DBIC.pm line 323
	Reaction::InterfaceModel::Reflector::DBIC::reflect_source(Reaction::InterfaceModel::Reflector::DBIC=HASH(0x5e3fbe1c0130), "source_name", "Foo", "parent_class", "ComponentUI::TestModel", "schema_class", "RTest::TestDB", "source_class", ...) called at /tmp/loop_over_bdir-935399-bfmh6H/Reaction-0.002005-0/blib/lib/Reaction/InterfaceModel/Reflector/DBIC.pm line 185
	Reaction::InterfaceModel::Reflector::DBIC::reflect_schema(Reaction::InterfaceModel::Reflector::DBIC=HASH(0x5e3fbe1c0130), "model_class", "ComponentUI::TestModel", "schema_class", "RTest::TestDB", "sources", ARRAY(0x5e3fbe1d4448)) called at /tmp/loop_over_bdir-935399-bfmh6H/Reaction-0.002005-0/blib/lib/ComponentUI/TestModel.pm line 10
	require ComponentUI/TestModel.pm called at /home/sand/src/perl/repoperls/installed-perls/host/k93jammy/v5.38.3/5674/lib/site_perl/5.38.3/Module/Runtime.pm line 314
	Module::Runtime::require_module("ComponentUI::TestModel") called at /home/sand/src/perl/repoperls/installed-perls/host/k93jammy/v5.38.3/5674/lib/site_perl/5.38.3/Class/Load.pm line 174
	Class::Load::try {...} () called at /home/sand/src/perl/repoperls/installed-perls/host/k93jammy/v5.38.3/5674/lib/site_perl/5.38.3/Try/Tiny.pm line 98
	eval {...} called at /home/sand/src/perl/repoperls/installed-perls/host/k93jammy/v5.38.3/5674/lib/site_perl/5.38.3/Try/Tiny.pm line 93
	Try::Tiny::try(CODE(0x5e3fba5d4328), Try::Tiny::Catch=REF(0x5e3fbd712738)) called at /home/sand/src/perl/repoperls/installed-perls/host/k93jammy/v5.38.3/5674/lib/site_perl/5.38.3/Class/Load.pm line 180
	Class::Load::try_load_class("ComponentUI::TestModel", undef) called at /home/sand/src/perl/repoperls/installed-perls/host/k93jammy/v5.38.3/5674/lib/site_perl/5.38.3/Class/Load.pm line 35
	Class::Load::load_class("ComponentUI::TestModel") called at /tmp/loop_over_bdir-935399-bfmh6H/Reaction-0.002005-0/blib/lib/Catalyst/Model/Reaction/InterfaceModel/DBIC.pm line 24
	Catalyst::Model::Reaction::InterfaceModel::DBIC::COMPONENT("ComponentUI::Model::TestModel", "ComponentUI", HASH(0x5e3fbd6cfa90)) called at /home/sand/src/perl/repoperls/installed-perls/host/k93jammy/v5.38.3/5674/lib/site_perl/5.38.3/Catalyst.pm line 3240
	eval {...} called at /home/sand/src/perl/repoperls/installed-perls/host/k93jammy/v5.38.3/5674/lib/site_perl/5.38.3/Catalyst.pm line 3241
	Catalyst::setup_component("ComponentUI", "ComponentUI::Model::TestModel") called at /home/sand/src/perl/repoperls/installed-perls/host/k93jammy/v5.38.3/5674/lib/site_perl/5.38.3/Catalyst.pm line 3218
	Catalyst::__ANON__() called at /home/sand/src/perl/repoperls/installed-perls/host/k93jammy/v5.38.3/5674/lib/site_perl/5.38.3/Catalyst.pm line 3065
	Catalyst::setup_components("ComponentUI") called at /home/sand/src/perl/repoperls/installed-perls/host/k93jammy/v5.38.3/5674/lib/site_perl/5.38.3/Catalyst.pm line 1438
	Catalyst::setup("ComponentUI") called at /tmp/loop_over_bdir-935399-bfmh6H/Reaction-0.002005-0/blib/lib/ComponentUI.pm line 32
	require ComponentUI.pm called at t/00componentui_compiles.t line 7
	main::BEGIN() called at t/00componentui_compiles.t line 7
	eval {...} called at t/00componentui_compiles.t line 7
	eval 'package main;
BEGIN { ${^WARNING_BITS} = $args[-1] if defined $args[-1] }
#line 7 t/00componentui_compiles.t
use ComponentUI @{$args[0]};
1;
' called at /home/sand/src/perl/repoperls/installed-perls/host/k93jammy/v5.38.3/5674/lib/site_perl/5.38.3/Test/More.pm line 1056
	Test::More::_eval("package main;\x{a}BEGIN { \${^WARNING_BITS} = \$args[-1] if defined"..., ARRAY(0x5e3fb7b87fb0), "UUUUUUUUUUUUUUUUUUUU") called at /home/sand/src/perl/repoperls/installed-perls/host/k93jammy/v5.38.3/5674/lib/site_perl/5.38.3/Test/More.pm line 1031
	Test::More::use_ok("ComponentUI") called at t/00componentui_compiles.t line 7
t/00componentui_compiles.t .. ok
Class::MOP::load_class is deprecated at /home/sand/src/perl/repoperls/installed-perls/host/k93jammy/v5.38.3/5674/lib/site_perl/5.38.3/x86_64-linux-ld/Class/MOP.pm line 69.
	Class::MOP::load_class("ComponentUI::TestModel") called at /tmp/loop_over_bdir-935399-bfmh6H/Reaction-0.002005-0/blib/lib/Catalyst/Model/Reaction/InterfaceModel/DBIC.pm line 24
	Catalyst::Model::Reaction::InterfaceModel::DBIC::COMPONENT("ComponentUI::Model::TestModel", "ComponentUI", HASH(0x56fdc5054418)) called at /home/sand/src/perl/repoperls/installed-perls/host/k93jammy/v5.38.3/5674/lib/site_perl/5.38.3/Catalyst.pm line 3240
	eval {...} called at /home/sand/src/perl/repoperls/installed-perls/host/k93jammy/v5.38.3/5674/lib/site_perl/5.38.3/Catalyst.pm line 3241
	Catalyst::setup_component("ComponentUI", "ComponentUI::Model::TestModel") called at /home/sand/src/perl/repoperls/installed-perls/host/k93jammy/v5.38.3/5674/lib/site_perl/5.38.3/Catalyst.pm line 3218
	Catalyst::__ANON__() called at /home/sand/src/perl/repoperls/installed-perls/host/k93jammy/v5.38.3/5674/lib/site_perl/5.38.3/Catalyst.pm line 3065
	Catalyst::setup_components("ComponentUI") called at /home/sand/src/perl/repoperls/installed-perls/host/k93jammy/v5.38.3/5674/lib/site_perl/5.38.3/Catalyst.pm line 1438
	Catalyst::setup("ComponentUI") called at /tmp/loop_over_bdir-935399-bfmh6H/Reaction-0.002005-0/blib/lib/ComponentUI.pm line 32
	require ComponentUI.pm called at /home/sand/src/perl/repoperls/installed-perls/host/k93jammy/v5.38.3/5674/lib/site_perl/5.38.3/Module/Runtime.pm line 314
	Module::Runtime::require_module("ComponentUI") called at /home/sand/src/perl/repoperls/installed-perls/host/k93jammy/v5.38.3/5674/lib/site_perl/5.38.3/Class/Load.pm line 174
	Class::Load::try {...} () called at /home/sand/src/perl/repoperls/installed-perls/host/k93jammy/v5.38.3/5674/lib/site_perl/5.38.3/Try/Tiny.pm line 98
	eval {...} called at /home/sand/src/perl/repoperls/installed-perls/host/k93jammy/v5.38.3/5674/lib/site_perl/5.38.3/Try/Tiny.pm line 93
	Try::Tiny::try(CODE(0x56fdbf4f5618), Try::Tiny::Catch=REF(0x56fdc024beb8)) called at /home/sand/src/perl/repoperls/installed-perls/host/k93jammy/v5.38.3/5674/lib/site_perl/5.38.3/Class/Load.pm line 180
	Class::Load::try_load_class("ComponentUI", undef) called at /home/sand/src/perl/repoperls/installed-perls/host/k93jammy/v5.38.3/5674/lib/site_perl/5.38.3/Class/Load.pm line 35
	Class::Load::load_class("ComponentUI") called at /home/sand/src/perl/repoperls/installed-perls/host/k93jammy/v5.38.3/5674/lib/site_perl/5.38.3/Catalyst/Test.pm line 29
	Catalyst::Test::_build_request_export("Catalyst::Test", HASH(0x56fdbee89ad0)) called at /home/sand/src/perl/repoperls/installed-perls/host/k93jammy/v5.38.3/5674/lib/site_perl/5.38.3/Catalyst/Test.pm line 95
	Catalyst::Test::__ANON__("Catalyst::Test", "all", HASH(0x56fdbee89aa0), HASH(0x56fdbee89860)) called at /home/sand/src/perl/repoperls/installed-perls/host/k93jammy/v5.38.3/5674/lib/site_perl/5.38.3/Sub/Exporter.pm line 491
	Sub::Exporter::_expand_group("Catalyst::Test", HASH(0x56fdc025ec80), ARRAY(0x56fdbee89878), HASH(0x56fdbee89860), HASH(0x56fdbee89b00), HASH(0x56fdbee89830)) called at /home/sand/src/perl/repoperls/installed-perls/host/k93jammy/v5.38.3/5674/lib/site_perl/5.38.3/Sub/Exporter.pm line 422
	Sub::Exporter::_expand_groups("Catalyst::Test", HASH(0x56fdc025ec80), ARRAY(0x56fdc06f7f48), HASH(0x56fdbee89860)) called at /home/sand/src/perl/repoperls/installed-perls/host/k93jammy/v5.38.3/5674/lib/site_perl/5.38.3/Sub/Exporter.pm line 740
	Sub::Exporter::__ANON__("Catalyst::Test", "-all", HASH(0x56fdbee897b8)) called at /home/sand/src/perl/repoperls/installed-perls/host/k93jammy/v5.38.3/5674/lib/site_perl/5.38.3/Catalyst/Test.pm line 155
	Catalyst::Test::import("Catalyst::Test", "ComponentUI") called at t/01app.t line 7
	main::BEGIN() called at t/01app.t line 7
	eval {...} called at t/01app.t line 7
	eval 'package main;
BEGIN { ${^WARNING_BITS} = $args[-1] if defined $args[-1] }
#line 7 t/01app.t
use Catalyst::Test @{$args[0]};
1;
' called at /home/sand/src/perl/repoperls/installed-perls/host/k93jammy/v5.38.3/5674/lib/site_perl/5.38.3/Test/More.pm line 1056
	Test::More::_eval("package main;\x{a}BEGIN { \${^WARNING_BITS} = \$args[-1] if defined"..., ARRAY(0x56fdbf4b4140), "UUUUUUUUUUUUUUUUUUUU") called at /home/sand/src/perl/repoperls/installed-perls/host/k93jammy/v5.38.3/5674/lib/site_perl/5.38.3/Test/More.pm line 1031
	Test::More::use_ok("Catalyst::Test", "ComponentUI") called at t/01app.t line 7
	main::BEGIN() called at t/01app.t line 8
	eval {...} called at t/01app.t line 8
Class::MOP::load_class is deprecated at /home/sand/src/perl/repoperls/installed-perls/host/k93jammy/v5.38.3/5674/lib/site_perl/5.38.3/x86_64-linux-ld/Class/MOP.pm line 69.
	Class::MOP::load_class("Reaction::InterfaceModel::Object") called at /tmp/loop_over_bdir-935399-bfmh6H/Reaction-0.002005-0/blib/lib/Reaction/InterfaceModel/Reflector/DBIC.pm line 149
	Reaction::InterfaceModel::Reflector::DBIC::reflect_schema(Reaction::InterfaceModel::Reflector::DBIC=HASH(0x56fdc5b4d760), "model_class", "ComponentUI::TestModel", "schema_class", "RTest::TestDB", "sources", ARRAY(0x56fdc5b326a0)) called at /tmp/loop_over_bdir-935399-bfmh6H/Reaction-0.002005-0/blib/lib/ComponentUI/TestModel.pm line 10
	require ComponentUI/TestModel.pm called at /home/sand/src/perl/repoperls/installed-perls/host/k93jammy/v5.38.3/5674/lib/site_perl/5.38.3/Module/Runtime.pm line 314
	Module::Runtime::require_module("ComponentUI::TestModel") called at /home/sand/src/perl/repoperls/installed-perls/host/k93jammy/v5.38.3/5674/lib/site_perl/5.38.3/Class/Load.pm line 174
	Class::Load::try {...} () called at /home/sand/src/perl/repoperls/installed-perls/host/k93jammy/v5.38.3/5674/lib/site_perl/5.38.3/Try/Tiny.pm line 98
	eval {...} called at /home/sand/src/perl/repoperls/installed-perls/host/k93jammy/v5.38.3/5674/lib/site_perl/5.38.3/Try/Tiny.pm line 93
	Try::Tiny::try(CODE(0x56fdc27c5ef0), Try::Tiny::Catch=REF(0x56fdc5616ea0)) called at /home/sand/src/perl/repoperls/installed-perls/host/k93jammy/v5.38.3/5674/lib/site_perl/5.38.3/Class/Load.pm line 180
	Class::Load::try_load_class("ComponentUI::TestModel", undef) called at /home/sand/src/perl/repoperls/installed-perls/host/k93jammy/v5.38.3/5674/lib/site_perl/5.38.3/Class/Load.pm line 35
	Class::Load::load_class("ComponentUI::TestModel") called at /tmp/loop_over_bdir-935399-bfmh6H/Reaction-0.002005-0/blib/lib/Catalyst/Model/Reaction/InterfaceModel/DBIC.pm line 24
	Catalyst::Model::Reaction::InterfaceModel::DBIC::COMPONENT("ComponentUI::Model::TestModel", "ComponentUI", HASH(0x56fdc5054418)) called at /home/sand/src/perl/repoperls/installed-perls/host/k93jammy/v5.38.3/5674/lib/site_perl/5.38.3/Catalyst.pm line 3240
	eval {...} called at /home/sand/src/perl/repoperls/installed-perls/host/k93jammy/v5.38.3/5674/lib/site_perl/5.38.3/Catalyst.pm line 3241
	Catalyst::setup_component("ComponentUI", "ComponentUI::Model::TestModel") called at /home/sand/src/perl/repoperls/installed-perls/host/k93jammy/v5.38.3/5674/lib/site_perl/5.38.3/Catalyst.pm line 3218
	Catalyst::__ANON__() called at /home/sand/src/perl/repoperls/installed-perls/host/k93jammy/v5.38.3/5674/lib/site_perl/5.38.3/Catalyst.pm line 3065
	Catalyst::setup_components("ComponentUI") called at /home/sand/src/perl/repoperls/installed-perls/host/k93jammy/v5.38.3/5674/lib/site_perl/5.38.3/Catalyst.pm line 1438
	Catalyst::setup("ComponentUI") called at /tmp/loop_over_bdir-935399-bfmh6H/Reaction-0.002005-0/blib/lib/ComponentUI.pm line 32
	require ComponentUI.pm called at /home/sand/src/perl/repoperls/installed-perls/host/k93jammy/v5.38.3/5674/lib/site_perl/5.38.3/Module/Runtime.pm line 314
	Module::Runtime::require_module("ComponentUI") called at /home/sand/src/perl/repoperls/installed-perls/host/k93jammy/v5.38.3/5674/lib/site_perl/5.38.3/Class/Load.pm line 174
	Class::Load::try {...} () called at /home/sand/src/perl/repoperls/installed-perls/host/k93jammy/v5.38.3/5674/lib/site_perl/5.38.3/Try/Tiny.pm line 98
	eval {...} called at /home/sand/src/perl/repoperls/installed-perls/host/k93jammy/v5.38.3/5674/lib/site_perl/5.38.3/Try/Tiny.pm line 93
	Try::Tiny::try(CODE(0x56fdbf4f5618), Try::Tiny::Catch=REF(0x56fdc024beb8)) called at /home/sand/src/perl/repoperls/installed-perls/host/k93jammy/v5.38.3/5674/lib/site_perl/5.38.3/Class/Load.pm line 180
	Class::Load::try_load_class("ComponentUI", undef) called at /home/sand/src/perl/repoperls/installed-perls/host/k93jammy/v5.38.3/5674/lib/site_perl/5.38.3/Class/Load.pm line 35
	Class::Load::load_class("ComponentUI") called at /home/sand/src/perl/repoperls/installed-perls/host/k93jammy/v5.38.3/5674/lib/site_perl/5.38.3/Catalyst/Test.pm line 29
	Catalyst::Test::_build_request_export("Catalyst::Test", HASH(0x56fdbee89ad0)) called at /home/sand/src/perl/repoperls/installed-perls/host/k93jammy/v5.38.3/5674/lib/site_perl/5.38.3/Catalyst/Test.pm line 95
	Catalyst::Test::__ANON__("Catalyst::Test", "all", HASH(0x56fdbee89aa0), HASH(0x56fdbee89860)) called at /home/sand/src/perl/repoperls/installed-perls/host/k93jammy/v5.38.3/5674/lib/site_perl/5.38.3/Sub/Exporter.pm line 491
	Sub::Exporter::_expand_group("Catalyst::Test", HASH(0x56fdc025ec80), ARRAY(0x56fdbee89878), HASH(0x56fdbee89860), HASH(0x56fdbee89b00), HASH(0x56fdbee89830)) called at /home/sand/src/perl/repoperls/installed-perls/host/k93jammy/v5.38.3/5674/lib/site_perl/5.38.3/Sub/Exporter.pm line 422
	Sub::Exporter::_expand_groups("Catalyst::Test", HASH(0x56fdc025ec80), ARRAY(0x56fdc06f7f48), HASH(0x56fdbee89860)) called at /home/sand/src/perl/repoperls/installed-perls/host/k93jammy/v5.38.3/5674/lib/site_perl/5.38.3/Sub/Exporter.pm line 740
	Sub::Exporter::__ANON__("Catalyst::Test", "-all", HASH(0x56fdbee897b8)) called at /home/sand/src/perl/repoperls/installed-perls/host/k93jammy/v5.38.3/5674/lib/site_perl/5.38.3/Catalyst/Test.pm line 155
	Catalyst::Test::import("Catalyst::Test", "ComponentUI") called at t/01app.t line 7
	main::BEGIN() called at t/01app.t line 7
	eval {...} called at t/01app.t line 7
	eval 'package main;
BEGIN { ${^WARNING_BITS} = $args[-1] if defined $args[-1] }
#line 7 t/01app.t
use Catalyst::Test @{$args[0]};
1;
' called at /home/sand/src/perl/repoperls/installed-perls/host/k93jammy/v5.38.3/5674/lib/site_perl/5.38.3/Test/More.pm line 1056
	Test::More::_eval("package main;\x{a}BEGIN { \${^WARNING_BITS} = \$args[-1] if defined"..., ARRAY(0x56fdbf4b4140), "UUUUUUUUUUUUUUUUUUUU") called at /home/sand/src/perl/repoperls/installed-perls/host/k93jammy/v5.38.3/5674/lib/site_perl/5.38.3/Test/More.pm line 1031
	Test::More::use_ok("Catalyst::Test", "ComponentUI") called at t/01app.t line 7
	main::BEGIN() called at t/01app.t line 8
	eval {...} called at t/01app.t line 8
Class::MOP::load_class is deprecated at /home/sand/src/perl/repoperls/installed-perls/host/k93jammy/v5.38.3/5674/lib/site_perl/5.38.3/x86_64-linux-ld/Class/MOP.pm line 69.
	Class::MOP::load_class("Reaction::InterfaceModel::Object") called at /tmp/loop_over_bdir-935399-bfmh6H/Reaction-0.002005-0/blib/lib/Reaction/Class.pm line 123
	Reaction::Class::do_class_sub("Reaction::Class", "ComponentUI::TestModel::Foo", "ComponentUI::TestModel::Foo", "is", "Reaction::InterfaceModel::Object", "which", CODE(0x56fdc5d01ba8)) called at /tmp/loop_over_bdir-935399-bfmh6H/Reaction-0.002005-0/blib/lib/Reaction/Class.pm line 86
	Reaction::Class::("ComponentUI::TestModel::Foo", "is", "Reaction::InterfaceModel::Object", "which", CODE(0x56fdc5d01ba8)) called at /tmp/loop_over_bdir-935399-bfmh6H/Reaction-0.002005-0/blib/lib/ComponentUI/TestModel/Foo.pm line 8
	require ComponentUI/TestModel/Foo.pm called at /home/sand/src/perl/repoperls/installed-perls/host/k93jammy/v5.38.3/5674/lib/site_perl/5.38.3/Module/Runtime.pm line 314
	Module::Runtime::require_module("ComponentUI::TestModel::Foo") called at /home/sand/src/perl/repoperls/installed-perls/host/k93jammy/v5.38.3/5674/lib/site_perl/5.38.3/Class/Load.pm line 174
	Class::Load::try {...} () called at /home/sand/src/perl/repoperls/installed-perls/host/k93jammy/v5.38.3/5674/lib/site_perl/5.38.3/Try/Tiny.pm line 98
	eval {...} called at /home/sand/src/perl/repoperls/installed-perls/host/k93jammy/v5.38.3/5674/lib/site_perl/5.38.3/Try/Tiny.pm line 93
	Try::Tiny::try(CODE(0x56fdc5cbfac8), Try::Tiny::Catch=REF(0x56fdc5cf71e8)) called at /home/sand/src/perl/repoperls/installed-perls/host/k93jammy/v5.38.3/5674/lib/site_perl/5.38.3/Class/Load.pm line 180
	Class::Load::try_load_class("ComponentUI::TestModel::Foo", undef) called at /home/sand/src/perl/repoperls/installed-perls/host/k93jammy/v5.38.3/5674/lib/site_perl/5.38.3/Class/Load.pm line 35
	Class::Load::load_class("ComponentUI::TestModel::Foo") called at /tmp/loop_over_bdir-935399-bfmh6H/Reaction-0.002005-0/blib/lib/Reaction/InterfaceModel/Reflector/DBIC.pm line 892
	eval {...} called at /tmp/loop_over_bdir-935399-bfmh6H/Reaction-0.002005-0/blib/lib/Reaction/InterfaceModel/Reflector/DBIC.pm line 892
	Reaction::InterfaceModel::Reflector::DBIC::_maybe_load_class(Reaction::InterfaceModel::Reflector::DBIC=HASH(0x56fdc5b4d760), "ComponentUI::TestModel::Foo") called at /tmp/loop_over_bdir-935399-bfmh6H/Reaction-0.002005-0/blib/lib/Reaction/InterfaceModel/Reflector/DBIC.pm line 876
	Reaction::InterfaceModel::Reflector::DBIC::_load_or_create(Reaction::InterfaceModel::Reflector::DBIC=HASH(0x56fdc5b4d760), "ComponentUI::TestModel::Foo", "superclasses", ARRAY(0x56fdc5cf2480)) called at /tmp/loop_over_bdir-935399-bfmh6H/Reaction-0.002005-0/blib/lib/Reaction/InterfaceModel/Reflector/DBIC.pm line 448
	Reaction::InterfaceModel::Reflector::DBIC::reflect_source_object(Reaction::InterfaceModel::Reflector::DBIC=HASH(0x56fdc5b4d760), "source_name", "Foo", "parent_class", "ComponentUI::TestModel", "source_class", "RTest::TestDB::Foo", "parent_domain_model_name", ...) called at /tmp/loop_over_bdir-935399-bfmh6H/Reaction-0.002005-0/blib/lib/Reaction/InterfaceModel/Reflector/DBIC.pm line 323
	Reaction::InterfaceModel::Reflector::DBIC::reflect_source(Reaction::InterfaceModel::Reflector::DBIC=HASH(0x56fdc5b4d760), "source_name", "Foo", "parent_class", "ComponentUI::TestModel", "schema_class", "RTest::TestDB", "source_class", ...) called at /tmp/loop_over_bdir-935399-bfmh6H/Reaction-0.002005-0/blib/lib/Reaction/InterfaceModel/Reflector/DBIC.pm line 185
	Reaction::InterfaceModel::Reflector::DBIC::reflect_schema(Reaction::InterfaceModel::Reflector::DBIC=HASH(0x56fdc5b4d760), "model_class", "ComponentUI::TestModel", "schema_class", "RTest::TestDB", "sources", ARRAY(0x56fdc5b326a0)) called at /tmp/loop_over_bdir-935399-bfmh6H/Reaction-0.002005-0/blib/lib/ComponentUI/TestModel.pm line 10
	require ComponentUI/TestModel.pm called at /home/sand/src/perl/repoperls/installed-perls/host/k93jammy/v5.38.3/5674/lib/site_perl/5.38.3/Module/Runtime.pm line 314
	Module::Runtime::require_module("ComponentUI::TestModel") called at /home/sand/src/perl/repoperls/installed-perls/host/k93jammy/v5.38.3/5674/lib/site_perl/5.38.3/Class/Load.pm line 174
	Class::Load::try {...} () called at /home/sand/src/perl/repoperls/installed-perls/host/k93jammy/v5.38.3/5674/lib/site_perl/5.38.3/Try/Tiny.pm line 98
	eval {...} called at /home/sand/src/perl/repoperls/installed-perls/host/k93jammy/v5.38.3/5674/lib/site_perl/5.38.3/Try/Tiny.pm line 93
	Try::Tiny::try(CODE(0x56fdc27c5ef0), Try::Tiny::Catch=REF(0x56fdc5616ea0)) called at /home/sand/src/perl/repoperls/installed-perls/host/k93jammy/v5.38.3/5674/lib/site_perl/5.38.3/Class/Load.pm line 180
	Class::Load::try_load_class("ComponentUI::TestModel", undef) called at /home/sand/src/perl/repoperls/installed-perls/host/k93jammy/v5.38.3/5674/lib/site_perl/5.38.3/Class/Load.pm line 35
	Class::Load::load_class("ComponentUI::TestModel") called at /tmp/loop_over_bdir-935399-bfmh6H/Reaction-0.002005-0/blib/lib/Catalyst/Model/Reaction/InterfaceModel/DBIC.pm line 24
	Catalyst::Model::Reaction::InterfaceModel::DBIC::COMPONENT("ComponentUI::Model::TestModel", "ComponentUI", HASH(0x56fdc5054418)) called at /home/sand/src/perl/repoperls/installed-perls/host/k93jammy/v5.38.3/5674/lib/site_perl/5.38.3/Catalyst.pm line 3240
	eval {...} called at /home/sand/src/perl/repoperls/installed-perls/host/k93jammy/v5.38.3/5674/lib/site_perl/5.38.3/Catalyst.pm line 3241
	Catalyst::setup_component("ComponentUI", "ComponentUI::Model::TestModel") called at /home/sand/src/perl/repoperls/installed-perls/host/k93jammy/v5.38.3/5674/lib/site_perl/5.38.3/Catalyst.pm line 3218
	Catalyst::__ANON__() called at /home/sand/src/perl/repoperls/installed-perls/host/k93jammy/v5.38.3/5674/lib/site_perl/5.38.3/Catalyst.pm line 3065
	Catalyst::setup_components("ComponentUI") called at /home/sand/src/perl/repoperls/installed-perls/host/k93jammy/v5.38.3/5674/lib/site_perl/5.38.3/Catalyst.pm line 1438
	Catalyst::setup("ComponentUI") called at /tmp/loop_over_bdir-935399-bfmh6H/Reaction-0.002005-0/blib/lib/ComponentUI.pm line 32
	require ComponentUI.pm called at /home/sand/src/perl/repoperls/installed-perls/host/k93jammy/v5.38.3/5674/lib/site_perl/5.38.3/Module/Runtime.pm line 314
	Module::Runtime::require_module("ComponentUI") called at /home/sand/src/perl/repoperls/installed-perls/host/k93jammy/v5.38.3/5674/lib/site_perl/5.38.3/Class/Load.pm line 174
	Class::Load::try {...} () called at /home/sand/src/perl/repoperls/installed-perls/host/k93jammy/v5.38.3/5674/lib/site_perl/5.38.3/Try/Tiny.pm line 98
	eval {...} called at /home/sand/src/perl/repoperls/installed-perls/host/k93jammy/v5.38.3/5674/lib/site_perl/5.38.3/Try/Tiny.pm line 93
	Try::Tiny::try(CODE(0x56fdbf4f5618), Try::Tiny::Catch=REF(0x56fdc024beb8)) called at /home/sand/src/perl/repoperls/installed-perls/host/k93jammy/v5.38.3/5674/lib/site_perl/5.38.3/Class/Load.pm line 180
	Class::Load::try_load_class("ComponentUI", undef) called at /home/sand/src/perl/repoperls/installed-perls/host/k93jammy/v5.38.3/5674/lib/site_perl/5.38.3/Class/Load.pm line 35
	Class::Load::load_class("ComponentUI") called at /home/sand/src/perl/repoperls/installed-perls/host/k93jammy/v5.38.3/5674/lib/site_perl/5.38.3/Catalyst/Test.pm line 29
	Catalyst::Test::_build_request_export("Catalyst::Test", HASH(0x56fdbee89ad0)) called at /home/sand/src/perl/repoperls/installed-perls/host/k93jammy/v5.38.3/5674/lib/site_perl/5.38.3/Catalyst/Test.pm line 95
	Catalyst::Test::__ANON__("Catalyst::Test", "all", HASH(0x56fdbee89aa0), HASH(0x56fdbee89860)) called at /home/sand/src/perl/repoperls/installed-perls/host/k93jammy/v5.38.3/5674/lib/site_perl/5.38.3/Sub/Exporter.pm line 491
	Sub::Exporter::_expand_group("Catalyst::Test", HASH(0x56fdc025ec80), ARRAY(0x56fdbee89878), HASH(0x56fdbee89860), HASH(0x56fdbee89b00), HASH(0x56fdbee89830)) called at /home/sand/src/perl/repoperls/installed-perls/host/k93jammy/v5.38.3/5674/lib/site_perl/5.38.3/Sub/Exporter.pm line 422
	Sub::Exporter::_expand_groups("Catalyst::Test", HASH(0x56fdc025ec80), ARRAY(0x56fdc06f7f48), HASH(0x56fdbee89860)) called at /home/sand/src/perl/repoperls/installed-perls/host/k93jammy/v5.38.3/5674/lib/site_perl/5.38.3/Sub/Exporter.pm line 740
	Sub::Exporter::__ANON__("Catalyst::Test", "-all", HASH(0x56fdbee897b8)) called at /home/sand/src/perl/repoperls/installed-perls/host/k93jammy/v5.38.3/5674/lib/site_perl/5.38.3/Catalyst/Test.pm line 155
	Catalyst::Test::import("Catalyst::Test", "ComponentUI") called at t/01app.t line 7
	main::BEGIN() called at t/01app.t line 7
	eval {...} called at t/01app.t line 7
	eval 'package main;
BEGIN { ${^WARNING_BITS} = $args[-1] if defined $args[-1] }
#line 7 t/01app.t
use Catalyst::Test @{$args[0]};
1;
' called at /home/sand/src/perl/repoperls/installed-perls/host/k93jammy/v5.38.3/5674/lib/site_perl/5.38.3/Test/More.pm line 1056
	Test::More::_eval("package main;\x{a}BEGIN { \${^WARNING_BITS} = \$args[-1] if defined"..., ARRAY(0x56fdbf4b4140), "UUUUUUUUUUUUUUUUUUUU") called at /home/sand/src/perl/repoperls/installed-perls/host/k93jammy/v5.38.3/5674/lib/site_perl/5.38.3/Test/More.pm line 1031
	Test::More::use_ok("Catalyst::Test", "ComponentUI") called at t/01app.t line 7
	main::BEGIN() called at t/01app.t line 8
	eval {...} called at t/01app.t line 8
Class::MOP::load_class is deprecated at /home/sand/src/perl/repoperls/installed-perls/host/k93jammy/v5.38.3/5674/lib/site_perl/5.38.3/x86_64-linux-ld/Class/MOP.pm line 69.
	Class::MOP::load_class("ComponentUI::RenderingContext::Site") called at /tmp/loop_over_bdir-935399-bfmh6H/Reaction-0.002005-0/blib/lib/Reaction/UI/View.pm line 125
	eval {...} called at /tmp/loop_over_bdir-935399-bfmh6H/Reaction-0.002005-0/blib/lib/Reaction/UI/View.pm line 125
	Reaction::UI::View::find_related_class(ComponentUI::View::Site=HASH(0x56fdc25e9ec0), "RenderingContext") called at /tmp/loop_over_bdir-935399-bfmh6H/Reaction-0.002005-0/blib/lib/Reaction/UI/View.pm line 43
	Reaction::UI::View::_build_rendering_context_class(ComponentUI::View::Site=HASH(0x56fdc25e9ec0)) called at reader Reaction::UI::View::rendering_context_class (defined at /tmp/loop_over_bdir-935399-bfmh6H/Reaction-0.002005-0/blib/lib/Reaction/UI/View.pm line 29) line 8
	Reaction::UI::View::rendering_context_class(ComponentUI::View::Site=HASH(0x56fdc25e9ec0)) called at /tmp/loop_over_bdir-935399-bfmh6H/Reaction-0.002005-0/blib/lib/Reaction/UI/View.pm line 134
	Reaction::UI::View::create_rendering_context(ComponentUI::View::Site=HASH(0x56fdc25e9ec0)) called at /tmp/loop_over_bdir-935399-bfmh6H/Reaction-0.002005-0/blib/lib/Reaction/UI/View.pm line 60
	Reaction::UI::View::render_window(ComponentUI::View::Site=HASH(0x56fdc25e9ec0), Reaction::UI::Window=HASH(0x56fdc63193c8)) called at /tmp/loop_over_bdir-935399-bfmh6H/Reaction-0.002005-0/blib/lib/Reaction/UI/Window.pm line 74
	Reaction::UI::Window::flush_view(Reaction::UI::Window=HASH(0x56fdc63193c8)) called at /tmp/loop_over_bdir-935399-bfmh6H/Reaction-0.002005-0/blib/lib/Reaction/UI/Window.pm line 36
	Reaction::UI::Window::flush(Reaction::UI::Window=HASH(0x56fdc63193c8)) called at /tmp/loop_over_bdir-935399-bfmh6H/Reaction-0.002005-0/blib/lib/Reaction/UI/Controller/Root.pm line 38
	Reaction::UI::Controller::Root::end(ComponentUI::Controller::Root=HASH(0x56fdc62b4870), ComponentUI=HASH(0x56fdc62c3af8)) called at /home/sand/src/perl/repoperls/installed-perls/host/k93jammy/v5.38.3/5674/lib/site_perl/5.38.3/Catalyst/Action.pm line 374
	Catalyst::Action::execute(Catalyst::Action=HASH(0x56fdc60f9a88), ComponentUI::Controller::Root=HASH(0x56fdc62b4870), ComponentUI=HASH(0x56fdc62c3af8)) called at /home/sand/src/perl/repoperls/installed-perls/host/k93jammy/v5.38.3/5674/lib/site_perl/5.38.3/Catalyst.pm line 2067
	eval {...} called at /home/sand/src/perl/repoperls/installed-perls/host/k93jammy/v5.38.3/5674/lib/site_perl/5.38.3/Catalyst.pm line 2067
	Catalyst::execute(ComponentUI=HASH(0x56fdc62c3af8), "ComponentUI::Controller::Root", Catalyst::Action=HASH(0x56fdc60f9a88)) called at /home/sand/src/perl/repoperls/installed-perls/host/k93jammy/v5.38.3/5674/lib/site_perl/5.38.3/Catalyst/Action.pm line 368
	Catalyst::Action::dispatch(Catalyst::Action=HASH(0x56fdc60f9a88), ComponentUI=HASH(0x56fdc62c3af8)) called at /home/sand/src/perl/repoperls/installed-perls/host/k93jammy/v5.38.3/5674/lib/site_perl/5.38.3/Catalyst/Controller.pm line 188
	Catalyst::Controller::_END(ComponentUI::Controller::Root=HASH(0x56fdc62b4870), ComponentUI=HASH(0x56fdc62c3af8)) called at /home/sand/src/perl/repoperls/installed-perls/host/k93jammy/v5.38.3/5674/lib/site_perl/5.38.3/Catalyst/Action.pm line 374
	Catalyst::Action::execute(Catalyst::Action=HASH(0x56fdc60f9d88), ComponentUI::Controller::Root=HASH(0x56fdc62b4870), ComponentUI=HASH(0x56fdc62c3af8)) called at /home/sand/src/perl/repoperls/installed-perls/host/k93jammy/v5.38.3/5674/lib/site_perl/5.38.3/Catalyst.pm line 2067
	eval {...} called at /home/sand/src/perl/repoperls/installed-perls/host/k93jammy/v5.38.3/5674/lib/site_perl/5.38.3/Catalyst.pm line 2067
	Catalyst::execute(ComponentUI=HASH(0x56fdc62c3af8), "ComponentUI::Controller::Root", Catalyst::Action=HASH(0x56fdc60f9d88)) called at /home/sand/src/perl/repoperls/installed-perls/host/k93jammy/v5.38.3/5674/lib/site_perl/5.38.3/Catalyst/Action.pm line 368
	Catalyst::Action::dispatch(Catalyst::Action=HASH(0x56fdc60f9d88), ComponentUI=HASH(0x56fdc62c3af8)) called at /home/sand/src/perl/repoperls/installed-perls/host/k93jammy/v5.38.3/5674/lib/site_perl/5.38.3/Catalyst/Dispatcher.pm line 261
	Catalyst::Dispatcher::_do_forward(Catalyst::Dispatcher=HASH(0x56fdc0eda1c8), "forward", ComponentUI=HASH(0x56fdc62c3af8), "_END") called at /home/sand/src/perl/repoperls/installed-perls/host/k93jammy/v5.38.3/5674/lib/site_perl/5.38.3/Catalyst/Dispatcher.pm line 241
	Catalyst::Dispatcher::forward(Catalyst::Dispatcher=HASH(0x56fdc0eda1c8), ComponentUI=HASH(0x56fdc62c3af8), "_END") called at /home/sand/src/perl/repoperls/installed-perls/host/k93jammy/v5.38.3/5674/lib/site_perl/5.38.3/Catalyst.pm line 489
	Catalyst::forward(ComponentUI=HASH(0x56fdc62c3af8), "_END") called at /home/sand/src/perl/repoperls/installed-perls/host/k93jammy/v5.38.3/5674/lib/site_perl/5.38.3/Catalyst/Controller.pm line 137
	Catalyst::Controller::_DISPATCH(ComponentUI::Controller::Root=HASH(0x56fdc62b4870), ComponentUI=HASH(0x56fdc62c3af8)) called at /home/sand/src/perl/repoperls/installed-perls/host/k93jammy/v5.38.3/5674/lib/site_perl/5.38.3/Catalyst/Action.pm line 374
	Catalyst::Action::execute(Catalyst::Action=HASH(0x56fdc60f9c20), ComponentUI::Controller::Root=HASH(0x56fdc62b4870), ComponentUI=HASH(0x56fdc62c3af8)) called at /home/sand/src/perl/repoperls/installed-perls/host/k93jammy/v5.38.3/5674/lib/site_perl/5.38.3/Catalyst.pm line 2067
	eval {...} called at /home/sand/src/perl/repoperls/installed-perls/host/k93jammy/v5.38.3/5674/lib/site_perl/5.38.3/Catalyst.pm line 2067
	Catalyst::execute(ComponentUI=HASH(0x56fdc62c3af8), "ComponentUI::Controller::Root", Catalyst::Action=HASH(0x56fdc60f9c20)) called at /home/sand/src/perl/repoperls/installed-perls/host/k93jammy/v5.38.3/5674/lib/site_perl/5.38.3/Catalyst/Action.pm line 368
	Catalyst::Action::dispatch(Catalyst::Action=HASH(0x56fdc60f9c20), ComponentUI=HASH(0x56fdc62c3af8)) called at /home/sand/src/perl/repoperls/installed-perls/host/k93jammy/v5.38.3/5674/lib/site_perl/5.38.3/Catalyst/Dispatcher.pm line 261
	Catalyst::Dispatcher::_do_forward(Catalyst::Dispatcher=HASH(0x56fdc0eda1c8), "forward", ComponentUI=HASH(0x56fdc62c3af8), "//_DISPATCH") called at /home/sand/src/perl/repoperls/installed-perls/host/k93jammy/v5.38.3/5674/lib/site_perl/5.38.3/Catalyst/Dispatcher.pm line 241
	Catalyst::Dispatcher::forward(Catalyst::Dispatcher=HASH(0x56fdc0eda1c8), ComponentUI=HASH(0x56fdc62c3af8), "//_DISPATCH") called at /home/sand/src/perl/repoperls/installed-perls/host/k93jammy/v5.38.3/5674/lib/site_perl/5.38.3/Catalyst.pm line 489
	Catalyst::forward(ComponentUI=HASH(0x56fdc62c3af8), "//_DISPATCH") called at /home/sand/src/perl/repoperls/installed-perls/host/k93jammy/v5.38.3/5674/lib/site_perl/5.38.3/Catalyst/Dispatcher.pm line 107
	Catalyst::Dispatcher::dispatch(Catalyst::Dispatcher=HASH(0x56fdc0eda1c8), ComponentUI=HASH(0x56fdc62c3af8)) called at /home/sand/src/perl/repoperls/installed-perls/host/k93jammy/v5.38.3/5674/lib/site_perl/5.38.3/Catalyst.pm line 2013
	Catalyst::dispatch(ComponentUI=HASH(0x56fdc62c3af8)) called at /home/sand/src/perl/repoperls/installed-perls/host/k93jammy/v5.38.3/5674/lib/site_perl/5.38.3/Catalyst/Plugin/Static/Simple.pm line 85
	Class::MOP::Class:::around(CODE(0x56fdc13c08b8), ComponentUI=HASH(0x56fdc62c3af8)) called at /home/sand/src/perl/repoperls/installed-perls/host/k93jammy/v5.38.3/5674/lib/site_perl/5.38.3/x86_64-linux-ld/Class/MOP/Method/Wrapped.pm line 166
	ComponentUI::_wrapped_dispatch(ComponentUI=HASH(0x56fdc62c3af8)) called at /home/sand/src/perl/repoperls/installed-perls/host/k93jammy/v5.38.3/5674/lib/site_perl/5.38.3/x86_64-linux-ld/Class/MOP/Method/Wrapped.pm line 97
	ComponentUI::dispatch(ComponentUI=HASH(0x56fdc62c3af8)) called at /home/sand/src/perl/repoperls/installed-perls/host/k93jammy/v5.38.3/5674/lib/site_perl/5.38.3/Catalyst.pm line 2419
	Catalyst::try {...} () called at /home/sand/src/perl/repoperls/installed-perls/host/k93jammy/v5.38.3/5674/lib/site_perl/5.38.3/Try/Tiny.pm line 102
	eval {...} called at /home/sand/src/perl/repoperls/installed-perls/host/k93jammy/v5.38.3/5674/lib/site_perl/5.38.3/Try/Tiny.pm line 93
	Try::Tiny::try(CODE(0x56fdc62c3468), Try::Tiny::Catch=REF(0x56fdc62c3270)) called at /home/sand/src/perl/repoperls/installed-perls/host/k93jammy/v5.38.3/5674/lib/site_perl/5.38.3/Catalyst.pm line 2428
	Catalyst::handle_request("ComponentUI", "env", HASH(0x56fdbeec47a8), "response_cb", CODE(0x56fdc62c32d0)) called at /home/sand/src/perl/repoperls/installed-perls/host/k93jammy/v5.38.3/5674/lib/site_perl/5.38.3/Catalyst/Engine.pm line 808
	Catalyst::Engine::__ANON__(CODE(0x56fdc62c32d0)) called at /home/sand/src/perl/repoperls/installed-perls/host/k93jammy/v5.38.3/5674/lib/site_perl/5.38.3/Plack/Middleware/HTTPExceptions.pm line 32
	Plack::Middleware::HTTPExceptions::try {...} () called at /home/sand/src/perl/repoperls/installed-perls/host/k93jammy/v5.38.3/5674/lib/site_perl/5.38.3/Try/Tiny.pm line 102
	eval {...} called at /home/sand/src/perl/repoperls/installed-perls/host/k93jammy/v5.38.3/5674/lib/site_perl/5.38.3/Try/Tiny.pm line 93
	Try::Tiny::try(CODE(0x56fdc62c3108), Try::Tiny::Catch=REF(0x56fdc6314b20)) called at /home/sand/src/perl/repoperls/installed-perls/host/k93jammy/v5.38.3/5674/lib/site_perl/5.38.3/Plack/Middleware/HTTPExceptions.pm line 41
	Plack::Middleware::HTTPExceptions::__ANON__(CODE(0x56fdc63148e0)) called at /home/sand/src/perl/repoperls/installed-perls/host/k93jammy/v5.38.3/5674/lib/site_perl/5.38.3/Plack/Util.pm line 339
	Plack::Util::__ANON__(CODE(0x56fdbeec47c0)) called at /home/sand/src/perl/repoperls/installed-perls/host/k93jammy/v5.38.3/5674/lib/site_perl/5.38.3/Plack/Util.pm line 339
	Plack::Util::__ANON__(CODE(0x56fdbeec4640)) called at /home/sand/src/perl/repoperls/installed-perls/host/k93jammy/v5.38.3/5674/lib/site_perl/5.38.3/Plack/Util.pm line 339
	Plack::Util::__ANON__(CODE(0x56fdbeec45c8)) called at /home/sand/src/perl/repoperls/installed-perls/host/k93jammy/v5.38.3/5674/lib/site_perl/5.38.3/HTTP/Message/PSGI.pm line 100
	HTTP::Message::PSGI::res_from_psgi(CODE(0x56fdc62c2e80)) called at /home/sand/src/perl/repoperls/installed-perls/host/k93jammy/v5.38.3/5674/lib/site_perl/5.38.3/HTTP/Message/PSGI.pm line 157
	HTTP::Response::from_psgi("HTTP::Response", CODE(0x56fdc62c2e80)) called at /home/sand/src/perl/repoperls/installed-perls/host/k93jammy/v5.38.3/5674/lib/site_perl/5.38.3/Plack/Test/MockHTTP.pm line 24
	Plack::Test::MockHTTP::try {...} () called at /home/sand/src/perl/repoperls/installed-perls/host/k93jammy/v5.38.3/5674/lib/site_perl/5.38.3/Try/Tiny.pm line 100
	eval {...} called at /home/sand/src/perl/repoperls/installed-perls/host/k93jammy/v5.38.3/5674/lib/site_perl/5.38.3/Try/Tiny.pm line 93
	Try::Tiny::try(CODE(0x56fdc63051c0), Try::Tiny::Catch=REF(0x56fdc61c28d8)) called at /home/sand/src/perl/repoperls/installed-perls/host/k93jammy/v5.38.3/5674/lib/site_perl/5.38.3/Plack/Test/MockHTTP.pm line 27
	Plack::Test::MockHTTP::request(Plack::Test::MockHTTP=HASH(0x56fdbeec4070), HTTP::Request=HASH(0x56fdc61d67e8)) called at /home/sand/src/perl/repoperls/installed-perls/host/k93jammy/v5.38.3/5674/lib/site_perl/5.38.3/Plack/Test.pm line 38
	Plack::Test::__ANON__(HTTP::Request=HASH(0x56fdc61d67e8)) called at /home/sand/src/perl/repoperls/installed-perls/host/k93jammy/v5.38.3/5674/lib/site_perl/5.38.3/Catalyst/Test.pm line 290
	Catalyst::Test::__ANON__(CODE(0x56fdbeec3ff8)) called at /home/sand/src/perl/repoperls/installed-perls/host/k93jammy/v5.38.3/5674/lib/site_perl/5.38.3/Plack/Test.pm line 38
	Plack::Test::test_psgi("mangle_response", CODE(0x56fdc0230a68), "app", CODE(0x56fdc61d63f8), "app", CODE(0x56fdc61cdb28), "client", CODE(0x56fdbeec3e90)) called at /home/sand/src/perl/repoperls/installed-perls/host/k93jammy/v5.38.3/5674/lib/site_perl/5.38.3/Catalyst/Test.pm line 293
	Catalyst::Test::_request(HASH(0x56fdbeea86a8), "/") called at /home/sand/src/perl/repoperls/installed-perls/host/k93jammy/v5.38.3/5674/lib/site_perl/5.38.3/Catalyst/Test.pm line 336
	Catalyst::Test::_local_request("ComponentUI", "/") called at /home/sand/src/perl/repoperls/installed-perls/host/k93jammy/v5.38.3/5674/lib/site_perl/5.38.3/Catalyst/Test.pm line 32
	Catalyst::Test::__ANON__("/") called at t/01app.t line 10
Class::MOP::is_class_loaded is deprecated at /home/sand/src/perl/repoperls/installed-perls/host/k93jammy/v5.38.3/5674/lib/site_perl/5.38.3/x86_64-linux-ld/Class/MOP.pm line 87.
	Class::MOP::is_class_loaded("ComponentUI::UI::Widget::SiteLayout") called at /tmp/loop_over_bdir-935399-bfmh6H/Reaction-0.002005-0/blib/lib/Reaction/UI/Skin.pm line 178
	Reaction::UI::Skin::widget_class_for(Reaction::UI::Skin=HASH(0x56fdc632ae98), Reaction::UI::LayoutSet::TT=HASH(0x56fdc63a1f40)) called at /tmp/loop_over_bdir-935399-bfmh6H/Reaction-0.002005-0/blib/lib/Reaction/UI/LayoutSet.pm line 29
	Reaction::UI::LayoutSet::BUILD(Reaction::UI::LayoutSet::TT=HASH(0x56fdc63a1f40), HASH(0x56fdc63a1f28)) called at constructor Reaction::UI::LayoutSet::TT::new (defined at /tmp/loop_over_bdir-935399-bfmh6H/Reaction-0.002005-0/blib/lib/Reaction/UI/LayoutSet/TT.pm line 43) line 80
	Reaction::UI::LayoutSet::TT::new("Reaction::UI::LayoutSet::TT", "name", "site_layout", "skin", Reaction::UI::Skin=HASH(0x56fdc632ae98), "tt_object", Template=HASH(0x56fdc5c07148), "source_file", ...) called at /tmp/loop_over_bdir-935399-bfmh6H/Reaction-0.002005-0/blib/lib/Reaction/UI/Skin.pm line 115
	Reaction::UI::Skin::_create_layout_set(Reaction::UI::Skin=HASH(0x56fdc632ae98), "site_layout", ARRAY(0x56fdc631e768), Reaction::UI::Skin=HASH(0x56fdc632ae98)) called at /tmp/loop_over_bdir-935399-bfmh6H/Reaction-0.002005-0/blib/lib/Reaction/UI/Skin.pm line 110
	Reaction::UI::Skin::create_layout_set(Reaction::UI::Skin=HASH(0x56fdc632ae98), "site_layout") called at /tmp/loop_over_bdir-935399-bfmh6H/Reaction-0.002005-0/blib/lib/Reaction/UI/LayoutSet.pm line 83
	Reaction::UI::LayoutSet::_load_file(Reaction::UI::LayoutSet::TT=HASH(0x56fdc6381220), Path::Class::File=HASH(0x56fdc6345670), HASH(0x56fdc6346568)) called at /tmp/loop_over_bdir-935399-bfmh6H/Reaction-0.002005-0/blib/lib/Reaction/UI/LayoutSet.pm line 27
	Reaction::UI::LayoutSet::BUILD(Reaction::UI::LayoutSet::TT=HASH(0x56fdc6381220), HASH(0x56fdc6346568)) called at constructor Reaction::UI::LayoutSet::TT::new (defined at /tmp/loop_over_bdir-935399-bfmh6H/Reaction-0.002005-0/blib/lib/Reaction/UI/LayoutSet/TT.pm line 43) line 80
	Reaction::UI::LayoutSet::TT::new("Reaction::UI::LayoutSet::TT", "name", "site_layout", "skin", Reaction::UI::Skin=HASH(0x56fdc632adf0), "next_skin", Reaction::UI::Skin=HASH(0x56fdc632ae98), "tt_object", ...) called at /tmp/loop_over_bdir-935399-bfmh6H/Reaction-0.002005-0/blib/lib/Reaction/UI/Skin.pm line 115
	Reaction::UI::Skin::_create_layout_set(Reaction::UI::Skin=HASH(0x56fdc632adf0), "site_layout", ARRAY(0x56fdc6345760), Reaction::UI::Skin=HASH(0x56fdc632adf0)) called at /tmp/loop_over_bdir-935399-bfmh6H/Reaction-0.002005-0/blib/lib/Reaction/UI/Skin.pm line 110
	Reaction::UI::Skin::create_layout_set(Reaction::UI::Skin=HASH(0x56fdc632adf0), "site_layout") called at /tmp/loop_over_bdir-935399-bfmh6H/Reaction-0.002005-0/blib/lib/Reaction/UI/LayoutSet.pm line 83
	Reaction::UI::LayoutSet::_load_file(Reaction::UI::LayoutSet::TT=HASH(0x56fdc6331040), Path::Class::File=HASH(0x56fdc5d634f8), HASH(0x56fdbee8c330)) called at /tmp/loop_over_bdir-935399-bfmh6H/Reaction-0.002005-0/blib/lib/Reaction/UI/LayoutSet.pm line 27
	Reaction::UI::LayoutSet::BUILD(Reaction::UI::LayoutSet::TT=HASH(0x56fdc6331040), HASH(0x56fdbee8c330)) called at constructor Reaction::UI::LayoutSet::TT::new (defined at /tmp/loop_over_bdir-935399-bfmh6H/Reaction-0.002005-0/blib/lib/Reaction/UI/LayoutSet/TT.pm line 43) line 80
	Reaction::UI::LayoutSet::TT::new("Reaction::UI::LayoutSet::TT", "name", "site_layout", "skin", Reaction::UI::Skin=HASH(0x56fdbee8c4e0), "next_skin", Reaction::UI::Skin=HASH(0x56fdc632adf0), "tt_object", ...) called at /tmp/loop_over_bdir-935399-bfmh6H/Reaction-0.002005-0/blib/lib/Reaction/UI/Skin.pm line 115
	Reaction::UI::Skin::_create_layout_set(Reaction::UI::Skin=HASH(0x56fdbee8c4e0), "site_layout", ARRAY(0x56fdc6326070), Reaction::UI::Skin=HASH(0x56fdbee8c4e0)) called at /tmp/loop_over_bdir-935399-bfmh6H/Reaction-0.002005-0/blib/lib/Reaction/UI/Skin.pm line 110
	Reaction::UI::Skin::create_layout_set(Reaction::UI::Skin=HASH(0x56fdbee8c4e0), "site_layout") called at inline delegation in Reaction::UI::View for skin->create_layout_set (attribute declared in /tmp/loop_over_bdir-935399-bfmh6H/Reaction-0.002005-0/blib/lib/Reaction/UI/View.pm at line 22) line 18
	Reaction::UI::View::create_layout_set(ComponentUI::View::Site=HASH(0x56fdc25e9ec0), "site_layout") called at /tmp/loop_over_bdir-935399-bfmh6H/Reaction-0.002005-0/blib/lib/Reaction/UI/View.pm line 99
	Reaction::UI::View::layout_set_for(ComponentUI::View::Site=HASH(0x56fdc25e9ec0), Reaction::UI::ViewPort::SiteLayout=HASH(0x56fdc6319a58)) called at /tmp/loop_over_bdir-935399-bfmh6H/Reaction-0.002005-0/blib/lib/Reaction/UI/View.pm line 78
	Reaction::UI::View::render_viewport_args(ComponentUI::View::Site=HASH(0x56fdc25e9ec0), Reaction::UI::ViewPort::SiteLayout=HASH(0x56fdc6319a58)) called at /tmp/loop_over_bdir-935399-bfmh6H/Reaction-0.002005-0/blib/lib/Reaction/UI/View.pm line 61
	Reaction::UI::View::render_window(ComponentUI::View::Site=HASH(0x56fdc25e9ec0), Reaction::UI::Window=HASH(0x56fdc63193c8)) called at /tmp/loop_over_bdir-935399-bfmh6H/Reaction-0.002005-0/blib/lib/Reaction/UI/Window.pm line 74
	Reaction::UI::Window::flush_view(Reaction::UI::Window=HASH(0x56fdc63193c8)) called at /tmp/loop_over_bdir-935399-bfmh6H/Reaction-0.002005-0/blib/lib/Reaction/UI/Window.pm line 36
	Reaction::UI::Window::flush(Reaction::UI::Window=HASH(0x56fdc63193c8)) called at /tmp/loop_over_bdir-935399-bfmh6H/Reaction-0.002005-0/blib/lib/Reaction/UI/Controller/Root.pm line 38
	Reaction::UI::Controller::Root::end(ComponentUI::Controller::Root=HASH(0x56fdc62b4870), ComponentUI=HASH(0x56fdc62c3af8)) called at /home/sand/src/perl/repoperls/installed-perls/host/k93jammy/v5.38.3/5674/lib/site_perl/5.38.3/Catalyst/Action.pm line 374
	Catalyst::Action::execute(Catalyst::Action=HASH(0x56fdc60f9a88), ComponentUI::Controller::Root=HASH(0x56fdc62b4870), ComponentUI=HASH(0x56fdc62c3af8)) called at /home/sand/src/perl/repoperls/installed-perls/host/k93jammy/v5.38.3/5674/lib/site_perl/5.38.3/Catalyst.pm line 2067
	eval {...} called at /home/sand/src/perl/repoperls/installed-perls/host/k93jammy/v5.38.3/5674/lib/site_perl/5.38.3/Catalyst.pm line 2067
	Catalyst::execute(ComponentUI=HASH(0x56fdc62c3af8), "ComponentUI::Controller::Root", Catalyst::Action=HASH(0x56fdc60f9a88)) called at /home/sand/src/perl/repoperls/installed-perls/host/k93jammy/v5.38.3/5674/lib/site_perl/5.38.3/Catalyst/Action.pm line 368
	Catalyst::Action::dispatch(Catalyst::Action=HASH(0x56fdc60f9a88), ComponentUI=HASH(0x56fdc62c3af8)) called at /home/sand/src/perl/repoperls/installed-perls/host/k93jammy/v5.38.3/5674/lib/site_perl/5.38.3/Catalyst/Controller.pm line 188
	Catalyst::Controller::_END(ComponentUI::Controller::Root=HASH(0x56fdc62b4870), ComponentUI=HASH(0x56fdc62c3af8)) called at /home/sand/src/perl/repoperls/installed-perls/host/k93jammy/v5.38.3/5674/lib/site_perl/5.38.3/Catalyst/Action.pm line 374
	Catalyst::Action::execute(Catalyst::Action=HASH(0x56fdc60f9d88), ComponentUI::Controller::Root=HASH(0x56fdc62b4870), ComponentUI=HASH(0x56fdc62c3af8)) called at /home/sand/src/perl/repoperls/installed-perls/host/k93jammy/v5.38.3/5674/lib/site_perl/5.38.3/Catalyst.pm line 2067
	eval {...} called at /home/sand/src/perl/repoperls/installed-perls/host/k93jammy/v5.38.3/5674/lib/site_perl/5.38.3/Catalyst.pm line 2067
	Catalyst::execute(ComponentUI=HASH(0x56fdc62c3af8), "ComponentUI::Controller::Root", Catalyst::Action=HASH(0x56fdc60f9d88)) called at /home/sand/src/perl/repoperls/installed-perls/host/k93jammy/v5.38.3/5674/lib/site_perl/5.38.3/Catalyst/Action.pm line 368
	Catalyst::Action::dispatch(Catalyst::Action=HASH(0x56fdc60f9d88), ComponentUI=HASH(0x56fdc62c3af8)) called at /home/sand/src/perl/repoperls/installed-perls/host/k93jammy/v5.38.3/5674/lib/site_perl/5.38.3/Catalyst/Dispatcher.pm line 261
	Catalyst::Dispatcher::_do_forward(Catalyst::Dispatcher=HASH(0x56fdc0eda1c8), "forward", ComponentUI=HASH(0x56fdc62c3af8), "_END") called at /home/sand/src/perl/repoperls/installed-perls/host/k93jammy/v5.38.3/5674/lib/site_perl/5.38.3/Catalyst/Dispatcher.pm line 241
	Catalyst::Dispatcher::forward(Catalyst::Dispatcher=HASH(0x56fdc0eda1c8), ComponentUI=HASH(0x56fdc62c3af8), "_END") called at /home/sand/src/perl/repoperls/installed-perls/host/k93jammy/v5.38.3/5674/lib/site_perl/5.38.3/Catalyst.pm line 489
	Catalyst::forward(ComponentUI=HASH(0x56fdc62c3af8), "_END") called at /home/sand/src/perl/repoperls/installed-perls/host/k93jammy/v5.38.3/5674/lib/site_perl/5.38.3/Catalyst/Controller.pm line 137
	Catalyst::Controller::_DISPATCH(ComponentUI::Controller::Root=HASH(0x56fdc62b4870), ComponentUI=HASH(0x56fdc62c3af8)) called at /home/sand/src/perl/repoperls/installed-perls/host/k93jammy/v5.38.3/5674/lib/site_perl/5.38.3/Catalyst/Action.pm line 374
	Catalyst::Action::execute(Catalyst::Action=HASH(0x56fdc60f9c20), ComponentUI::Controller::Root=HASH(0x56fdc62b4870), ComponentUI=HASH(0x56fdc62c3af8)) called at /home/sand/src/perl/repoperls/installed-perls/host/k93jammy/v5.38.3/5674/lib/site_perl/5.38.3/Catalyst.pm line 2067
	eval {...} called at /home/sand/src/perl/repoperls/installed-perls/host/k93jammy/v5.38.3/5674/lib/site_perl/5.38.3/Catalyst.pm line 2067
	Catalyst::execute(ComponentUI=HASH(0x56fdc62c3af8), "ComponentUI::Controller::Root", Catalyst::Action=HASH(0x56fdc60f9c20)) called at /home/sand/src/perl/repoperls/installed-perls/host/k93jammy/v5.38.3/5674/lib/site_perl/5.38.3/Catalyst/Action.pm line 368
	Catalyst::Action::dispatch(Catalyst::Action=HASH(0x56fdc60f9c20), ComponentUI=HASH(0x56fdc62c3af8)) called at /home/sand/src/perl/repoperls/installed-perls/host/k93jammy/v5.38.3/5674/lib/site_perl/5.38.3/Catalyst/Dispatcher.pm line 261
	Catalyst::Dispatcher::_do_forward(Catalyst::Dispatcher=HASH(0x56fdc0eda1c8), "forward", ComponentUI=HASH(0x56fdc62c3af8), "//_DISPATCH") called at /home/sand/src/perl/repoperls/installed-perls/host/k93jammy/v5.38.3/5674/lib/site_perl/5.38.3/Catalyst/Dispatcher.pm line 241
	Catalyst::Dispatcher::forward(Catalyst::Dispatcher=HASH(0x56fdc0eda1c8), ComponentUI=HASH(0x56fdc62c3af8), "//_DISPATCH") called at /home/sand/src/perl/repoperls/installed-perls/host/k93jammy/v5.38.3/5674/lib/site_perl/5.38.3/Catalyst.pm line 489
	Catalyst::forward(ComponentUI=HASH(0x56fdc62c3af8), "//_DISPATCH") called at /home/sand/src/perl/repoperls/installed-perls/host/k93jammy/v5.38.3/5674/lib/site_perl/5.38.3/Catalyst/Dispatcher.pm line 107
	Catalyst::Dispatcher::dispatch(Catalyst::Dispatcher=HASH(0x56fdc0eda1c8), ComponentUI=HASH(0x56fdc62c3af8)) called at /home/sand/src/perl/repoperls/installed-perls/host/k93jammy/v5.38.3/5674/lib/site_perl/5.38.3/Catalyst.pm line 2013
	Catalyst::dispatch(ComponentUI=HASH(0x56fdc62c3af8)) called at /home/sand/src/perl/repoperls/installed-perls/host/k93jammy/v5.38.3/5674/lib/site_perl/5.38.3/Catalyst/Plugin/Static/Simple.pm line 85
	Class::MOP::Class:::around(CODE(0x56fdc13c08b8), ComponentUI=HASH(0x56fdc62c3af8)) called at /home/sand/src/perl/repoperls/installed-perls/host/k93jammy/v5.38.3/5674/lib/site_perl/5.38.3/x86_64-linux-ld/Class/MOP/Method/Wrapped.pm line 166
	ComponentUI::_wrapped_dispatch(ComponentUI=HASH(0x56fdc62c3af8)) called at /home/sand/src/perl/repoperls/installed-perls/host/k93jammy/v5.38.3/5674/lib/site_perl/5.38.3/x86_64-linux-ld/Class/MOP/Method/Wrapped.pm line 97
	ComponentUI::dispatch(ComponentUI=HASH(0x56fdc62c3af8)) called at /home/sand/src/perl/repoperls/installed-perls/host/k93jammy/v5.38.3/5674/lib/site_perl/5.38.3/Catalyst.pm line 2419
	Catalyst::try {...} () called at /home/sand/src/perl/repoperls/installed-perls/host/k93jammy/v5.38.3/5674/lib/site_perl/5.38.3/Try/Tiny.pm line 102
	eval {...} called at /home/sand/src/perl/repoperls/installed-perls/host/k93jammy/v5.38.3/5674/lib/site_perl/5.38.3/Try/Tiny.pm line 93
	Try::Tiny::try(CODE(0x56fdc62c3468), Try::Tiny::Catch=REF(0x56fdc62c3270)) called at /home/sand/src/perl/repoperls/installed-perls/host/k93jammy/v5.38.3/5674/lib/site_perl/5.38.3/Catalyst.pm line 2428
	Catalyst::handle_request("ComponentUI", "env", HASH(0x56fdbeec47a8), "response_cb", CODE(0x56fdc62c32d0)) called at /home/sand/src/perl/repoperls/installed-perls/host/k93jammy/v5.38.3/5674/lib/site_perl/5.38.3/Catalyst/Engine.pm line 808
	Catalyst::Engine::__ANON__(CODE(0x56fdc62c32d0)) called at /home/sand/src/perl/repoperls/installed-perls/host/k93jammy/v5.38.3/5674/lib/site_perl/5.38.3/Plack/Middleware/HTTPExceptions.pm line 32
	Plack::Middleware::HTTPExceptions::try {...} () called at /home/sand/src/perl/repoperls/installed-perls/host/k93jammy/v5.38.3/5674/lib/site_perl/5.38.3/Try/Tiny.pm line 102
	eval {...} called at /home/sand/src/perl/repoperls/installed-perls/host/k93jammy/v5.38.3/5674/lib/site_perl/5.38.3/Try/Tiny.pm line 93
	Try::Tiny::try(CODE(0x56fdc62c3108), Try::Tiny::Catch=REF(0x56fdc6314b20)) called at /home/sand/src/perl/repoperls/installed-perls/host/k93jammy/v5.38.3/5674/lib/site_perl/5.38.3/Plack/Middleware/HTTPExceptions.pm line 41
	Plack::Middleware::HTTPExceptions::__ANON__(CODE(0x56fdc63148e0)) called at /home/sand/src/perl/repoperls/installed-perls/host/k93jammy/v5.38.3/5674/lib/site_perl/5.38.3/Plack/Util.pm line 339
	Plack::Util::__ANON__(CODE(0x56fdbeec47c0)) called at /home/sand/src/perl/repoperls/installed-perls/host/k93jammy/v5.38.3/5674/lib/site_perl/5.38.3/Plack/Util.pm line 339
	Plack::Util::__ANON__(CODE(0x56fdbeec4640)) called at /home/sand/src/perl/repoperls/installed-perls/host/k93jammy/v5.38.3/5674/lib/site_perl/5.38.3/Plack/Util.pm line 339
	Plack::Util::__ANON__(CODE(0x56fdbeec45c8)) called at /home/sand/src/perl/repoperls/installed-perls/host/k93jammy/v5.38.3/5674/lib/site_perl/5.38.3/HTTP/Message/PSGI.pm line 100
	HTTP::Message::PSGI::res_from_psgi(CODE(0x56fdc62c2e80)) called at /home/sand/src/perl/repoperls/installed-perls/host/k93jammy/v5.38.3/5674/lib/site_perl/5.38.3/HTTP/Message/PSGI.pm line 157
	HTTP::Response::from_psgi("HTTP::Response", CODE(0x56fdc62c2e80)) called at /home/sand/src/perl/repoperls/installed-perls/host/k93jammy/v5.38.3/5674/lib/site_perl/5.38.3/Plack/Test/MockHTTP.pm line 24
	Plack::Test::MockHTTP::try {...} () called at /home/sand/src/perl/repoperls/installed-perls/host/k93jammy/v5.38.3/5674/lib/site_perl/5.38.3/Try/Tiny.pm line 100
	eval {...} called at /home/sand/src/perl/repoperls/installed-perls/host/k93jammy/v5.38.3/5674/lib/site_perl/5.38.3/Try/Tiny.pm line 93
	Try::Tiny::try(CODE(0x56fdc63051c0), Try::Tiny::Catch=REF(0x56fdc61c28d8)) called at /home/sand/src/perl/repoperls/installed-perls/host/k93jammy/v5.38.3/5674/lib/site_perl/5.38.3/Plack/Test/MockHTTP.pm line 27
	Plack::Test::MockHTTP::request(Plack::Test::MockHTTP=HASH(0x56fdbeec4070), HTTP::Request=HASH(0x56fdc61d67e8)) called at /home/sand/src/perl/repoperls/installed-perls/host/k93jammy/v5.38.3/5674/lib/site_perl/5.38.3/Plack/Test.pm line 38
	Plack::Test::__ANON__(HTTP::Request=HASH(0x56fdc61d67e8)) called at /home/sand/src/perl/repoperls/installed-perls/host/k93jammy/v5.38.3/5674/lib/site_perl/5.38.3/Catalyst/Test.pm line 290
	Catalyst::Test::__ANON__(CODE(0x56fdbeec3ff8)) called at /home/sand/src/perl/repoperls/installed-perls/host/k93jammy/v5.38.3/5674/lib/site_perl/5.38.3/Plack/Test.pm line 38
	Plack::Test::test_psgi("mangle_response", CODE(0x56fdc0230a68), "app", CODE(0x56fdc61d63f8), "app", CODE(0x56fdc61cdb28), "client", CODE(0x56fdbeec3e90)) called at /home/sand/src/perl/repoperls/installed-perls/host/k93jammy/v5.38.3/5674/lib/site_perl/5.38.3/Catalyst/Test.pm line 293
	Catalyst::Test::_request(HASH(0x56fdbeea86a8), "/") called at /home/sand/src/perl/repoperls/installed-perls/host/k93jammy/v5.38.3/5674/lib/site_perl/5.38.3/Catalyst/Test.pm line 336
	Catalyst::Test::_local_request("ComponentUI", "/") called at /home/sand/src/perl/repoperls/installed-perls/host/k93jammy/v5.38.3/5674/lib/site_perl/5.38.3/Catalyst/Test.pm line 32
	Catalyst::Test::__ANON__("/") called at t/01app.t line 10
Class::MOP::load_class is deprecated at /home/sand/src/perl/repoperls/installed-perls/host/k93jammy/v5.38.3/5674/lib/site_perl/5.38.3/x86_64-linux-ld/Class/MOP.pm line 69.
	Class::MOP::load_class("Reaction::UI::Widget::SiteLayout") called at /tmp/loop_over_bdir-935399-bfmh6H/Reaction-0.002005-0/blib/lib/Reaction/UI/Skin.pm line 181
	eval {...} called at /tmp/loop_over_bdir-935399-bfmh6H/Reaction-0.002005-0/blib/lib/Reaction/UI/Skin.pm line 181
	Reaction::UI::Skin::widget_class_for(Reaction::UI::Skin=HASH(0x56fdc632ae98), Reaction::UI::LayoutSet::TT=HASH(0x56fdc63a1f40)) called at /tmp/loop_over_bdir-935399-bfmh6H/Reaction-0.002005-0/blib/lib/Reaction/UI/LayoutSet.pm line 29
	Reaction::UI::LayoutSet::BUILD(Reaction::UI::LayoutSet::TT=HASH(0x56fdc63a1f40), HASH(0x56fdc63a1f28)) called at constructor Reaction::UI::LayoutSet::TT::new (defined at /tmp/loop_over_bdir-935399-bfmh6H/Reaction-0.002005-0/blib/lib/Reaction/UI/LayoutSet/TT.pm line 43) line 80
	Reaction::UI::LayoutSet::TT::new("Reaction::UI::LayoutSet::TT", "name", "site_layout", "skin", Reaction::UI::Skin=HASH(0x56fdc632ae98), "tt_object", Template=HASH(0x56fdc5c07148), "source_file", ...) called at /tmp/loop_over_bdir-935399-bfmh6H/Reaction-0.002005-0/blib/lib/Reaction/UI/Skin.pm line 115
	Reaction::UI::Skin::_create_layout_set(Reaction::UI::Skin=HASH(0x56fdc632ae98), "site_layout", ARRAY(0x56fdc631e768), Reaction::UI::Skin=HASH(0x56fdc632ae98)) called at /tmp/loop_over_bdir-935399-bfmh6H/Reaction-0.002005-0/blib/lib/Reaction/UI/Skin.pm line 110
	Reaction::UI::Skin::create_layout_set(Reaction::UI::Skin=HASH(0x56fdc632ae98), "site_layout") called at /tmp/loop_over_bdir-935399-bfmh6H/Reaction-0.002005-0/blib/lib/Reaction/UI/LayoutSet.pm line 83
	Reaction::UI::LayoutSet::_load_file(Reaction::UI::LayoutSet::TT=HASH(0x56fdc6381220), Path::Class::File=HASH(0x56fdc6345670), HASH(0x56fdc6346568)) called at /tmp/loop_over_bdir-935399-bfmh6H/Reaction-0.002005-0/blib/lib/Reaction/UI/LayoutSet.pm line 27
	Reaction::UI::LayoutSet::BUILD(Reaction::UI::LayoutSet::TT=HASH(0x56fdc6381220), HASH(0x56fdc6346568)) called at constructor Reaction::UI::LayoutSet::TT::new (defined at /tmp/loop_over_bdir-935399-bfmh6H/Reaction-0.002005-0/blib/lib/Reaction/UI/LayoutSet/TT.pm line 43) line 80
	Reaction::UI::LayoutSet::TT::new("Reaction::UI::LayoutSet::TT", "name", "site_layout", "skin", Reaction::UI::Skin=HASH(0x56fdc632adf0), "next_skin", Reaction::UI::Skin=HASH(0x56fdc632ae98), "tt_object", ...) called at /tmp/loop_over_bdir-935399-bfmh6H/Reaction-0.002005-0/blib/lib/Reaction/UI/Skin.pm line 115
	Reaction::UI::Skin::_create_layout_set(Reaction::UI::Skin=HASH(0x56fdc632adf0), "site_layout", ARRAY(0x56fdc6345760), Reaction::UI::Skin=HASH(0x56fdc632adf0)) called at /tmp/loop_over_bdir-935399-bfmh6H/Reaction-0.002005-0/blib/lib/Reaction/UI/Skin.pm line 110
	Reaction::UI::Skin::create_layout_set(Reaction::UI::Skin=HASH(0x56fdc632adf0), "site_layout") called at /tmp/loop_over_bdir-935399-bfmh6H/Reaction-0.002005-0/blib/lib/Reaction/UI/LayoutSet.pm line 83
	Reaction::UI::LayoutSet::_load_file(Reaction::UI::LayoutSet::TT=HASH(0x56fdc6331040), Path::Class::File=HASH(0x56fdc5d634f8), HASH(0x56fdbee8c330)) called at /tmp/loop_over_bdir-935399-bfmh6H/Reaction-0.002005-0/blib/lib/Reaction/UI/LayoutSet.pm line 27
	Reaction::UI::LayoutSet::BUILD(Reaction::UI::LayoutSet::TT=HASH(0x56fdc6331040), HASH(0x56fdbee8c330)) called at constructor Reaction::UI::LayoutSet::TT::new (defined at /tmp/loop_over_bdir-935399-bfmh6H/Reaction-0.002005-0/blib/lib/Reaction/UI/LayoutSet/TT.pm line 43) line 80
	Reaction::UI::LayoutSet::TT::new("Reaction::UI::LayoutSet::TT", "name", "site_layout", "skin", Reaction::UI::Skin=HASH(0x56fdbee8c4e0), "next_skin", Reaction::UI::Skin=HASH(0x56fdc632adf0), "tt_object", ...) called at /tmp/loop_over_bdir-935399-bfmh6H/Reaction-0.002005-0/blib/lib/Reaction/UI/Skin.pm line 115
	Reaction::UI::Skin::_create_layout_set(Reaction::UI::Skin=HASH(0x56fdbee8c4e0), "site_layout", ARRAY(0x56fdc6326070), Reaction::UI::Skin=HASH(0x56fdbee8c4e0)) called at /tmp/loop_over_bdir-935399-bfmh6H/Reaction-0.002005-0/blib/lib/Reaction/UI/Skin.pm line 110
	Reaction::UI::Skin::create_layout_set(Reaction::UI::Skin=HASH(0x56fdbee8c4e0), "site_layout") called at inline delegation in Reaction::UI::View for skin->create_layout_set (attribute declared in /tmp/loop_over_bdir-935399-bfmh6H/Reaction-0.002005-0/blib/lib/Reaction/UI/View.pm at line 22) line 18
	Reaction::UI::View::create_layout_set(ComponentUI::View::Site=HASH(0x56fdc25e9ec0), "site_layout") called at /tmp/loop_over_bdir-935399-bfmh6H/Reaction-0.002005-0/blib/lib/Reaction/UI/View.pm line 99
	Reaction::UI::View::layout_set_for(ComponentUI::View::Site=HASH(0x56fdc25e9ec0), Reaction::UI::ViewPort::SiteLayout=HASH(0x56fdc6319a58)) called at /tmp/loop_over_bdir-935399-bfmh6H/Reaction-0.002005-0/blib/lib/Reaction/UI/View.pm line 78
	Reaction::UI::View::render_viewport_args(ComponentUI::View::Site=HASH(0x56fdc25e9ec0), Reaction::UI::ViewPort::SiteLayout=HASH(0x56fdc6319a58)) called at /tmp/loop_over_bdir-935399-bfmh6H/Reaction-0.002005-0/blib/lib/Reaction/UI/View.pm line 61
	Reaction::UI::View::render_window(ComponentUI::View::Site=HASH(0x56fdc25e9ec0), Reaction::UI::Window=HASH(0x56fdc63193c8)) called at /tmp/loop_over_bdir-935399-bfmh6H/Reaction-0.002005-0/blib/lib/Reaction/UI/Window.pm line 74
	Reaction::UI::Window::flush_view(Reaction::UI::Window=HASH(0x56fdc63193c8)) called at /tmp/loop_over_bdir-935399-bfmh6H/Reaction-0.002005-0/blib/lib/Reaction/UI/Window.pm line 36
	Reaction::UI::Window::flush(Reaction::UI::Window=HASH(0x56fdc63193c8)) called at /tmp/loop_over_bdir-935399-bfmh6H/Reaction-0.002005-0/blib/lib/Reaction/UI/Controller/Root.pm line 38
	Reaction::UI::Controller::Root::end(ComponentUI::Controller::Root=HASH(0x56fdc62b4870), ComponentUI=HASH(0x56fdc62c3af8)) called at /home/sand/src/perl/repoperls/installed-perls/host/k93jammy/v5.38.3/5674/lib/site_perl/5.38.3/Catalyst/Action.pm line 374
	Catalyst::Action::execute(Catalyst::Action=HASH(0x56fdc60f9a88), ComponentUI::Controller::Root=HASH(0x56fdc62b4870), ComponentUI=HASH(0x56fdc62c3af8)) called at /home/sand/src/perl/repoperls/installed-perls/host/k93jammy/v5.38.3/5674/lib/site_perl/5.38.3/Catalyst.pm line 2067
	eval {...} called at /home/sand/src/perl/repoperls/installed-perls/host/k93jammy/v5.38.3/5674/lib/site_perl/5.38.3/Catalyst.pm line 2067
	Catalyst::execute(ComponentUI=HASH(0x56fdc62c3af8), "ComponentUI::Controller::Root", Catalyst::Action=HASH(0x56fdc60f9a88)) called at /home/sand/src/perl/repoperls/installed-perls/host/k93jammy/v5.38.3/5674/lib/site_perl/5.38.3/Catalyst/Action.pm line 368
	Catalyst::Action::dispatch(Catalyst::Action=HASH(0x56fdc60f9a88), ComponentUI=HASH(0x56fdc62c3af8)) called at /home/sand/src/perl/repoperls/installed-perls/host/k93jammy/v5.38.3/5674/lib/site_perl/5.38.3/Catalyst/Controller.pm line 188
	Catalyst::Controller::_END(ComponentUI::Controller::Root=HASH(0x56fdc62b4870), ComponentUI=HASH(0x56fdc62c3af8)) called at /home/sand/src/perl/repoperls/installed-perls/host/k93jammy/v5.38.3/5674/lib/site_perl/5.38.3/Catalyst/Action.pm line 374
	Catalyst::Action::execute(Catalyst::Action=HASH(0x56fdc60f9d88), ComponentUI::Controller::Root=HASH(0x56fdc62b4870), ComponentUI=HASH(0x56fdc62c3af8)) called at /home/sand/src/perl/repoperls/installed-perls/host/k93jammy/v5.38.3/5674/lib/site_perl/5.38.3/Catalyst.pm line 2067
	eval {...} called at /home/sand/src/perl/repoperls/installed-perls/host/k93jammy/v5.38.3/5674/lib/site_perl/5.38.3/Catalyst.pm line 2067
	Catalyst::execute(ComponentUI=HASH(0x56fdc62c3af8), "ComponentUI::Controller::Root", Catalyst::Action=HASH(0x56fdc60f9d88)) called at /home/sand/src/perl/repoperls/installed-perls/host/k93jammy/v5.38.3/5674/lib/site_perl/5.38.3/Catalyst/Action.pm line 368
	Catalyst::Action::dispatch(Catalyst::Action=HASH(0x56fdc60f9d88), ComponentUI=HASH(0x56fdc62c3af8)) called at /home/sand/src/perl/repoperls/installed-perls/host/k93jammy/v5.38.3/5674/lib/site_perl/5.38.3/Catalyst/Dispatcher.pm line 261
	Catalyst::Dispatcher::_do_forward(Catalyst::Dispatcher=HASH(0x56fdc0eda1c8), "forward", ComponentUI=HASH(0x56fdc62c3af8), "_END") called at /home/sand/src/perl/repoperls/installed-perls/host/k93jammy/v5.38.3/5674/lib/site_perl/5.38.3/Catalyst/Dispatcher.pm line 241
	Catalyst::Dispatcher::forward(Catalyst::Dispatcher=HASH(0x56fdc0eda1c8), ComponentUI=HASH(0x56fdc62c3af8), "_END") called at /home/sand/src/perl/repoperls/installed-perls/host/k93jammy/v5.38.3/5674/lib/site_perl/5.38.3/Catalyst.pm line 489
	Catalyst::forward(ComponentUI=HASH(0x56fdc62c3af8), "_END") called at /home/sand/src/perl/repoperls/installed-perls/host/k93jammy/v5.38.3/5674/lib/site_perl/5.38.3/Catalyst/Controller.pm line 137
	Catalyst::Controller::_DISPATCH(ComponentUI::Controller::Root=HASH(0x56fdc62b4870), ComponentUI=HASH(0x56fdc62c3af8)) called at /home/sand/src/perl/repoperls/installed-perls/host/k93jammy/v5.38.3/5674/lib/site_perl/5.38.3/Catalyst/Action.pm line 374
	Catalyst::Action::execute(Catalyst::Action=HASH(0x56fdc60f9c20), ComponentUI::Controller::Root=HASH(0x56fdc62b4870), ComponentUI=HASH(0x56fdc62c3af8)) called at /home/sand/src/perl/repoperls/installed-perls/host/k93jammy/v5.38.3/5674/lib/site_perl/5.38.3/Catalyst.pm line 2067
	eval {...} called at /home/sand/src/perl/repoperls/installed-perls/host/k93jammy/v5.38.3/5674/lib/site_perl/5.38.3/Catalyst.pm line 2067
	Catalyst::execute(ComponentUI=HASH(0x56fdc62c3af8), "ComponentUI::Controller::Root", Catalyst::Action=HASH(0x56fdc60f9c20)) called at /home/sand/src/perl/repoperls/installed-perls/host/k93jammy/v5.38.3/5674/lib/site_perl/5.38.3/Catalyst/Action.pm line 368
	Catalyst::Action::dispatch(Catalyst::Action=HASH(0x56fdc60f9c20), ComponentUI=HASH(0x56fdc62c3af8)) called at /home/sand/src/perl/repoperls/installed-perls/host/k93jammy/v5.38.3/5674/lib/site_perl/5.38.3/Catalyst/Dispatcher.pm line 261
	Catalyst::Dispatcher::_do_forward(Catalyst::Dispatcher=HASH(0x56fdc0eda1c8), "forward", ComponentUI=HASH(0x56fdc62c3af8), "//_DISPATCH") called at /home/sand/src/perl/repoperls/installed-perls/host/k93jammy/v5.38.3/5674/lib/site_perl/5.38.3/Catalyst/Dispatcher.pm line 241
	Catalyst::Dispatcher::forward(Catalyst::Dispatcher=HASH(0x56fdc0eda1c8), ComponentUI=HASH(0x56fdc62c3af8), "//_DISPATCH") called at /home/sand/src/perl/repoperls/installed-perls/host/k93jammy/v5.38.3/5674/lib/site_perl/5.38.3/Catalyst.pm line 489
	Catalyst::forward(ComponentUI=HASH(0x56fdc62c3af8), "//_DISPATCH") called at /home/sand/src/perl/repoperls/installed-perls/host/k93jammy/v5.38.3/5674/lib/site_perl/5.38.3/Catalyst/Dispatcher.pm line 107
	Catalyst::Dispatcher::dispatch(Catalyst::Dispatcher=HASH(0x56fdc0eda1c8), ComponentUI=HASH(0x56fdc62c3af8)) called at /home/sand/src/perl/repoperls/installed-perls/host/k93jammy/v5.38.3/5674/lib/site_perl/5.38.3/Catalyst.pm line 2013
	Catalyst::dispatch(ComponentUI=HASH(0x56fdc62c3af8)) called at /home/sand/src/perl/repoperls/installed-perls/host/k93jammy/v5.38.3/5674/lib/site_perl/5.38.3/Catalyst/Plugin/Static/Simple.pm line 85
	Class::MOP::Class:::around(CODE(0x56fdc13c08b8), ComponentUI=HASH(0x56fdc62c3af8)) called at /home/sand/src/perl/repoperls/installed-perls/host/k93jammy/v5.38.3/5674/lib/site_perl/5.38.3/x86_64-linux-ld/Class/MOP/Method/Wrapped.pm line 166
	ComponentUI::_wrapped_dispatch(ComponentUI=HASH(0x56fdc62c3af8)) called at /home/sand/src/perl/repoperls/installed-perls/host/k93jammy/v5.38.3/5674/lib/site_perl/5.38.3/x86_64-linux-ld/Class/MOP/Method/Wrapped.pm line 97
	ComponentUI::dispatch(ComponentUI=HASH(0x56fdc62c3af8)) called at /home/sand/src/perl/repoperls/installed-perls/host/k93jammy/v5.38.3/5674/lib/site_perl/5.38.3/Catalyst.pm line 2419
	Catalyst::try {...} () called at /home/sand/src/perl/repoperls/installed-perls/host/k93jammy/v5.38.3/5674/lib/site_perl/5.38.3/Try/Tiny.pm line 102
	eval {...} called at /home/sand/src/perl/repoperls/installed-perls/host/k93jammy/v5.38.3/5674/lib/site_perl/5.38.3/Try/Tiny.pm line 93
	Try::Tiny::try(CODE(0x56fdc62c3468), Try::Tiny::Catch=REF(0x56fdc62c3270)) called at /home/sand/src/perl/repoperls/installed-perls/host/k93jammy/v5.38.3/5674/lib/site_perl/5.38.3/Catalyst.pm line 2428
	Catalyst::handle_request("ComponentUI", "env", HASH(0x56fdbeec47a8), "response_cb", CODE(0x56fdc62c32d0)) called at /home/sand/src/perl/repoperls/installed-perls/host/k93jammy/v5.38.3/5674/lib/site_perl/5.38.3/Catalyst/Engine.pm line 808
	Catalyst::Engine::__ANON__(CODE(0x56fdc62c32d0)) called at /home/sand/src/perl/repoperls/installed-perls/host/k93jammy/v5.38.3/5674/lib/site_perl/5.38.3/Plack/Middleware/HTTPExceptions.pm line 32
	Plack::Middleware::HTTPExceptions::try {...} () called at /home/sand/src/perl/repoperls/installed-perls/host/k93jammy/v5.38.3/5674/lib/site_perl/5.38.3/Try/Tiny.pm line 102
	eval {...} called at /home/sand/src/perl/repoperls/installed-perls/host/k93jammy/v5.38.3/5674/lib/site_perl/5.38.3/Try/Tiny.pm line 93
	Try::Tiny::try(CODE(0x56fdc62c3108), Try::Tiny::Catch=REF(0x56fdc6314b20)) called at /home/sand/src/perl/repoperls/installed-perls/host/k93jammy/v5.38.3/5674/lib/site_perl/5.38.3/Plack/Middleware/HTTPExceptions.pm line 41
	Plack::Middleware::HTTPExceptions::__ANON__(CODE(0x56fdc63148e0)) called at /home/sand/src/perl/repoperls/installed-perls/host/k93jammy/v5.38.3/5674/lib/site_perl/5.38.3/Plack/Util.pm line 339
	Plack::Util::__ANON__(CODE(0x56fdbeec47c0)) called at /home/sand/src/perl/repoperls/installed-perls/host/k93jammy/v5.38.3/5674/lib/site_perl/5.38.3/Plack/Util.pm line 339
	Plack::Util::__ANON__(CODE(0x56fdbeec4640)) called at /home/sand/src/perl/repoperls/installed-perls/host/k93jammy/v5.38.3/5674/lib/site_perl/5.38.3/Plack/Util.pm line 339
	Plack::Util::__ANON__(CODE(0x56fdbeec45c8)) called at /home/sand/src/perl/repoperls/installed-perls/host/k93jammy/v5.38.3/5674/lib/site_perl/5.38.3/HTTP/Message/PSGI.pm line 100
	HTTP::Message::PSGI::res_from_psgi(CODE(0x56fdc62c2e80)) called at /home/sand/src/perl/repoperls/installed-perls/host/k93jammy/v5.38.3/5674/lib/site_perl/5.38.3/HTTP/Message/PSGI.pm line 157
	HTTP::Response::from_psgi("HTTP::Response", CODE(0x56fdc62c2e80)) called at /home/sand/src/perl/repoperls/installed-perls/host/k93jammy/v5.38.3/5674/lib/site_perl/5.38.3/Plack/Test/MockHTTP.pm line 24
	Plack::Test::MockHTTP::try {...} () called at /home/sand/src/perl/repoperls/installed-perls/host/k93jammy/v5.38.3/5674/lib/site_perl/5.38.3/Try/Tiny.pm line 100
	eval {...} called at /home/sand/src/perl/repoperls/installed-perls/host/k93jammy/v5.38.3/5674/lib/site_perl/5.38.3/Try/Tiny.pm line 93
	Try::Tiny::try(CODE(0x56fdc63051c0), Try::Tiny::Catch=REF(0x56fdc61c28d8)) called at /home/sand/src/perl/repoperls/installed-perls/host/k93jammy/v5.38.3/5674/lib/site_perl/5.38.3/Plack/Test/MockHTTP.pm line 27
	Plack::Test::MockHTTP::request(Plack::Test::MockHTTP=HASH(0x56fdbeec4070), HTTP::Request=HASH(0x56fdc61d67e8)) called at /home/sand/src/perl/repoperls/installed-perls/host/k93jammy/v5.38.3/5674/lib/site_perl/5.38.3/Plack/Test.pm line 38
	Plack::Test::__ANON__(HTTP::Request=HASH(0x56fdc61d67e8)) called at /home/sand/src/perl/repoperls/installed-perls/host/k93jammy/v5.38.3/5674/lib/site_perl/5.38.3/Catalyst/Test.pm line 290
	Catalyst::Test::__ANON__(CODE(0x56fdbeec3ff8)) called at /home/sand/src/perl/repoperls/installed-perls/host/k93jammy/v5.38.3/5674/lib/site_perl/5.38.3/Plack/Test.pm line 38
	Plack::Test::test_psgi("mangle_response", CODE(0x56fdc0230a68), "app", CODE(0x56fdc61d63f8), "app", CODE(0x56fdc61cdb28), "client", CODE(0x56fdbeec3e90)) called at /home/sand/src/perl/repoperls/installed-perls/host/k93jammy/v5.38.3/5674/lib/site_perl/5.38.3/Catalyst/Test.pm line 293
	Catalyst::Test::_request(HASH(0x56fdbeea86a8), "/") called at /home/sand/src/perl/repoperls/installed-perls/host/k93jammy/v5.38.3/5674/lib/site_perl/5.38.3/Catalyst/Test.pm line 336
	Catalyst::Test::_local_request("ComponentUI", "/") called at /home/sand/src/perl/repoperls/installed-perls/host/k93jammy/v5.38.3/5674/lib/site_perl/5.38.3/Catalyst/Test.pm line 32
	Catalyst::Test::__ANON__("/") called at t/01app.t line 10
[debug] remote
t/01app.t ................... ok
t/04load_all.t .............. ok

#   Failed test 'Attribute lists match'
#   at t/05reflect_attr_from.t line 32.
#     Structures begin differing at:
#          $got->[0] = 'created_d'
#     $expected->[0] = 'id'
# Looks like you failed 1 test of 1.
t/05reflect_attr_from.t ..... 
Dubious, test returned 1 (wstat 256, 0x100)
Failed 1/1 subtests 
Class::MOP::load_class is deprecated at /home/sand/src/perl/repoperls/installed-perls/host/k93jammy/v5.38.3/5674/lib/site_perl/5.38.3/x86_64-linux-ld/Class/MOP.pm line 69.
	Class::MOP::load_class("Reaction::InterfaceModel::Object") called at /tmp/loop_over_bdir-935399-bfmh6H/Reaction-0.002005-0/blib/lib/Reaction/InterfaceModel/Reflector/DBIC.pm line 149
	Reaction::InterfaceModel::Reflector::DBIC::reflect_schema(Reaction::InterfaceModel::Reflector::DBIC=HASH(0x5a88c1a302a0), "model_class", "ComponentUI::TestModel", "schema_class", "RTest::TestDB", "sources", ARRAY(0x5a88c1a303d8)) called at /tmp/loop_over_bdir-935399-bfmh6H/Reaction-0.002005-0/blib/lib/ComponentUI/TestModel.pm line 10
	require ComponentUI/TestModel.pm called at t/lib/RTest/InterfaceModel/Reflector/DBIC.pm line 6
	RTest::InterfaceModel::Reflector::DBIC::BEGIN() called at t/lib/RTest/InterfaceModel/Reflector/DBIC.pm line 6
	eval {...} called at t/lib/RTest/InterfaceModel/Reflector/DBIC.pm line 6
	require RTest/InterfaceModel/Reflector/DBIC.pm called at t/im_dbic.t line 7
	main::BEGIN() called at t/im_dbic.t line 7
	eval {...} called at t/im_dbic.t line 7
Class::MOP::load_class is deprecated at /home/sand/src/perl/repoperls/installed-perls/host/k93jammy/v5.38.3/5674/lib/site_perl/5.38.3/x86_64-linux-ld/Class/MOP.pm line 69.
	Class::MOP::load_class("Reaction::InterfaceModel::Object") called at /tmp/loop_over_bdir-935399-bfmh6H/Reaction-0.002005-0/blib/lib/Reaction/Class.pm line 123
	Reaction::Class::do_class_sub("Reaction::Class", "ComponentUI::TestModel::Foo", "ComponentUI::TestModel::Foo", "is", "Reaction::InterfaceModel::Object", "which", CODE(0x5a88c2fd87f0)) called at /tmp/loop_over_bdir-935399-bfmh6H/Reaction-0.002005-0/blib/lib/Reaction/Class.pm line 86
	Reaction::Class::("ComponentUI::TestModel::Foo", "is", "Reaction::InterfaceModel::Object", "which", CODE(0x5a88c2fd87f0)) called at /tmp/loop_over_bdir-935399-bfmh6H/Reaction-0.002005-0/blib/lib/ComponentUI/TestModel/Foo.pm line 8
	require ComponentUI/TestModel/Foo.pm called at /home/sand/src/perl/repoperls/installed-perls/host/k93jammy/v5.38.3/5674/lib/site_perl/5.38.3/Module/Runtime.pm line 314
	Module::Runtime::require_module("ComponentUI::TestModel::Foo") called at /home/sand/src/perl/repoperls/installed-perls/host/k93jammy/v5.38.3/5674/lib/site_perl/5.38.3/Class/Load.pm line 174
	Class::Load::try {...} () called at /home/sand/src/perl/repoperls/installed-perls/host/k93jammy/v5.38.3/5674/lib/site_perl/5.38.3/Try/Tiny.pm line 98
	eval {...} called at /home/sand/src/perl/repoperls/installed-perls/host/k93jammy/v5.38.3/5674/lib/site_perl/5.38.3/Try/Tiny.pm line 93
	Try::Tiny::try(CODE(0x5a88c2f17df8), Try::Tiny::Catch=REF(0x5a88c2fd0248)) called at /home/sand/src/perl/repoperls/installed-perls/host/k93jammy/v5.38.3/5674/lib/site_perl/5.38.3/Class/Load.pm line 180
	Class::Load::try_load_class("ComponentUI::TestModel::Foo", undef) called at /home/sand/src/perl/repoperls/installed-perls/host/k93jammy/v5.38.3/5674/lib/site_perl/5.38.3/Class/Load.pm line 35
	Class::Load::load_class("ComponentUI::TestModel::Foo") called at /tmp/loop_over_bdir-935399-bfmh6H/Reaction-0.002005-0/blib/lib/Reaction/InterfaceModel/Reflector/DBIC.pm line 892
	eval {...} called at /tmp/loop_over_bdir-935399-bfmh6H/Reaction-0.002005-0/blib/lib/Reaction/InterfaceModel/Reflector/DBIC.pm line 892
	Reaction::InterfaceModel::Reflector::DBIC::_maybe_load_class(Reaction::InterfaceModel::Reflector::DBIC=HASH(0x5a88c1a302a0), "ComponentUI::TestModel::Foo") called at /tmp/loop_over_bdir-935399-bfmh6H/Reaction-0.002005-0/blib/lib/Reaction/InterfaceModel/Reflector/DBIC.pm line 876
	Reaction::InterfaceModel::Reflector::DBIC::_load_or_create(Reaction::InterfaceModel::Reflector::DBIC=HASH(0x5a88c1a302a0), "ComponentUI::TestModel::Foo", "superclasses", ARRAY(0x5a88c2f52f48)) called at /tmp/loop_over_bdir-935399-bfmh6H/Reaction-0.002005-0/blib/lib/Reaction/InterfaceModel/Reflector/DBIC.pm line 448
	Reaction::InterfaceModel::Reflector::DBIC::reflect_source_object(Reaction::InterfaceModel::Reflector::DBIC=HASH(0x5a88c1a302a0), "source_name", "Foo", "schema_class", "RTest::TestDB", "parent_class", "ComponentUI::TestModel", "parent_domain_model_name", ...) called at /tmp/loop_over_bdir-935399-bfmh6H/Reaction-0.002005-0/blib/lib/Reaction/InterfaceModel/Reflector/DBIC.pm line 323
	Reaction::InterfaceModel::Reflector::DBIC::reflect_source(Reaction::InterfaceModel::Reflector::DBIC=HASH(0x5a88c1a302a0), "source_name", "Foo", "parent_class", "ComponentUI::TestModel", "schema_class", "RTest::TestDB", "source_class", ...) called at /tmp/loop_over_bdir-935399-bfmh6H/Reaction-0.002005-0/blib/lib/Reaction/InterfaceModel/Reflector/DBIC.pm line 185
	Reaction::InterfaceModel::Reflector::DBIC::reflect_schema(Reaction::InterfaceModel::Reflector::DBIC=HASH(0x5a88c1a302a0), "model_class", "ComponentUI::TestModel", "schema_class", "RTest::TestDB", "sources", ARRAY(0x5a88c1a303d8)) called at /tmp/loop_over_bdir-935399-bfmh6H/Reaction-0.002005-0/blib/lib/ComponentUI/TestModel.pm line 10
	require ComponentUI/TestModel.pm called at t/lib/RTest/InterfaceModel/Reflector/DBIC.pm line 6
	RTest::InterfaceModel::Reflector::DBIC::BEGIN() called at t/lib/RTest/InterfaceModel/Reflector/DBIC.pm line 6
	eval {...} called at t/lib/RTest/InterfaceModel/Reflector/DBIC.pm line 6
	require RTest/InterfaceModel/Reflector/DBIC.pm called at t/im_dbic.t line 7
	main::BEGIN() called at t/im_dbic.t line 7
	eval {...} called at t/im_dbic.t line 7
Class::MOP::is_class_loaded is deprecated at /home/sand/src/perl/repoperls/installed-perls/host/k93jammy/v5.38.3/5674/lib/site_perl/5.38.3/x86_64-linux-ld/Class/MOP.pm line 87.
	Class::MOP::is_class_loaded("RTest::TestIM::Foo") called at t/lib/RTest/InterfaceModel/Reflector/DBIC.pm line 74
	RTest::InterfaceModel::Reflector::DBIC::test_reflect_schema(RTest::InterfaceModel::Reflector::DBIC=HASH(0x5a88c330bcd8)) called at /home/sand/src/perl/repoperls/installed-perls/host/k93jammy/v5.38.3/5674/lib/site_perl/5.38.3/Test/Class.pm line 293
	Test::Class::try {...} () called at /home/sand/src/perl/repoperls/installed-perls/host/k93jammy/v5.38.3/5674/lib/site_perl/5.38.3/Try/Tiny.pm line 100
	eval {...} called at /home/sand/src/perl/repoperls/installed-perls/host/k93jammy/v5.38.3/5674/lib/site_perl/5.38.3/Try/Tiny.pm line 93
	Try::Tiny::try(CODE(0x5a88c465c4c8), Try::Tiny::Catch=REF(0x5a88c4656fc8)) called at /home/sand/src/perl/repoperls/installed-perls/host/k93jammy/v5.38.3/5674/lib/site_perl/5.38.3/Test/Class.pm line 293
	Test::Class::_run_method(RTest::InterfaceModel::Reflector::DBIC=HASH(0x5a88c330bcd8), "test_reflect_schema", ARRAY(0x5a88c037e348)) called at /home/sand/src/perl/repoperls/installed-perls/host/k93jammy/v5.38.3/5674/lib/site_perl/5.38.3/Test/Class.pm line 402
	Test::Class::runtests("Test::Class", RTest::InterfaceModel::Reflector::DBIC=HASH(0x5a88c330bcd8)) called at t/im_dbic.t line 10
t/im_dbic.t ................. ok
t/ui_focus_stack.t .......... ok
t/ui_view.t ................. ok
t/ui_viewport.t ............. ok
Class::MOP::load_class is deprecated at /home/sand/src/perl/repoperls/installed-perls/host/k93jammy/v5.38.3/5674/lib/site_perl/5.38.3/x86_64-linux-ld/Class/MOP.pm line 69.
	Class::MOP::load_class("ComponentUI::TestModel") called at /tmp/loop_over_bdir-935399-bfmh6H/Reaction-0.002005-0/blib/lib/Catalyst/Model/Reaction/InterfaceModel/DBIC.pm line 24
	Catalyst::Model::Reaction::InterfaceModel::DBIC::COMPONENT("ComponentUI::Model::TestModel", "ComponentUI", HASH(0x61a77104f560)) called at /home/sand/src/perl/repoperls/installed-perls/host/k93jammy/v5.38.3/5674/lib/site_perl/5.38.3/Catalyst.pm line 3240
	eval {...} called at /home/sand/src/perl/repoperls/installed-perls/host/k93jammy/v5.38.3/5674/lib/site_perl/5.38.3/Catalyst.pm line 3241
	Catalyst::setup_component("ComponentUI", "ComponentUI::Model::TestModel") called at /home/sand/src/perl/repoperls/installed-perls/host/k93jammy/v5.38.3/5674/lib/site_perl/5.38.3/Catalyst.pm line 3218
	Catalyst::__ANON__() called at /home/sand/src/perl/repoperls/installed-perls/host/k93jammy/v5.38.3/5674/lib/site_perl/5.38.3/Catalyst.pm line 3065
	Catalyst::setup_components("ComponentUI") called at /home/sand/src/perl/repoperls/installed-perls/host/k93jammy/v5.38.3/5674/lib/site_perl/5.38.3/Catalyst.pm line 1438
	Catalyst::setup("ComponentUI") called at /tmp/loop_over_bdir-935399-bfmh6H/Reaction-0.002005-0/blib/lib/ComponentUI.pm line 32
	require ComponentUI.pm called at /home/sand/src/perl/repoperls/installed-perls/host/k93jammy/v5.38.3/5674/lib/site_perl/5.38.3/Module/Runtime.pm line 314
	Module::Runtime::require_module("ComponentUI") called at /home/sand/src/perl/repoperls/installed-perls/host/k93jammy/v5.38.3/5674/lib/site_perl/5.38.3/Class/Load.pm line 174
	Class::Load::try {...} () called at /home/sand/src/perl/repoperls/installed-perls/host/k93jammy/v5.38.3/5674/lib/site_perl/5.38.3/Try/Tiny.pm line 98
	eval {...} called at /home/sand/src/perl/repoperls/installed-perls/host/k93jammy/v5.38.3/5674/lib/site_perl/5.38.3/Try/Tiny.pm line 93
	Try::Tiny::try(CODE(0x61a76a6b87b8), Try::Tiny::Catch=REF(0x61a76c87b268)) called at /home/sand/src/perl/repoperls/installed-perls/host/k93jammy/v5.38.3/5674/lib/site_perl/5.38.3/Class/Load.pm line 180
	Class::Load::try_load_class("ComponentUI", undef) called at /home/sand/src/perl/repoperls/installed-perls/host/k93jammy/v5.38.3/5674/lib/site_perl/5.38.3/Class/Load.pm line 35
	Class::Load::load_class("ComponentUI") called at /home/sand/src/perl/repoperls/installed-perls/host/k93jammy/v5.38.3/5674/lib/site_perl/5.38.3/Test/WWW/Mechanize/Catalyst.pm line 245
	Test::WWW::Mechanize::Catalyst::import("Test::WWW::Mechanize::Catalyst", "ComponentUI") called at t/uncheck_bool_field.t line 6
	main::BEGIN() called at t/uncheck_bool_field.t line 6
	eval {...} called at t/uncheck_bool_field.t line 6
Class::MOP::load_class is deprecated at /home/sand/src/perl/repoperls/installed-perls/host/k93jammy/v5.38.3/5674/lib/site_perl/5.38.3/x86_64-linux-ld/Class/MOP.pm line 69.
	Class::MOP::load_class("Reaction::InterfaceModel::Object") called at /tmp/loop_over_bdir-935399-bfmh6H/Reaction-0.002005-0/blib/lib/Reaction/InterfaceModel/Reflector/DBIC.pm line 149
	Reaction::InterfaceModel::Reflector::DBIC::reflect_schema(Reaction::InterfaceModel::Reflector::DBIC=HASH(0x61a771b3cc38), "model_class", "ComponentUI::TestModel", "schema_class", "RTest::TestDB", "sources", ARRAY(0x61a771b3c590)) called at /tmp/loop_over_bdir-935399-bfmh6H/Reaction-0.002005-0/blib/lib/ComponentUI/TestModel.pm line 10
	require ComponentUI/TestModel.pm called at /home/sand/src/perl/repoperls/installed-perls/host/k93jammy/v5.38.3/5674/lib/site_perl/5.38.3/Module/Runtime.pm line 314
	Module::Runtime::require_module("ComponentUI::TestModel") called at /home/sand/src/perl/repoperls/installed-perls/host/k93jammy/v5.38.3/5674/lib/site_perl/5.38.3/Class/Load.pm line 174
	Class::Load::try {...} () called at /home/sand/src/perl/repoperls/installed-perls/host/k93jammy/v5.38.3/5674/lib/site_perl/5.38.3/Try/Tiny.pm line 98
	eval {...} called at /home/sand/src/perl/repoperls/installed-perls/host/k93jammy/v5.38.3/5674/lib/site_perl/5.38.3/Try/Tiny.pm line 93
	Try::Tiny::try(CODE(0x61a76df51060), Try::Tiny::Catch=REF(0x61a77160e150)) called at /home/sand/src/perl/repoperls/installed-perls/host/k93jammy/v5.38.3/5674/lib/site_perl/5.38.3/Class/Load.pm line 180
	Class::Load::try_load_class("ComponentUI::TestModel", undef) called at /home/sand/src/perl/repoperls/installed-perls/host/k93jammy/v5.38.3/5674/lib/site_perl/5.38.3/Class/Load.pm line 35
	Class::Load::load_class("ComponentUI::TestModel") called at /tmp/loop_over_bdir-935399-bfmh6H/Reaction-0.002005-0/blib/lib/Catalyst/Model/Reaction/InterfaceModel/DBIC.pm line 24
	Catalyst::Model::Reaction::InterfaceModel::DBIC::COMPONENT("ComponentUI::Model::TestModel", "ComponentUI", HASH(0x61a77104f560)) called at /home/sand/src/perl/repoperls/installed-perls/host/k93jammy/v5.38.3/5674/lib/site_perl/5.38.3/Catalyst.pm line 3240
	eval {...} called at /home/sand/src/perl/repoperls/installed-perls/host/k93jammy/v5.38.3/5674/lib/site_perl/5.38.3/Catalyst.pm line 3241
	Catalyst::setup_component("ComponentUI", "ComponentUI::Model::TestModel") called at /home/sand/src/perl/repoperls/installed-perls/host/k93jammy/v5.38.3/5674/lib/site_perl/5.38.3/Catalyst.pm line 3218
	Catalyst::__ANON__() called at /home/sand/src/perl/repoperls/installed-perls/host/k93jammy/v5.38.3/5674/lib/site_perl/5.38.3/Catalyst.pm line 3065
	Catalyst::setup_components("ComponentUI") called at /home/sand/src/perl/repoperls/installed-perls/host/k93jammy/v5.38.3/5674/lib/site_perl/5.38.3/Catalyst.pm line 1438
	Catalyst::setup("ComponentUI") called at /tmp/loop_over_bdir-935399-bfmh6H/Reaction-0.002005-0/blib/lib/ComponentUI.pm line 32
	require ComponentUI.pm called at /home/sand/src/perl/repoperls/installed-perls/host/k93jammy/v5.38.3/5674/lib/site_perl/5.38.3/Module/Runtime.pm line 314
	Module::Runtime::require_module("ComponentUI") called at /home/sand/src/perl/repoperls/installed-perls/host/k93jammy/v5.38.3/5674/lib/site_perl/5.38.3/Class/Load.pm line 174
	Class::Load::try {...} () called at /home/sand/src/perl/repoperls/installed-perls/host/k93jammy/v5.38.3/5674/lib/site_perl/5.38.3/Try/Tiny.pm line 98
	eval {...} called at /home/sand/src/perl/repoperls/installed-perls/host/k93jammy/v5.38.3/5674/lib/site_perl/5.38.3/Try/Tiny.pm line 93
	Try::Tiny::try(CODE(0x61a76a6b87b8), Try::Tiny::Catch=REF(0x61a76c87b268)) called at /home/sand/src/perl/repoperls/installed-perls/host/k93jammy/v5.38.3/5674/lib/site_perl/5.38.3/Class/Load.pm line 180
	Class::Load::try_load_class("ComponentUI", undef) called at /home/sand/src/perl/repoperls/installed-perls/host/k93jammy/v5.38.3/5674/lib/site_perl/5.38.3/Class/Load.pm line 35
	Class::Load::load_class("ComponentUI") called at /home/sand/src/perl/repoperls/installed-perls/host/k93jammy/v5.38.3/5674/lib/site_perl/5.38.3/Test/WWW/Mechanize/Catalyst.pm line 245
	Test::WWW::Mechanize::Catalyst::import("Test::WWW::Mechanize::Catalyst", "ComponentUI") called at t/uncheck_bool_field.t line 6
	main::BEGIN() called at t/uncheck_bool_field.t line 6
	eval {...} called at t/uncheck_bool_field.t line 6
Class::MOP::load_class is deprecated at /home/sand/src/perl/repoperls/installed-perls/host/k93jammy/v5.38.3/5674/lib/site_perl/5.38.3/x86_64-linux-ld/Class/MOP.pm line 69.
	Class::MOP::load_class("Reaction::InterfaceModel::Object") called at /tmp/loop_over_bdir-935399-bfmh6H/Reaction-0.002005-0/blib/lib/Reaction/Class.pm line 123
	Reaction::Class::do_class_sub("Reaction::Class", "ComponentUI::TestModel::Foo", "ComponentUI::TestModel::Foo", "is", "Reaction::InterfaceModel::Object", "which", CODE(0x61a771ce0ba8)) called at /tmp/loop_over_bdir-935399-bfmh6H/Reaction-0.002005-0/blib/lib/Reaction/Class.pm line 86
	Reaction::Class::("ComponentUI::TestModel::Foo", "is", "Reaction::InterfaceModel::Object", "which", CODE(0x61a771ce0ba8)) called at /tmp/loop_over_bdir-935399-bfmh6H/Reaction-0.002005-0/blib/lib/ComponentUI/TestModel/Foo.pm line 8
	require ComponentUI/TestModel/Foo.pm called at /home/sand/src/perl/repoperls/installed-perls/host/k93jammy/v5.38.3/5674/lib/site_perl/5.38.3/Module/Runtime.pm line 314
	Module::Runtime::require_module("ComponentUI::TestModel::Foo") called at /home/sand/src/perl/repoperls/installed-perls/host/k93jammy/v5.38.3/5674/lib/site_perl/5.38.3/Class/Load.pm line 174
	Class::Load::try {...} () called at /home/sand/src/perl/repoperls/installed-perls/host/k93jammy/v5.38.3/5674/lib/site_perl/5.38.3/Try/Tiny.pm line 98
	eval {...} called at /home/sand/src/perl/repoperls/installed-perls/host/k93jammy/v5.38.3/5674/lib/site_perl/5.38.3/Try/Tiny.pm line 93
	Try::Tiny::try(CODE(0x61a771cd7dd8), Try::Tiny::Catch=REF(0x61a771cd7838)) called at /home/sand/src/perl/repoperls/installed-perls/host/k93jammy/v5.38.3/5674/lib/site_perl/5.38.3/Class/Load.pm line 180
	Class::Load::try_load_class("ComponentUI::TestModel::Foo", undef) called at /home/sand/src/perl/repoperls/installed-perls/host/k93jammy/v5.38.3/5674/lib/site_perl/5.38.3/Class/Load.pm line 35
	Class::Load::load_class("ComponentUI::TestModel::Foo") called at /tmp/loop_over_bdir-935399-bfmh6H/Reaction-0.002005-0/blib/lib/Reaction/InterfaceModel/Reflector/DBIC.pm line 892
	eval {...} called at /tmp/loop_over_bdir-935399-bfmh6H/Reaction-0.002005-0/blib/lib/Reaction/InterfaceModel/Reflector/DBIC.pm line 892
	Reaction::InterfaceModel::Reflector::DBIC::_maybe_load_class(Reaction::InterfaceModel::Reflector::DBIC=HASH(0x61a771b3cc38), "ComponentUI::TestModel::Foo") called at /tmp/loop_over_bdir-935399-bfmh6H/Reaction-0.002005-0/blib/lib/Reaction/InterfaceModel/Reflector/DBIC.pm line 876
	Reaction::InterfaceModel::Reflector::DBIC::_load_or_create(Reaction::InterfaceModel::Reflector::DBIC=HASH(0x61a771b3cc38), "ComponentUI::TestModel::Foo", "superclasses", ARRAY(0x61a771ca6f38)) called at /tmp/loop_over_bdir-935399-bfmh6H/Reaction-0.002005-0/blib/lib/Reaction/InterfaceModel/Reflector/DBIC.pm line 448
	Reaction::InterfaceModel::Reflector::DBIC::reflect_source_object(Reaction::InterfaceModel::Reflector::DBIC=HASH(0x61a771b3cc38), "parent_class", "ComponentUI::TestModel", "schema_class", "RTest::TestDB", "source_name", "Foo", "parent_domain_model_name", ...) called at /tmp/loop_over_bdir-935399-bfmh6H/Reaction-0.002005-0/blib/lib/Reaction/InterfaceModel/Reflector/DBIC.pm line 323
	Reaction::InterfaceModel::Reflector::DBIC::reflect_source(Reaction::InterfaceModel::Reflector::DBIC=HASH(0x61a771b3cc38), "source_name", "Foo", "parent_class", "ComponentUI::TestModel", "schema_class", "RTest::TestDB", "source_class", ...) called at /tmp/loop_over_bdir-935399-bfmh6H/Reaction-0.002005-0/blib/lib/Reaction/InterfaceModel/Reflector/DBIC.pm line 185
	Reaction::InterfaceModel::Reflector::DBIC::reflect_schema(Reaction::InterfaceModel::Reflector::DBIC=HASH(0x61a771b3cc38), "model_class", "ComponentUI::TestModel", "schema_class", "RTest::TestDB", "sources", ARRAY(0x61a771b3c590)) called at /tmp/loop_over_bdir-935399-bfmh6H/Reaction-0.002005-0/blib/lib/ComponentUI/TestModel.pm line 10
	require ComponentUI/TestModel.pm called at /home/sand/src/perl/repoperls/installed-perls/host/k93jammy/v5.38.3/5674/lib/site_perl/5.38.3/Module/Runtime.pm line 314
	Module::Runtime::require_module("ComponentUI::TestModel") called at /home/sand/src/perl/repoperls/installed-perls/host/k93jammy/v5.38.3/5674/lib/site_perl/5.38.3/Class/Load.pm line 174
	Class::Load::try {...} () called at /home/sand/src/perl/repoperls/installed-perls/host/k93jammy/v5.38.3/5674/lib/site_perl/5.38.3/Try/Tiny.pm line 98
	eval {...} called at /home/sand/src/perl/repoperls/installed-perls/host/k93jammy/v5.38.3/5674/lib/site_perl/5.38.3/Try/Tiny.pm line 93
	Try::Tiny::try(CODE(0x61a76df51060), Try::Tiny::Catch=REF(0x61a77160e150)) called at /home/sand/src/perl/repoperls/installed-perls/host/k93jammy/v5.38.3/5674/lib/site_perl/5.38.3/Class/Load.pm line 180
	Class::Load::try_load_class("ComponentUI::TestModel", undef) called at /home/sand/src/perl/repoperls/installed-perls/host/k93jammy/v5.38.3/5674/lib/site_perl/5.38.3/Class/Load.pm line 35
	Class::Load::load_class("ComponentUI::TestModel") called at /tmp/loop_over_bdir-935399-bfmh6H/Reaction-0.002005-0/blib/lib/Catalyst/Model/Reaction/InterfaceModel/DBIC.pm line 24
	Catalyst::Model::Reaction::InterfaceModel::DBIC::COMPONENT("ComponentUI::Model::TestModel", "ComponentUI", HASH(0x61a77104f560)) called at /home/sand/src/perl/repoperls/installed-perls/host/k93jammy/v5.38.3/5674/lib/site_perl/5.38.3/Catalyst.pm line 3240
	eval {...} called at /home/sand/src/perl/repoperls/installed-perls/host/k93jammy/v5.38.3/5674/lib/site_perl/5.38.3/Catalyst.pm line 3241
	Catalyst::setup_component("ComponentUI", "ComponentUI::Model::TestModel") called at /home/sand/src/perl/repoperls/installed-perls/host/k93jammy/v5.38.3/5674/lib/site_perl/5.38.3/Catalyst.pm line 3218
	Catalyst::__ANON__() called at /home/sand/src/perl/repoperls/installed-perls/host/k93jammy/v5.38.3/5674/lib/site_perl/5.38.3/Catalyst.pm line 3065
	Catalyst::setup_components("ComponentUI") called at /home/sand/src/perl/repoperls/installed-perls/host/k93jammy/v5.38.3/5674/lib/site_perl/5.38.3/Catalyst.pm line 1438
	Catalyst::setup("ComponentUI") called at /tmp/loop_over_bdir-935399-bfmh6H/Reaction-0.002005-0/blib/lib/ComponentUI.pm line 32
	require ComponentUI.pm called at /home/sand/src/perl/repoperls/installed-perls/host/k93jammy/v5.38.3/5674/lib/site_perl/5.38.3/Module/Runtime.pm line 314
	Module::Runtime::require_module("ComponentUI") called at /home/sand/src/perl/repoperls/installed-perls/host/k93jammy/v5.38.3/5674/lib/site_perl/5.38.3/Class/Load.pm line 174
	Class::Load::try {...} () called at /home/sand/src/perl/repoperls/installed-perls/host/k93jammy/v5.38.3/5674/lib/site_perl/5.38.3/Try/Tiny.pm line 98
	eval {...} called at /home/sand/src/perl/repoperls/installed-perls/host/k93jammy/v5.38.3/5674/lib/site_perl/5.38.3/Try/Tiny.pm line 93
	Try::Tiny::try(CODE(0x61a76a6b87b8), Try::Tiny::Catch=REF(0x61a76c87b268)) called at /home/sand/src/perl/repoperls/installed-perls/host/k93jammy/v5.38.3/5674/lib/site_perl/5.38.3/Class/Load.pm line 180
	Class::Load::try_load_class("ComponentUI", undef) called at /home/sand/src/perl/repoperls/installed-perls/host/k93jammy/v5.38.3/5674/lib/site_perl/5.38.3/Class/Load.pm line 35
	Class::Load::load_class("ComponentUI") called at /home/sand/src/perl/repoperls/installed-perls/host/k93jammy/v5.38.3/5674/lib/site_perl/5.38.3/Test/WWW/Mechanize/Catalyst.pm line 245
	Test::WWW::Mechanize::Catalyst::import("Test::WWW::Mechanize::Catalyst", "ComponentUI") called at t/uncheck_bool_field.t line 6
	main::BEGIN() called at t/uncheck_bool_field.t line 6
	eval {...} called at t/uncheck_bool_field.t line 6
Class::MOP::load_class is deprecated at /home/sand/src/perl/repoperls/installed-perls/host/k93jammy/v5.38.3/5674/lib/site_perl/5.38.3/x86_64-linux-ld/Class/MOP.pm line 69.
	Class::MOP::load_class("ComponentUI::RenderingContext::Site") called at /tmp/loop_over_bdir-935399-bfmh6H/Reaction-0.002005-0/blib/lib/Reaction/UI/View.pm line 125
	eval {...} called at /tmp/loop_over_bdir-935399-bfmh6H/Reaction-0.002005-0/blib/lib/Reaction/UI/View.pm line 125
	Reaction::UI::View::find_related_class(ComponentUI::View::Site=HASH(0x61a76e5dfc50), "RenderingContext") called at /tmp/loop_over_bdir-935399-bfmh6H/Reaction-0.002005-0/blib/lib/Reaction/UI/View.pm line 43
	Reaction::UI::View::_build_rendering_context_class(ComponentUI::View::Site=HASH(0x61a76e5dfc50)) called at reader Reaction::UI::View::rendering_context_class (defined at /tmp/loop_over_bdir-935399-bfmh6H/Reaction-0.002005-0/blib/lib/Reaction/UI/View.pm line 29) line 8
	Reaction::UI::View::rendering_context_class(ComponentUI::View::Site=HASH(0x61a76e5dfc50)) called at /tmp/loop_over_bdir-935399-bfmh6H/Reaction-0.002005-0/blib/lib/Reaction/UI/View.pm line 134
	Reaction::UI::View::create_rendering_context(ComponentUI::View::Site=HASH(0x61a76e5dfc50)) called at /tmp/loop_over_bdir-935399-bfmh6H/Reaction-0.002005-0/blib/lib/Reaction/UI/View.pm line 60
	Reaction::UI::View::render_window(ComponentUI::View::Site=HASH(0x61a76e5dfc50), Reaction::UI::Window=HASH(0x61a7723e19e0)) called at /tmp/loop_over_bdir-935399-bfmh6H/Reaction-0.002005-0/blib/lib/Reaction/UI/Window.pm line 74
	Reaction::UI::Window::flush_view(Reaction::UI::Window=HASH(0x61a7723e19e0)) called at /tmp/loop_over_bdir-935399-bfmh6H/Reaction-0.002005-0/blib/lib/Reaction/UI/Window.pm line 36
	Reaction::UI::Window::flush(Reaction::UI::Window=HASH(0x61a7723e19e0)) called at /tmp/loop_over_bdir-935399-bfmh6H/Reaction-0.002005-0/blib/lib/Reaction/UI/Controller/Root.pm line 38
	Reaction::UI::Controller::Root::end(ComponentUI::Controller::Root=HASH(0x61a7723e1b00), ComponentUI=HASH(0x61a7723a15d8)) called at /home/sand/src/perl/repoperls/installed-perls/host/k93jammy/v5.38.3/5674/lib/site_perl/5.38.3/Catalyst/Action.pm line 374
	Catalyst::Action::execute(Catalyst::Action=HASH(0x61a77187e0a0), ComponentUI::Controller::Root=HASH(0x61a7723e1b00), ComponentUI=HASH(0x61a7723a15d8)) called at /home/sand/src/perl/repoperls/installed-perls/host/k93jammy/v5.38.3/5674/lib/site_perl/5.38.3/Catalyst.pm line 2067
	eval {...} called at /home/sand/src/perl/repoperls/installed-perls/host/k93jammy/v5.38.3/5674/lib/site_perl/5.38.3/Catalyst.pm line 2067
	Catalyst::execute(ComponentUI=HASH(0x61a7723a15d8), "ComponentUI::Controller::Root", Catalyst::Action=HASH(0x61a77187e0a0)) called at /home/sand/src/perl/repoperls/installed-perls/host/k93jammy/v5.38.3/5674/lib/site_perl/5.38.3/Catalyst/Action.pm line 368
	Catalyst::Action::dispatch(Catalyst::Action=HASH(0x61a77187e0a0), ComponentUI=HASH(0x61a7723a15d8)) called at /home/sand/src/perl/repoperls/installed-perls/host/k93jammy/v5.38.3/5674/lib/site_perl/5.38.3/Catalyst/Controller.pm line 188
	Catalyst::Controller::_END(ComponentUI::Controller::TestModel::Baz=HASH(0x61a7723a4ad8), ComponentUI=HASH(0x61a7723a15d8)) called at /home/sand/src/perl/repoperls/installed-perls/host/k93jammy/v5.38.3/5674/lib/site_perl/5.38.3/Catalyst/Action.pm line 374
	Catalyst::Action::execute(Catalyst::Action=HASH(0x61a7721a4b00), ComponentUI::Controller::TestModel::Baz=HASH(0x61a7723a4ad8), ComponentUI=HASH(0x61a7723a15d8)) called at /home/sand/src/perl/repoperls/installed-perls/host/k93jammy/v5.38.3/5674/lib/site_perl/5.38.3/Catalyst.pm line 2067
	eval {...} called at /home/sand/src/perl/repoperls/installed-perls/host/k93jammy/v5.38.3/5674/lib/site_perl/5.38.3/Catalyst.pm line 2067
	Catalyst::execute(ComponentUI=HASH(0x61a7723a15d8), "ComponentUI::Controller::TestModel::Baz", Catalyst::Action=HASH(0x61a7721a4b00)) called at /home/sand/src/perl/repoperls/installed-perls/host/k93jammy/v5.38.3/5674/lib/site_perl/5.38.3/Catalyst/Action.pm line 368
	Catalyst::Action::dispatch(Catalyst::Action=HASH(0x61a7721a4b00), ComponentUI=HASH(0x61a7723a15d8)) called at /home/sand/src/perl/repoperls/installed-perls/host/k93jammy/v5.38.3/5674/lib/site_perl/5.38.3/Catalyst/Dispatcher.pm line 261
	Catalyst::Dispatcher::_do_forward(Catalyst::Dispatcher=HASH(0x61a76cf51818), "forward", ComponentUI=HASH(0x61a7723a15d8), "_END") called at /home/sand/src/perl/repoperls/installed-perls/host/k93jammy/v5.38.3/5674/lib/site_perl/5.38.3/Catalyst/Dispatcher.pm line 241
	Catalyst::Dispatcher::forward(Catalyst::Dispatcher=HASH(0x61a76cf51818), ComponentUI=HASH(0x61a7723a15d8), "_END") called at /home/sand/src/perl/repoperls/installed-perls/host/k93jammy/v5.38.3/5674/lib/site_perl/5.38.3/Catalyst.pm line 489
	Catalyst::forward(ComponentUI=HASH(0x61a7723a15d8), "_END") called at /home/sand/src/perl/repoperls/installed-perls/host/k93jammy/v5.38.3/5674/lib/site_perl/5.38.3/Catalyst/Controller.pm line 137
	Catalyst::Controller::_DISPATCH(ComponentUI::Controller::TestModel::Baz=HASH(0x61a7723a4ad8), ComponentUI=HASH(0x61a7723a15d8)) called at /home/sand/src/perl/repoperls/installed-perls/host/k93jammy/v5.38.3/5674/lib/site_perl/5.38.3/Catalyst/Action.pm line 374
	Catalyst::Action::execute(Catalyst::Action=HASH(0x61a772194820), ComponentUI::Controller::TestModel::Baz=HASH(0x61a7723a4ad8), ComponentUI=HASH(0x61a7723a15d8)) called at /home/sand/src/perl/repoperls/installed-perls/host/k93jammy/v5.38.3/5674/lib/site_perl/5.38.3/Catalyst.pm line 2067
	eval {...} called at /home/sand/src/perl/repoperls/installed-perls/host/k93jammy/v5.38.3/5674/lib/site_perl/5.38.3/Catalyst.pm line 2067
	Catalyst::execute(ComponentUI=HASH(0x61a7723a15d8), "ComponentUI::Controller::TestModel::Baz", Catalyst::Action=HASH(0x61a772194820)) called at /home/sand/src/perl/repoperls/installed-perls/host/k93jammy/v5.38.3/5674/lib/site_perl/5.38.3/Catalyst/Action.pm line 368
	Catalyst::Action::dispatch(Catalyst::Action=HASH(0x61a772194820), ComponentUI=HASH(0x61a7723a15d8)) called at /home/sand/src/perl/repoperls/installed-perls/host/k93jammy/v5.38.3/5674/lib/site_perl/5.38.3/Catalyst/Dispatcher.pm line 261
	Catalyst::Dispatcher::_do_forward(Catalyst::Dispatcher=HASH(0x61a76cf51818), "forward", ComponentUI=HASH(0x61a7723a15d8), "/testmodel/baz/_DISPATCH") called at /home/sand/src/perl/repoperls/installed-perls/host/k93jammy/v5.38.3/5674/lib/site_perl/5.38.3/Catalyst/Dispatcher.pm line 241
	Catalyst::Dispatcher::forward(Catalyst::Dispatcher=HASH(0x61a76cf51818), ComponentUI=HASH(0x61a7723a15d8), "/testmodel/baz/_DISPATCH") called at /home/sand/src/perl/repoperls/installed-perls/host/k93jammy/v5.38.3/5674/lib/site_perl/5.38.3/Catalyst.pm line 489
	Catalyst::forward(ComponentUI=HASH(0x61a7723a15d8), "/testmodel/baz/_DISPATCH") called at /home/sand/src/perl/repoperls/installed-perls/host/k93jammy/v5.38.3/5674/lib/site_perl/5.38.3/Catalyst/Dispatcher.pm line 107
	Catalyst::Dispatcher::dispatch(Catalyst::Dispatcher=HASH(0x61a76cf51818), ComponentUI=HASH(0x61a7723a15d8)) called at /home/sand/src/perl/repoperls/installed-perls/host/k93jammy/v5.38.3/5674/lib/site_perl/5.38.3/Catalyst.pm line 2013
	Catalyst::dispatch(ComponentUI=HASH(0x61a7723a15d8)) called at /home/sand/src/perl/repoperls/installed-perls/host/k93jammy/v5.38.3/5674/lib/site_perl/5.38.3/Catalyst/Plugin/Static/Simple.pm line 85
	Class::MOP::Class:::around(CODE(0x61a76d3db7e0), ComponentUI=HASH(0x61a7723a15d8)) called at /home/sand/src/perl/repoperls/installed-perls/host/k93jammy/v5.38.3/5674/lib/site_perl/5.38.3/x86_64-linux-ld/Class/MOP/Method/Wrapped.pm line 166
	ComponentUI::_wrapped_dispatch(ComponentUI=HASH(0x61a7723a15d8)) called at /home/sand/src/perl/repoperls/installed-perls/host/k93jammy/v5.38.3/5674/lib/site_perl/5.38.3/x86_64-linux-ld/Class/MOP/Method/Wrapped.pm line 97
	ComponentUI::dispatch(ComponentUI=HASH(0x61a7723a15d8)) called at /home/sand/src/perl/repoperls/installed-perls/host/k93jammy/v5.38.3/5674/lib/site_perl/5.38.3/Catalyst.pm line 2419
	Catalyst::try {...} () called at /home/sand/src/perl/repoperls/installed-perls/host/k93jammy/v5.38.3/5674/lib/site_perl/5.38.3/Try/Tiny.pm line 102
	eval {...} called at /home/sand/src/perl/repoperls/installed-perls/host/k93jammy/v5.38.3/5674/lib/site_perl/5.38.3/Try/Tiny.pm line 93
	Try::Tiny::try(CODE(0x61a7723a0f48), Try::Tiny::Catch=REF(0x61a7723a2e08)) called at /home/sand/src/perl/repoperls/installed-perls/host/k93jammy/v5.38.3/5674/lib/site_perl/5.38.3/Catalyst.pm line 2428
	Catalyst::handle_request("ComponentUI", "env", HASH(0x61a77239dba0), "response_cb", CODE(0x61a7723a2e68)) called at /home/sand/src/perl/repoperls/installed-perls/host/k93jammy/v5.38.3/5674/lib/site_perl/5.38.3/Catalyst/Engine.pm line 808
	Catalyst::Engine::__ANON__(CODE(0x61a7723a2e68)) called at /home/sand/src/perl/repoperls/installed-perls/host/k93jammy/v5.38.3/5674/lib/site_perl/5.38.3/Plack/Middleware/HTTPExceptions.pm line 32
	Plack::Middleware::HTTPExceptions::try {...} () called at /home/sand/src/perl/repoperls/installed-perls/host/k93jammy/v5.38.3/5674/lib/site_perl/5.38.3/Try/Tiny.pm line 102
	eval {...} called at /home/sand/src/perl/repoperls/installed-perls/host/k93jammy/v5.38.3/5674/lib/site_perl/5.38.3/Try/Tiny.pm line 93
	Try::Tiny::try(CODE(0x61a7723a2ca0), Try::Tiny::Catch=REF(0x61a7723a2070)) called at /home/sand/src/perl/repoperls/installed-perls/host/k93jammy/v5.38.3/5674/lib/site_perl/5.38.3/Plack/Middleware/HTTPExceptions.pm line 41
	Plack::Middleware::HTTPExceptions::__ANON__(CODE(0x61a7723c2480)) called at /home/sand/src/perl/repoperls/installed-perls/host/k93jammy/v5.38.3/5674/lib/site_perl/5.38.3/Plack/Util.pm line 339
	Plack::Util::__ANON__(CODE(0x61a77239d918)) called at /home/sand/src/perl/repoperls/installed-perls/host/k93jammy/v5.38.3/5674/lib/site_perl/5.38.3/Plack/Util.pm line 339
	Plack::Util::__ANON__(CODE(0x61a77239d840)) called at /home/sand/src/perl/repoperls/installed-perls/host/k93jammy/v5.38.3/5674/lib/site_perl/5.38.3/Plack/Util.pm line 339
	Plack::Util::__ANON__(CODE(0x61a772369da0)) called at /home/sand/src/perl/repoperls/installed-perls/host/k93jammy/v5.38.3/5674/lib/site_perl/5.38.3/HTTP/Message/PSGI.pm line 100
	HTTP::Message::PSGI::res_from_psgi(CODE(0x61a7723a2a48)) called at /home/sand/src/perl/repoperls/installed-perls/host/k93jammy/v5.38.3/5674/lib/site_perl/5.38.3/HTTP/Message/PSGI.pm line 157
	HTTP::Response::from_psgi("HTTP::Response", CODE(0x61a7723a2a48)) called at /home/sand/src/perl/repoperls/installed-perls/host/k93jammy/v5.38.3/5674/lib/site_perl/5.38.3/Plack/Test/MockHTTP.pm line 24
	Plack::Test::MockHTTP::try {...} () called at /home/sand/src/perl/repoperls/installed-perls/host/k93jammy/v5.38.3/5674/lib/site_perl/5.38.3/Try/Tiny.pm line 100
	eval {...} called at /home/sand/src/perl/repoperls/installed-perls/host/k93jammy/v5.38.3/5674/lib/site_perl/5.38.3/Try/Tiny.pm line 93
	Try::Tiny::try(CODE(0x61a76a6e0d40), Try::Tiny::Catch=REF(0x61a7722a1078)) called at /home/sand/src/perl/repoperls/installed-perls/host/k93jammy/v5.38.3/5674/lib/site_perl/5.38.3/Plack/Test/MockHTTP.pm line 27
	Plack::Test::MockHTTP::request(Plack::Test::MockHTTP=HASH(0x61a772369b30), HTTP::Request=HASH(0x61a76a6d1cc8)) called at /home/sand/src/perl/repoperls/installed-perls/host/k93jammy/v5.38.3/5674/lib/site_perl/5.38.3/Plack/Test.pm line 38
	Plack::Test::__ANON__(HTTP::Request=HASH(0x61a76a6d1cc8)) called at /home/sand/src/perl/repoperls/installed-perls/host/k93jammy/v5.38.3/5674/lib/site_perl/5.38.3/Catalyst/Test.pm line 290
	Catalyst::Test::__ANON__(CODE(0x61a772369ab8)) called at /home/sand/src/perl/repoperls/installed-perls/host/k93jammy/v5.38.3/5674/lib/site_perl/5.38.3/Plack/Test.pm line 38
	Plack::Test::test_psgi("app", CODE(0x61a772369680), "mangle_response", CODE(0x61a76c5d7ab8), "app", CODE(0x61a772369650), "client", CODE(0x61a772369950)) called at /home/sand/src/perl/repoperls/installed-perls/host/k93jammy/v5.38.3/5674/lib/site_perl/5.38.3/Catalyst/Test.pm line 293
	Catalyst::Test::_request(HASH(0x61a7722a6d28), HTTP::Request=HASH(0x61a76a6d1cc8)) called at /home/sand/src/perl/repoperls/installed-perls/host/k93jammy/v5.38.3/5674/lib/site_perl/5.38.3/Catalyst/Test.pm line 336
	Catalyst::Test::_local_request("ComponentUI", HTTP::Request=HASH(0x61a76a6d1cc8)) called at /home/sand/src/perl/repoperls/installed-perls/host/k93jammy/v5.38.3/5674/lib/site_perl/5.38.3/Test/WWW/Mechanize/Catalyst.pm line 176
	Test::WWW::Mechanize::Catalyst::_do_catalyst_request(Test::WWW::Mechanize::Catalyst=HASH(0x61a76a6d7090), HTTP::Request=HASH(0x61a76a6d1cc8)) called at /home/sand/src/perl/repoperls/installed-perls/host/k93jammy/v5.38.3/5674/lib/site_perl/5.38.3/Test/WWW/Mechanize/Catalyst.pm line 78
	Test::WWW::Mechanize::Catalyst::_make_request(Test::WWW::Mechanize::Catalyst=HASH(0x61a76a6d7090), HTTP::Request=HASH(0x61a76a6d1cc8)) called at /home/sand/src/perl/repoperls/installed-perls/host/k93jammy/v5.38.3/5674/lib/site_perl/5.38.3/WWW/Mechanize.pm line 1534
	WWW::Mechanize::request(Test::WWW::Mechanize::Catalyst=HASH(0x61a76a6d7090), HTTP::Request=HASH(0x61a76a6d1cc8)) called at /home/sand/src/perl/repoperls/installed-perls/host/k93jammy/v5.38.3/5674/lib/site_perl/5.38.3/LWP/UserAgent.pm line 454
	LWP::UserAgent::get(Test::WWW::Mechanize::Catalyst=HASH(0x61a76a6d7090), "http://localhost/testmodel/baz/id/1/update") called at /home/sand/src/perl/repoperls/installed-perls/host/k93jammy/v5.38.3/5674/lib/site_perl/5.38.3/WWW/Mechanize.pm line 124
	WWW::Mechanize::get(Test::WWW::Mechanize::Catalyst=HASH(0x61a76a6d7090), "http://localhost/testmodel/baz/id/1/update") called at /home/sand/src/perl/repoperls/installed-perls/host/k93jammy/v5.38.3/5674/lib/site_perl/5.38.3/Test/WWW/Mechanize.pm line 192
	Test::WWW::Mechanize::get_ok(Test::WWW::Mechanize::Catalyst=HASH(0x61a76a6d7090), "http://localhost/testmodel/baz/id/1/update") called at t/uncheck_bool_field.t line 9
Class::MOP::is_class_loaded is deprecated at /home/sand/src/perl/repoperls/installed-perls/host/k93jammy/v5.38.3/5674/lib/site_perl/5.38.3/x86_64-linux-ld/Class/MOP.pm line 87.
	Class::MOP::is_class_loaded("ComponentUI::UI::Widget::SiteLayout") called at /tmp/loop_over_bdir-935399-bfmh6H/Reaction-0.002005-0/blib/lib/Reaction/UI/Skin.pm line 178
	Reaction::UI::Skin::widget_class_for(Reaction::UI::Skin=HASH(0x61a7727f1630), Reaction::UI::LayoutSet::TT=HASH(0x61a77288e420)) called at /tmp/loop_over_bdir-935399-bfmh6H/Reaction-0.002005-0/blib/lib/Reaction/UI/LayoutSet.pm line 29
	Reaction::UI::LayoutSet::BUILD(Reaction::UI::LayoutSet::TT=HASH(0x61a77288e420), HASH(0x61a77288e408)) called at constructor Reaction::UI::LayoutSet::TT::new (defined at /tmp/loop_over_bdir-935399-bfmh6H/Reaction-0.002005-0/blib/lib/Reaction/UI/LayoutSet/TT.pm line 43) line 80
	Reaction::UI::LayoutSet::TT::new("Reaction::UI::LayoutSet::TT", "name", "site_layout", "skin", Reaction::UI::Skin=HASH(0x61a7727f1630), "tt_object", Template=HASH(0x61a771c7fc98), "source_file", ...) called at /tmp/loop_over_bdir-935399-bfmh6H/Reaction-0.002005-0/blib/lib/Reaction/UI/Skin.pm line 115
	Reaction::UI::Skin::_create_layout_set(Reaction::UI::Skin=HASH(0x61a7727f1630), "site_layout", ARRAY(0x61a772876a50), Reaction::UI::Skin=HASH(0x61a7727f1630)) called at /tmp/loop_over_bdir-935399-bfmh6H/Reaction-0.002005-0/blib/lib/Reaction/UI/Skin.pm line 110
	Reaction::UI::Skin::create_layout_set(Reaction::UI::Skin=HASH(0x61a7727f1630), "site_layout") called at /tmp/loop_over_bdir-935399-bfmh6H/Reaction-0.002005-0/blib/lib/Reaction/UI/LayoutSet.pm line 83
	Reaction::UI::LayoutSet::_load_file(Reaction::UI::LayoutSet::TT=HASH(0x61a772870098), Path::Class::File=HASH(0x61a77282c218), HASH(0x61a772862910)) called at /tmp/loop_over_bdir-935399-bfmh6H/Reaction-0.002005-0/blib/lib/Reaction/UI/LayoutSet.pm line 27
	Reaction::UI::LayoutSet::BUILD(Reaction::UI::LayoutSet::TT=HASH(0x61a772870098), HASH(0x61a772862910)) called at constructor Reaction::UI::LayoutSet::TT::new (defined at /tmp/loop_over_bdir-935399-bfmh6H/Reaction-0.002005-0/blib/lib/Reaction/UI/LayoutSet/TT.pm line 43) line 80
	Reaction::UI::LayoutSet::TT::new("Reaction::UI::LayoutSet::TT", "name", "site_layout", "skin", Reaction::UI::Skin=HASH(0x61a7728626e8), "next_skin", Reaction::UI::Skin=HASH(0x61a7727f1630), "tt_object", ...) called at /tmp/loop_over_bdir-935399-bfmh6H/Reaction-0.002005-0/blib/lib/Reaction/UI/Skin.pm line 115
	Reaction::UI::Skin::_create_layout_set(Reaction::UI::Skin=HASH(0x61a7728626e8), "site_layout", ARRAY(0x61a7728191b0), Reaction::UI::Skin=HASH(0x61a7728626e8)) called at /tmp/loop_over_bdir-935399-bfmh6H/Reaction-0.002005-0/blib/lib/Reaction/UI/Skin.pm line 110
	Reaction::UI::Skin::create_layout_set(Reaction::UI::Skin=HASH(0x61a7728626e8), "site_layout") called at /tmp/loop_over_bdir-935399-bfmh6H/Reaction-0.002005-0/blib/lib/Reaction/UI/LayoutSet.pm line 83
	Reaction::UI::LayoutSet::_load_file(Reaction::UI::LayoutSet::TT=HASH(0x61a77281ce50), Path::Class::File=HASH(0x61a772814b38), HASH(0x61a772401a18)) called at /tmp/loop_over_bdir-935399-bfmh6H/Reaction-0.002005-0/blib/lib/Reaction/UI/LayoutSet.pm line 27
	Reaction::UI::LayoutSet::BUILD(Reaction::UI::LayoutSet::TT=HASH(0x61a77281ce50), HASH(0x61a772401a18)) called at constructor Reaction::UI::LayoutSet::TT::new (defined at /tmp/loop_over_bdir-935399-bfmh6H/Reaction-0.002005-0/blib/lib/Reaction/UI/LayoutSet/TT.pm line 43) line 80
	Reaction::UI::LayoutSet::TT::new("Reaction::UI::LayoutSet::TT", "name", "site_layout", "skin", Reaction::UI::Skin=HASH(0x61a772815780), "next_skin", Reaction::UI::Skin=HASH(0x61a7728626e8), "tt_object", ...) called at /tmp/loop_over_bdir-935399-bfmh6H/Reaction-0.002005-0/blib/lib/Reaction/UI/Skin.pm line 115
	Reaction::UI::Skin::_create_layout_set(Reaction::UI::Skin=HASH(0x61a772815780), "site_layout", ARRAY(0x61a7728626d0), Reaction::UI::Skin=HASH(0x61a772815780)) called at /tmp/loop_over_bdir-935399-bfmh6H/Reaction-0.002005-0/blib/lib/Reaction/UI/Skin.pm line 110
	Reaction::UI::Skin::create_layout_set(Reaction::UI::Skin=HASH(0x61a772815780), "site_layout") called at inline delegation in Reaction::UI::View for skin->create_layout_set (attribute declared in /tmp/loop_over_bdir-935399-bfmh6H/Reaction-0.002005-0/blib/lib/Reaction/UI/View.pm at line 22) line 18
	Reaction::UI::View::create_layout_set(ComponentUI::View::Site=HASH(0x61a76e5dfc50), "site_layout") called at /tmp/loop_over_bdir-935399-bfmh6H/Reaction-0.002005-0/blib/lib/Reaction/UI/View.pm line 99
	Reaction::UI::View::layout_set_for(ComponentUI::View::Site=HASH(0x61a76e5dfc50), Reaction::UI::ViewPort::SiteLayout=HASH(0x61a7723e2250)) called at /tmp/loop_over_bdir-935399-bfmh6H/Reaction-0.002005-0/blib/lib/Reaction/UI/View.pm line 78
	Reaction::UI::View::render_viewport_args(ComponentUI::View::Site=HASH(0x61a76e5dfc50), Reaction::UI::ViewPort::SiteLayout=HASH(0x61a7723e2250)) called at /tmp/loop_over_bdir-935399-bfmh6H/Reaction-0.002005-0/blib/lib/Reaction/UI/View.pm line 61
	Reaction::UI::View::render_window(ComponentUI::View::Site=HASH(0x61a76e5dfc50), Reaction::UI::Window=HASH(0x61a7723e19e0)) called at /tmp/loop_over_bdir-935399-bfmh6H/Reaction-0.002005-0/blib/lib/Reaction/UI/Window.pm line 74
	Reaction::UI::Window::flush_view(Reaction::UI::Window=HASH(0x61a7723e19e0)) called at /tmp/loop_over_bdir-935399-bfmh6H/Reaction-0.002005-0/blib/lib/Reaction/UI/Window.pm line 36
	Reaction::UI::Window::flush(Reaction::UI::Window=HASH(0x61a7723e19e0)) called at /tmp/loop_over_bdir-935399-bfmh6H/Reaction-0.002005-0/blib/lib/Reaction/UI/Controller/Root.pm line 38
	Reaction::UI::Controller::Root::end(ComponentUI::Controller::Root=HASH(0x61a7723e1b00), ComponentUI=HASH(0x61a7723a15d8)) called at /home/sand/src/perl/repoperls/installed-perls/host/k93jammy/v5.38.3/5674/lib/site_perl/5.38.3/Catalyst/Action.pm line 374
	Catalyst::Action::execute(Catalyst::Action=HASH(0x61a77187e0a0), ComponentUI::Controller::Root=HASH(0x61a7723e1b00), ComponentUI=HASH(0x61a7723a15d8)) called at /home/sand/src/perl/repoperls/installed-perls/host/k93jammy/v5.38.3/5674/lib/site_perl/5.38.3/Catalyst.pm line 2067
	eval {...} called at /home/sand/src/perl/repoperls/installed-perls/host/k93jammy/v5.38.3/5674/lib/site_perl/5.38.3/Catalyst.pm line 2067
	Catalyst::execute(ComponentUI=HASH(0x61a7723a15d8), "ComponentUI::Controller::Root", Catalyst::Action=HASH(0x61a77187e0a0)) called at /home/sand/src/perl/repoperls/installed-perls/host/k93jammy/v5.38.3/5674/lib/site_perl/5.38.3/Catalyst/Action.pm line 368
	Catalyst::Action::dispatch(Catalyst::Action=HASH(0x61a77187e0a0), ComponentUI=HASH(0x61a7723a15d8)) called at /home/sand/src/perl/repoperls/installed-perls/host/k93jammy/v5.38.3/5674/lib/site_perl/5.38.3/Catalyst/Controller.pm line 188
	Catalyst::Controller::_END(ComponentUI::Controller::TestModel::Baz=HASH(0x61a7723a4ad8), ComponentUI=HASH(0x61a7723a15d8)) called at /home/sand/src/perl/repoperls/installed-perls/host/k93jammy/v5.38.3/5674/lib/site_perl/5.38.3/Catalyst/Action.pm line 374
	Catalyst::Action::execute(Catalyst::Action=HASH(0x61a7721a4b00), ComponentUI::Controller::TestModel::Baz=HASH(0x61a7723a4ad8), ComponentUI=HASH(0x61a7723a15d8)) called at /home/sand/src/perl/repoperls/installed-perls/host/k93jammy/v5.38.3/5674/lib/site_perl/5.38.3/Catalyst.pm line 2067
	eval {...} called at /home/sand/src/perl/repoperls/installed-perls/host/k93jammy/v5.38.3/5674/lib/site_perl/5.38.3/Catalyst.pm line 2067
	Catalyst::execute(ComponentUI=HASH(0x61a7723a15d8), "ComponentUI::Controller::TestModel::Baz", Catalyst::Action=HASH(0x61a7721a4b00)) called at /home/sand/src/perl/repoperls/installed-perls/host/k93jammy/v5.38.3/5674/lib/site_perl/5.38.3/Catalyst/Action.pm line 368
	Catalyst::Action::dispatch(Catalyst::Action=HASH(0x61a7721a4b00), ComponentUI=HASH(0x61a7723a15d8)) called at /home/sand/src/perl/repoperls/installed-perls/host/k93jammy/v5.38.3/5674/lib/site_perl/5.38.3/Catalyst/Dispatcher.pm line 261
	Catalyst::Dispatcher::_do_forward(Catalyst::Dispatcher=HASH(0x61a76cf51818), "forward", ComponentUI=HASH(0x61a7723a15d8), "_END") called at /home/sand/src/perl/repoperls/installed-perls/host/k93jammy/v5.38.3/5674/lib/site_perl/5.38.3/Catalyst/Dispatcher.pm line 241
	Catalyst::Dispatcher::forward(Catalyst::Dispatcher=HASH(0x61a76cf51818), ComponentUI=HASH(0x61a7723a15d8), "_END") called at /home/sand/src/perl/repoperls/installed-perls/host/k93jammy/v5.38.3/5674/lib/site_perl/5.38.3/Catalyst.pm line 489
	Catalyst::forward(ComponentUI=HASH(0x61a7723a15d8), "_END") called at /home/sand/src/perl/repoperls/installed-perls/host/k93jammy/v5.38.3/5674/lib/site_perl/5.38.3/Catalyst/Controller.pm line 137
	Catalyst::Controller::_DISPATCH(ComponentUI::Controller::TestModel::Baz=HASH(0x61a7723a4ad8), ComponentUI=HASH(0x61a7723a15d8)) called at /home/sand/src/perl/repoperls/installed-perls/host/k93jammy/v5.38.3/5674/lib/site_perl/5.38.3/Catalyst/Action.pm line 374
	Catalyst::Action::execute(Catalyst::Action=HASH(0x61a772194820), ComponentUI::Controller::TestModel::Baz=HASH(0x61a7723a4ad8), ComponentUI=HASH(0x61a7723a15d8)) called at /home/sand/src/perl/repoperls/installed-perls/host/k93jammy/v5.38.3/5674/lib/site_perl/5.38.3/Catalyst.pm line 2067
	eval {...} called at /home/sand/src/perl/repoperls/installed-perls/host/k93jammy/v5.38.3/5674/lib/site_perl/5.38.3/Catalyst.pm line 2067
	Catalyst::execute(ComponentUI=HASH(0x61a7723a15d8), "ComponentUI::Controller::TestModel::Baz", Catalyst::Action=HASH(0x61a772194820)) called at /home/sand/src/perl/repoperls/installed-perls/host/k93jammy/v5.38.3/5674/lib/site_perl/5.38.3/Catalyst/Action.pm line 368
	Catalyst::Action::dispatch(Catalyst::Action=HASH(0x61a772194820), ComponentUI=HASH(0x61a7723a15d8)) called at /home/sand/src/perl/repoperls/installed-perls/host/k93jammy/v5.38.3/5674/lib/site_perl/5.38.3/Catalyst/Dispatcher.pm line 261
	Catalyst::Dispatcher::_do_forward(Catalyst::Dispatcher=HASH(0x61a76cf51818), "forward", ComponentUI=HASH(0x61a7723a15d8), "/testmodel/baz/_DISPATCH") called at /home/sand/src/perl/repoperls/installed-perls/host/k93jammy/v5.38.3/5674/lib/site_perl/5.38.3/Catalyst/Dispatcher.pm line 241
	Catalyst::Dispatcher::forward(Catalyst::Dispatcher=HASH(0x61a76cf51818), ComponentUI=HASH(0x61a7723a15d8), "/testmodel/baz/_DISPATCH") called at /home/sand/src/perl/repoperls/installed-perls/host/k93jammy/v5.38.3/5674/lib/site_perl/5.38.3/Catalyst.pm line 489
	Catalyst::forward(ComponentUI=HASH(0x61a7723a15d8), "/testmodel/baz/_DISPATCH") called at /home/sand/src/perl/repoperls/installed-perls/host/k93jammy/v5.38.3/5674/lib/site_perl/5.38.3/Catalyst/Dispatcher.pm line 107
	Catalyst::Dispatcher::dispatch(Catalyst::Dispatcher=HASH(0x61a76cf51818), ComponentUI=HASH(0x61a7723a15d8)) called at /home/sand/src/perl/repoperls/installed-perls/host/k93jammy/v5.38.3/5674/lib/site_perl/5.38.3/Catalyst.pm line 2013
	Catalyst::dispatch(ComponentUI=HASH(0x61a7723a15d8)) called at /home/sand/src/perl/repoperls/installed-perls/host/k93jammy/v5.38.3/5674/lib/site_perl/5.38.3/Catalyst/Plugin/Static/Simple.pm line 85
	Class::MOP::Class:::around(CODE(0x61a76d3db7e0), ComponentUI=HASH(0x61a7723a15d8)) called at /home/sand/src/perl/repoperls/installed-perls/host/k93jammy/v5.38.3/5674/lib/site_perl/5.38.3/x86_64-linux-ld/Class/MOP/Method/Wrapped.pm line 166
	ComponentUI::_wrapped_dispatch(ComponentUI=HASH(0x61a7723a15d8)) called at /home/sand/src/perl/repoperls/installed-perls/host/k93jammy/v5.38.3/5674/lib/site_perl/5.38.3/x86_64-linux-ld/Class/MOP/Method/Wrapped.pm line 97
	ComponentUI::dispatch(ComponentUI=HASH(0x61a7723a15d8)) called at /home/sand/src/perl/repoperls/installed-perls/host/k93jammy/v5.38.3/5674/lib/site_perl/5.38.3/Catalyst.pm line 2419
	Catalyst::try {...} () called at /home/sand/src/perl/repoperls/installed-perls/host/k93jammy/v5.38.3/5674/lib/site_perl/5.38.3/Try/Tiny.pm line 102
	eval {...} called at /home/sand/src/perl/repoperls/installed-perls/host/k93jammy/v5.38.3/5674/lib/site_perl/5.38.3/Try/Tiny.pm line 93
	Try::Tiny::try(CODE(0x61a7723a0f48), Try::Tiny::Catch=REF(0x61a7723a2e08)) called at /home/sand/src/perl/repoperls/installed-perls/host/k93jammy/v5.38.3/5674/lib/site_perl/5.38.3/Catalyst.pm line 2428
	Catalyst::handle_request("ComponentUI", "env", HASH(0x61a77239dba0), "response_cb", CODE(0x61a7723a2e68)) called at /home/sand/src/perl/repoperls/installed-perls/host/k93jammy/v5.38.3/5674/lib/site_perl/5.38.3/Catalyst/Engine.pm line 808
	Catalyst::Engine::__ANON__(CODE(0x61a7723a2e68)) called at /home/sand/src/perl/repoperls/installed-perls/host/k93jammy/v5.38.3/5674/lib/site_perl/5.38.3/Plack/Middleware/HTTPExceptions.pm line 32
	Plack::Middleware::HTTPExceptions::try {...} () called at /home/sand/src/perl/repoperls/installed-perls/host/k93jammy/v5.38.3/5674/lib/site_perl/5.38.3/Try/Tiny.pm line 102
	eval {...} called at /home/sand/src/perl/repoperls/installed-perls/host/k93jammy/v5.38.3/5674/lib/site_perl/5.38.3/Try/Tiny.pm line 93
	Try::Tiny::try(CODE(0x61a7723a2ca0), Try::Tiny::Catch=REF(0x61a7723a2070)) called at /home/sand/src/perl/repoperls/installed-perls/host/k93jammy/v5.38.3/5674/lib/site_perl/5.38.3/Plack/Middleware/HTTPExceptions.pm line 41
	Plack::Middleware::HTTPExceptions::__ANON__(CODE(0x61a7723c2480)) called at /home/sand/src/perl/repoperls/installed-perls/host/k93jammy/v5.38.3/5674/lib/site_perl/5.38.3/Plack/Util.pm line 339
	Plack::Util::__ANON__(CODE(0x61a77239d918)) called at /home/sand/src/perl/repoperls/installed-perls/host/k93jammy/v5.38.3/5674/lib/site_perl/5.38.3/Plack/Util.pm line 339
	Plack::Util::__ANON__(CODE(0x61a77239d840)) called at /home/sand/src/perl/repoperls/installed-perls/host/k93jammy/v5.38.3/5674/lib/site_perl/5.38.3/Plack/Util.pm line 339
	Plack::Util::__ANON__(CODE(0x61a772369da0)) called at /home/sand/src/perl/repoperls/installed-perls/host/k93jammy/v5.38.3/5674/lib/site_perl/5.38.3/HTTP/Message/PSGI.pm line 100
	HTTP::Message::PSGI::res_from_psgi(CODE(0x61a7723a2a48)) called at /home/sand/src/perl/repoperls/installed-perls/host/k93jammy/v5.38.3/5674/lib/site_perl/5.38.3/HTTP/Message/PSGI.pm line 157
	HTTP::Response::from_psgi("HTTP::Response", CODE(0x61a7723a2a48)) called at /home/sand/src/perl/repoperls/installed-perls/host/k93jammy/v5.38.3/5674/lib/site_perl/5.38.3/Plack/Test/MockHTTP.pm line 24
	Plack::Test::MockHTTP::try {...} () called at /home/sand/src/perl/repoperls/installed-perls/host/k93jammy/v5.38.3/5674/lib/site_perl/5.38.3/Try/Tiny.pm line 100
	eval {...} called at /home/sand/src/perl/repoperls/installed-perls/host/k93jammy/v5.38.3/5674/lib/site_perl/5.38.3/Try/Tiny.pm line 93
	Try::Tiny::try(CODE(0x61a76a6e0d40), Try::Tiny::Catch=REF(0x61a7722a1078)) called at /home/sand/src/perl/repoperls/installed-perls/host/k93jammy/v5.38.3/5674/lib/site_perl/5.38.3/Plack/Test/MockHTTP.pm line 27
	Plack::Test::MockHTTP::request(Plack::Test::MockHTTP=HASH(0x61a772369b30), HTTP::Request=HASH(0x61a76a6d1cc8)) called at /home/sand/src/perl/repoperls/installed-perls/host/k93jammy/v5.38.3/5674/lib/site_perl/5.38.3/Plack/Test.pm line 38
	Plack::Test::__ANON__(HTTP::Request=HASH(0x61a76a6d1cc8)) called at /home/sand/src/perl/repoperls/installed-perls/host/k93jammy/v5.38.3/5674/lib/site_perl/5.38.3/Catalyst/Test.pm line 290
	Catalyst::Test::__ANON__(CODE(0x61a772369ab8)) called at /home/sand/src/perl/repoperls/installed-perls/host/k93jammy/v5.38.3/5674/lib/site_perl/5.38.3/Plack/Test.pm line 38
	Plack::Test::test_psgi("app", CODE(0x61a772369680), "mangle_response", CODE(0x61a76c5d7ab8), "app", CODE(0x61a772369650), "client", CODE(0x61a772369950)) called at /home/sand/src/perl/repoperls/installed-perls/host/k93jammy/v5.38.3/5674/lib/site_perl/5.38.3/Catalyst/Test.pm line 293
	Catalyst::Test::_request(HASH(0x61a7722a6d28), HTTP::Request=HASH(0x61a76a6d1cc8)) called at /home/sand/src/perl/repoperls/installed-perls/host/k93jammy/v5.38.3/5674/lib/site_perl/5.38.3/Catalyst/Test.pm line 336
	Catalyst::Test::_local_request("ComponentUI", HTTP::Request=HASH(0x61a76a6d1cc8)) called at /home/sand/src/perl/repoperls/installed-perls/host/k93jammy/v5.38.3/5674/lib/site_perl/5.38.3/Test/WWW/Mechanize/Catalyst.pm line 176
	Test::WWW::Mechanize::Catalyst::_do_catalyst_request(Test::WWW::Mechanize::Catalyst=HASH(0x61a76a6d7090), HTTP::Request=HASH(0x61a76a6d1cc8)) called at /home/sand/src/perl/repoperls/installed-perls/host/k93jammy/v5.38.3/5674/lib/site_perl/5.38.3/Test/WWW/Mechanize/Catalyst.pm line 78
	Test::WWW::Mechanize::Catalyst::_make_request(Test::WWW::Mechanize::Catalyst=HASH(0x61a76a6d7090), HTTP::Request=HASH(0x61a76a6d1cc8)) called at /home/sand/src/perl/repoperls/installed-perls/host/k93jammy/v5.38.3/5674/lib/site_perl/5.38.3/WWW/Mechanize.pm line 1534
	WWW::Mechanize::request(Test::WWW::Mechanize::Catalyst=HASH(0x61a76a6d7090), HTTP::Request=HASH(0x61a76a6d1cc8)) called at /home/sand/src/perl/repoperls/installed-perls/host/k93jammy/v5.38.3/5674/lib/site_perl/5.38.3/LWP/UserAgent.pm line 454
	LWP::UserAgent::get(Test::WWW::Mechanize::Catalyst=HASH(0x61a76a6d7090), "http://localhost/testmodel/baz/id/1/update") called at /home/sand/src/perl/repoperls/installed-perls/host/k93jammy/v5.38.3/5674/lib/site_perl/5.38.3/WWW/Mechanize.pm line 124
	WWW::Mechanize::get(Test::WWW::Mechanize::Catalyst=HASH(0x61a76a6d7090), "http://localhost/testmodel/baz/id/1/update") called at /home/sand/src/perl/repoperls/installed-perls/host/k93jammy/v5.38.3/5674/lib/site_perl/5.38.3/Test/WWW/Mechanize.pm line 192
	Test::WWW::Mechanize::get_ok(Test::WWW::Mechanize::Catalyst=HASH(0x61a76a6d7090), "http://localhost/testmodel/baz/id/1/update") called at t/uncheck_bool_field.t line 9
Class::MOP::load_class is deprecated at /home/sand/src/perl/repoperls/installed-perls/host/k93jammy/v5.38.3/5674/lib/site_perl/5.38.3/x86_64-linux-ld/Class/MOP.pm line 69.
	Class::MOP::load_class("Reaction::UI::Widget::SiteLayout") called at /tmp/loop_over_bdir-935399-bfmh6H/Reaction-0.002005-0/blib/lib/Reaction/UI/Skin.pm line 181
	eval {...} called at /tmp/loop_over_bdir-935399-bfmh6H/Reaction-0.002005-0/blib/lib/Reaction/UI/Skin.pm line 181
	Reaction::UI::Skin::widget_class_for(Reaction::UI::Skin=HASH(0x61a7727f1630), Reaction::UI::LayoutSet::TT=HASH(0x61a77288e420)) called at /tmp/loop_over_bdir-935399-bfmh6H/Reaction-0.002005-0/blib/lib/Reaction/UI/LayoutSet.pm line 29
	Reaction::UI::LayoutSet::BUILD(Reaction::UI::LayoutSet::TT=HASH(0x61a77288e420), HASH(0x61a77288e408)) called at constructor Reaction::UI::LayoutSet::TT::new (defined at /tmp/loop_over_bdir-935399-bfmh6H/Reaction-0.002005-0/blib/lib/Reaction/UI/LayoutSet/TT.pm line 43) line 80
	Reaction::UI::LayoutSet::TT::new("Reaction::UI::LayoutSet::TT", "name", "site_layout", "skin", Reaction::UI::Skin=HASH(0x61a7727f1630), "tt_object", Template=HASH(0x61a771c7fc98), "source_file", ...) called at /tmp/loop_over_bdir-935399-bfmh6H/Reaction-0.002005-0/blib/lib/Reaction/UI/Skin.pm line 115
	Reaction::UI::Skin::_create_layout_set(Reaction::UI::Skin=HASH(0x61a7727f1630), "site_layout", ARRAY(0x61a772876a50), Reaction::UI::Skin=HASH(0x61a7727f1630)) called at /tmp/loop_over_bdir-935399-bfmh6H/Reaction-0.002005-0/blib/lib/Reaction/UI/Skin.pm line 110
	Reaction::UI::Skin::create_layout_set(Reaction::UI::Skin=HASH(0x61a7727f1630), "site_layout") called at /tmp/loop_over_bdir-935399-bfmh6H/Reaction-0.002005-0/blib/lib/Reaction/UI/LayoutSet.pm line 83
	Reaction::UI::LayoutSet::_load_file(Reaction::UI::LayoutSet::TT=HASH(0x61a772870098), Path::Class::File=HASH(0x61a77282c218), HASH(0x61a772862910)) called at /tmp/loop_over_bdir-935399-bfmh6H/Reaction-0.002005-0/blib/lib/Reaction/UI/LayoutSet.pm line 27
	Reaction::UI::LayoutSet::BUILD(Reaction::UI::LayoutSet::TT=HASH(0x61a772870098), HASH(0x61a772862910)) called at constructor Reaction::UI::LayoutSet::TT::new (defined at /tmp/loop_over_bdir-935399-bfmh6H/Reaction-0.002005-0/blib/lib/Reaction/UI/LayoutSet/TT.pm line 43) line 80
	Reaction::UI::LayoutSet::TT::new("Reaction::UI::LayoutSet::TT", "name", "site_layout", "skin", Reaction::UI::Skin=HASH(0x61a7728626e8), "next_skin", Reaction::UI::Skin=HASH(0x61a7727f1630), "tt_object", ...) called at /tmp/loop_over_bdir-935399-bfmh6H/Reaction-0.002005-0/blib/lib/Reaction/UI/Skin.pm line 115
	Reaction::UI::Skin::_create_layout_set(Reaction::UI::Skin=HASH(0x61a7728626e8), "site_layout", ARRAY(0x61a7728191b0), Reaction::UI::Skin=HASH(0x61a7728626e8)) called at /tmp/loop_over_bdir-935399-bfmh6H/Reaction-0.002005-0/blib/lib/Reaction/UI/Skin.pm line 110
	Reaction::UI::Skin::create_layout_set(Reaction::UI::Skin=HASH(0x61a7728626e8), "site_layout") called at /tmp/loop_over_bdir-935399-bfmh6H/Reaction-0.002005-0/blib/lib/Reaction/UI/LayoutSet.pm line 83
	Reaction::UI::LayoutSet::_load_file(Reaction::UI::LayoutSet::TT=HASH(0x61a77281ce50), Path::Class::File=HASH(0x61a772814b38), HASH(0x61a772401a18)) called at /tmp/loop_over_bdir-935399-bfmh6H/Reaction-0.002005-0/blib/lib/Reaction/UI/LayoutSet.pm line 27
	Reaction::UI::LayoutSet::BUILD(Reaction::UI::LayoutSet::TT=HASH(0x61a77281ce50), HASH(0x61a772401a18)) called at constructor Reaction::UI::LayoutSet::TT::new (defined at /tmp/loop_over_bdir-935399-bfmh6H/Reaction-0.002005-0/blib/lib/Reaction/UI/LayoutSet/TT.pm line 43) line 80
	Reaction::UI::LayoutSet::TT::new("Reaction::UI::LayoutSet::TT", "name", "site_layout", "skin", Reaction::UI::Skin=HASH(0x61a772815780), "next_skin", Reaction::UI::Skin=HASH(0x61a7728626e8), "tt_object", ...) called at /tmp/loop_over_bdir-935399-bfmh6H/Reaction-0.002005-0/blib/lib/Reaction/UI/Skin.pm line 115
	Reaction::UI::Skin::_create_layout_set(Reaction::UI::Skin=HASH(0x61a772815780), "site_layout", ARRAY(0x61a7728626d0), Reaction::UI::Skin=HASH(0x61a772815780)) called at /tmp/loop_over_bdir-935399-bfmh6H/Reaction-0.002005-0/blib/lib/Reaction/UI/Skin.pm line 110
	Reaction::UI::Skin::create_layout_set(Reaction::UI::Skin=HASH(0x61a772815780), "site_layout") called at inline delegation in Reaction::UI::View for skin->create_layout_set (attribute declared in /tmp/loop_over_bdir-935399-bfmh6H/Reaction-0.002005-0/blib/lib/Reaction/UI/View.pm at line 22) line 18
	Reaction::UI::View::create_layout_set(ComponentUI::View::Site=HASH(0x61a76e5dfc50), "site_layout") called at /tmp/loop_over_bdir-935399-bfmh6H/Reaction-0.002005-0/blib/lib/Reaction/UI/View.pm line 99
	Reaction::UI::View::layout_set_for(ComponentUI::View::Site=HASH(0x61a76e5dfc50), Reaction::UI::ViewPort::SiteLayout=HASH(0x61a7723e2250)) called at /tmp/loop_over_bdir-935399-bfmh6H/Reaction-0.002005-0/blib/lib/Reaction/UI/View.pm line 78
	Reaction::UI::View::render_viewport_args(ComponentUI::View::Site=HASH(0x61a76e5dfc50), Reaction::UI::ViewPort::SiteLayout=HASH(0x61a7723e2250)) called at /tmp/loop_over_bdir-935399-bfmh6H/Reaction-0.002005-0/blib/lib/Reaction/UI/View.pm line 61
	Reaction::UI::View::render_window(ComponentUI::View::Site=HASH(0x61a76e5dfc50), Reaction::UI::Window=HASH(0x61a7723e19e0)) called at /tmp/loop_over_bdir-935399-bfmh6H/Reaction-0.002005-0/blib/lib/Reaction/UI/Window.pm line 74
	Reaction::UI::Window::flush_view(Reaction::UI::Window=HASH(0x61a7723e19e0)) called at /tmp/loop_over_bdir-935399-bfmh6H/Reaction-0.002005-0/blib/lib/Reaction/UI/Window.pm line 36
	Reaction::UI::Window::flush(Reaction::UI::Window=HASH(0x61a7723e19e0)) called at /tmp/loop_over_bdir-935399-bfmh6H/Reaction-0.002005-0/blib/lib/Reaction/UI/Controller/Root.pm line 38
	Reaction::UI::Controller::Root::end(ComponentUI::Controller::Root=HASH(0x61a7723e1b00), ComponentUI=HASH(0x61a7723a15d8)) called at /home/sand/src/perl/repoperls/installed-perls/host/k93jammy/v5.38.3/5674/lib/site_perl/5.38.3/Catalyst/Action.pm line 374
	Catalyst::Action::execute(Catalyst::Action=HASH(0x61a77187e0a0), ComponentUI::Controller::Root=HASH(0x61a7723e1b00), ComponentUI=HASH(0x61a7723a15d8)) called at /home/sand/src/perl/repoperls/installed-perls/host/k93jammy/v5.38.3/5674/lib/site_perl/5.38.3/Catalyst.pm line 2067
	eval {...} called at /home/sand/src/perl/repoperls/installed-perls/host/k93jammy/v5.38.3/5674/lib/site_perl/5.38.3/Catalyst.pm line 2067
	Catalyst::execute(ComponentUI=HASH(0x61a7723a15d8), "ComponentUI::Controller::Root", Catalyst::Action=HASH(0x61a77187e0a0)) called at /home/sand/src/perl/repoperls/installed-perls/host/k93jammy/v5.38.3/5674/lib/site_perl/5.38.3/Catalyst/Action.pm line 368
	Catalyst::Action::dispatch(Catalyst::Action=HASH(0x61a77187e0a0), ComponentUI=HASH(0x61a7723a15d8)) called at /home/sand/src/perl/repoperls/installed-perls/host/k93jammy/v5.38.3/5674/lib/site_perl/5.38.3/Catalyst/Controller.pm line 188
	Catalyst::Controller::_END(ComponentUI::Controller::TestModel::Baz=HASH(0x61a7723a4ad8), ComponentUI=HASH(0x61a7723a15d8)) called at /home/sand/src/perl/repoperls/installed-perls/host/k93jammy/v5.38.3/5674/lib/site_perl/5.38.3/Catalyst/Action.pm line 374
	Catalyst::Action::execute(Catalyst::Action=HASH(0x61a7721a4b00), ComponentUI::Controller::TestModel::Baz=HASH(0x61a7723a4ad8), ComponentUI=HASH(0x61a7723a15d8)) called at /home/sand/src/perl/repoperls/installed-perls/host/k93jammy/v5.38.3/5674/lib/site_perl/5.38.3/Catalyst.pm line 2067
	eval {...} called at /home/sand/src/perl/repoperls/installed-perls/host/k93jammy/v5.38.3/5674/lib/site_perl/5.38.3/Catalyst.pm line 2067
	Catalyst::execute(ComponentUI=HASH(0x61a7723a15d8), "ComponentUI::Controller::TestModel::Baz", Catalyst::Action=HASH(0x61a7721a4b00)) called at /home/sand/src/perl/repoperls/installed-perls/host/k93jammy/v5.38.3/5674/lib/site_perl/5.38.3/Catalyst/Action.pm line 368
	Catalyst::Action::dispatch(Catalyst::Action=HASH(0x61a7721a4b00), ComponentUI=HASH(0x61a7723a15d8)) called at /home/sand/src/perl/repoperls/installed-perls/host/k93jammy/v5.38.3/5674/lib/site_perl/5.38.3/Catalyst/Dispatcher.pm line 261
	Catalyst::Dispatcher::_do_forward(Catalyst::Dispatcher=HASH(0x61a76cf51818), "forward", ComponentUI=HASH(0x61a7723a15d8), "_END") called at /home/sand/src/perl/repoperls/installed-perls/host/k93jammy/v5.38.3/5674/lib/site_perl/5.38.3/Catalyst/Dispatcher.pm line 241
	Catalyst::Dispatcher::forward(Catalyst::Dispatcher=HASH(0x61a76cf51818), ComponentUI=HASH(0x61a7723a15d8), "_END") called at /home/sand/src/perl/repoperls/installed-perls/host/k93jammy/v5.38.3/5674/lib/site_perl/5.38.3/Catalyst.pm line 489
	Catalyst::forward(ComponentUI=HASH(0x61a7723a15d8), "_END") called at /home/sand/src/perl/repoperls/installed-perls/host/k93jammy/v5.38.3/5674/lib/site_perl/5.38.3/Catalyst/Controller.pm line 137
	Catalyst::Controller::_DISPATCH(ComponentUI::Controller::TestModel::Baz=HASH(0x61a7723a4ad8), ComponentUI=HASH(0x61a7723a15d8)) called at /home/sand/src/perl/repoperls/installed-perls/host/k93jammy/v5.38.3/5674/lib/site_perl/5.38.3/Catalyst/Action.pm line 374
	Catalyst::Action::execute(Catalyst::Action=HASH(0x61a772194820), ComponentUI::Controller::TestModel::Baz=HASH(0x61a7723a4ad8), ComponentUI=HASH(0x61a7723a15d8)) called at /home/sand/src/perl/repoperls/installed-perls/host/k93jammy/v5.38.3/5674/lib/site_perl/5.38.3/Catalyst.pm line 2067
	eval {...} called at /home/sand/src/perl/repoperls/installed-perls/host/k93jammy/v5.38.3/5674/lib/site_perl/5.38.3/Catalyst.pm line 2067
	Catalyst::execute(ComponentUI=HASH(0x61a7723a15d8), "ComponentUI::Controller::TestModel::Baz", Catalyst::Action=HASH(0x61a772194820)) called at /home/sand/src/perl/repoperls/installed-perls/host/k93jammy/v5.38.3/5674/lib/site_perl/5.38.3/Catalyst/Action.pm line 368
	Catalyst::Action::dispatch(Catalyst::Action=HASH(0x61a772194820), ComponentUI=HASH(0x61a7723a15d8)) called at /home/sand/src/perl/repoperls/installed-perls/host/k93jammy/v5.38.3/5674/lib/site_perl/5.38.3/Catalyst/Dispatcher.pm line 261
	Catalyst::Dispatcher::_do_forward(Catalyst::Dispatcher=HASH(0x61a76cf51818), "forward", ComponentUI=HASH(0x61a7723a15d8), "/testmodel/baz/_DISPATCH") called at /home/sand/src/perl/repoperls/installed-perls/host/k93jammy/v5.38.3/5674/lib/site_perl/5.38.3/Catalyst/Dispatcher.pm line 241
	Catalyst::Dispatcher::forward(Catalyst::Dispatcher=HASH(0x61a76cf51818), ComponentUI=HASH(0x61a7723a15d8), "/testmodel/baz/_DISPATCH") called at /home/sand/src/perl/repoperls/installed-perls/host/k93jammy/v5.38.3/5674/lib/site_perl/5.38.3/Catalyst.pm line 489
	Catalyst::forward(ComponentUI=HASH(0x61a7723a15d8), "/testmodel/baz/_DISPATCH") called at /home/sand/src/perl/repoperls/installed-perls/host/k93jammy/v5.38.3/5674/lib/site_perl/5.38.3/Catalyst/Dispatcher.pm line 107
	Catalyst::Dispatcher::dispatch(Catalyst::Dispatcher=HASH(0x61a76cf51818), ComponentUI=HASH(0x61a7723a15d8)) called at /home/sand/src/perl/repoperls/installed-perls/host/k93jammy/v5.38.3/5674/lib/site_perl/5.38.3/Catalyst.pm line 2013
	Catalyst::dispatch(ComponentUI=HASH(0x61a7723a15d8)) called at /home/sand/src/perl/repoperls/installed-perls/host/k93jammy/v5.38.3/5674/lib/site_perl/5.38.3/Catalyst/Plugin/Static/Simple.pm line 85
	Class::MOP::Class:::around(CODE(0x61a76d3db7e0), ComponentUI=HASH(0x61a7723a15d8)) called at /home/sand/src/perl/repoperls/installed-perls/host/k93jammy/v5.38.3/5674/lib/site_perl/5.38.3/x86_64-linux-ld/Class/MOP/Method/Wrapped.pm line 166
	ComponentUI::_wrapped_dispatch(ComponentUI=HASH(0x61a7723a15d8)) called at /home/sand/src/perl/repoperls/installed-perls/host/k93jammy/v5.38.3/5674/lib/site_perl/5.38.3/x86_64-linux-ld/Class/MOP/Method/Wrapped.pm line 97
	ComponentUI::dispatch(ComponentUI=HASH(0x61a7723a15d8)) called at /home/sand/src/perl/repoperls/installed-perls/host/k93jammy/v5.38.3/5674/lib/site_perl/5.38.3/Catalyst.pm line 2419
	Catalyst::try {...} () called at /home/sand/src/perl/repoperls/installed-perls/host/k93jammy/v5.38.3/5674/lib/site_perl/5.38.3/Try/Tiny.pm line 102
	eval {...} called at /home/sand/src/perl/repoperls/installed-perls/host/k93jammy/v5.38.3/5674/lib/site_perl/5.38.3/Try/Tiny.pm line 93
	Try::Tiny::try(CODE(0x61a7723a0f48), Try::Tiny::Catch=REF(0x61a7723a2e08)) called at /home/sand/src/perl/repoperls/installed-perls/host/k93jammy/v5.38.3/5674/lib/site_perl/5.38.3/Catalyst.pm line 2428
	Catalyst::handle_request("ComponentUI", "env", HASH(0x61a77239dba0), "response_cb", CODE(0x61a7723a2e68)) called at /home/sand/src/perl/repoperls/installed-perls/host/k93jammy/v5.38.3/5674/lib/site_perl/5.38.3/Catalyst/Engine.pm line 808
	Catalyst::Engine::__ANON__(CODE(0x61a7723a2e68)) called at /home/sand/src/perl/repoperls/installed-perls/host/k93jammy/v5.38.3/5674/lib/site_perl/5.38.3/Plack/Middleware/HTTPExceptions.pm line 32
	Plack::Middleware::HTTPExceptions::try {...} () called at /home/sand/src/perl/repoperls/installed-perls/host/k93jammy/v5.38.3/5674/lib/site_perl/5.38.3/Try/Tiny.pm line 102
	eval {...} called at /home/sand/src/perl/repoperls/installed-perls/host/k93jammy/v5.38.3/5674/lib/site_perl/5.38.3/Try/Tiny.pm line 93
	Try::Tiny::try(CODE(0x61a7723a2ca0), Try::Tiny::Catch=REF(0x61a7723a2070)) called at /home/sand/src/perl/repoperls/installed-perls/host/k93jammy/v5.38.3/5674/lib/site_perl/5.38.3/Plack/Middleware/HTTPExceptions.pm line 41
	Plack::Middleware::HTTPExceptions::__ANON__(CODE(0x61a7723c2480)) called at /home/sand/src/perl/repoperls/installed-perls/host/k93jammy/v5.38.3/5674/lib/site_perl/5.38.3/Plack/Util.pm line 339
	Plack::Util::__ANON__(CODE(0x61a77239d918)) called at /home/sand/src/perl/repoperls/installed-perls/host/k93jammy/v5.38.3/5674/lib/site_perl/5.38.3/Plack/Util.pm line 339
	Plack::Util::__ANON__(CODE(0x61a77239d840)) called at /home/sand/src/perl/repoperls/installed-perls/host/k93jammy/v5.38.3/5674/lib/site_perl/5.38.3/Plack/Util.pm line 339
	Plack::Util::__ANON__(CODE(0x61a772369da0)) called at /home/sand/src/perl/repoperls/installed-perls/host/k93jammy/v5.38.3/5674/lib/site_perl/5.38.3/HTTP/Message/PSGI.pm line 100
	HTTP::Message::PSGI::res_from_psgi(CODE(0x61a7723a2a48)) called at /home/sand/src/perl/repoperls/installed-perls/host/k93jammy/v5.38.3/5674/lib/site_perl/5.38.3/HTTP/Message/PSGI.pm line 157
	HTTP::Response::from_psgi("HTTP::Response", CODE(0x61a7723a2a48)) called at /home/sand/src/perl/repoperls/installed-perls/host/k93jammy/v5.38.3/5674/lib/site_perl/5.38.3/Plack/Test/MockHTTP.pm line 24
	Plack::Test::MockHTTP::try {...} () called at /home/sand/src/perl/repoperls/installed-perls/host/k93jammy/v5.38.3/5674/lib/site_perl/5.38.3/Try/Tiny.pm line 100
	eval {...} called at /home/sand/src/perl/repoperls/installed-perls/host/k93jammy/v5.38.3/5674/lib/site_perl/5.38.3/Try/Tiny.pm line 93
	Try::Tiny::try(CODE(0x61a76a6e0d40), Try::Tiny::Catch=REF(0x61a7722a1078)) called at /home/sand/src/perl/repoperls/installed-perls/host/k93jammy/v5.38.3/5674/lib/site_perl/5.38.3/Plack/Test/MockHTTP.pm line 27
	Plack::Test::MockHTTP::request(Plack::Test::MockHTTP=HASH(0x61a772369b30), HTTP::Request=HASH(0x61a76a6d1cc8)) called at /home/sand/src/perl/repoperls/installed-perls/host/k93jammy/v5.38.3/5674/lib/site_perl/5.38.3/Plack/Test.pm line 38
	Plack::Test::__ANON__(HTTP::Request=HASH(0x61a76a6d1cc8)) called at /home/sand/src/perl/repoperls/installed-perls/host/k93jammy/v5.38.3/5674/lib/site_perl/5.38.3/Catalyst/Test.pm line 290
	Catalyst::Test::__ANON__(CODE(0x61a772369ab8)) called at /home/sand/src/perl/repoperls/installed-perls/host/k93jammy/v5.38.3/5674/lib/site_perl/5.38.3/Plack/Test.pm line 38
	Plack::Test::test_psgi("app", CODE(0x61a772369680), "mangle_response", CODE(0x61a76c5d7ab8), "app", CODE(0x61a772369650), "client", CODE(0x61a772369950)) called at /home/sand/src/perl/repoperls/installed-perls/host/k93jammy/v5.38.3/5674/lib/site_perl/5.38.3/Catalyst/Test.pm line 293
	Catalyst::Test::_request(HASH(0x61a7722a6d28), HTTP::Request=HASH(0x61a76a6d1cc8)) called at /home/sand/src/perl/repoperls/installed-perls/host/k93jammy/v5.38.3/5674/lib/site_perl/5.38.3/Catalyst/Test.pm line 336
	Catalyst::Test::_local_request("ComponentUI", HTTP::Request=HASH(0x61a76a6d1cc8)) called at /home/sand/src/perl/repoperls/installed-perls/host/k93jammy/v5.38.3/5674/lib/site_perl/5.38.3/Test/WWW/Mechanize/Catalyst.pm line 176
	Test::WWW::Mechanize::Catalyst::_do_catalyst_request(Test::WWW::Mechanize::Catalyst=HASH(0x61a76a6d7090), HTTP::Request=HASH(0x61a76a6d1cc8)) called at /home/sand/src/perl/repoperls/installed-perls/host/k93jammy/v5.38.3/5674/lib/site_perl/5.38.3/Test/WWW/Mechanize/Catalyst.pm line 78
	Test::WWW::Mechanize::Catalyst::_make_request(Test::WWW::Mechanize::Catalyst=HASH(0x61a76a6d7090), HTTP::Request=HASH(0x61a76a6d1cc8)) called at /home/sand/src/perl/repoperls/installed-perls/host/k93jammy/v5.38.3/5674/lib/site_perl/5.38.3/WWW/Mechanize.pm line 1534
	WWW::Mechanize::request(Test::WWW::Mechanize::Catalyst=HASH(0x61a76a6d7090), HTTP::Request=HASH(0x61a76a6d1cc8)) called at /home/sand/src/perl/repoperls/installed-perls/host/k93jammy/v5.38.3/5674/lib/site_perl/5.38.3/LWP/UserAgent.pm line 454
	LWP::UserAgent::get(Test::WWW::Mechanize::Catalyst=HASH(0x61a76a6d7090), "http://localhost/testmodel/baz/id/1/update") called at /home/sand/src/perl/repoperls/installed-perls/host/k93jammy/v5.38.3/5674/lib/site_perl/5.38.3/WWW/Mechanize.pm line 124
	WWW::Mechanize::get(Test::WWW::Mechanize::Catalyst=HASH(0x61a76a6d7090), "http://localhost/testmodel/baz/id/1/update") called at /home/sand/src/perl/repoperls/installed-perls/host/k93jammy/v5.38.3/5674/lib/site_perl/5.38.3/Test/WWW/Mechanize.pm line 192
	Test::WWW::Mechanize::get_ok(Test::WWW::Mechanize::Catalyst=HASH(0x61a76a6d7090), "http://localhost/testmodel/baz/id/1/update") called at t/uncheck_bool_field.t line 9
t/uncheck_bool_field.t ...... ok

Test Summary Report
-------------------
t/05reflect_attr_from.t   (Wstat: 256 (exited 1) Tests: 1 Failed: 1)
  Failed test:  1
  Non-zero exit status: 1
Files=9, Tests=604, 16 wallclock secs ( 0.08 usr  0.02 sys + 13.90 cusr  1.98 csys = 15.98 CPU)
Result: FAIL
Failed 1/9 test programs. 1/604 subtests failed.
make: *** [Makefile:1538: test_dynamic] Error 255

------------------------------
PREREQUISITES
------------------------------

Prerequisite modules loaded:

requires:

    Module                                  Need      Have    
    --------------------------------------- --------- --------
    aliased                                 0.22      0.34    
    Catalyst                                5.80002   5.90132 
    Catalyst::Component::ACCEPT_CONTEXT     0.05      0.07    
    Catalyst::Component::InstancePerContext 0.001001  0.001001
    Catalyst::Model::DBIC::Schema           0.23      0.66    
    Catalyst::Plugin::ConfigLoader          0.23      0.35    
    Catalyst::Plugin::I18N                  0.09      0.10    
    Catalyst::Plugin::Static::Simple        0.21      0.37    
    Catalyst::View::TT                      0.29      0.46    
    Class::MOP                              0.81      2.2207  
    Config::General                         2.42      2.67    
    Crypt::Eksblowfish::Bcrypt              0.005     0.009   
    DateTime                                0.47      1.66    
    DateTime::Event::Recurrence             0.16      0.19    
    DateTime::Span                          0         0.3900  
    DBIx::Class                             0.08100   0.082844
    DBIx::Class::IntrospectableM2M          0.001001  0.001002
    Devel::Declare                          0.005000  0.006022
    Email::Valid                            0.181     1.204   
    ExtUtils::MakeMaker                     6.11      7.72    
    File::ShareDir                          1.00      1.118   
    File::Spec                              3.29      3.88    
    JSON                                    0         4.10    
    metaclass                               0.81      2.2207  
    Method::Signatures::Simple              0.03      1.07    
    Moose                                   0.74      2.2207  
    MooseX::MethodAttributes                0.18      0.32    
    MooseX::Role::Parameterized             0.24      1.11    
    MooseX::Types                           0.10      0.50    
    MooseX::Types::Common                   0.001000  0.001014
    MooseX::Types::DateTime                 0.03      0.13    
    MooseX::Types::URI                      0.02      0.09    
    namespace::clean                        0.11      0.27    
    Path::Class::Dir                        0         0.37    
    Path::Class::File                       0         0.37    
    perl                                    5.008001  5.038003
    Scalar::Util                            1.19      1.68    
    signatures                              0.05      0.14    
    SQL::Translator                         0.11002   1.66    
    Sub::Exporter                           0.982     0.991   
    Sub::Name                               0.04      0.28    
    Template                                2.20      3.102   
    Test::Class                             0.31      0.52    
    Test::Memory::Cycle                     1.04      1.06    
    Test::WWW::Mechanize::Catalyst          0.51      0.62    
    Time::ParseDate                         2006.0814 2015.103
    URI                                     1.37      5.31    

build_requires:

    Module                                  Need      Have    
    --------------------------------------- --------- --------
    ExtUtils::MakeMaker                     6.42      7.72    
    SQL::Translator                         0.11002   1.66    
    Test::Class                             0.31      0.52    
    Test::Memory::Cycle                     1.04      1.06    
    Test::WWW::Mechanize::Catalyst          0.51      0.62    

configure_requires:

    Module                                  Need      Have    
    --------------------------------------- --------- --------
    ExtUtils::MakeMaker                     6.42      7.72    


------------------------------
ENVIRONMENT AND OTHER CONTEXT
------------------------------

Environment variables:

    AUTOMATED_TESTING = 1
    LANG = en_US.UTF-8
    LC_ADDRESS = de_DE.UTF-8
    LC_IDENTIFICATION = de_DE.UTF-8
    LC_MEASUREMENT = de_DE.UTF-8
    LC_MONETARY = de_DE.UTF-8
    LC_NAME = de_DE.UTF-8
    LC_NUMERIC = de_DE.UTF-8
    LC_PAPER = de_DE.UTF-8
    LC_TELEPHONE = de_DE.UTF-8
    LC_TIME = de_DE.UTF-8
    PATH = /home/sand/bin:/usr/local/bin:/usr/local/sbin:/usr/sbin:/usr/bin:/sbin:/bin:/usr/games:/usr/local/games:/snap/bin:/usr/local/perl/bin:/usr/X11/bin
    PERL = /tmp/basesmoker-reloperl-mogV/bin/perl
    PERL5LIB = /tmp/loop_over_bdir-935399-bfmh6H/LCFG-Build-Skeleton-0.5.0-0/blib/arch:/tmp/loop_over_bdir-935399-bfmh6H/LCFG-Build-Skeleton-0.5.0-0/blib/lib:/tmp/loop_over_bdir-935399-bfmh6H/Net-ISP-Balance-1.31-0/blib/arch:/tmp/loop_over_bdir-935399-bfmh6H/Net-ISP-Balance-1.31-0/blib/lib:/tmp/loop_over_bdir-935399-bfmh6H/perl-Hardware-UPS-Perl-0.43-0/blib/arch:/tmp/loop_over_bdir-935399-bfmh6H/perl-Hardware-UPS-Perl-0.43-0/blib/lib:/tmp/loop_over_bdir-935399-bfmh6H/Lemonldap-NG-Cli-0.2-0/blib/arch:/tmp/loop_over_bdir-935399-bfmh6H/Lemonldap-NG-Cli-0.2-0/blib/lib:/tmp/loop_over_bdir-935399-bfmh6H/downsexta-0/blib/arch:/tmp/loop_over_bdir-935399-bfmh6H/downsexta-0/blib/lib:/tmp/loop_over_bdir-935399-bfmh6H/Business-Shipping-DataFiles-1.02-0/blib/arch:/tmp/loop_over_bdir-935399-bfmh6H/Business-Shipping-DataFiles-1.02-0/blib/lib:/tmp/loop_over_bdir-935399-bfmh6H/CGI-Application-NetNewsIface-0.0204-0/blib/arch:/tmp/loop_over_bdir-935399-bfmh6H/CGI-Application-NetNewsIface-0.0204-0/blib/lib:/tmp/loop_over_bdir-935399-bfmh6H/makepp-1.19-0/blib/arch:/tmp/loop_over_bdir-935399-bfmh6H/makepp-1.19-0/blib/lib:/tmp/loop_over_bdir-935399-bfmh6H/DBIx-Migration-Directories-0.12-0/blib/arch:/tmp/loop_over_bdir-935399-bfmh6H/DBIx-Migration-Directories-0.12-0/blib/lib:/tmp/loop_over_bdir-935399-bfmh6H/MP3-PodcastFetch-1.05-0/blib/arch:/tmp/loop_over_bdir-935399-bfmh6H/MP3-PodcastFetch-1.05-0/blib/lib:/tmp/loop_over_bdir-935399-bfmh6H/AllKnowingDNS-1.7-0/blib/arch:/tmp/loop_over_bdir-935399-bfmh6H/AllKnowingDNS-1.7-0/blib/lib:/tmp/loop_over_bdir-935399-bfmh6H/ProjectBuilder-0.14.1-0/blib/arch:/tmp/loop_over_bdir-935399-bfmh6H/ProjectBuilder-0.14.1-0/blib/lib:/tmp/loop_over_bdir-935399-bfmh6H/EJBCA-CrlPublish-0.60-0/blib/arch:/tmp/loop_over_bdir-935399-bfmh6H/EJBCA-CrlPublish-0.60-0/blib/lib:/tmp/loop_over_bdir-935399-bfmh6H/Sysync-0.38-0/blib/arch:/tmp/loop_over_bdir-935399-bfmh6H/Sysync-0.38-0/blib/lib:/tmp/loop_over_bdir-935399-bfmh6H/LiquidWeb-Storm-CLI-1.03-0/blib/arch:/tmp/loop_over_bdir-935399-bfmh6H/LiquidWeb-Storm-CLI-1.03-0/blib/lib:/tmp/loop_over_bdir-935399-bfmh6H/App-oo_modulino_zsh_completion_helper-0.06-0/blib/arch:/tmp/loop_over_bdir-935399-bfmh6H/App-oo_modulino_zsh_completion_helper-0.06-0/blib/lib:/tmp/loop_over_bdir-935399-bfmh6H/App-rmcd-0.280-0/blib/arch:/tmp/loop_over_bdir-935399-bfmh6H/App-rmcd-0.280-0/blib/lib:/tmp/loop_over_bdir-935399-bfmh6H/CORBA-Python-2.66-0/blib/arch:/tmp/loop_over_bdir-935399-bfmh6H/CORBA-Python-2.66-0/blib/lib:/tmp/loop_over_bdir-935399-bfmh6H/OSDial-3.0.2.124-0/blib/arch:/tmp/loop_over_bdir-935399-bfmh6H/OSDial-3.0.2.124-0/blib/lib:/tmp/loop_over_bdir-935399-bfmh6H/Net-OpenVPN-DDNS-0.1-0/blib/arch:/tmp/loop_over_bdir-935399-bfmh6H/Net-OpenVPN-DDNS-0.1-0/blib/lib:/tmp/loop_over_bdir-935399-bfmh6H/dta-tokwrap-0.98-0/blib/arch:/tmp/loop_over_bdir-935399-bfmh6H/dta-tokwrap-0.98-0/blib/lib:/tmp/loop_over_bdir-935399-bfmh6H/App-nrun-v1.1.2-0/blib/arch:/tmp/loop_over_bdir-935399-bfmh6H/App-nrun-v1.1.2-0/blib/lib:/tmp/loop_over_bdir-935399-bfmh6H/Linux-InitFS-0.2-0/blib/arch:/tmp/loop_over_bdir-935399-bfmh6H/Linux-InitFS-0.2-0/blib/lib:/tmp/loop_over_bdir-935399-bfmh6H/Captive-Portal-4.10-0/blib/arch:/tmp/loop_over_bdir-935399-bfmh6H/Captive-Portal-4.10-0/blib/lib:/tmp/loop_over_bdir-935399-bfmh6H/RDF-NLP-SPARQLQuery-0.1-0/blib/arch:/tmp/loop_over_bdir-935399-bfmh6H/RDF-NLP-SPARQLQuery-0.1-0/blib/lib:/tmp/loop_over_bdir-935399-bfmh6H/Module-ScanDeps-Static-1.7.2-0/blib/arch:/tmp/loop_over_bdir-935399-bfmh6H/Module-ScanDeps-Static-1.7.2-0/blib/lib:/tmp/loop_over_bdir-935399-bfmh6H/Alien-SNMP-MIBDEV-2.020000-0/blib/arch:/tmp/loop_over_bdir-935399-bfmh6H/Alien-SNMP-MIBDEV-2.020000-0/blib/lib:/tmp/loop_over_bdir-935399-bfmh6H/Devel-Required-0.16-0/blib/arch:/tmp/loop_over_bdir-935399-bfmh6H/Devel-Required-0.16-0/blib/lib:/tmp/loop_over_bdir-935399-bfmh6H/triceps-2.1.0-0/blib/arch:/tmp/loop_over_bdir-935399-bfmh6H/triceps-2.1.0-0/blib/lib:/tmp/loop_over_bdir-935399-bfmh6H/Simulation-Automate-1.0.1-0/blib/arch:/tmp/loop_over_bdir-935399-bfmh6H/Simulation-Automate-1.0.1-0/blib/lib:/tmp/loop_over_bdir-935399-bfmh6H/NoZone-1.3-0/blib/arch:/tmp/loop_over_bdir-935399-bfmh6H/NoZone-1.3-0/blib/lib:/tmp/loop_over_bdir-935399-bfmh6H/Lingua-YaTeA-0.626-0/blib/arch:/tmp/loop_over_bdir-935399-bfmh6H/Lingua-YaTeA-0.626-0/blib/lib:/tmp/loop_over_bdir-935399-bfmh6H/XML-Bare-SAX-Parser-0.01-0/blib/arch:/tmp/loop_over_bdir-935399-bfmh6H/XML-Bare-SAX-Parser-0.01-0/blib/lib
    PERL5OPT = 
    PERL5_CPANPLUS_IS_RUNNING = 935407
    PERL5_CPAN_IS_RUNNING = 935407
    PERL_CANARY_STABILITY_NOPROMPT = 1
    PERL_MM_USE_DEFAULT = 1
    PERL_USE_UNSAFE_INC = 1
    SHELL = /usr/bin/zsh
    TERM = screen

Perl special variables (and OS-specific diagnostics, for MSWin32):

    $^X = /tmp/basesmoker-reloperl-mogV/bin/perl
    $UID/$EUID = 1005 / 1005
    $GID = 1005 1005
    $EGID = 1005 1005

Perl module toolchain versions installed:

    Module              Have    
    ------------------- --------
    CPAN                2.38    
    CPAN::Meta          2.150010
    Cwd                 3.89    
    ExtUtils::CBuilder  0.280238
    ExtUtils::Command   7.72    
    ExtUtils::Install   2.22    
    ExtUtils::MakeMaker 7.72    
    ExtUtils::Manifest  1.75    
    ExtUtils::ParseXS   3.51    
    File::Spec          3.88    
    JSON                4.10    
    JSON::PP            4.16    
    Module::Build       0.4234  
    Module::Signature   0.89    
    Parse::CPAN::Meta   2.150010
    Test2               1.302209
    Test::Harness       3.50    
    Test::More          1.302209
    YAML                1.31    
    YAML::Syck          1.34    
    version             0.9933  


--

Summary of my perl5 (revision 5 version 38 subversion 3) configuration:
  Commit id: 06697759559c52236e296a256776b1222f228163
  Platform:
    osname=linux
    osvers=6.8.0-52-generic
    archname=x86_64-linux-ld
    uname='linux k93jammy 6.8.0-52-generic #53~22.04.1-ubuntu smp preempt_dynamic wed jan 15 19:18:46 utc 2 x86_64 x86_64 x86_64 gnulinux '
    config_args='-Dprefix=/home/sand/src/perl/repoperls/installed-perls/host/k93jammy/v5.38.3/5674 -Dmyhostname=k93jammy -Dinstallusrbinperl=n -Uversiononly -Dusedevel -des -Ui_db -Dlibswanted=cl pthread socket inet nsl gdbm dbm malloc dl ld sun m crypt sec util c cposix posix ucb BSD gdbm_compat -Uuseithreads -Duselongdouble -DEBUGGING=-g'
    hint=recommended
    useposix=true
    d_sigaction=define
    useithreads=undef
    usemultiplicity=undef
    use64bitint=define
    use64bitall=define
    uselongdouble=define
    usemymalloc=n
    default_inc_excludes_dot=define
  Compiler:
    cc='cc'
    ccflags ='-fwrapv -fno-strict-aliasing -pipe -fstack-protector-strong -I/usr/local/include -D_LARGEFILE_SOURCE -D_FILE_OFFSET_BITS=64'
    optimize='-O2 -g'
    cppflags='-fwrapv -fno-strict-aliasing -pipe -fstack-protector-strong -I/usr/local/include'
    ccversion=''
    gccversion='11.4.0'
    gccosandvers=''
    intsize=4
    longsize=8
    ptrsize=8
    doublesize=8
    byteorder=12345678
    doublekind=3
    d_longlong=define
    longlongsize=8
    d_longdbl=define
    longdblsize=16
    longdblkind=3
    ivtype='long'
    ivsize=8
    nvtype='long double'
    nvsize=16
    Off_t='off_t'
    lseeksize=8
    alignbytes=16
    prototype=define
  Linker and Libraries:
    ld='cc'
    ldflags =' -fstack-protector-strong -L/usr/local/lib'
    libpth=/usr/local/lib /usr/lib/x86_64-linux-gnu /usr/lib /usr/lib64
    libs=-lpthread -lnsl -ldl -lm -lcrypt -lutil -lc
    perllibs=-lpthread -lnsl -ldl -lm -lcrypt -lutil -lc
    libc=/lib/x86_64-linux-gnu/libc.so.6
    so=so
    useshrplib=false
    libperl=libperl.a
    gnulibc_version='2.35'
  Dynamic Linking:
    dlsrc=dl_dlopen.xs
    dlext=so
    d_dlsymun=undef
    ccdlflags='-Wl,-E'
    cccdlflags='-fPIC'
    lddlflags='-shared -O2 -g -L/usr/local/lib -fstack-protector-strong'


Characteristics of this binary (from libperl): 
  Compile-time options:
    HAS_LONG_DOUBLE
    HAS_STRTOLD
    HAS_TIMES
    PERLIO_LAYERS
    PERL_COPY_ON_WRITE
    PERL_DONT_CREATE_GVSV
    PERL_HASH_FUNC_SIPHASH13
    PERL_HASH_USE_SBOX32
    PERL_MALLOC_WRAP
    PERL_OP_PARENT
    PERL_PRESERVE_IVUV
    PERL_USE_DEVEL
    PERL_USE_SAFE_PUTENV
    USE_64_BIT_ALL
    USE_64_BIT_INT
    USE_LARGE_FILES
    USE_LOCALE
    USE_LOCALE_COLLATE
    USE_LOCALE_CTYPE
    USE_LOCALE_NUMERIC
    USE_LOCALE_TIME
    USE_LONG_DOUBLE
    USE_PERLIO
    USE_PERL_ATOF
  Built under linux
  Compiled at Mar 11 2025 15:33:42
  %ENV:
    PERL="/tmp/basesmoker-reloperl-mogV/bin/perl"
    PERL5LIB="/tmp/loop_over_bdir-935399-bfmh6H/LCFG-Build-Skeleton-0.5.0-0/blib/arch:/tmp/loop_over_bdir-935399-bfmh6H/LCFG-Build-Skeleton-0.5.0-0/blib/lib:/tmp/loop_over_bdir-935399-bfmh6H/Net-ISP-Balance-1.31-0/blib/arch:/tmp/loop_over_bdir-935399-bfmh6H/Net-ISP-Balance-1.31-0/blib/lib:/tmp/loop_over_bdir-935399-bfmh6H/perl-Hardware-UPS-Perl-0.43-0/blib/arch:/tmp/loop_over_bdir-935399-bfmh6H/perl-Hardware-UPS-Perl-0.43-0/blib/lib:/tmp/loop_over_bdir-935399-bfmh6H/Lemonldap-NG-Cli-0.2-0/blib/arch:/tmp/loop_over_bdir-935399-bfmh6H/Lemonldap-NG-Cli-0.2-0/blib/lib:/tmp/loop_over_bdir-935399-bfmh6H/downsexta-0/blib/arch:/tmp/loop_over_bdir-935399-bfmh6H/downsexta-0/blib/lib:/tmp/loop_over_bdir-935399-bfmh6H/Business-Shipping-DataFiles-1.02-0/blib/arch:/tmp/loop_over_bdir-935399-bfmh6H/Business-Shipping-DataFiles-1.02-0/blib/lib:/tmp/loop_over_bdir-935399-bfmh6H/CGI-Application-NetNewsIface-0.0204-0/blib/arch:/tmp/loop_over_bdir-935399-bfmh6H/CGI-Application-NetNewsIface-0.0204-0/blib/lib:/tmp/loop_over_bdir-935399-bfmh6H/makepp-1.19-0/blib/arch:/tmp/loop_over_bdir-935399-bfmh6H/makepp-1.19-0/blib/lib:/tmp/loop_over_bdir-935399-bfmh6H/DBIx-Migration-Directories-0.12-0/blib/arch:/tmp/loop_over_bdir-935399-bfmh6H/DBIx-Migration-Directories-0.12-0/blib/lib:/tmp/loop_over_bdir-935399-bfmh6H/MP3-PodcastFetch-1.05-0/blib/arch:/tmp/loop_over_bdir-935399-bfmh6H/MP3-PodcastFetch-1.05-0/blib/lib:/tmp/loop_over_bdir-935399-bfmh6H/AllKnowingDNS-1.7-0/blib/arch:/tmp/loop_over_bdir-935399-bfmh6H/AllKnowingDNS-1.7-0/blib/lib:/tmp/loop_over_bdir-935399-bfmh6H/ProjectBuilder-0.14.1-0/blib/arch:/tmp/loop_over_bdir-935399-bfmh6H/ProjectBuilder-0.14.1-0/blib/lib:/tmp/loop_over_bdir-935399-bfmh6H/EJBCA-CrlPublish-0.60-0/blib/arch:/tmp/loop_over_bdir-935399-bfmh6H/EJBCA-CrlPublish-0.60-0/blib/lib:/tmp/loop_over_bdir-935399-bfmh6H/Sysync-0.38-0/blib/arch:/tmp/loop_over_bdir-935399-bfmh6H/Sysync-0.38-0/blib/lib:/tmp/loop_over_bdir-935399-bfmh6H/LiquidWeb-Storm-CLI-1.03-0/blib/arch:/tmp/loop_over_bdir-935399-bfmh6H/LiquidWeb-Storm-CLI-1.03-0/blib/lib:/tmp/loop_over_bdir-935399-bfmh6H/App-oo_modulino_zsh_completion_helper-0.06-0/blib/arch:/tmp/loop_over_bdir-935399-bfmh6H/App-oo_modulino_zsh_completion_helper-0.06-0/blib/lib:/tmp/loop_over_bdir-935399-bfmh6H/App-rmcd-0.280-0/blib/arch:/tmp/loop_over_bdir-935399-bfmh6H/App-rmcd-0.280-0/blib/lib:/tmp/loop_over_bdir-935399-bfmh6H/CORBA-Python-2.66-0/blib/arch:/tmp/loop_over_bdir-935399-bfmh6H/CORBA-Python-2.66-0/blib/lib:/tmp/loop_over_bdir-935399-bfmh6H/OSDial-3.0.2.124-0/blib/arch:/tmp/loop_over_bdir-935399-bfmh6H/OSDial-3.0.2.124-0/blib/lib:/tmp/loop_over_bdir-935399-bfmh6H/Net-OpenVPN-DDNS-0.1-0/blib/arch:/tmp/loop_over_bdir-935399-bfmh6H/Net-OpenVPN-DDNS-0.1-0/blib/lib:/tmp/loop_over_bdir-935399-bfmh6H/dta-tokwrap-0.98-0/blib/arch:/tmp/loop_over_bdir-935399-bfmh6H/dta-tokwrap-0.98-0/blib/lib:/tmp/loop_over_bdir-935399-bfmh6H/App-nrun-v1.1.2-0/blib/arch:/tmp/loop_over_bdir-935399-bfmh6H/App-nrun-v1.1.2-0/blib/lib:/tmp/loop_over_bdir-935399-bfmh6H/Linux-InitFS-0.2-0/blib/arch:/tmp/loop_over_bdir-935399-bfmh6H/Linux-InitFS-0.2-0/blib/lib:/tmp/loop_over_bdir-935399-bfmh6H/Captive-Portal-4.10-0/blib/arch:/tmp/loop_over_bdir-935399-bfmh6H/Captive-Portal-4.10-0/blib/lib:/tmp/loop_over_bdir-935399-bfmh6H/RDF-NLP-SPARQLQuery-0.1-0/blib/arch:/tmp/loop_over_bdir-935399-bfmh6H/RDF-NLP-SPARQLQuery-0.1-0/blib/lib:/tmp/loop_over_bdir-935399-bfmh6H/Module-ScanDeps-Static-1.7.2-0/blib/arch:/tmp/loop_over_bdir-935399-bfmh6H/Module-ScanDeps-Static-1.7.2-0/blib/lib:/tmp/loop_over_bdir-935399-bfmh6H/Alien-SNMP-MIBDEV-2.020000-0/blib/arch:/tmp/loop_over_bdir-935399-bfmh6H/Alien-SNMP-MIBDEV-2.020000-0/blib/lib:/tmp/loop_over_bdir-935399-bfmh6H/Devel-Required-0.16-0/blib/arch:/tmp/loop_over_bdir-935399-bfmh6H/Devel-Required-0.16-0/blib/lib:/tmp/loop_over_bdir-935399-bfmh6H/triceps-2.1.0-0/blib/arch:/tmp/loop_over_bdir-935399-bfmh6H/triceps-2.1.0-0/blib/lib:/tmp/loop_over_bdir-935399-bfmh6H/Simulation-Automate-1.0.1-0/blib/arch:/tmp/loop_over_bdir-935399-bfmh6H/Simulation-Automate-1.0.1-0/blib/lib:/tmp/loop_over_bdir-935399-bfmh6H/NoZone-1.3-0/blib/arch:/tmp/loop_over_bdir-935399-bfmh6H/NoZone-1.3-0/blib/lib:/tmp/loop_over_bdir-935399-bfmh6H/Lingua-YaTeA-0.626-0/blib/arch:/tmp/loop_over_bdir-935399-bfmh6H/Lingua-YaTeA-0.626-0/blib/lib:/tmp/loop_over_bdir-935399-bfmh6H/XML-Bare-SAX-Parser-0.01-0/blib/arch:/tmp/loop_over_bdir-935399-bfmh6H/XML-Bare-SAX-Parser-0.01-0/blib/lib"
    PERL5OPT=""
    PERL5_CPANPLUS_IS_RUNNING="935407"
    PERL5_CPAN_IS_RUNNING="935407"
    PERL_CANARY_STABILITY_NOPROMPT="1"
    PERL_MM_USE_DEFAULT="1"
    PERL_USE_UNSAFE_INC="1"
  @INC:
    /tmp/loop_over_bdir-935399-bfmh6H/LCFG-Build-Skeleton-0.5.0-0/blib/arch
    /tmp/loop_over_bdir-935399-bfmh6H/LCFG-Build-Skeleton-0.5.0-0/blib/lib
    /tmp/loop_over_bdir-935399-bfmh6H/Net-ISP-Balance-1.31-0/blib/arch
    /tmp/loop_over_bdir-935399-bfmh6H/Net-ISP-Balance-1.31-0/blib/lib
    /tmp/loop_over_bdir-935399-bfmh6H/perl-Hardware-UPS-Perl-0.43-0/blib/arch
    /tmp/loop_over_bdir-935399-bfmh6H/perl-Hardware-UPS-Perl-0.43-0/blib/lib
    /tmp/loop_over_bdir-935399-bfmh6H/Lemonldap-NG-Cli-0.2-0/blib/arch
    /tmp/loop_over_bdir-935399-bfmh6H/Lemonldap-NG-Cli-0.2-0/blib/lib
    /tmp/loop_over_bdir-935399-bfmh6H/downsexta-0/blib/arch
    /tmp/loop_over_bdir-935399-bfmh6H/downsexta-0/blib/lib
    /tmp/loop_over_bdir-935399-bfmh6H/Business-Shipping-DataFiles-1.02-0/blib/arch
    /tmp/loop_over_bdir-935399-bfmh6H/Business-Shipping-DataFiles-1.02-0/blib/lib
    /tmp/loop_over_bdir-935399-bfmh6H/CGI-Application-NetNewsIface-0.0204-0/blib/arch
    /tmp/loop_over_bdir-935399-bfmh6H/CGI-Application-NetNewsIface-0.0204-0/blib/lib
    /tmp/loop_over_bdir-935399-bfmh6H/makepp-1.19-0/blib/arch
    /tmp/loop_over_bdir-935399-bfmh6H/makepp-1.19-0/blib/lib
    /tmp/loop_over_bdir-935399-bfmh6H/DBIx-Migration-Directories-0.12-0/blib/arch
    /tmp/loop_over_bdir-935399-bfmh6H/DBIx-Migration-Directories-0.12-0/blib/lib
    /tmp/loop_over_bdir-935399-bfmh6H/MP3-PodcastFetch-1.05-0/blib/arch
    /tmp/loop_over_bdir-935399-bfmh6H/MP3-PodcastFetch-1.05-0/blib/lib
    /tmp/loop_over_bdir-935399-bfmh6H/AllKnowingDNS-1.7-0/blib/arch
    /tmp/loop_over_bdir-935399-bfmh6H/AllKnowingDNS-1.7-0/blib/lib
    /tmp/loop_over_bdir-935399-bfmh6H/ProjectBuilder-0.14.1-0/blib/arch
    /tmp/loop_over_bdir-935399-bfmh6H/ProjectBuilder-0.14.1-0/blib/lib
    /tmp/loop_over_bdir-935399-bfmh6H/EJBCA-CrlPublish-0.60-0/blib/arch
    /tmp/loop_over_bdir-935399-bfmh6H/EJBCA-CrlPublish-0.60-0/blib/lib
    /tmp/loop_over_bdir-935399-bfmh6H/Sysync-0.38-0/blib/arch
    /tmp/loop_over_bdir-935399-bfmh6H/Sysync-0.38-0/blib/lib
    /tmp/loop_over_bdir-935399-bfmh6H/LiquidWeb-Storm-CLI-1.03-0/blib/arch
    /tmp/loop_over_bdir-935399-bfmh6H/LiquidWeb-Storm-CLI-1.03-0/blib/lib
    /tmp/loop_over_bdir-935399-bfmh6H/App-oo_modulino_zsh_completion_helper-0.06-0/blib/arch
    /tmp/loop_over_bdir-935399-bfmh6H/App-oo_modulino_zsh_completion_helper-0.06-0/blib/lib
    /tmp/loop_over_bdir-935399-bfmh6H/App-rmcd-0.280-0/blib/arch
    /tmp/loop_over_bdir-935399-bfmh6H/App-rmcd-0.280-0/blib/lib
    /tmp/loop_over_bdir-935399-bfmh6H/CORBA-Python-2.66-0/blib/arch
    /tmp/loop_over_bdir-935399-bfmh6H/CORBA-Python-2.66-0/blib/lib
    /tmp/loop_over_bdir-935399-bfmh6H/OSDial-3.0.2.124-0/blib/arch
    /tmp/loop_over_bdir-935399-bfmh6H/OSDial-3.0.2.124-0/blib/lib
    /tmp/loop_over_bdir-935399-bfmh6H/Net-OpenVPN-DDNS-0.1-0/blib/arch
    /tmp/loop_over_bdir-935399-bfmh6H/Net-OpenVPN-DDNS-0.1-0/blib/lib
    /tmp/loop_over_bdir-935399-bfmh6H/dta-tokwrap-0.98-0/blib/arch
    /tmp/loop_over_bdir-935399-bfmh6H/dta-tokwrap-0.98-0/blib/lib
    /tmp/loop_over_bdir-935399-bfmh6H/App-nrun-v1.1.2-0/blib/arch
    /tmp/loop_over_bdir-935399-bfmh6H/App-nrun-v1.1.2-0/blib/lib
    /tmp/loop_over_bdir-935399-bfmh6H/Linux-InitFS-0.2-0/blib/arch
    /tmp/loop_over_bdir-935399-bfmh6H/Linux-InitFS-0.2-0/blib/lib
    /tmp/loop_over_bdir-935399-bfmh6H/Captive-Portal-4.10-0/blib/arch
    /tmp/loop_over_bdir-935399-bfmh6H/Captive-Portal-4.10-0/blib/lib
    /tmp/loop_over_bdir-935399-bfmh6H/RDF-NLP-SPARQLQuery-0.1-0/blib/arch
    /tmp/loop_over_bdir-935399-bfmh6H/RDF-NLP-SPARQLQuery-0.1-0/blib/lib
    /tmp/loop_over_bdir-935399-bfmh6H/Module-ScanDeps-Static-1.7.2-0/blib/arch
    /tmp/loop_over_bdir-935399-bfmh6H/Module-ScanDeps-Static-1.7.2-0/blib/lib
    /tmp/loop_over_bdir-935399-bfmh6H/Alien-SNMP-MIBDEV-2.020000-0/blib/arch
    /tmp/loop_over_bdir-935399-bfmh6H/Alien-SNMP-MIBDEV-2.020000-0/blib/lib
    /tmp/loop_over_bdir-935399-bfmh6H/Devel-Required-0.16-0/blib/arch
    /tmp/loop_over_bdir-935399-bfmh6H/Devel-Required-0.16-0/blib/lib
    /tmp/loop_over_bdir-935399-bfmh6H/triceps-2.1.0-0/blib/arch
    /tmp/loop_over_bdir-935399-bfmh6H/triceps-2.1.0-0/blib/lib
    /tmp/loop_over_bdir-935399-bfmh6H/Simulation-Automate-1.0.1-0/blib/arch
    /tmp/loop_over_bdir-935399-bfmh6H/Simulation-Automate-1.0.1-0/blib/lib
    /tmp/loop_over_bdir-935399-bfmh6H/NoZone-1.3-0/blib/arch
    /tmp/loop_over_bdir-935399-bfmh6H/NoZone-1.3-0/blib/lib
    /tmp/loop_over_bdir-935399-bfmh6H/Lingua-YaTeA-0.626-0/blib/arch
    /tmp/loop_over_bdir-935399-bfmh6H/Lingua-YaTeA-0.626-0/blib/lib
    /tmp/loop_over_bdir-935399-bfmh6H/XML-Bare-SAX-Parser-0.01-0/blib/arch
    /tmp/loop_over_bdir-935399-bfmh6H/XML-Bare-SAX-Parser-0.01-0/blib/lib
    /home/sand/src/perl/repoperls/installed-perls/host/k93jammy/v5.38.3/5674/lib/site_perl/5.38.3/x86_64-linux-ld
    /home/sand/src/perl/repoperls/installed-perls/host/k93jammy/v5.38.3/5674/lib/site_perl/5.38.3
    /home/sand/src/perl/repoperls/installed-perls/host/k93jammy/v5.38.3/5674/lib/5.38.3/x86_64-linux-ld
    /home/sand/src/perl/repoperls/installed-perls/host/k93jammy/v5.38.3/5674/lib/5.38.3
    .