Report for Bundle-PBib-2.08.01

Back
From: metabase:user:917c2b6a-77f3-11e5-af78-c9d573d1e3cf
Subject: FAIL Bundle-PBib-2.08.01 v5.18.1 GNU/Linux
Date: 2015-12-05T14:23:48Z

This distribution has been tested as part of the CPAN Testers
project, supporting the Perl programming language.  See
http://wiki.cpantesters.org/ for more information or email
questions to cpan-testers-discuss@perl.org


--
Dear Peter Tandler,

This is a computer-generated report for Bundle-PBib-2.08.01
on perl 5.18.1, created by CPAN-Reporter-1.2015.

Thank you for uploading your work to CPAN.  However, there was a problem
testing your distribution.

If you think this report is invalid, please consult the CPAN Testers Wiki
for suggestions on how to avoid getting FAIL reports for missing library
or binary dependencies, unsupported operating systems, and so on:

http://wiki.cpantesters.org/wiki/CPANAuthorNotes

Sections of this report:

    * Tester comments
    * Program output
    * Prerequisites
    * Environment and other context

------------------------------
TESTER COMMENTS
------------------------------

Additional comments from tester:

this report is from an automated smoke testing program
and was not reviewed by a human for accuracy

------------------------------
PROGRAM OUTPUT
------------------------------

Output from './Build test':

t/00-signature.t .... ok
t/10-pbib-config.t .. ok
defined(%hash) is deprecated at /home/petr/.local/share/.cpan/build/Bundle-PBib-2.08.01-6dOFQ1/blib/lib/Biblio/bp/lib/bp-p-cs.pl line 115.
	(Maybe you should just omit the defined()?)
defined(%hash) is deprecated at /home/petr/.local/share/.cpan/build/Bundle-PBib-2.08.01-6dOFQ1/blib/lib/Biblio/bp/lib/bp-p-cs.pl line 129.
	(Maybe you should just omit the defined()?)
Using bp, version 0.2.97 (19 Dec 96).
Reading: auto:auto  Writing: canon:8859-1

Use of uninitialized value $pattern in lc at /home/petr/.local/share/.cpan/build/Bundle-PBib-2.08.01-6dOFQ1/blib/lib/Biblio/File.pm line 66.
storePaper not yet supported ...
t/20-biblio.t ....... ok
t/21-odbc.t ......... skipped: Cannot assume that there is a ODBC data source available
defined(%hash) is deprecated at /home/petr/.local/share/.cpan/build/Bundle-PBib-2.08.01-6dOFQ1/blib/lib/Biblio/bp/lib/bp-p-cs.pl line 115.
	(Maybe you should just omit the defined()?)
defined(%hash) is deprecated at /home/petr/.local/share/.cpan/build/Bundle-PBib-2.08.01-6dOFQ1/blib/lib/Biblio/bp/lib/bp-p-cs.pl line 129.
	(Maybe you should just omit the defined()?)
Using bp, version 0.2.97 (19 Dec 96).
Reading: auto:auto  Writing: canon:8859-1

"\c" is more clearly written simply as "\@" at /home/petr/.local/share/.cpan/build/Bundle-PBib-2.08.01-6dOFQ1/blib/lib/PBib/ReferenceConverter.pm line 453.
Using bp, version 0.2.97 (19 Dec 96).
Reading: auto:auto  Writing: canon:8859-1

Use of uninitialized value $pattern in lc at /home/petr/.local/share/.cpan/build/Bundle-PBib-2.08.01-6dOFQ1/blib/lib/Biblio/File.pm line 66.
# Converting t/sample.html ...

#   Failed test 'PBib::convertFile(t/sample.html) produces expected output file'
#   at t/30-pbib-module.t line 93.
# Converting t/sample.txt ...

#   Failed test 'PBib::convertFile(t/sample.txt) produces expected output file'
#   at t/30-pbib-module.t line 93.
# Converting t/sample.xml ...
Failed to open module PBib::Document::XML
 at /home/petr/.local/share/.cpan/build/Bundle-PBib-2.08.01-6dOFQ1/blib/lib/PBib/PBib.pm line 461.
# Looks like you planned 25 tests but ran 24.
# Looks like you failed 2 tests of 24 run.
# Looks like your test exited with 2 just after 24.
t/30-pbib-module.t .. 
Dubious, test returned 2 (wstat 512, 0x200)
Failed 3/25 subtests 
	(less 6 skipped subtests: 16 okay)
# Converting t/sample.html ...
defined(%hash) is deprecated at /home/petr/.local/share/.cpan/build/Bundle-PBib-2.08.01-6dOFQ1/bin/../lib/Biblio/bp/lib/bp-p-cs.pl line 115.
	(Maybe you should just omit the defined()?)
defined(%hash) is deprecated at /home/petr/.local/share/.cpan/build/Bundle-PBib-2.08.01-6dOFQ1/bin/../lib/Biblio/bp/lib/bp-p-cs.pl line 129.
	(Maybe you should just omit the defined()?)
Using bp, version 0.2.97 (19 Dec 96).
Reading: auto:auto  Writing: canon:8859-1

"\c" is more clearly written simply as "\@" at /home/petr/.local/share/.cpan/build/Bundle-PBib-2.08.01-6dOFQ1/bin/../lib/PBib/ReferenceConverter.pm line 453.
PBib version 2.14.
Using bp, version 0.2.97 (19 Dec 96).
Reading: auto:auto  Writing: canon:8859-1

Use of uninitialized value $pattern in lc at /home/petr/.local/share/.cpan/build/Bundle-PBib-2.08.01-6dOFQ1/bin/../lib/Biblio/File.pm line 66.
Read t/sample.bib ...
66 records read from t/sample.bib.

#   Failed test 'PBib::convertFile(t/sample.html) produces expected output file'
#   at t/31-pbib-script.t line 76.
# Converting t/sample.txt ...
defined(%hash) is deprecated at /home/petr/.local/share/.cpan/build/Bundle-PBib-2.08.01-6dOFQ1/bin/../lib/Biblio/bp/lib/bp-p-cs.pl line 115.
	(Maybe you should just omit the defined()?)
defined(%hash) is deprecated at /home/petr/.local/share/.cpan/build/Bundle-PBib-2.08.01-6dOFQ1/bin/../lib/Biblio/bp/lib/bp-p-cs.pl line 129.
	(Maybe you should just omit the defined()?)
Using bp, version 0.2.97 (19 Dec 96).
Reading: auto:auto  Writing: canon:8859-1

"\c" is more clearly written simply as "\@" at /home/petr/.local/share/.cpan/build/Bundle-PBib-2.08.01-6dOFQ1/bin/../lib/PBib/ReferenceConverter.pm line 453.
PBib version 2.14.
Using bp, version 0.2.97 (19 Dec 96).
Reading: auto:auto  Writing: canon:8859-1

Use of uninitialized value $pattern in lc at /home/petr/.local/share/.cpan/build/Bundle-PBib-2.08.01-6dOFQ1/bin/../lib/Biblio/File.pm line 66.
Read t/sample.bib ...
66 records read from t/sample.bib.

#   Failed test 'PBib::convertFile(t/sample.txt) produces expected output file'
#   at t/31-pbib-script.t line 76.
# Converting t/sample.xml ...
defined(%hash) is deprecated at /home/petr/.local/share/.cpan/build/Bundle-PBib-2.08.01-6dOFQ1/bin/../lib/Biblio/bp/lib/bp-p-cs.pl line 115.
	(Maybe you should just omit the defined()?)
defined(%hash) is deprecated at /home/petr/.local/share/.cpan/build/Bundle-PBib-2.08.01-6dOFQ1/bin/../lib/Biblio/bp/lib/bp-p-cs.pl line 129.
	(Maybe you should just omit the defined()?)
Using bp, version 0.2.97 (19 Dec 96).
Reading: auto:auto  Writing: canon:8859-1

"\c" is more clearly written simply as "\@" at /home/petr/.local/share/.cpan/build/Bundle-PBib-2.08.01-6dOFQ1/bin/../lib/PBib/ReferenceConverter.pm line 453.
PBib version 2.14.
Using bp, version 0.2.97 (19 Dec 96).
Reading: auto:auto  Writing: canon:8859-1

Use of uninitialized value $pattern in lc at /home/petr/.local/share/.cpan/build/Bundle-PBib-2.08.01-6dOFQ1/bin/../lib/Biblio/File.pm line 66.
Read t/sample.bib ...
66 records read from t/sample.bib.
Failed to open module PBib::Document::XML
 at /home/petr/.local/share/.cpan/build/Bundle-PBib-2.08.01-6dOFQ1/bin/../lib/PBib/PBib.pm line 461.

#   Failed test 'system(/usr/bin/perl5.18.1, /home/petr/.local/share/.cpan/build/Bundle-PBib-2.08.01-6dOFQ1/t/../bin/pbib.pl, t/sample.xml)'
#   at t/31-pbib-script.t line 73.
#          got: '512'
#     expected: '0'
# Looks like you failed 3 tests of 23.
t/31-pbib-script.t .. 
Dubious, test returned 3 (wstat 768, 0x300)
Failed 3/23 subtests 
	(less 9 skipped subtests: 11 okay)

Test Summary Report
-------------------
t/30-pbib-module.t (Wstat: 512 Tests: 24 Failed: 2)
  Failed tests:  13, 22
  Non-zero exit status: 2
  Parse errors: Bad plan.  You planned 25 tests but ran 24.
t/31-pbib-script.t (Wstat: 768 Tests: 23 Failed: 3)
  Failed tests:  7, 19, 22
  Non-zero exit status: 3
Files=6, Tests=60,  1 wallclock secs ( 0.03 usr  0.01 sys +  1.19 cusr  0.14 csys =  1.37 CPU)
Result: FAIL
Failed 2/6 test programs. 5/60 subtests failed.

------------------------------
PREREQUISITES
------------------------------

Prerequisite modules loaded:

requires:

    Module          Need   Have     
    --------------- ------ ---------
    Bundle::DBI     11.02  12.008696
    Config::General 2.18   2.60     
    Cwd             2.06   3.40     
    Data::Dumper    2.12   2.145    
    Module::Build   0.2604 0.4214   
    perl            v5.6.1 5.018001 

build_requires:

    Module          Need   Have     
    --------------- ------ ---------
    Test::More      0      1.001014 


------------------------------
ENVIRONMENT AND OTHER CONTEXT
------------------------------

Environment variables:

    AUTOMATED_TESTING = 1
    LANG = cs_CZ.UTF-8
    LC_ALL = cs_CZ.UTF-8
    LC_COLLATE = C
    LC_CTYPE = cs_CZ.UTF-8
    PATH = /home/petr/perl5/bin:/usr/local/bin:/usr/bin:/bin:/usr/games:/usr/lib/qt/bin:/usr/share/texmf/bin:/home/petr/bin
    PERL5LIB = /home/petr/.local/share/.cpan/build/Config-General-2.60-GLptld/blib/arch:/home/petr/.local/share/.cpan/build/Config-General-2.60-GLptld/blib/lib:/home/petr/perl5/lib/perl5
    PERL5OPT = 
    PERL5_CPANPLUS_IS_RUNNING = 27404
    PERL5_CPAN_IS_RUNNING = 27404
    PERL5_CPAN_IS_RUNNING_IN_RECURSION = 940,27404
    PERL_CR_SMOKER_CURRENT = Bundle-PBib-2.08.01
    PERL_EXTUTILS_AUTOINSTALL = --defaultdeps
    PERL_LOCAL_LIB_ROOT = /home/petr/perl5
    PERL_LWP_SSL_CA_PATH = /etc/ssl/certs
    PERL_MB_OPT = --install_base "/home/petr/perl5"
    PERL_MM_OPT = INSTALL_BASE=/home/petr/perl5
    PERL_MM_USE_DEFAULT = 1
    SHELL = /bin/bash
    TERM = screen

Perl special variables (and OS-specific diagnostics, for MSWin32):

    $^X = /usr/bin/perl5.18.1
    $UID/$EUID = 1001 / 1001
    $GID = 100 7 10 11 17 18 19 93 100
    $EGID = 100 7 10 11 17 18 19 93 100

Perl module toolchain versions installed:

    Module              Have    
    ------------------- --------
    CPAN                2.10    
    CPAN::Meta          2.150005
    Cwd                 3.40    
    ExtUtils::CBuilder  0.280210
    ExtUtils::Command   7.10    
    ExtUtils::Install   1.59    
    ExtUtils::MakeMaker 7.10    
    ExtUtils::Manifest  1.65    
    ExtUtils::ParseXS   3.18    
    File::Spec          3.40    
    JSON                2.90    
    JSON::PP            2.27203 
    Module::Build       0.4214  
    Module::Signature   n/a     
    Parse::CPAN::Meta   1.4417  
    Test::Harness       3.26    
    Test::More          1.001014
    YAML                n/a     
    YAML::Syck          n/a     
    version             0.9902  


--

Summary of my perl5 (revision 5 version 18 subversion 1) configuration:
   
  Platform:
    osname=linux, osvers=3.10.9-smp, archname=i486-linux-thread-multi
    uname='linux hive 3.10.9-smp #1 smp wed aug 21 15:27:17 cdt 2013 i686 amd phenom(tm) ii x6 1100t processor authenticamd gnulinux '
    config_args='-de -Dprefix=/usr -Dsiteprefix=/usr/local -Dsitelib=/usr/local/share/perl5 -Dsitearch=/usr/local/lib/perl5 -Darchlib=/usr/lib/perl5 -Dvendorprefix=/usr -Dprivlib=/usr/share/perl5 -Dvendorlib=/usr/share/perl5/vendor_perl -Dvendorarch=/usr/lib/perl5/vendor_perl -Dscriptdir=/usr/bin -Dcccdlflags=-fPIC -Dinstallprefix=/usr -Dlibpth=/usr/local/lib /usr/lib /lib -Doptimize=-O2 -march=i486 -mtune=i686 -Dusethreads -Duseithreads -Duseshrplib -Ubincompat5005 -Uversiononly -Dpager=/usr/bin/less -isr -Darchname=i486-linux'
    hint=recommended, useposix=true, d_sigaction=define
    useithreads=define, usemultiplicity=define
    useperlio=define, d_sfio=undef, uselargefiles=define, usesocks=undef
    use64bitint=undef, use64bitall=undef, uselongdouble=undef
    usemymalloc=n, bincompat5005=undef
  Compiler:
    cc='cc', ccflags ='-D_REENTRANT -D_GNU_SOURCE -fno-strict-aliasing -pipe -fstack-protector -I/usr/local/include -D_LARGEFILE_SOURCE -D_FILE_OFFSET_BITS=64',
    optimize='-O2 -march=i486 -mtune=i686',
    cppflags='-D_REENTRANT -D_GNU_SOURCE -fno-strict-aliasing -pipe -fstack-protector -I/usr/local/include'
    ccversion='', gccversion='4.8.1', gccosandvers=''
    intsize=4, longsize=4, ptrsize=4, doublesize=8, byteorder=1234
    d_longlong=define, longlongsize=8, d_longdbl=define, longdblsize=12
    ivtype='long', ivsize=4, nvtype='double', nvsize=8, Off_t='off_t', lseeksize=8
    alignbytes=4, prototype=define
  Linker and Libraries:
    ld='cc', ldflags =' -fstack-protector -L/usr/local/lib'
    libpth=/usr/local/lib /usr/lib /lib
    libs=-lnsl -lgdbm -ldb -ldl -lm -lcrypt -lutil -lpthread -lc
    perllibs=-lnsl -ldl -lm -lcrypt -lutil -lpthread -lc
    libc=/lib/libc-2.17.so, so=so, useshrplib=true, libperl=libperl.so
    gnulibc_version='2.17'
  Dynamic Linking:
    dlsrc=dl_dlopen.xs, dlext=so, d_dlsymun=undef, ccdlflags='-Wl,-E -Wl,-rpath,/usr/lib/perl5/CORE'
    cccdlflags='-fPIC', lddlflags='-shared -O2 -march=i486 -mtune=i686 -L/usr/local/lib -fstack-protector'


Characteristics of this binary (from libperl): 
  Compile-time options: HAS_TIMES MULTIPLICITY PERLIO_LAYERS
                        PERL_DONT_CREATE_GVSV
                        PERL_HASH_FUNC_ONE_AT_A_TIME_HARD
                        PERL_IMPLICIT_CONTEXT PERL_MALLOC_WRAP
                        PERL_PRESERVE_IVUV PERL_SAWAMPERSAND USE_ITHREADS
                        USE_LARGE_FILES USE_LOCALE USE_LOCALE_COLLATE
                        USE_LOCALE_CTYPE USE_LOCALE_NUMERIC USE_PERLIO
                        USE_PERL_ATOF USE_REENTRANT_API
  Built under linux
  Compiled at Sep  5 2013 22:01:10
  %ENV:
    PERL5LIB="/home/petr/.local/share/.cpan/build/Config-General-2.60-GLptld/blib/arch:/home/petr/.local/share/.cpan/build/Config-General-2.60-GLptld/blib/lib:/home/petr/perl5/lib/perl5"
    PERL5OPT=""
    PERL5_CPANPLUS_IS_RUNNING="27404"
    PERL5_CPAN_IS_RUNNING="27404"
    PERL5_CPAN_IS_RUNNING_IN_RECURSION="940,27404"
    PERL_CR_SMOKER_CURRENT="Bundle-PBib-2.08.01"
    PERL_EXTUTILS_AUTOINSTALL="--defaultdeps"
    PERL_LOCAL_LIB_ROOT="/home/petr/perl5"
    PERL_LWP_SSL_CA_PATH="/etc/ssl/certs"
    PERL_MB_OPT="--install_base "/home/petr/perl5""
    PERL_MM_OPT="INSTALL_BASE=/home/petr/perl5"
    PERL_MM_USE_DEFAULT="1"
  @INC:
    /home/petr/.local/share/.cpan/build/Config-General-2.60-GLptld/blib/arch
    /home/petr/.local/share/.cpan/build/Config-General-2.60-GLptld/blib/lib
    /home/petr/perl5/lib/perl5/5.18.1/i486-linux-thread-multi
    /home/petr/perl5/lib/perl5/5.18.1
    /home/petr/perl5/lib/perl5/i486-linux-thread-multi
    /home/petr/perl5/lib/perl5
    /usr/local/lib/perl5
    /usr/local/share/perl5
    /usr/lib/perl5/vendor_perl
    /usr/share/perl5/vendor_perl
    /usr/lib/perl5
    /usr/share/perl5
    .