Back
From: metabase:user:e667a2a9-6c14-1014-9503-c31448f0d22a
Subject: FAIL Repository-Simple-0.06 v5.20.0
Date: 2014-07-19T20:08:22Z
This distribution has been tested as part of the CPAN Testers
project, supporting the Perl programming language. See
http://wiki.cpantesters.org/ for more information or email
questions to cpan-testers-discuss@perl.org
--
Dear Andrew Sterling Hanenkamp,
This is a computer-generated report for Repository-Simple-0.06
on perl 5.20.0, created by CPAN-Reporter-1.2012.
Thank you for uploading your work to CPAN. However, there was a problem
testing your distribution.
If you think this report is invalid, please consult the CPAN Testers Wiki
for suggestions on how to avoid getting FAIL reports for missing library
or binary dependencies, unsupported operating systems, and so on:
http://wiki.cpantesters.org/wiki/CPANAuthorNotes
Sections of this report:
* Tester comments
* Program output
* Prerequisites
* Environment and other context
------------------------------
TESTER COMMENTS
------------------------------
Additional comments from tester:
this report is from an automated smoke testing program
and was not reviewed by a human for accuracy
------------------------------
PROGRAM OUTPUT
------------------------------
Output from 'C:\Strawberry\perl\bin\perl.exe ./Build test':
t\engine.t .............. ok
t\engine_dbi.t .......... skipped: DBI storage engine is not implemented yet.
# Failed test at t\engine_file_system.t line 257.
# got: '0'
# expected: '1'
# Failed test at t\engine_file_system.t line 267.
# got: '0'
# expected: '1'
# Failed test at t\engine_file_system.t line 279.
# got: '33206'
# expected: '33261'
Failed to change "/foo/fs:atime" to "0": Permission denied at t\engine_file_system.t line 288.
# Looks like you planned 447 tests but ran 126.
# Looks like you failed 3 tests of 126 run.
# Looks like your test exited with 13 just after 126.
t\engine_file_system.t ..
Dubious, test returned 13 (wstat 3328, 0xd00)
Failed 324/447 subtests
t\engine_layered.t ...... skipped: Layered storage engine is not implemented yet.
t\engine_memory.t ....... ok
t\engine_passthrough.t .. skipped: Passthrough storage engine is not implemented yet.
t\engine_table.t ........ skipped: Table storage engine is not implemented yet.
t\engine_xml.t .......... skipped: XML storage engine is not implemented yet.
t\factory.t ............. ok
t\node.t ................ ok
t\node_type.t ........... ok
t\pod.t ................. ok
t\property.t ............ ok
t\property_type.t ....... ok
t\repository.t .......... ok
t\use.t ................. ok
Access denied: current session does not have "set_property" permission on "/foo/fs:content". at t\value.t line 65.
# Looks like you planned 14 tests but ran 10.
# Looks like your test exited with 2 just after 10.
t\value.t ...............
Dubious, test returned 2 (wstat 512, 0x200)
Failed 4/14 subtests
t\value_type.t .......... ok
Test Summary Report
-------------------
t\engine_file_system.t (Wstat: 3328 Tests: 126 Failed: 3)
Failed tests: 121, 123, 125
Non-zero exit status: 13
Parse errors: Bad plan. You planned 447 tests but ran 126.
t\value.t (Wstat: 512 Tests: 10 Failed: 0)
Non-zero exit status: 2
Parse errors: Bad plan. You planned 14 tests but ran 10.
Files=18, Tests=362, 4 wallclock secs ( 0.14 usr + 0.03 sys = 0.17 CPU)
Result: FAIL
Failed 2/18 test programs. 3/362 subtests failed.
------------------------------
PREREQUISITES
------------------------------
Prerequisite modules loaded:
requires:
Module Need Have
--------------------- ---- --------
File::Copy::Recursive 0.05 0.38
Parse::RecDescent 1.94 1.967009
------------------------------
ENVIRONMENT AND OTHER CONTEXT
------------------------------
Environment variables:
AUTOMATED_TESTING = 1
COMSPEC = C:\Windows\system32\cmd.exe
NUMBER_OF_PROCESSORS = 1
PATH = C:\Windows\system32;C:\Windows;C:\Windows\System32\Wbem;C:\Windows\System32\WindowsPowerShell\v1.0\;C:\Strawberry\c\bin;C:\Strawberry\perl\site\bin;C:\Strawberry\perl\bin;C:\Program Files\Git\cmd
PERL5LIB =
PERL5OPT =
PERL5_CPANPLUS_IS_RUNNING = 4016
PERL5_CPAN_IS_RUNNING = 4016
PERL5_CPAN_IS_RUNNING_IN_RECURSION = 3976,4016
PERL_CR_SMOKER_CURRENT = Repository-Simple-0.06
PERL_EXTUTILS_AUTOINSTALL = --defaultdeps
PERL_MM_USE_DEFAULT = 1
PROCESSOR_IDENTIFIER = x86 Family 21 Model 1 Stepping 2, AuthenticAMD
TEMP = C:\Users\albie\AppData\Local\Temp
Perl special variables (and OS-specific diagnostics, for MSWin32):
$^X = C:\Strawberry\perl\bin\perl.exe
$UID/$EUID = 0 / 0
$GID = 0
$EGID = 0
Win32::GetOSName = Win7
Win32::GetOSVersion = Service Pack 1, 6, 1, 7601, 2, 1, 0, 256, 1
Win32::FsType = NTFS
Win32::IsAdminUser = 0
Perl module toolchain versions installed:
Module Have
------------------- --------
CPAN 2.05
CPAN::Meta 2.141520
Cwd 3.47
ExtUtils::CBuilder 0.280216
ExtUtils::Command 1.18
ExtUtils::Install 1.68
ExtUtils::MakeMaker 6.98
ExtUtils::Manifest 1.63
ExtUtils::ParseXS 3.24
File::Spec 3.47
JSON 2.90
JSON::PP 2.27203
Module::Build 0.4205
Module::Signature n/a
Parse::CPAN::Meta 1.4414
Test::Harness 3.32
Test::More 1.001003
YAML 0.94
YAML::Syck 1.27
version 0.9908
--
Summary of my perl5 (revision 5 version 20 subversion 0) configuration:
Platform:
osname=MSWin32, osvers=6.2, archname=MSWin32-x86-multi-thread-64int
uname='Win32 strawberry-perl 5.20.0.1 #1 Fri May 30 23:25:11 2014 i386'
config_args='undef'
hint=recommended, useposix=true, d_sigaction=undef
useithreads=define, usemultiplicity=define
use64bitint=define, use64bitall=undef, uselongdouble=undef
usemymalloc=n, bincompat5005=undef
Compiler:
cc='gcc', ccflags =' -s -O2 -DWIN32 -DPERL_TEXTMODE_SCRIPTS -DPERL_IMPLICIT_CONTEXT -DPERL_IMPLICIT_SYS -DUSE_PERLIO -fwrapv -fno-strict-aliasing -mms-bitfields',
optimize='-s -O2',
cppflags='-DWIN32'
ccversion='', gccversion='4.8.2', gccosandvers=''
intsize=4, longsize=4, ptrsize=4, doublesize=8, byteorder=12345678
d_longlong=define, longlongsize=8, d_longdbl=define, longdblsize=12
ivtype='long long', ivsize=8, nvtype='double', nvsize=8, Off_t='long long', lseeksize=8
alignbytes=8, prototype=define
Linker and Libraries:
ld='g++', ldflags ='-s -L"C:\STRAWB~1\perl\lib\CORE" -L"C:\STRAWB~1\c\lib"'
libpth=C:\STRAWB~1\c\lib C:\STRAWB~1\c\i686-w64-mingw32\lib C:\STRAWB~1\c\lib\gcc\i686-w64-mingw32\4.8.2
libs=-lmoldname -lkernel32 -luser32 -lgdi32 -lwinspool -lcomdlg32 -ladvapi32 -lshell32 -lole32 -loleaut32 -lnetapi32 -luuid -lws2_32 -lmpr -lwinmm -lversion -lodbc32 -lodbccp32 -lcomctl32
perllibs=-lmoldname -lkernel32 -luser32 -lgdi32 -lwinspool -lcomdlg32 -ladvapi32 -lshell32 -lole32 -loleaut32 -lnetapi32 -luuid -lws2_32 -lmpr -lwinmm -lversion -lodbc32 -lodbccp32 -lcomctl32
libc=, so=dll, useshrplib=true, libperl=libperl520.a
gnulibc_version=''
Dynamic Linking:
dlsrc=dl_win32.xs, dlext=xs.dll, d_dlsymun=undef, ccdlflags=' '
cccdlflags=' ', lddlflags='-mdll -s -L"C:\STRAWB~1\perl\lib\CORE" -L"C:\STRAWB~1\c\lib"'
Characteristics of this binary (from libperl):
Compile-time options: HAS_TIMES HAVE_INTERP_INTERN MULTIPLICITY
PERLIO_LAYERS PERL_DONT_CREATE_GVSV
PERL_HASH_FUNC_ONE_AT_A_TIME_HARD
PERL_IMPLICIT_CONTEXT PERL_IMPLICIT_SYS
PERL_MALLOC_WRAP PERL_NEW_COPY_ON_WRITE
PERL_PRESERVE_IVUV USE_64_BIT_INT USE_ITHREADS
USE_LARGE_FILES USE_LOCALE USE_LOCALE_COLLATE
USE_LOCALE_CTYPE USE_LOCALE_NUMERIC USE_PERLIO
USE_PERL_ATOF
Built under MSWin32
Compiled at May 30 2014 23:29:27
%ENV:
PERL5_CPANPLUS_IS_RUNNING="4016"
PERL5_CPAN_IS_RUNNING="4016"
PERL5_CPAN_IS_RUNNING_IN_RECURSION="3976,4016"
PERL_CR_SMOKER_CURRENT="Repository-Simple-0.06"
PERL_EXTUTILS_AUTOINSTALL="--defaultdeps"
PERL_MM_USE_DEFAULT="1"
@INC:
C:/Strawberry/perl/site/lib/MSWin32-x86-multi-thread-64int
C:/Strawberry/perl/site/lib
C:/Strawberry/perl/vendor/lib
C:/Strawberry/perl/lib
.