Report for ApacheBench-0.70

Back
From: metabase:user:322078bc-2aae-11df-837a-5e0a49663a4f
Subject: FAIL ApacheBench-0.70 v5.10.1 NetBSD
Date: 2010-11-16T02:54:15Z

This distribution has been tested as part of the CPAN Testers
project, supporting the Perl programming language.  See
http://wiki.cpantesters.org/ for more information or email
questions to cpan-testers-discuss@perl.org


--

Dear ADIRAJ,
    
This is a computer-generated error report created automatically by
CPANPLUS, version 0.9010. Testers personal comments may appear 
at the end of this report.


Thank you for uploading your work to CPAN.  However, it appears that
there were some problems testing your distribution.

TEST RESULTS:

Below is the error stack from stage 'make test':

[MSG] [Tue Nov 16 02:59:59 2010] Trying to get 'http://cpan.mirror.local/CPAN/authors/id/A/AD/ADIRAJ/ApacheBench-0.70.tar.gz'
[MSG] [Tue Nov 16 03:00:00 2010] Trying to get 'http://cpan.mirror.local/CPAN/authors/id/A/AD/ADIRAJ/CHECKSUMS'
[MSG] [Tue Nov 16 03:00:00 2010] Checksum matches for 'ApacheBench-0.70.tar.gz'
[MSG] [Tue Nov 16 03:00:02 2010] Extracted 'ApacheBench' to '/home/cpan/pit/bare/conf/perl-5.10.1/.cpanplus/5.10.1/build/ApacheBench-0.70'
[MSG] [Tue Nov 16 03:00:02 2010] CPANPLUS is prefering Build.PL
[MSG] [Tue Nov 16 03:00:02 2010] Loading YACSmoke database "/home/cpan/pit/bare/conf/perl-5.10.1/.cpanplus/cpansmoke.dat"
[MSG] [Tue Nov 16 03:00:02 2010] Checking if your kit is complete...
Looks good
Writing Makefile for HTTPD::Bench::ApacheBench
Writing Makefile for HTTPD::Bench::ApacheBench

[MSG] [Tue Nov 16 03:00:02 2010] DEFAULT 'filter_prereqs' HANDLER RETURNING 'sub return value'
[MSG] [Tue Nov 16 03:00:02 2010] Checking for previous PASS result for "ApacheBench-0.70"
[MSG] [Tue Nov 16 03:00:06 2010] cp lib/HTTPD/Bench/ApacheBench/Regression.pm blib/lib/HTTPD/Bench/ApacheBench/Regression.pm
cp lib/HTTPD/Bench/ApacheBench/Run.pm blib/lib/HTTPD/Bench/ApacheBench/Run.pm
cp lib/HTTPD/Bench/ApacheBench.pm blib/lib/HTTPD/Bench/ApacheBench.pm
/home/cpan/pit/bare/perl-5.10.1/bin/perl /home/cpan/pit/bare/perl-5.10.1/lib/5.10.1/ExtUtils/xsubpp  -typemap /home/cpan/pit/bare/perl-5.10.1/lib/5.10.1/ExtUtils/typemap  ApacheBench.xs > ApacheBench.xsc && mv ApacheBench.xsc ApacheBench.c
cc -c    -fno-strict-aliasing -pipe -fstack-protector -I/usr/pkg/include -O    -DVERSION=\"0.70\"  -DXS_VERSION=\"0.70\" -DPIC -fPIC "-I/home/cpan/pit/bare/perl-5.10.1/lib/5.10.1/amd64-netbsd/CORE"   ApacheBench.c
Running Mkbootstrap for HTTPD::Bench::ApacheBench ()
chmod 644 ApacheBench.bs
rm -f ../blib/arch/auto/HTTPD/Bench/ApacheBench/ApacheBench.so
cc  --whole-archive -shared  -L/usr/pkg/lib -fstack-protector ApacheBench.o  -o ../blib/arch/auto/HTTPD/Bench/ApacheBench/ApacheBench.so 	    	 
chmod 755 ../blib/arch/auto/HTTPD/Bench/ApacheBench/ApacheBench.so
cp ApacheBench.bs ../blib/arch/auto/HTTPD/Bench/ApacheBench/ApacheBench.bs
chmod 644 ../blib/arch/auto/HTTPD/Bench/ApacheBench/ApacheBench.bs
Manifying blib/man3/HTTPD::Bench::ApacheBench.3

[ERROR] [Tue Nov 16 03:00:06 2010] MAKE TEST failed: No such file or directory PERL_DL_NONLAZY=1 /home/cpan/pit/bare/perl-5.10.1/bin/perl "-MExtUtils::Command::MM" "-e" "test_harness(0, 'blib/lib', 'blib/arch')" t/*.t
Can't load '/home/cpan/pit/bare/conf/perl-5.10.1/.cpanplus/5.10.1/build/ApacheBench-0.70/blib/arch/auto/HTTPD/Bench/ApacheBench/ApacheBench.so' for module HTTPD::Bench::ApacheBench: /home/cpan/pit/bare/conf/perl-5.10.1/.cpanplus/5.10.1/build/ApacheBench-0.70/blib/arch/auto/HTTPD/Bench/ApacheBench/ApacheBench.so: Undefined PLT symbol "strnstr" (symnum = 69) at /home/cpan/pit/bare/perl-5.10.1/lib/5.10.1/amd64-netbsd/DynaLoader.pm line 200.
 at t/test1_global_config.t line 8
Compilation failed in require at t/test1_global_config.t line 8.
BEGIN failed--compilation aborted at t/test1_global_config.t line 8.
t/test1_global_config.t .. 
Dubious, test returned 2 (wstat 512, 0x200)
Failed 7/7 subtests 
Can't load '/home/cpan/pit/bare/conf/perl-5.10.1/.cpanplus/5.10.1/build/ApacheBench-0.70/blib/arch/auto/HTTPD/Bench/ApacheBench/ApacheBench.so' for module HTTPD::Bench::ApacheBench: /home/cpan/pit/bare/conf/perl-5.10.1/.cpanplus/5.10.1/build/ApacheBench-0.70/blib/arch/auto/HTTPD/Bench/ApacheBench/ApacheBench.so: Undefined PLT symbol "strnstr" (symnum = 69) at /home/cpan/pit/bare/perl-5.10.1/lib/5.10.1/amd64-netbsd/DynaLoader.pm line 200.
 at t/test2_run_config.t line 8
Compilation failed in require at t/test2_run_config.t line 8.
BEGIN failed--compilation aborted at t/test2_run_config.t line 8.
t/test2_run_config.t ..... 
Dubious, test returned 2 (wstat 512, 0x200)
Failed 14/14 subtests 
Can't load '/home/cpan/pit/bare/conf/perl-5.10.1/.cpanplus/5.10.1/build/ApacheBench-0.70/blib/arch/auto/HTTPD/Bench/ApacheBench/ApacheBench.so' for module HTTPD::Bench::ApacheBench: /home/cpan/pit/bare/conf/perl-5.10.1/.cpanplus/5.10.1/build/ApacheBench-0.70/blib/arch/auto/HTTPD/Bench/ApacheBench/ApacheBench.so: Undefined PLT symbol "strnstr" (symnum = 69) at /home/cpan/pit/bare/perl-5.10.1/lib/5.10.1/amd64-netbsd/DynaLoader.pm line 200.
 at t/test3_execute.t line 5
Compilation failed in require at t/test3_execute.t line 5.
BEGIN failed--compilation aborted at t/test3_execute.t line 5.
t/test3_execute.t ........ 
Dubious, test returned 2 (wstat 512, 0x200)
No subtests run 

Test Summary Report
-------------------
t/test1_global_config.t (Wstat: 512 Tests: 0 Failed: 0)
  Non-zero exit status: 2
  Parse errors: Bad plan.  You planned 7 tests but ran 0.
t/test2_run_config.t   (Wstat: 512 Tests: 0 Failed: 0)
  Non-zero exit status: 2
  Parse errors: Bad plan.  You planned 14 tests but ran 0.
t/test3_execute.t      (Wstat: 512 Tests: 0 Failed: 0)
  Non-zero exit status: 2
  Parse errors: No plan found in TAP output
Files=3, Tests=0,  0 wallclock secs ( 0.04 usr  0.00 sys +  0.05 cusr  0.01 csys =  0.10 CPU)
Result: FAIL
Failed 3/3 test programs. 0/0 subtests failed.
*** Error code 2

Stop.
make: stopped in /home/cpan/pit/bare/conf/perl-5.10.1/.cpanplus/5.10.1/build/ApacheBench-0.70

[MSG] [Tue Nov 16 03:00:06 2010] DEFAULT 'proceed_on_test_failure' HANDLER RETURNING 'sub return value'


Perl module toolchain versions installed:
	Module Name                        Have
	CPANPLUS                         0.9010
	CPANPLUS::Dist::Build              0.50
	Cwd                                3.33
	ExtUtils::CBuilder               0.2703
	ExtUtils::Command                  1.16
	ExtUtils::Install                  1.54
	ExtUtils::MakeMaker                6.56
	ExtUtils::Manifest                 1.58
	ExtUtils::ParseXS                2.2206
	File::Spec                         3.33
	Module::Build                    0.3607
	Test::Harness                      3.22
	Test::More                         0.96
	version                            0.85

******************************** NOTE ********************************
The comments above are created mechanically, possibly without manual
checking by the sender.  As there are many people performing automatic
tests on each upload to CPAN, it is likely that you will receive 
identical messages about the same problem.

If you believe that the message is mistaken, please reply to the first
one with correction and/or additional informations, and do not take
it personally.  We appreciate your patience. :)
**********************************************************************

Additional comments:
 

This report was machine-generated by CPANPLUS::Dist::YACSmoke 0.58.
Powered by minismokebox version 0.32

------------------------------
ENVIRONMENT AND OTHER CONTEXT
------------------------------

Environment variables:

    AUTOMATED_TESTING = 1
    PATH = /home/cpan/bin:/bin:/sbin:/usr/bin:/usr/sbin:/usr/X11R7/bin:/usr/X11R6/bin:/usr/pkg/bin:/usr/pkg/sbin:/usr/games:/usr/local/bin:/usr/local/sbin
    PERL5LIB = :/home/cpan/pit/bare/conf/perl-5.10.1/.cpanplus/5.10.1/build/ApacheBench-0.70/blib/lib:/home/cpan/pit/bare/conf/perl-5.10.1/.cpanplus/5.10.1/build/ApacheBench-0.70/blib/arch
    PERL5_CPANPLUS_IS_RUNNING = 28582
    PERL5_CPANPLUS_IS_VERSION = 0.9010
    PERL5_MINISMOKEBOX = 0.32
    PERL5_YACSMOKE_BASE = /home/cpan/pit/bare/conf/perl-5.10.1
    PERL_EXTUTILS_AUTOINSTALL = --defaultdeps
    PERL_MM_USE_DEFAULT = 1
    SHELL = /usr/pkg/bin/bash
    TERM = screen

Perl special variables (and OS-specific diagnostics, for MSWin32):

    Perl: $^X = /home/cpan/pit/bare/perl-5.10.1/bin/perl
    UID:  $<  = 1001
    EUID: $>  = 1001
    GID:  $(  = 100 100
    EGID: $)  = 100 100


-------------------------------


--

Summary of my perl5 (revision 5 version 10 subversion 1) configuration:
   
  Platform:
    osname=netbsd, osvers=5.1_rc3, archname=amd64-netbsd
    uname='netbsd fubar.bingosnet.co.uk 5.1_rc3 netbsd 5.1_rc3 (generic) #0: sat jun 12 20:26:01 utc 2010 builds@b8.netbsd.org:homebuildsabnetbsd-5-1-rc3amd64201006130031z-objhomebuildsabnetbsd-5-1-rc3srcsysarchamd64compilegeneric amd64 '
    config_args='-des -Dprefix=/home/cpan/pit/bare/perl-5.10.1 -Dusemallocwrap=y -Dusemymalloc=n'
    hint=recommended, useposix=true, d_sigaction=define
    useithreads=undef, usemultiplicity=undef
    useperlio=define, d_sfio=undef, uselargefiles=define, usesocks=undef
    use64bitint=define, use64bitall=define, uselongdouble=undef
    usemymalloc=n, bincompat5005=undef
  Compiler:
    cc='cc', ccflags ='-fno-strict-aliasing -pipe -fstack-protector -I/usr/pkg/include',
    optimize='-O',
    cppflags='-fno-strict-aliasing -pipe -fstack-protector -I/usr/pkg/include'
    ccversion='', gccversion='4.1.3 20080704 prerelease (NetBSD nb2 20081120)', gccosandvers=''
    intsize=4, longsize=8, ptrsize=8, doublesize=8, byteorder=12345678
    d_longlong=define, longlongsize=8, d_longdbl=define, longdblsize=16
    ivtype='long', ivsize=8, nvtype='double', nvsize=8, Off_t='off_t', lseeksize=8
    alignbytes=8, prototype=define
  Linker and Libraries:
    ld='cc', ldflags =' -Wl,-rpath,/usr/pkg/lib -Wl,-rpath,/usr/local/lib -fstack-protector -L/usr/pkg/lib'
    libpth=/usr/pkg/lib /lib /usr/lib
    libs=-lm -lcrypt -lutil -lc -lposix
    perllibs=-lm -lcrypt -lutil -lc -lposix
    libc=/lib/libc.so, so=so, useshrplib=false, libperl=libperl.a
    gnulibc_version=''
  Dynamic Linking:
    dlsrc=dl_dlopen.xs, dlext=so, d_dlsymun=undef, ccdlflags='-Wl,-E '
    cccdlflags='-DPIC -fPIC ', lddlflags='--whole-archive -shared  -L/usr/pkg/lib -fstack-protector'


Characteristics of this binary (from libperl): 
  Compile-time options: PERL_DONT_CREATE_GVSV PERL_MALLOC_WRAP USE_64_BIT_ALL
                        USE_64_BIT_INT USE_LARGE_FILES USE_PERLIO
  Built under netbsd
  Compiled at Sep 14 2010 22:50:40
  %ENV:
    PERL5LIB=":/home/cpan/pit/bare/conf/perl-5.10.1/.cpanplus/5.10.1/build/ApacheBench-0.70/blib/lib:/home/cpan/pit/bare/conf/perl-5.10.1/.cpanplus/5.10.1/build/ApacheBench-0.70/blib/arch"
    PERL5_CPANPLUS_IS_RUNNING="28582"
    PERL5_CPANPLUS_IS_VERSION="0.9010"
    PERL5_MINISMOKEBOX="0.32"
    PERL5_YACSMOKE_BASE="/home/cpan/pit/bare/conf/perl-5.10.1"
    PERL_EXTUTILS_AUTOINSTALL="--defaultdeps"
    PERL_MM_USE_DEFAULT="1"
  @INC:
    /home/cpan/pit/bare/conf/perl-5.10.1/.cpanplus/5.10.1/build/ApacheBench-0.70/blib/lib
    /home/cpan/pit/bare/conf/perl-5.10.1/.cpanplus/5.10.1/build/ApacheBench-0.70/blib/arch
    /home/cpan/pit/bare/perl-5.10.1/lib/5.10.1/amd64-netbsd
    /home/cpan/pit/bare/perl-5.10.1/lib/5.10.1
    /home/cpan/pit/bare/perl-5.10.1/lib/site_perl/5.10.1/amd64-netbsd
    /home/cpan/pit/bare/perl-5.10.1/lib/site_perl/5.10.1
    .