Report for Class-MOP-1.08

Back
From: metabase:user:20a45eae-6c1a-1014-abaf-4bc2b30e56df
Subject: FAIL Class-MOP-1.08 v5.8.7 Windows (Cygwin)
Date: 2011-04-03T10:39:18Z

This distribution has been tested as part of the CPAN Testers
project, supporting the Perl programming language.  See
http://wiki.cpantesters.org/ for more information or email
questions to cpan-testers-discuss@perl.org


--
Dear Author,

This is a computer-generated report for Class-MOP-1.08
on perl 5.8.7, created by CPAN-Reporter-1.1803.

Thank you for uploading your work to CPAN.  However, there was a problem
testing your distribution.

If you think this report is invalid, please consult the CPAN Testers Wiki
for suggestions on how to avoid getting FAIL reports for missing library
or binary dependencies, unsupported operating systems, and so on:

http://wiki.cpantesters.org/wiki/CPANAuthorNotes

Sections of this report:

    * Tester comments
    * Program output
    * Prerequisites
    * Environment and other context

------------------------------
TESTER COMMENTS
------------------------------

Additional comments from tester:

this report is from an automated smoke testing program
and was not reviewed by a human for accuracy

------------------------------
PROGRAM OUTPUT
------------------------------

Output from '/usr/bin/make test':

/opt/perl/inst/perl-5.8.7-cygwin-multi-64int/bin/perl5.8.7.exe "-Iinc" "-MModule::Install::ExtraTests" "-e" "Module::Install::ExtraTests::__harness('Test::Harness', 0, 'xt/author', '', '', 0, 'blib/lib', 'blib/arch')" t/*.t

#   Failed test 'use Class::MOP;'
#   at t/000_load.t line 7.
#     Tried to use 'Class::MOP'.
#     Error:  Can't use an undefined value as an ARRAY reference at /opt/perl/src/.cpan-5.8.7-cygwin-multi-64int/build/Class-MOP-1.08-O64OSS/blib/lib/Class/MOP/Class.pm line 791.
# Compilation failed in require at (eval 4) line 2.
# BEGIN failed--compilation aborted at (eval 4) line 2.
Can't use an undefined value as an ARRAY reference at /opt/perl/src/.cpan-5.8.7-cygwin-multi-64int/build/Class-MOP-1.08-O64OSS/blib/lib/Class/MOP/Class.pm line 791.
# Tests were run but no plan was declared and done_testing() was not seen.
t/000_load.t .............................. 
Dubious, test returned 255 (wstat 65280, 0xff00)
Failed 1/18 subtests 
Can't use an undefined value as an ARRAY reference at /opt/perl/src/.cpan-5.8.7-cygwin-multi-64int/build/Class-MOP-1.08-O64OSS/blib/lib/Class/MOP/Class.pm line 791.
Compilation failed in require at t/001_basic.t line 7.
BEGIN failed--compilation aborted at t/001_basic.t line 7.
t/001_basic.t ............................. 
Dubious, test returned 2 (wstat 512, 0x200)
No subtests run 
Can't use an undefined value as an ARRAY reference at /opt/perl/src/.cpan-5.8.7-cygwin-multi-64int/build/Class-MOP-1.08-O64OSS/blib/lib/Class/MOP/Class.pm line 791.
Compilation failed in require at t/002_class_precedence_list.t line 6.
BEGIN failed--compilation aborted at t/002_class_precedence_list.t line 6.
t/002_class_precedence_list.t ............. 
Dubious, test returned 2 (wstat 512, 0x200)
No subtests run 
Can't use an undefined value as an ARRAY reference at /opt/perl/src/.cpan-5.8.7-cygwin-multi-64int/build/Class-MOP-1.08-O64OSS/blib/lib/Class/MOP/Class.pm line 791.
Compilation failed in require at t/003_methods.t line 10.
BEGIN failed--compilation aborted at t/003_methods.t line 10.
t/003_methods.t ........................... 
Dubious, test returned 2 (wstat 512, 0x200)
No subtests run 
Can't use an undefined value as an ARRAY reference at /opt/perl/src/.cpan-5.8.7-cygwin-multi-64int/build/Class-MOP-1.08-O64OSS/blib/lib/Class/MOP/Class.pm line 791.
Compilation failed in require at t/004_advanced_methods.t line 7.
BEGIN failed--compilation aborted at t/004_advanced_methods.t line 7.
t/004_advanced_methods.t .................. 
Dubious, test returned 2 (wstat 512, 0x200)
No subtests run 
Can't use an undefined value as an ARRAY reference at /opt/perl/src/.cpan-5.8.7-cygwin-multi-64int/build/Class-MOP-1.08-O64OSS/blib/lib/Class/MOP/Class.pm line 791.
Compilation failed in require at t/005_attributes.t line 7.
BEGIN failed--compilation aborted at t/005_attributes.t line 7.
t/005_attributes.t ........................ 
Dubious, test returned 2 (wstat 512, 0x200)
No subtests run 
Can't use an undefined value as an ARRAY reference at /opt/perl/src/.cpan-5.8.7-cygwin-multi-64int/build/Class-MOP-1.08-O64OSS/blib/lib/Class/MOP/Class.pm line 791.
Compilation failed in require at t/006_new_and_clone_metaclasses.t line 10.
BEGIN failed--compilation aborted at t/006_new_and_clone_metaclasses.t line 10.
t/006_new_and_clone_metaclasses.t ......... 
Dubious, test returned 2 (wstat 512, 0x200)
No subtests run 
Can't use an undefined value as an ARRAY reference at /opt/perl/src/.cpan-5.8.7-cygwin-multi-64int/build/Class-MOP-1.08-O64OSS/blib/lib/Class/MOP/Class.pm line 791.
Compilation failed in require at t/010_self_introspection.t line 7.
BEGIN failed--compilation aborted at t/010_self_introspection.t line 7.
t/010_self_introspection.t ................ 
Dubious, test returned 2 (wstat 512, 0x200)
No subtests run 
Can't use an undefined value as an ARRAY reference at /opt/perl/src/.cpan-5.8.7-cygwin-multi-64int/build/Class-MOP-1.08-O64OSS/blib/lib/Class/MOP/Class.pm line 791.
Compilation failed in require at t/011_create_class.t line 7.
BEGIN failed--compilation aborted at t/011_create_class.t line 7.
t/011_create_class.t ...................... 
Dubious, test returned 2 (wstat 512, 0x200)
No subtests run 
Can't use an undefined value as an ARRAY reference at /opt/perl/src/.cpan-5.8.7-cygwin-multi-64int/build/Class-MOP-1.08-O64OSS/blib/lib/Class/MOP/Class.pm line 791.
Compilation failed in require at t/012_package_variables.t line 7.
BEGIN failed--compilation aborted at t/012_package_variables.t line 7.
t/012_package_variables.t ................. 
Dubious, test returned 2 (wstat 512, 0x200)
No subtests run 
Can't use an undefined value as an ARRAY reference at /opt/perl/src/.cpan-5.8.7-cygwin-multi-64int/build/Class-MOP-1.08-O64OSS/blib/lib/Class/MOP/Class.pm line 791.
Compilation failed in require at t/013_add_attribute_alternate.t line 7.
BEGIN failed--compilation aborted at t/013_add_attribute_alternate.t line 7.
t/013_add_attribute_alternate.t ........... 
Dubious, test returned 2 (wstat 512, 0x200)
No subtests run 
Can't use an undefined value as an ARRAY reference at /opt/perl/src/.cpan-5.8.7-cygwin-multi-64int/build/Class-MOP-1.08-O64OSS/blib/lib/Class/MOP/Class.pm line 791.
Compilation failed in require at t/014_attribute_introspection.t line 7.
BEGIN failed--compilation aborted at t/014_attribute_introspection.t line 7.
t/014_attribute_introspection.t ........... 
Dubious, test returned 2 (wstat 512, 0x200)
No subtests run 
Can't use an undefined value as an ARRAY reference at /opt/perl/src/.cpan-5.8.7-cygwin-multi-64int/build/Class-MOP-1.08-O64OSS/blib/lib/Class/MOP/Class.pm line 791.
Compilation failed in require at t/015_metaclass_inheritance.t line 7.
BEGIN failed--compilation aborted at t/015_metaclass_inheritance.t line 7.
t/015_metaclass_inheritance.t ............. 
Dubious, test returned 2 (wstat 512, 0x200)
No subtests run 
Can't use an undefined value as an ARRAY reference at /opt/perl/src/.cpan-5.8.7-cygwin-multi-64int/build/Class-MOP-1.08-O64OSS/blib/lib/Class/MOP/Class.pm line 791.
Compilation failed in require at t/016_class_errors_and_edge_cases.t line 7.
BEGIN failed--compilation aborted at t/016_class_errors_and_edge_cases.t line 7.
t/016_class_errors_and_edge_cases.t ....... 
Dubious, test returned 2 (wstat 512, 0x200)
No subtests run 
Can't use an undefined value as an ARRAY reference at /opt/perl/src/.cpan-5.8.7-cygwin-multi-64int/build/Class-MOP-1.08-O64OSS/blib/lib/Class/MOP/Class.pm line 791.
Compilation failed in require at t/017_add_method_modifier.t line 7.
BEGIN failed--compilation aborted at t/017_add_method_modifier.t line 7.
t/017_add_method_modifier.t ............... 
Dubious, test returned 2 (wstat 512, 0x200)
No subtests run 
Can't use an undefined value as an ARRAY reference at /opt/perl/src/.cpan-5.8.7-cygwin-multi-64int/build/Class-MOP-1.08-O64OSS/blib/lib/Class/MOP/Class.pm line 791.
Compilation failed in require at t/018_anon_class.t line 7.
BEGIN failed--compilation aborted at t/018_anon_class.t line 7.
t/018_anon_class.t ........................ 
Dubious, test returned 2 (wstat 512, 0x200)
No subtests run 
Can't use an undefined value as an ARRAY reference at /opt/perl/src/.cpan-5.8.7-cygwin-multi-64int/build/Class-MOP-1.08-O64OSS/blib/lib/Class/MOP/Class.pm line 791.
Compilation failed in require at t/019_anon_class_keep_alive.t line 7.
BEGIN failed--compilation aborted at t/019_anon_class_keep_alive.t line 7.
t/019_anon_class_keep_alive.t ............. 
Dubious, test returned 2 (wstat 512, 0x200)
No subtests run 
Can't use an undefined value as an ARRAY reference at /opt/perl/src/.cpan-5.8.7-cygwin-multi-64int/build/Class-MOP-1.08-O64OSS/blib/lib/Class/MOP/Class.pm line 791.
Compilation failed in require at t/020_attribute.t line 9.
BEGIN failed--compilation aborted at t/020_attribute.t line 9.
t/020_attribute.t ......................... 
Dubious, test returned 2 (wstat 512, 0x200)
No subtests run 
Can't use an undefined value as an ARRAY reference at /opt/perl/src/.cpan-5.8.7-cygwin-multi-64int/build/Class-MOP-1.08-O64OSS/blib/lib/Class/MOP/Class.pm line 791.
Compilation failed in require at t/021_attribute_errors_and_edge_cases.t line 7.
BEGIN failed--compilation aborted at t/021_attribute_errors_and_edge_cases.t line 7.
t/021_attribute_errors_and_edge_cases.t ... 
Dubious, test returned 2 (wstat 512, 0x200)
No subtests run 
Can't use an undefined value as an ARRAY reference at /opt/perl/src/.cpan-5.8.7-cygwin-multi-64int/build/Class-MOP-1.08-O64OSS/blib/lib/Class/MOP/Class.pm line 791.
Compilation failed in require at t/022_attribute_duplication.t line 8.
BEGIN failed--compilation aborted at t/022_attribute_duplication.t line 8.
t/022_attribute_duplication.t ............. 
Dubious, test returned 2 (wstat 512, 0x200)
No subtests run 
Can't use an undefined value as an ARRAY reference at /opt/perl/src/.cpan-5.8.7-cygwin-multi-64int/build/Class-MOP-1.08-O64OSS/blib/lib/Class/MOP/Class.pm line 791.
Compilation failed in require at t/023_attribute_get_read_write.t line 8.
BEGIN failed--compilation aborted at t/023_attribute_get_read_write.t line 8.
t/023_attribute_get_read_write.t .......... 
Dubious, test returned 2 (wstat 512, 0x200)
No subtests run 
Can't use an undefined value as an ARRAY reference at /opt/perl/src/.cpan-5.8.7-cygwin-multi-64int/build/Class-MOP-1.08-O64OSS/blib/lib/Class/MOP/Class.pm line 791.
Compilation failed in require at t/024_attribute_initializer.t line 8.
BEGIN failed--compilation aborted at t/024_attribute_initializer.t line 8.
t/024_attribute_initializer.t ............. 
Dubious, test returned 2 (wstat 512, 0x200)
No subtests run 
Can't use an undefined value as an ARRAY reference at /opt/perl/src/.cpan-5.8.7-cygwin-multi-64int/build/Class-MOP-1.08-O64OSS/blib/lib/Class/MOP/Class.pm line 791.
Compilation failed in require at t/025_attribute_non_alpha_name.t line 4.
BEGIN failed--compilation aborted at t/025_attribute_non_alpha_name.t line 4.
t/025_attribute_non_alpha_name.t .......... 
Dubious, test returned 2 (wstat 512, 0x200)
No subtests run 
Can't use an undefined value as an ARRAY reference at /opt/perl/src/.cpan-5.8.7-cygwin-multi-64int/build/Class-MOP-1.08-O64OSS/blib/lib/Class/MOP/Class.pm line 791.
Compilation failed in require at t/030_method.t line 7.
BEGIN failed--compilation aborted at t/030_method.t line 7.
t/030_method.t ............................ 
Dubious, test returned 2 (wstat 512, 0x200)
No subtests run 
Can't use an undefined value as an ARRAY reference at /opt/perl/src/.cpan-5.8.7-cygwin-multi-64int/build/Class-MOP-1.08-O64OSS/blib/lib/Class/MOP/Class.pm line 791.
Compilation failed in require at t/031_method_modifiers.t line 7.
BEGIN failed--compilation aborted at t/031_method_modifiers.t line 7.
t/031_method_modifiers.t .................. 
Dubious, test returned 2 (wstat 512, 0x200)
No subtests run 
Can't use an undefined value as an ARRAY reference at /opt/perl/src/.cpan-5.8.7-cygwin-multi-64int/build/Class-MOP-1.08-O64OSS/blib/lib/Class/MOP/Class.pm line 791.
Compilation failed in require at t/032_universal_methods.t line 9.
BEGIN failed--compilation aborted at t/032_universal_methods.t line 9.
t/032_universal_methods.t ................. 
Dubious, test returned 2 (wstat 512, 0x200)
No subtests run 
Can't use an undefined value as an ARRAY reference at /opt/perl/src/.cpan-5.8.7-cygwin-multi-64int/build/Class-MOP-1.08-O64OSS/blib/lib/Class/MOP/Class.pm line 791.
Compilation failed in require at /opt/perl/src/.cpan-5.8.7-cygwin-multi-64int/build/Class-MOP-1.08-O64OSS/blib/lib/metaclass.pm line 14.
BEGIN failed--compilation aborted at /opt/perl/src/.cpan-5.8.7-cygwin-multi-64int/build/Class-MOP-1.08-O64OSS/blib/lib/metaclass.pm line 14.
Compilation failed in require at t/040_metaclass.t line 6.
BEGIN failed--compilation aborted at t/040_metaclass.t line 6.
t/040_metaclass.t ......................... 
Dubious, test returned 2 (wstat 512, 0x200)
No subtests run 
Can't use an undefined value as an ARRAY reference at /opt/perl/src/.cpan-5.8.7-cygwin-multi-64int/build/Class-MOP-1.08-O64OSS/blib/lib/Class/MOP/Class.pm line 791.
Compilation failed in require at /opt/perl/src/.cpan-5.8.7-cygwin-multi-64int/build/Class-MOP-1.08-O64OSS/blib/lib/metaclass.pm line 14.
BEGIN failed--compilation aborted at /opt/perl/src/.cpan-5.8.7-cygwin-multi-64int/build/Class-MOP-1.08-O64OSS/blib/lib/metaclass.pm line 14.
Compilation failed in require at t/041_metaclass_incompatibility.t line 7.
BEGIN failed--compilation aborted at t/041_metaclass_incompatibility.t line 7.
t/041_metaclass_incompatibility.t ......... 
Dubious, test returned 2 (wstat 512, 0x200)
No subtests run 
Can't use an undefined value as an ARRAY reference at /opt/perl/src/.cpan-5.8.7-cygwin-multi-64int/build/Class-MOP-1.08-O64OSS/blib/lib/Class/MOP/Class.pm line 791.
Compilation failed in require at /opt/perl/src/.cpan-5.8.7-cygwin-multi-64int/build/Class-MOP-1.08-O64OSS/blib/lib/metaclass.pm line 14.
BEGIN failed--compilation aborted at /opt/perl/src/.cpan-5.8.7-cygwin-multi-64int/build/Class-MOP-1.08-O64OSS/blib/lib/metaclass.pm line 14.
Compilation failed in require at t/042_metaclass_incompatibility_dyn.t line 6.
BEGIN failed--compilation aborted at t/042_metaclass_incompatibility_dyn.t line 6.
t/042_metaclass_incompatibility_dyn.t ..... 
Dubious, test returned 2 (wstat 512, 0x200)
No subtests run 
Can't use an undefined value as an ARRAY reference at /opt/perl/src/.cpan-5.8.7-cygwin-multi-64int/build/Class-MOP-1.08-O64OSS/blib/lib/Class/MOP/Class.pm line 791.
Compilation failed in require at /opt/perl/src/.cpan-5.8.7-cygwin-multi-64int/build/Class-MOP-1.08-O64OSS/blib/lib/metaclass.pm line 14.
BEGIN failed--compilation aborted at /opt/perl/src/.cpan-5.8.7-cygwin-multi-64int/build/Class-MOP-1.08-O64OSS/blib/lib/metaclass.pm line 14.
Compilation failed in require at t/043_instance_metaclass_incompat.t line 6.
BEGIN failed--compilation aborted at t/043_instance_metaclass_incompat.t line 6.
t/043_instance_metaclass_incompat.t ....... 
Dubious, test returned 2 (wstat 512, 0x200)
No subtests run 
Can't use an undefined value as an ARRAY reference at /opt/perl/src/.cpan-5.8.7-cygwin-multi-64int/build/Class-MOP-1.08-O64OSS/blib/lib/Class/MOP/Class.pm line 791.
Compilation failed in require at /opt/perl/src/.cpan-5.8.7-cygwin-multi-64int/build/Class-MOP-1.08-O64OSS/blib/lib/metaclass.pm line 14.
BEGIN failed--compilation aborted at /opt/perl/src/.cpan-5.8.7-cygwin-multi-64int/build/Class-MOP-1.08-O64OSS/blib/lib/metaclass.pm line 14.
Compilation failed in require at t/044_instance_metaclass_incompat_dyn.t line 6.
BEGIN failed--compilation aborted at t/044_instance_metaclass_incompat_dyn.t line 6.
t/044_instance_metaclass_incompat_dyn.t ... 
Dubious, test returned 2 (wstat 512, 0x200)
No subtests run 
Can't use an undefined value as an ARRAY reference at /opt/perl/src/.cpan-5.8.7-cygwin-multi-64int/build/Class-MOP-1.08-O64OSS/blib/lib/Class/MOP/Class.pm line 791.
Compilation failed in require at t/045_metaclass_loads_classes.t line 9.
BEGIN failed--compilation aborted at t/045_metaclass_loads_classes.t line 9.
t/045_metaclass_loads_classes.t ........... 
Dubious, test returned 2 (wstat 512, 0x200)
No subtests run 
Can't use an undefined value as an ARRAY reference at /opt/perl/src/.cpan-5.8.7-cygwin-multi-64int/build/Class-MOP-1.08-O64OSS/blib/lib/Class/MOP/Class.pm line 791.
Compilation failed in require at /opt/perl/src/.cpan-5.8.7-cygwin-multi-64int/build/Class-MOP-1.08-O64OSS/blib/lib/metaclass.pm line 14.
BEGIN failed--compilation aborted at /opt/perl/src/.cpan-5.8.7-cygwin-multi-64int/build/Class-MOP-1.08-O64OSS/blib/lib/metaclass.pm line 14.
Compilation failed in require at t/046_rebless_instance.t line 10.
BEGIN failed--compilation aborted at t/046_rebless_instance.t line 10.
t/046_rebless_instance.t .................. 
Dubious, test returned 2 (wstat 512, 0x200)
No subtests run 
Can't use an undefined value as an ARRAY reference at /opt/perl/src/.cpan-5.8.7-cygwin-multi-64int/build/Class-MOP-1.08-O64OSS/blib/lib/Class/MOP/Class.pm line 791.
Compilation failed in require at t/047_rebless_with_extra_params.t line 7.
BEGIN failed--compilation aborted at t/047_rebless_with_extra_params.t line 7.
t/047_rebless_with_extra_params.t ......... 
Dubious, test returned 2 (wstat 512, 0x200)
No subtests run 
Can't use an undefined value as an ARRAY reference at /opt/perl/src/.cpan-5.8.7-cygwin-multi-64int/build/Class-MOP-1.08-O64OSS/blib/lib/Class/MOP/Class.pm line 791.
Compilation failed in require at t/048_anon_class_create_init.t line 6.
BEGIN failed--compilation aborted at t/048_anon_class_create_init.t line 6.
t/048_anon_class_create_init.t ............ 
Dubious, test returned 2 (wstat 512, 0x200)
No subtests run 
Can't use an undefined value as an ARRAY reference at /opt/perl/src/.cpan-5.8.7-cygwin-multi-64int/build/Class-MOP-1.08-O64OSS/blib/lib/Class/MOP/Class.pm line 791.
Compilation failed in require at /opt/perl/src/.cpan-5.8.7-cygwin-multi-64int/build/Class-MOP-1.08-O64OSS/blib/lib/metaclass.pm line 14.
BEGIN failed--compilation aborted at /opt/perl/src/.cpan-5.8.7-cygwin-multi-64int/build/Class-MOP-1.08-O64OSS/blib/lib/metaclass.pm line 14.
Compilation failed in require at t/049_metaclass_reinitialize.t line 9.
BEGIN failed--compilation aborted at t/049_metaclass_reinitialize.t line 9.
t/049_metaclass_reinitialize.t ............ 
Dubious, test returned 2 (wstat 512, 0x200)
No subtests run 
t/050_scala_style_mixin_composition.t ..... skipped: Test requires module 'SUPER' but it's not found
Can't use an undefined value as an ARRAY reference at /opt/perl/src/.cpan-5.8.7-cygwin-multi-64int/build/Class-MOP-1.08-O64OSS/blib/lib/Class/MOP/Class.pm line 791.
Compilation failed in require at /opt/perl/src/.cpan-5.8.7-cygwin-multi-64int/build/Class-MOP-1.08-O64OSS/blib/lib/metaclass.pm line 14.
BEGIN failed--compilation aborted at /opt/perl/src/.cpan-5.8.7-cygwin-multi-64int/build/Class-MOP-1.08-O64OSS/blib/lib/metaclass.pm line 14.
Compilation failed in require at t/060_instance.t line 41.
BEGIN failed--compilation aborted at t/060_instance.t line 41.
t/060_instance.t .......................... 
Dubious, test returned 2 (wstat 512, 0x200)
No subtests run 
t/061_instance_inline.t ................... ok
Can't use an undefined value as an ARRAY reference at /opt/perl/src/.cpan-5.8.7-cygwin-multi-64int/build/Class-MOP-1.08-O64OSS/blib/lib/Class/MOP/Class.pm line 791.
Compilation failed in require at t/062_custom_instance.t line 7.
BEGIN failed--compilation aborted at t/062_custom_instance.t line 7.
t/062_custom_instance.t ................... 
Dubious, test returned 2 (wstat 512, 0x200)
No subtests run 
Can't use an undefined value as an ARRAY reference at /opt/perl/src/.cpan-5.8.7-cygwin-multi-64int/build/Class-MOP-1.08-O64OSS/blib/lib/Class/MOP/Class.pm line 791.
Compilation failed in require at t/070_immutable_metaclass.t line 7.
BEGIN failed--compilation aborted at t/070_immutable_metaclass.t line 7.
t/070_immutable_metaclass.t ............... 
Dubious, test returned 2 (wstat 512, 0x200)
No subtests run 
Can't use an undefined value as an ARRAY reference at /opt/perl/src/.cpan-5.8.7-cygwin-multi-64int/build/Class-MOP-1.08-O64OSS/blib/lib/Class/MOP/Class.pm line 791.
Compilation failed in require at t/071_immutable_w_custom_metaclass.t line 11.
BEGIN failed--compilation aborted at t/071_immutable_w_custom_metaclass.t line 11.
t/071_immutable_w_custom_metaclass.t ...... 
Dubious, test returned 2 (wstat 512, 0x200)
No subtests run 
Can't use an undefined value as an ARRAY reference at /opt/perl/src/.cpan-5.8.7-cygwin-multi-64int/build/Class-MOP-1.08-O64OSS/blib/lib/Class/MOP/Class.pm line 791.
Compilation failed in require at t/072_immutable_w_constructors.t line 7.
BEGIN failed--compilation aborted at t/072_immutable_w_constructors.t line 7.
t/072_immutable_w_constructors.t .......... 
Dubious, test returned 2 (wstat 512, 0x200)
No subtests run 
Can't use an undefined value as an ARRAY reference at /opt/perl/src/.cpan-5.8.7-cygwin-multi-64int/build/Class-MOP-1.08-O64OSS/blib/lib/Class/MOP/Class.pm line 791.
Compilation failed in require at t/073_make_mutable.t line 9.
BEGIN failed--compilation aborted at t/073_make_mutable.t line 9.
t/073_make_mutable.t ...................... 
Dubious, test returned 2 (wstat 512, 0x200)
No subtests run 
Can't use an undefined value as an ARRAY reference at /opt/perl/src/.cpan-5.8.7-cygwin-multi-64int/build/Class-MOP-1.08-O64OSS/blib/lib/Class/MOP/Class.pm line 791.
Compilation failed in require at t/074_immutable_custom_trait.t line 7.
BEGIN failed--compilation aborted at t/074_immutable_custom_trait.t line 7.
t/074_immutable_custom_trait.t ............ 
Dubious, test returned 2 (wstat 512, 0x200)
No subtests run 
Can't use an undefined value as an ARRAY reference at /opt/perl/src/.cpan-5.8.7-cygwin-multi-64int/build/Class-MOP-1.08-O64OSS/blib/lib/Class/MOP/Class.pm line 791.
Compilation failed in require at t/080_meta_package.t line 7.
BEGIN failed--compilation aborted at t/080_meta_package.t line 7.
t/080_meta_package.t ...................... 
Dubious, test returned 2 (wstat 512, 0x200)
No subtests run 
Can't use an undefined value as an ARRAY reference at /opt/perl/src/.cpan-5.8.7-cygwin-multi-64int/build/Class-MOP-1.08-O64OSS/blib/lib/Class/MOP/Class.pm line 791.
Compilation failed in require at t/081_meta_package_extension.t line 7.
BEGIN failed--compilation aborted at t/081_meta_package_extension.t line 7.
t/081_meta_package_extension.t ............ 
Dubious, test returned 2 (wstat 512, 0x200)
No subtests run 
Can't use an undefined value as an ARRAY reference at /opt/perl/src/.cpan-5.8.7-cygwin-multi-64int/build/Class-MOP-1.08-O64OSS/blib/lib/Class/MOP/Class.pm line 791.
Compilation failed in require at t/082_get_code_info.t line 11.
BEGIN failed--compilation aborted at t/082_get_code_info.t line 11.
t/082_get_code_info.t ..................... 
Dubious, test returned 2 (wstat 512, 0x200)
No subtests run 
Can't use an undefined value as an ARRAY reference at /opt/perl/src/.cpan-5.8.7-cygwin-multi-64int/build/Class-MOP-1.08-O64OSS/blib/lib/Class/MOP/Class.pm line 791.
Compilation failed in require at /opt/perl/src/.cpan-5.8.7-cygwin-multi-64int/build/Class-MOP-1.08-O64OSS/blib/lib/metaclass.pm line 14.
BEGIN failed--compilation aborted at /opt/perl/src/.cpan-5.8.7-cygwin-multi-64int/build/Class-MOP-1.08-O64OSS/blib/lib/metaclass.pm line 14.
Compilation failed in require at t/083_load_class.t line 83.
BEGIN failed--compilation aborted at t/083_load_class.t line 83.
t/083_load_class.t ........................ 
Dubious, test returned 2 (wstat 512, 0x200)
No subtests run 
Can't use an undefined value as an ARRAY reference at /opt/perl/src/.cpan-5.8.7-cygwin-multi-64int/build/Class-MOP-1.08-O64OSS/blib/lib/Class/MOP/Class.pm line 791.
Compilation failed in require at t/085_load_class_gvstash_detect_bug.t line 6.
BEGIN failed--compilation aborted at t/085_load_class_gvstash_detect_bug.t line 6.
t/085_load_class_gvstash_detect_bug.t ..... 
Dubious, test returned 2 (wstat 512, 0x200)
No subtests run 
Can't use an undefined value as an ARRAY reference at /opt/perl/src/.cpan-5.8.7-cygwin-multi-64int/build/Class-MOP-1.08-O64OSS/blib/lib/Class/MOP/Class.pm line 791.
Compilation failed in require at t/086_rebless_instance_away.t line 5.
BEGIN failed--compilation aborted at t/086_rebless_instance_away.t line 5.
t/086_rebless_instance_away.t ............. 
Dubious, test returned 2 (wstat 512, 0x200)
No subtests run 
Can't use an undefined value as an ARRAY reference at /opt/perl/src/.cpan-5.8.7-cygwin-multi-64int/build/Class-MOP-1.08-O64OSS/blib/lib/Class/MOP/Class.pm line 791.
Compilation failed in require at t/087_subclasses.t line 4.
BEGIN failed--compilation aborted at t/087_subclasses.t line 4.
t/087_subclasses.t ........................ 
Dubious, test returned 2 (wstat 512, 0x200)
No subtests run 
Can't use an undefined value as an ARRAY reference at /opt/perl/src/.cpan-5.8.7-cygwin-multi-64int/build/Class-MOP-1.08-O64OSS/blib/lib/Class/MOP/Class.pm line 791.
Compilation failed in require at t/100_BinaryTree_test.t line 10.
BEGIN failed--compilation aborted at t/100_BinaryTree_test.t line 10.
t/100_BinaryTree_test.t ................... 
Dubious, test returned 2 (wstat 512, 0x200)
No subtests run 
Can't use an undefined value as an ARRAY reference at /opt/perl/src/.cpan-5.8.7-cygwin-multi-64int/build/Class-MOP-1.08-O64OSS/blib/lib/Class/MOP/Class.pm line 791.
Compilation failed in require at t/101_InstanceCountingClass_test.t line 7.
BEGIN failed--compilation aborted at t/101_InstanceCountingClass_test.t line 7.
t/101_InstanceCountingClass_test.t ........ 
Dubious, test returned 2 (wstat 512, 0x200)
No subtests run 
Can't use an undefined value as an ARRAY reference at /opt/perl/src/.cpan-5.8.7-cygwin-multi-64int/build/Class-MOP-1.08-O64OSS/blib/lib/Class/MOP/Class.pm line 791.
Compilation failed in require at t/102_InsideOutClass_test.t line 8.
BEGIN failed--compilation aborted at t/102_InsideOutClass_test.t line 8.
t/102_InsideOutClass_test.t ............... 
Dubious, test returned 2 (wstat 512, 0x200)
No subtests run 
Can't use an undefined value as an ARRAY reference at /opt/perl/src/.cpan-5.8.7-cygwin-multi-64int/build/Class-MOP-1.08-O64OSS/blib/lib/Class/MOP/Class.pm line 791.
Compilation failed in require at t/103_Perl6Attribute_test.t line 7.
BEGIN failed--compilation aborted at t/103_Perl6Attribute_test.t line 7.
t/103_Perl6Attribute_test.t ............... 
Dubious, test returned 2 (wstat 512, 0x200)
No subtests run 
Can't use an undefined value as an ARRAY reference at /opt/perl/src/.cpan-5.8.7-cygwin-multi-64int/build/Class-MOP-1.08-O64OSS/blib/lib/Class/MOP/Class.pm line 791.
Compilation failed in require at t/104_AttributesWithHistory_test.t line 7.
BEGIN failed--compilation aborted at t/104_AttributesWithHistory_test.t line 7.
t/104_AttributesWithHistory_test.t ........ 
Dubious, test returned 2 (wstat 512, 0x200)
No subtests run 
Can't use an undefined value as an ARRAY reference at /opt/perl/src/.cpan-5.8.7-cygwin-multi-64int/build/Class-MOP-1.08-O64OSS/blib/lib/Class/MOP/Class.pm line 791.
Compilation failed in require at t/105_ClassEncapsulatedAttributes_test.t line 7.
BEGIN failed--compilation aborted at t/105_ClassEncapsulatedAttributes_test.t line 7.
t/105_ClassEncapsulatedAttributes_test.t .. 
Dubious, test returned 2 (wstat 512, 0x200)
No subtests run 
Can't use an undefined value as an ARRAY reference at /opt/perl/src/.cpan-5.8.7-cygwin-multi-64int/build/Class-MOP-1.08-O64OSS/blib/lib/Class/MOP/Class.pm line 791.
Compilation failed in require at t/106_LazyClass_test.t line 7.
BEGIN failed--compilation aborted at t/106_LazyClass_test.t line 7.
t/106_LazyClass_test.t .................... 
Dubious, test returned 2 (wstat 512, 0x200)
No subtests run 
Can't use an undefined value as an ARRAY reference at /opt/perl/src/.cpan-5.8.7-cygwin-multi-64int/build/Class-MOP-1.08-O64OSS/blib/lib/Class/MOP/Class.pm line 791.
Compilation failed in require at t/107_C3MethodDispatchOrder_test.t line 6.
BEGIN failed--compilation aborted at t/107_C3MethodDispatchOrder_test.t line 6.
t/107_C3MethodDispatchOrder_test.t ........ 
Dubious, test returned 2 (wstat 512, 0x200)
No subtests run 
Can't use an undefined value as an ARRAY reference at /opt/perl/src/.cpan-5.8.7-cygwin-multi-64int/build/Class-MOP-1.08-O64OSS/blib/lib/Class/MOP/Class.pm line 791.
Compilation failed in require at t/108_ArrayBasedStorage_test.t line 7.
BEGIN failed--compilation aborted at t/108_ArrayBasedStorage_test.t line 7.
t/108_ArrayBasedStorage_test.t ............ 
Dubious, test returned 2 (wstat 512, 0x200)
No subtests run 
Can't use an undefined value as an ARRAY reference at /opt/perl/src/.cpan-5.8.7-cygwin-multi-64int/build/Class-MOP-1.08-O64OSS/blib/lib/Class/MOP/Class.pm line 791.
Compilation failed in require at t/200_Class_C3_compatibility.t line 14.
BEGIN failed--compilation aborted at t/200_Class_C3_compatibility.t line 14.
t/200_Class_C3_compatibility.t ............ 
Dubious, test returned 2 (wstat 512, 0x200)
No subtests run 
Can't use an undefined value as an ARRAY reference at /opt/perl/src/.cpan-5.8.7-cygwin-multi-64int/build/Class-MOP-1.08-O64OSS/blib/lib/Class/MOP/Class.pm line 791.
Compilation failed in require at t/300_random_eval_bug.t line 6.
BEGIN failed--compilation aborted at t/300_random_eval_bug.t line 6.
t/300_random_eval_bug.t ................... 
Dubious, test returned 2 (wstat 512, 0x200)
No subtests run 
Can't use an undefined value as an ARRAY reference at /opt/perl/src/.cpan-5.8.7-cygwin-multi-64int/build/Class-MOP-1.08-O64OSS/blib/lib/Class/MOP/Class.pm line 791.
Compilation failed in require at t/301_RT_27329_fix.t line 6.
BEGIN failed--compilation aborted at t/301_RT_27329_fix.t line 6.
t/301_RT_27329_fix.t ...................... 
Dubious, test returned 2 (wstat 512, 0x200)
No subtests run 
Can't use an undefined value as an ARRAY reference at /opt/perl/src/.cpan-5.8.7-cygwin-multi-64int/build/Class-MOP-1.08-O64OSS/blib/lib/Class/MOP/Class.pm line 791.
Compilation failed in require at t/302_modify_parent_method.t line 7.
BEGIN failed--compilation aborted at t/302_modify_parent_method.t line 7.
t/302_modify_parent_method.t .............. 
Dubious, test returned 2 (wstat 512, 0x200)
No subtests run 
Can't use an undefined value as an ARRAY reference at /opt/perl/src/.cpan-5.8.7-cygwin-multi-64int/build/Class-MOP-1.08-O64OSS/blib/lib/Class/MOP/Class.pm line 791.
Compilation failed in require at t/303_RT_39001_fix.t line 6.
BEGIN failed--compilation aborted at t/303_RT_39001_fix.t line 6.
t/303_RT_39001_fix.t ...................... 
Dubious, test returned 2 (wstat 512, 0x200)
No subtests run 
Can't use an undefined value as an ARRAY reference at /opt/perl/src/.cpan-5.8.7-cygwin-multi-64int/build/Class-MOP-1.08-O64OSS/blib/lib/Class/MOP/Class.pm line 791.
Compilation failed in require at t/304_constant_codeinfo.t line 5.
BEGIN failed--compilation aborted at t/304_constant_codeinfo.t line 5.
t/304_constant_codeinfo.t ................. 
Dubious, test returned 2 (wstat 512, 0x200)
No subtests run 
Can't use an undefined value as an ARRAY reference at /opt/perl/src/.cpan-5.8.7-cygwin-multi-64int/build/Class-MOP-1.08-O64OSS/blib/lib/Class/MOP/Class.pm line 791.
Compilation failed in require at t/305_RT_41255.t line 5.
BEGIN failed--compilation aborted at t/305_RT_41255.t line 5.
t/305_RT_41255.t .......................... 
Dubious, test returned 2 (wstat 512, 0x200)
No subtests run 
Can't use an undefined value as an ARRAY reference at /opt/perl/src/.cpan-5.8.7-cygwin-multi-64int/build/Class-MOP-1.08-O64OSS/blib/lib/Class/MOP/Class.pm line 791.
Compilation failed in require at t/306_rebless_overload.t line 4.
BEGIN failed--compilation aborted at t/306_rebless_overload.t line 4.
t/306_rebless_overload.t .................. 
Dubious, test returned 2 (wstat 512, 0x200)
No subtests run 
Can't use an undefined value as an ARRAY reference at /opt/perl/src/.cpan-5.8.7-cygwin-multi-64int/build/Class-MOP-1.08-O64OSS/blib/lib/Class/MOP/Class.pm line 791.
Compilation failed in require at t/307_null_stash.t line 6.
BEGIN failed--compilation aborted at t/307_null_stash.t line 6.
t/307_null_stash.t ........................ 
Dubious, test returned 2 (wstat 512, 0x200)
No subtests run 
Can't use an undefined value as an ARRAY reference at /opt/perl/src/.cpan-5.8.7-cygwin-multi-64int/build/Class-MOP-1.08-O64OSS/blib/lib/Class/MOP/Class.pm line 791.
Compilation failed in require at t/308_insertion_order.t line 4.
BEGIN failed--compilation aborted at t/308_insertion_order.t line 4.
t/308_insertion_order.t ................... 
Dubious, test returned 2 (wstat 512, 0x200)
No subtests run 
Can't use an undefined value as an ARRAY reference at /opt/perl/src/.cpan-5.8.7-cygwin-multi-64int/build/Class-MOP-1.08-O64OSS/blib/lib/Class/MOP/Class.pm line 791.
Compilation failed in require at t/309_subname.t line 6.
BEGIN failed--compilation aborted at t/309_subname.t line 6.
t/309_subname.t ........................... 
Dubious, test returned 2 (wstat 512, 0x200)
No subtests run 
t/310_inline_structor.t ................... skipped: Test requires module 'Test::Output' but it's not found
Can't use an undefined value as an ARRAY reference at /opt/perl/src/.cpan-5.8.7-cygwin-multi-64int/build/Class-MOP-1.08-O64OSS/blib/lib/Class/MOP/Class.pm line 791.
Compilation failed in require at t/311_inline_and_dollar_at.t line 4.
BEGIN failed--compilation aborted at t/311_inline_and_dollar_at.t line 4.
t/311_inline_and_dollar_at.t .............. 
Dubious, test returned 2 (wstat 512, 0x200)
No subtests run 
Can't use an undefined value as an ARRAY reference at /opt/perl/src/.cpan-5.8.7-cygwin-multi-64int/build/Class-MOP-1.08-O64OSS/blib/lib/Class/MOP/Class.pm line 791.
Compilation failed in require at t/312_anon_class_leak.t line 4.
BEGIN failed--compilation aborted at t/312_anon_class_leak.t line 4.
t/312_anon_class_leak.t ................... 
Dubious, test returned 2 (wstat 512, 0x200)
No subtests run 
Can't use an undefined value as an ARRAY reference at /opt/perl/src/.cpan-5.8.7-cygwin-multi-64int/build/Class-MOP-1.08-O64OSS/blib/lib/Class/MOP/Class.pm line 791.
Compilation failed in require at t/313_before_after_dollar_under.t line 4.
BEGIN failed--compilation aborted at t/313_before_after_dollar_under.t line 4.
t/313_before_after_dollar_under.t ......... 
Dubious, test returned 2 (wstat 512, 0x200)
No subtests run 
Can't use an undefined value as an ARRAY reference at /opt/perl/src/.cpan-5.8.7-cygwin-multi-64int/build/Class-MOP-1.08-O64OSS/blib/lib/Class/MOP/Class.pm line 791.
Compilation failed in require at t/314_class_is_pristine.t line 4.
BEGIN failed--compilation aborted at t/314_class_is_pristine.t line 4.
t/314_class_is_pristine.t ................. 
Dubious, test returned 2 (wstat 512, 0x200)
No subtests run 
Can't use an undefined value as an ARRAY reference at /opt/perl/src/.cpan-5.8.7-cygwin-multi-64int/build/Class-MOP-1.08-O64OSS/blib/lib/Class/MOP/Class.pm line 791.
Compilation failed in require at t/315_magic.t line 10.
BEGIN failed--compilation aborted at t/315_magic.t line 10.
t/315_magic.t ............................. 
Dubious, test returned 2 (wstat 512, 0x200)
No subtests run 
Can't use an undefined value as an ARRAY reference at /opt/perl/src/.cpan-5.8.7-cygwin-multi-64int/build/Class-MOP-1.08-O64OSS/blib/lib/Class/MOP/Class.pm line 791.
Compilation failed in require at t/316_numeric_defaults.t line 6.
BEGIN failed--compilation aborted at t/316_numeric_defaults.t line 6.
t/316_numeric_defaults.t .................. 
Dubious, test returned 2 (wstat 512, 0x200)
No subtests run 
Can't use an undefined value as an ARRAY reference at /opt/perl/src/.cpan-5.8.7-cygwin-multi-64int/build/Class-MOP-1.08-O64OSS/blib/lib/Class/MOP/Class.pm line 791.
Compilation failed in require at /opt/perl/src/.cpan-5.8.7-cygwin-multi-64int/build/Class-MOP-1.08-O64OSS/blib/lib/metaclass.pm line 14.
BEGIN failed--compilation aborted at /opt/perl/src/.cpan-5.8.7-cygwin-multi-64int/build/Class-MOP-1.08-O64OSS/blib/lib/metaclass.pm line 14.
Compilation failed in require at t/500_deprecated.t line 45.
BEGIN failed--compilation aborted at t/500_deprecated.t line 45.
t/500_deprecated.t ........................ 
Dubious, test returned 2 (wstat 512, 0x200)
No subtests run 

Test Summary Report
-------------------
t/000_load.t                            (Wstat: 65280 Tests: 18 Failed: 1)
  Failed test:  1
  Non-zero exit status: 255
  Parse errors: No plan found in TAP output
t/001_basic.t                           (Wstat: 512 Tests: 0 Failed: 0)
  Non-zero exit status: 2
  Parse errors: No plan found in TAP output
t/002_class_precedence_list.t           (Wstat: 512 Tests: 0 Failed: 0)
  Non-zero exit status: 2
  Parse errors: No plan found in TAP output
t/003_methods.t                         (Wstat: 512 Tests: 0 Failed: 0)
  Non-zero exit status: 2
  Parse errors: No plan found in TAP output
t/004_advanced_methods.t                (Wstat: 512 Tests: 0 Failed: 0)
  Non-zero exit status: 2
  Parse errors: No plan found in TAP output
t/005_attributes.t                      (Wstat: 512 Tests: 0 Failed: 0)
  Non-zero exit status: 2
  Parse errors: No plan found in TAP output
t/006_new_and_clone_metaclasses.t       (Wstat: 512 Tests: 0 Failed: 0)
  Non-zero exit status: 2
  Parse errors: No plan found in TAP output
t/010_self_introspection.t              (Wstat: 512 Tests: 0 Failed: 0)
  Non-zero exit status: 2
  Parse errors: No plan found in TAP output
t/011_create_class.t                    (Wstat: 512 Tests: 0 Failed: 0)
  Non-zero exit status: 2
  Parse errors: No plan found in TAP output
t/012_package_variables.t               (Wstat: 512 Tests: 0 Failed: 0)
  Non-zero exit status: 2
  Parse errors: No plan found in TAP output
t/013_add_attribute_alternate.t         (Wstat: 512 Tests: 0 Failed: 0)
  Non-zero exit status: 2
  Parse errors: No plan found in TAP output
t/014_attribute_introspection.t         (Wstat: 512 Tests: 0 Failed: 0)
  Non-zero exit status: 2
  Parse errors: No plan found in TAP output
t/015_metaclass_inheritance.t           (Wstat: 512 Tests: 0 Failed: 0)
  Non-zero exit status: 2
  Parse errors: No plan found in TAP output
t/016_class_errors_and_edge_cases.t     (Wstat: 512 Tests: 0 Failed: 0)
  Non-zero exit status: 2
  Parse errors: No plan found in TAP output
t/017_add_method_modifier.t             (Wstat: 512 Tests: 0 Failed: 0)
  Non-zero exit status: 2
  Parse errors: No plan found in TAP output
t/018_anon_class.t                      (Wstat: 512 Tests: 0 Failed: 0)
  Non-zero exit status: 2
  Parse errors: No plan found in TAP output
t/019_anon_class_keep_alive.t           (Wstat: 512 Tests: 0 Failed: 0)
  Non-zero exit status: 2
  Parse errors: No plan found in TAP output
t/020_attribute.t                       (Wstat: 512 Tests: 0 Failed: 0)
  Non-zero exit status: 2
  Parse errors: No plan found in TAP output
t/021_attribute_errors_and_edge_cases.t (Wstat: 512 Tests: 0 Failed: 0)
  Non-zero exit status: 2
  Parse errors: No plan found in TAP output
t/022_attribute_duplication.t           (Wstat: 512 Tests: 0 Failed: 0)
  Non-zero exit status: 2
  Parse errors: No plan found in TAP output
t/023_attribute_get_read_write.t        (Wstat: 512 Tests: 0 Failed: 0)
  Non-zero exit status: 2
  Parse errors: No plan found in TAP output
t/024_attribute_initializer.t           (Wstat: 512 Tests: 0 Failed: 0)
  Non-zero exit status: 2
  Parse errors: No plan found in TAP output
t/025_attribute_non_alpha_name.t        (Wstat: 512 Tests: 0 Failed: 0)
  Non-zero exit status: 2
  Parse errors: No plan found in TAP output
t/030_method.t                          (Wstat: 512 Tests: 0 Failed: 0)
  Non-zero exit status: 2
  Parse errors: No plan found in TAP output
t/031_method_modifiers.t                (Wstat: 512 Tests: 0 Failed: 0)
  Non-zero exit status: 2
  Parse errors: No plan found in TAP output
t/032_universal_methods.t               (Wstat: 512 Tests: 0 Failed: 0)
  Non-zero exit status: 2
  Parse errors: No plan found in TAP output
t/040_metaclass.t                       (Wstat: 512 Tests: 0 Failed: 0)
  Non-zero exit status: 2
  Parse errors: No plan found in TAP output
t/041_metaclass_incompatibility.t       (Wstat: 512 Tests: 0 Failed: 0)
  Non-zero exit status: 2
  Parse errors: No plan found in TAP output
t/042_metaclass_incompatibility_dyn.t   (Wstat: 512 Tests: 0 Failed: 0)
  Non-zero exit status: 2
  Parse errors: No plan found in TAP output
t/043_instance_metaclass_incompat.t     (Wstat: 512 Tests: 0 Failed: 0)
  Non-zero exit status: 2
  Parse errors: No plan found in TAP output
t/044_instance_metaclass_incompat_dyn.t (Wstat: 512 Tests: 0 Failed: 0)
  Non-zero exit status: 2
  Parse errors: No plan found in TAP output
t/045_metaclass_loads_classes.t         (Wstat: 512 Tests: 0 Failed: 0)
  Non-zero exit status: 2
  Parse errors: No plan found in TAP output
t/046_rebless_instance.t                (Wstat: 512 Tests: 0 Failed: 0)
  Non-zero exit status: 2
  Parse errors: No plan found in TAP output
t/047_rebless_with_extra_params.t       (Wstat: 512 Tests: 0 Failed: 0)
  Non-zero exit status: 2
  Parse errors: No plan found in TAP output
t/048_anon_class_create_init.t          (Wstat: 512 Tests: 0 Failed: 0)
  Non-zero exit status: 2
  Parse errors: No plan found in TAP output
t/049_metaclass_reinitialize.t          (Wstat: 512 Tests: 0 Failed: 0)
  Non-zero exit status: 2
  Parse errors: No plan found in TAP output
t/060_instance.t                        (Wstat: 512 Tests: 0 Failed: 0)
  Non-zero exit status: 2
  Parse errors: No plan found in TAP output
t/062_custom_instance.t                 (Wstat: 512 Tests: 0 Failed: 0)
  Non-zero exit status: 2
  Parse errors: No plan found in TAP output
t/070_immutable_metaclass.t             (Wstat: 512 Tests: 0 Failed: 0)
  Non-zero exit status: 2
  Parse errors: No plan found in TAP output
t/071_immutable_w_custom_metaclass.t    (Wstat: 512 Tests: 0 Failed: 0)
  Non-zero exit status: 2
  Parse errors: No plan found in TAP output
t/072_immutable_w_constructors.t        (Wstat: 512 Tests: 0 Failed: 0)
  Non-zero exit status: 2
  Parse errors: No plan found in TAP output
t/073_make_mutable.t                    (Wstat: 512 Tests: 0 Failed: 0)
  Non-zero exit status: 2
  Parse errors: No plan found in TAP output
t/074_immutable_custom_trait.t          (Wstat: 512 Tests: 0 Failed: 0)
  Non-zero exit status: 2
  Parse errors: No plan found in TAP output
t/080_meta_package.t                    (Wstat: 512 Tests: 0 Failed: 0)
  Non-zero exit status: 2
  Parse errors: No plan found in TAP output
t/081_meta_package_extension.t          (Wstat: 512 Tests: 0 Failed: 0)
  Non-zero exit status: 2
  Parse errors: No plan found in TAP output
t/082_get_code_info.t                   (Wstat: 512 Tests: 0 Failed: 0)
  Non-zero exit status: 2
  Parse errors: No plan found in TAP output
t/083_load_class.t                      (Wstat: 512 Tests: 0 Failed: 0)
  Non-zero exit status: 2
  Parse errors: No plan found in TAP output
t/085_load_class_gvstash_detect_bug.t   (Wstat: 512 Tests: 0 Failed: 0)
  Non-zero exit status: 2
  Parse errors: No plan found in TAP output
t/086_rebless_instance_away.t           (Wstat: 512 Tests: 0 Failed: 0)
  Non-zero exit status: 2
  Parse errors: No plan found in TAP output
t/087_subclasses.t                      (Wstat: 512 Tests: 0 Failed: 0)
  Non-zero exit status: 2
  Parse errors: No plan found in TAP output
t/100_BinaryTree_test.t                 (Wstat: 512 Tests: 0 Failed: 0)
  Non-zero exit status: 2
  Parse errors: No plan found in TAP output
t/101_InstanceCountingClass_test.t      (Wstat: 512 Tests: 0 Failed: 0)
  Non-zero exit status: 2
  Parse errors: No plan found in TAP output
t/102_InsideOutClass_test.t             (Wstat: 512 Tests: 0 Failed: 0)
  Non-zero exit status: 2
  Parse errors: No plan found in TAP output
t/103_Perl6Attribute_test.t             (Wstat: 512 Tests: 0 Failed: 0)
  Non-zero exit status: 2
  Parse errors: No plan found in TAP output
t/104_AttributesWithHistory_test.t      (Wstat: 512 Tests: 0 Failed: 0)
  Non-zero exit status: 2
  Parse errors: No plan found in TAP output
t/105_ClassEncapsulatedAttributes_test.t (Wstat: 512 Tests: 0 Failed: 0)
  Non-zero exit status: 2
  Parse errors: No plan found in TAP output
t/106_LazyClass_test.t                  (Wstat: 512 Tests: 0 Failed: 0)
  Non-zero exit status: 2
  Parse errors: No plan found in TAP output
t/107_C3MethodDispatchOrder_test.t      (Wstat: 512 Tests: 0 Failed: 0)
  Non-zero exit status: 2
  Parse errors: No plan found in TAP output
t/108_ArrayBasedStorage_test.t          (Wstat: 512 Tests: 0 Failed: 0)
  Non-zero exit status: 2
  Parse errors: No plan found in TAP output
t/200_Class_C3_compatibility.t          (Wstat: 512 Tests: 0 Failed: 0)
  Non-zero exit status: 2
  Parse errors: No plan found in TAP output
t/300_random_eval_bug.t                 (Wstat: 512 Tests: 0 Failed: 0)
  Non-zero exit status: 2
  Parse errors: No plan found in TAP output
t/301_RT_27329_fix.t                    (Wstat: 512 Tests: 0 Failed: 0)
  Non-zero exit status: 2
  Parse errors: No plan found in TAP output
t/302_modify_parent_method.t            (Wstat: 512 Tests: 0 Failed: 0)
  Non-zero exit status: 2
  Parse errors: No plan found in TAP output
t/303_RT_39001_fix.t                    (Wstat: 512 Tests: 0 Failed: 0)
  Non-zero exit status: 2
  Parse errors: No plan found in TAP output
t/304_constant_codeinfo.t               (Wstat: 512 Tests: 0 Failed: 0)
  Non-zero exit status: 2
  Parse errors: No plan found in TAP output
t/305_RT_41255.t                        (Wstat: 512 Tests: 0 Failed: 0)
  Non-zero exit status: 2
  Parse errors: No plan found in TAP output
t/306_rebless_overload.t                (Wstat: 512 Tests: 0 Failed: 0)
  Non-zero exit status: 2
  Parse errors: No plan found in TAP output
t/307_null_stash.t                      (Wstat: 512 Tests: 0 Failed: 0)
  Non-zero exit status: 2
  Parse errors: No plan found in TAP output
t/308_insertion_order.t                 (Wstat: 512 Tests: 0 Failed: 0)
  Non-zero exit status: 2
  Parse errors: No plan found in TAP output
t/309_subname.t                         (Wstat: 512 Tests: 0 Failed: 0)
  Non-zero exit status: 2
  Parse errors: No plan found in TAP output
t/311_inline_and_dollar_at.t            (Wstat: 512 Tests: 0 Failed: 0)
  Non-zero exit status: 2
  Parse errors: No plan found in TAP output
t/312_anon_class_leak.t                 (Wstat: 512 Tests: 0 Failed: 0)
  Non-zero exit status: 2
  Parse errors: No plan found in TAP output
t/313_before_after_dollar_under.t       (Wstat: 512 Tests: 0 Failed: 0)
  Non-zero exit status: 2
  Parse errors: No plan found in TAP output
t/314_class_is_pristine.t               (Wstat: 512 Tests: 0 Failed: 0)
  Non-zero exit status: 2
  Parse errors: No plan found in TAP output
t/315_magic.t                           (Wstat: 512 Tests: 0 Failed: 0)
  Non-zero exit status: 2
  Parse errors: No plan found in TAP output
t/316_numeric_defaults.t                (Wstat: 512 Tests: 0 Failed: 0)
  Non-zero exit status: 2
  Parse errors: No plan found in TAP output
t/500_deprecated.t                      (Wstat: 512 Tests: 0 Failed: 0)
  Non-zero exit status: 2
  Parse errors: No plan found in TAP output
Files=80, Tests=26, 31 wallclock secs ( 0.34 usr  0.62 sys + 14.51 cusr 14.17 csys = 29.65 CPU)
Result: FAIL
Failed 77/80 test programs. 1/26 subtests failed.
make: *** [test_dynamic] Error 14

------------------------------
PREREQUISITES
------------------------------

Prerequisite modules loaded:

requires:

    Module                      Need Have 
    --------------------------- ---- -----
    Carp                        0    1.04 
    Data::OptList               0    0.106
    Devel::GlobalDestruction    0    0.03 
    ExtUtils::MakeMaker         6.42 6.56 
    File::Spec                  0    3.33 
    List::MoreUtils             0.12 0.30 
    MRO::Compat                 0.05 0.11 
    Package::DeprecationManager 0.04 0.10 
    Package::Stash              0    0.26 
    Scalar::Util                1.18 1.23 
    Sub::Name                   0.04 0.05 
    Task::Weaken                0    1.03 
    Test::Exception             0.27 0.31 
    Test::More                  0.88 0.96 
    Test::Requires              0.05 0.06 
    Try::Tiny                   0.02 0.09 

configure_requires:

    Module                      Need Have 
    --------------------------- ---- -----
    ExtUtils::MakeMaker         6.42 6.56 


------------------------------
ENVIRONMENT AND OTHER CONTEXT
------------------------------

Environment variables:

    AUTOMATED_TESTING = 1
    COMSPEC = C:\WINDOWS\system32\cmd.exe
    NUMBER_OF_PROCESSORS = 4
    PATH = /opt/perl/inst/perl-5.8.7-cygwin-multi-64int/local/bin:/opt/perl/inst/perl-5.8.7-cygwin-multi-64int/bin:/usr/local/bin:/usr/bin
    PERL5LIB = /opt/perl/inst/perl-5.8.7-cygwin-multi-64int/local/lib/site_perl:/opt/perl/inst/perl-5.8.7-cygwin-multi-64int/local/lib/perl5:/opt/perl/inst/perl-5.8.7-cygwin-multi-64int/local/lib
    PERL5OPT = 
    PERL5_CPANPLUS_IS_RUNNING = 1388
    PERL5_CPAN_IS_RUNNING = 1388
    PERL5_CPAN_IS_RUNNING_IN_RECURSION = 4520,1388
    PERL_CR_SMOKER_CURRENT = Class-MOP-1.08
    PERL_EXTUTILS_AUTOINSTALL = --defaultdeps
    PERL_MM_USE_DEFAULT = 1
    PERL_TEST_CRITIC = 1
    PROCESSOR_IDENTIFIER = x86 Family 6 Model 37 Stepping 5, GenuineIntel
    TEMP = /cygdrive/c/DOCUME~1/ospja/LOKALE~1/Temp
    TERM = cygwin

Perl special variables (and OS-specific diagnostics, for MSWin32):

    $^X = /opt/perl/inst/perl-5.8.7-cygwin-multi-64int/bin/perl5.8.7
    $UID/$EUID = 22755 / 22755
    $GID = 10513 45094 31369 49625 30321 45099 51837 51926 51916 65646 65644 23333 50556 49381 20955 20667 57206 55368 43366 51289 17963 61702 51645 11073 51528 20077 42734 12778 12669 12652 56667 18761 36594 43061 30568 43044 18818 51781 10513 45205 47153 44776 44771 43588 555 545 544
    $EGID = 10513 45094 31369 49625 30321 45099 51837 51926 51916 65646 65644 23333 50556 49381 20955 20667 57206 55368 43366 51289 17963 61702 51645 11073 51528 20077 42734 12778 12669 12652 56667 18761 36594 43061 30568 43044 18818 51781 10513 45205 47153 44776 44771 43588 555 545 544

Perl module toolchain versions installed:

    Module              Have    
    ------------------- --------
    CPAN                1.9402  
    Cwd                 3.33    
    ExtUtils::CBuilder  0.280202
    ExtUtils::Command   1.16    
    ExtUtils::Install   1.54    
    ExtUtils::MakeMaker 6.56    
    ExtUtils::Manifest  1.58    
    ExtUtils::ParseXS   2.2206  
    File::Spec          3.33    
    Module::Build       0.3607  
    Module::Signature   0.66    
    Test::Harness       3.22    
    Test::More          0.96    
    YAML                0.72    
    YAML::Syck          1.17    
    version             0.88    


--

Summary of my perl5 (revision 5 version 8 subversion 7) configuration:
  Platform:
    osname=cygwin, osvers=1.7.7(0.23053), archname=cygwin-multi-64int
    uname='cygwin_nt-5.1 los116 1.7.7(0.23053) 2010-08-31 09:58 i686 cygwin '
    config_args='-de -Dcc=gcc -Dprefix=/opt/perl/inst/perl-5.8.7-cygwin-multi-64int -Dperladmin=pjacklam@online.no -Dusedevel -Dmksymlinks -Uusethreads -Dusemultiplicity -Duse64bitint'
    hint=recommended, useposix=true, d_sigaction=define
    usethreads=undef use5005threads=undef useithreads=undef usemultiplicity=define
    useperlio=define d_sfio=undef uselargefiles=define usesocks=undef
    use64bitint=define use64bitall=undef uselongdouble=undef
    usemymalloc=y, bincompat5005=undef
  Compiler:
    cc='gcc', ccflags ='-DPERL_USE_SAFE_PUTENV -fno-strict-aliasing -pipe',
    optimize='-O2',
    cppflags='-DPERL_USE_SAFE_PUTENV -fno-strict-aliasing -pipe'
    ccversion='', gccversion='4.3.4 20090804 (release) 1', gccosandvers=''
    intsize=4, longsize=4, ptrsize=4, doublesize=8, byteorder=12345678
    d_longlong=define, longlongsize=8, d_longdbl=define, longdblsize=12
    ivtype='long long', ivsize=8, nvtype='double', nvsize=8, Off_t='off_t', lseeksize=8
    alignbytes=8, prototype=define
  Linker and Libraries:
    ld='ld2', ldflags =' -L/usr/local/lib'
    libpth=/usr/local/lib /usr/lib /lib
    libs=-lgdbm -ldb -ldl -lcrypt -lgdbm_compat
    perllibs=-ldl -lcrypt -lgdbm_compat
    libc=/usr/lib/libc.a, so=dll, useshrplib=true, libperl=libperl.a
    gnulibc_version=''
  Dynamic Linking:
    dlsrc=dl_dlopen.xs, dlext=dll, d_dlsymun=undef, ccdlflags=' '
    cccdlflags=' ', lddlflags=' -L/usr/local/lib'


Characteristics of this binary (from libperl): 
  Compile-time options: MULTIPLICITY USE_64_BIT_INT USE_LARGE_FILES
                        PERL_IMPLICIT_CONTEXT
  Built under cygwin
  Compiled at Dec 14 2010 06:29:36
  %ENV:
    PERL5LIB="/opt/perl/inst/perl-5.8.7-cygwin-multi-64int/local/lib/site_perl:/opt/perl/inst/perl-5.8.7-cygwin-multi-64int/local/lib/perl5:/opt/perl/inst/perl-5.8.7-cygwin-multi-64int/local/lib"
    PERL5OPT=""
    PERL5_CPANPLUS_IS_RUNNING="1388"
    PERL5_CPAN_IS_RUNNING="1388"
    PERL5_CPAN_IS_RUNNING_IN_RECURSION="4520,1388"
    PERL_CR_SMOKER_CURRENT="Class-MOP-1.08"
    PERL_EXTUTILS_AUTOINSTALL="--defaultdeps"
    PERL_MM_USE_DEFAULT="1"
    PERL_TEST_CRITIC="1"
    CYGWIN="codepage:utf8 nodosfilewarning"
  @INC:
    /opt/perl/inst/perl-5.8.7-cygwin-multi-64int/local/lib/site_perl/5.8.7/cygwin-multi-64int
    /opt/perl/inst/perl-5.8.7-cygwin-multi-64int/local/lib/site_perl/5.8.7
    /opt/perl/inst/perl-5.8.7-cygwin-multi-64int/local/lib/site_perl
    /opt/perl/inst/perl-5.8.7-cygwin-multi-64int/local/lib/perl5/cygwin-multi-64int
    /opt/perl/inst/perl-5.8.7-cygwin-multi-64int/local/lib/perl5
    /opt/perl/inst/perl-5.8.7-cygwin-multi-64int/local/lib/5.8.7/cygwin-multi-64int
    /opt/perl/inst/perl-5.8.7-cygwin-multi-64int/local/lib/5.8.7
    /opt/perl/inst/perl-5.8.7-cygwin-multi-64int/local/lib
    /opt/perl/inst/perl-5.8.7-cygwin-multi-64int/lib/5.8.7/cygwin-multi-64int
    /opt/perl/inst/perl-5.8.7-cygwin-multi-64int/lib/5.8.7
    /opt/perl/inst/perl-5.8.7-cygwin-multi-64int/lib/site_perl/5.8.7/cygwin-multi-64int
    /opt/perl/inst/perl-5.8.7-cygwin-multi-64int/lib/site_perl/5.8.7
    /opt/perl/inst/perl-5.8.7-cygwin-multi-64int/lib/site_perl
    .