Report for POE-Session-Cascading-1.04

Back
From: metabase:user:322078bc-2aae-11df-837a-5e0a49663a4f
Subject: FAIL POE-Session-Cascading-1.04 v5.14.0 FreeBSD
Date: 2012-04-26T04:53:42Z

This distribution has been tested as part of the CPAN Testers
project, supporting the Perl programming language.  See
http://wiki.cpantesters.org/ for more information or email
questions to cpan-testers-discuss@perl.org


--

Dear SUNGO,

This is a computer-generated error report created automatically by
CPANPLUS, version 0.9125. Testers personal comments may appear
at the end of this report.


Thank you for uploading your work to CPAN.  However, it appears that
there were some problems testing your distribution.

TEST RESULTS:

Below is the error stack from stage 'make test':

PERL_DL_NONLAZY=1 /usr/home/cpan/pit/thr/perl-5.14.0/bin/perl "-MExtUtils::Command::MM" "-e" "test_harness(0, 'inc', 'blib/lib', 'blib/arch')" ./t/00-distribution.t ./t/_internals/creation.t ./t/_internals/invoke_state.t ./t/_internals/swap.t ./t/api/basic.t ./t/api/data_propogation.t ./t/multiplicity/dual.t
./t/00-distribution.t .......... skipped: Test::Distribution not found.
./t/_internals/creation.t ...... ok
./t/_internals/invoke_state.t .. ok
./t/_internals/swap.t .......... ok

#   Failed test 'exception check'
#   at ./t/api/basic.t line 21.
#          got: 'Can't locate object method "_set_id" via package "POE::Session::Cascading" at /usr/home/cpan/pit/thr/conf/perl-5.14.0/.cpanplus/5.14.0/build/POE-1.352/blib/lib/POE/Kernel.pm line 1423.
# '
#     expected: ''

#   Failed test 'whole tree propogation'
#   at ./t/api/basic.t line 22.
#          got: undef
#     expected: '123456'

#   Failed test 'exception check'
#   at ./t/api/basic.t line 32.
#          got: 'Can't locate object method "_set_id" via package "POE::Session::Cascading" at /usr/home/cpan/pit/thr/conf/perl-5.14.0/.cpanplus/5.14.0/build/POE-1.352/blib/lib/POE/Kernel.pm line 1423.
# '
#     expected: ''

#   Failed test 'partial tree propogation (2-6)'
#   at ./t/api/basic.t line 33.
#          got: undef
#     expected: '23456'

#   Failed test 'exception check'
#   at ./t/api/basic.t line 42.
#          got: 'Can't locate object method "_set_id" via package "POE::Session::Cascading" at /usr/home/cpan/pit/thr/conf/perl-5.14.0/.cpanplus/5.14.0/build/POE-1.352/blib/lib/POE/Kernel.pm line 1423.
# '
#     expected: ''

#   Failed test 'partial tree propogation (3-6)'
#   at ./t/api/basic.t line 43.
#          got: undef
#     expected: '3456'

#   Failed test 'exception check'
#   at ./t/api/basic.t line 51.
#          got: 'Can't locate object method "_set_id" via package "POE::Session::Cascading" at /usr/home/cpan/pit/thr/conf/perl-5.14.0/.cpanplus/5.14.0/build/POE-1.352/blib/lib/POE/Kernel.pm line 1423.
# '
#     expected: ''

#   Failed test 'partial tree propogation (4-6)'
#   at ./t/api/basic.t line 52.
#          got: undef
#     expected: '456'

#   Failed test 'exception check'
#   at ./t/api/basic.t line 61.
#          got: 'Can't locate object method "_set_id" via package "POE::Session::Cascading" at /usr/home/cpan/pit/thr/conf/perl-5.14.0/.cpanplus/5.14.0/build/POE-1.352/blib/lib/POE/Kernel.pm line 1423.
# '
#     expected: ''

#   Failed test 'partial tree propogation (5-6)'
#   at ./t/api/basic.t line 62.
#          got: undef
#     expected: '56'

#   Failed test 'exception check'
#   at ./t/api/basic.t line 71.
#          got: 'Can't locate object method "_set_id" via package "POE::Session::Cascading" at /usr/home/cpan/pit/thr/conf/perl-5.14.0/.cpanplus/5.14.0/build/POE-1.352/blib/lib/POE/Kernel.pm line 1423.
# '
#     expected: ''

#   Failed test 'partial tree propogation (6-6)'
#   at ./t/api/basic.t line 72.
#          got: undef
#     expected: '6'

#   Failed test 'exception check'
#   at ./t/api/basic.t line 81.
#          got: 'Can't locate object method "_set_id" via package "POE::Session::Cascading" at /usr/home/cpan/pit/thr/conf/perl-5.14.0/.cpanplus/5.14.0/build/POE-1.352/blib/lib/POE/Kernel.pm line 1423.
# '
#     expected: ''

#   Failed test 'single state propogation (7)'
#   at ./t/api/basic.t line 82.
#          got: undef
#     expected: 'undef'

#   Failed test 'exception check'
#   at ./t/api/basic.t line 90.
#          got: 'Can't locate object method "_set_id" via package "POE::Session::Cascading" at /usr/home/cpan/pit/thr/conf/perl-5.14.0/.cpanplus/5.14.0/build/POE-1.352/blib/lib/POE/Kernel.pm line 1423.
# '
#     expected: ''

#   Failed test 'partial tree propogation (3-6)'
#   at ./t/api/basic.t line 91.
#          got: undef
#     expected: '3456'
# Looks like you failed 16 tests of 17.
=== 97510 === Sessions were started, but POE::Kernel's run() method was never
called to execute them.  This usually happens because an error
occurred before POE::Kernel->run() could be called.  Please fix
any errors above this notice, and be sure that POE::Kernel->run()
is called.  See documentation for POE::Kernel's run() method for
another way to disable this warning.
./t/api/basic.t ................ 
Dubious, test returned 16 (wstat 4096, 0x1000)
Failed 16/17 subtests 
Can't locate object method "_set_id" via package "POE::Session::Cascading" at /usr/home/cpan/pit/thr/conf/perl-5.14.0/.cpanplus/5.14.0/build/POE-1.352/blib/lib/POE/Kernel.pm line 1423.
# Looks like your test exited with 255 just after 1.
=== 97511 === Sessions were started, but POE::Kernel's run() method was never
called to execute them.  This usually happens because an error
occurred before POE::Kernel->run() could be called.  Please fix
any errors above this notice, and be sure that POE::Kernel->run()
is called.  See documentation for POE::Kernel's run() method for
another way to disable this warning.
./t/api/data_propogation.t ..... 
Dubious, test returned 255 (wstat 65280, 0xff00)
All 1 subtests passed 
Can't locate object method "_set_id" via package "POE::Session::Cascading" at /usr/home/cpan/pit/thr/conf/perl-5.14.0/.cpanplus/5.14.0/build/POE-1.352/blib/lib/POE/Kernel.pm line 1423.
# Looks like you planned 15 tests but ran 1.
# Looks like your test exited with 255 just after 1.
=== 97512 === Sessions were started, but POE::Kernel's run() method was never
called to execute them.  This usually happens because an error
occurred before POE::Kernel->run() could be called.  Please fix
any errors above this notice, and be sure that POE::Kernel->run()
is called.  See documentation for POE::Kernel's run() method for
another way to disable this warning.
./t/multiplicity/dual.t ........ 
Dubious, test returned 255 (wstat 65280, 0xff00)
Failed 14/15 subtests 

Test Summary Report
-------------------
./t/api/basic.t              (Wstat: 4096 Tests: 17 Failed: 16)
  Failed tests:  2-17
  Non-zero exit status: 16
./t/api/data_propogation.t   (Wstat: 65280 Tests: 1 Failed: 0)
  Non-zero exit status: 255
./t/multiplicity/dual.t      (Wstat: 65280 Tests: 1 Failed: 0)
  Non-zero exit status: 255
  Parse errors: Bad plan.  You planned 15 tests but ran 1.
Files=7, Tests=53,  0 wallclock secs ( 0.04 usr  0.01 sys +  0.52 cusr  0.20 csys =  0.77 CPU)
Result: FAIL
Failed 3/7 test programs. 16/53 subtests failed.
*** Error code 255

Stop in /usr/home/cpan/pit/thr/conf/perl-5.14.0/.cpanplus/5.14.0/build/POE-Session-Cascading-1.04.


PREREQUISITES:

Here is a list of prerequisites you specified and versions we
managed to load:

	  Module Name                        Have     Want
	  Carp                               1.20        0
	  ExtUtils::MakeMaker                6.62     6.62
	  POE                               1.352     0.19
	  Test::More                         0.98        0

Perl module toolchain versions installed:
	Module Name                        Have
	CPANPLUS                         0.9125
	CPANPLUS::Dist::Build              0.62
	Cwd                                3.36
	ExtUtils::CBuilder             0.280205
	ExtUtils::Command                  1.17
	ExtUtils::Install                  1.56
	ExtUtils::MakeMaker                6.62
	ExtUtils::Manifest                 1.60
	ExtUtils::ParseXS                  3.15
	File::Spec                         3.33
	Module::Build                      0.40
	Test::Harness                      3.23
	Test::More                         0.98
	version                            0.97

******************************** NOTE ********************************
The comments above are created mechanically, possibly without manual
checking by the sender.  As there are many people performing automatic
tests on each upload to CPAN, it is likely that you will receive
identical messages about the same problem.

If you believe that the message is mistaken, please reply to the first
one with correction and/or additional informations, and do not take
it personally.  We appreciate your patience. :)
**********************************************************************

Additional comments:


This report was machine-generated by CPANPLUS::Dist::YACSmoke 0.78.
Powered by minismokebox version 0.54

------------------------------
ENVIRONMENT AND OTHER CONTEXT
------------------------------

Environment variables:

    AUTOMATED_TESTING = 1
    PATH = /usr/home/cpan/pit/thr/conf/perl-5.14.0/.cpanplus/5.14.0/build/POE-Test-Loops-1.351/blib/script:/sbin:/bin:/usr/sbin:/usr/bin:/usr/games:/usr/local/sbin:/usr/local/bin:/home/cpan/bin
    PERL5LIB = :/usr/home/cpan/pit/thr/conf/perl-5.14.0/.cpanplus/5.14.0/build/IO-Tty-1.10/blib/lib:/usr/home/cpan/pit/thr/conf/perl-5.14.0/.cpanplus/5.14.0/build/IO-Tty-1.10/blib/arch:/usr/home/cpan/pit/thr/conf/perl-5.14.0/.cpanplus/5.14.0/build/POE-Test-Loops-1.351/blib/lib:/usr/home/cpan/pit/thr/conf/perl-5.14.0/.cpanplus/5.14.0/build/POE-Test-Loops-1.351/blib/arch:/usr/home/cpan/pit/thr/conf/perl-5.14.0/.cpanplus/5.14.0/build/POE-1.352/blib/lib:/usr/home/cpan/pit/thr/conf/perl-5.14.0/.cpanplus/5.14.0/build/POE-1.352/blib/arch:/usr/home/cpan/pit/thr/conf/perl-5.14.0/.cpanplus/5.14.0/build/POE-Session-Cascading-1.04/blib/lib:/usr/home/cpan/pit/thr/conf/perl-5.14.0/.cpanplus/5.14.0/build/POE-Session-Cascading-1.04/blib/arch
    PERL5_CPANPLUS_IS_RUNNING = 97389
    PERL5_CPANPLUS_IS_VERSION = 0.9125
    PERL5_MINISMOKEBOX = 0.54
    PERL5_YACSMOKE_BASE = /usr/home/cpan/pit/thr/conf/perl-5.14.0
    PERL_EXTUTILS_AUTOINSTALL = --defaultdeps
    PERL_MM_USE_DEFAULT = 1
    SHELL = /usr/local/bin/bash
    TERM = screen

Perl special variables (and OS-specific diagnostics, for MSWin32):

    Perl: $^X = /usr/home/cpan/pit/thr/perl-5.14.0/bin/perl
    UID:  $<  = 1002
    EUID: $>  = 1002
    GID:  $(  = 1002 1002
    EGID: $)  = 1002 1002


-------------------------------


--

Summary of my perl5 (revision 5 version 14 subversion 0) configuration:
   
  Platform:
    osname=freebsd, osvers=9.0-release, archname=amd64-freebsd-thread-multi
    uname='freebsd fremen 9.0-release freebsd 9.0-release #0: tue jan 3 07:46:30 utc 2012 root@farrell.cse.buffalo.edu:usrobjusrsrcsysgeneric amd64 '
    config_args='-des -Dprefix=/usr/home/cpan/pit/thr/perl-5.14.0 -Dusethreads'
    hint=recommended, useposix=true, d_sigaction=define
    useithreads=define, usemultiplicity=define
    useperlio=define, d_sfio=undef, uselargefiles=define, usesocks=undef
    use64bitint=define, use64bitall=define, uselongdouble=undef
    usemymalloc=n, bincompat5005=undef
  Compiler:
    cc='cc', ccflags ='-DHAS_FPSETMASK -DHAS_FLOATINGPOINT_H -fno-strict-aliasing -pipe -fstack-protector -I/usr/local/include',
    optimize='-O',
    cppflags='-DHAS_FPSETMASK -DHAS_FLOATINGPOINT_H -fno-strict-aliasing -pipe -fstack-protector -I/usr/local/include'
    ccversion='', gccversion='4.2.1 20070831 patched [FreeBSD]', gccosandvers=''
    intsize=4, longsize=8, ptrsize=8, doublesize=8, byteorder=12345678
    d_longlong=define, longlongsize=8, d_longdbl=define, longdblsize=16
    ivtype='long', ivsize=8, nvtype='double', nvsize=8, Off_t='off_t', lseeksize=8
    alignbytes=8, prototype=define
  Linker and Libraries:
    ld='cc', ldflags ='-pthread -Wl,-E  -fstack-protector -L/usr/local/lib'
    libpth=/usr/lib /usr/local/lib
    libs=-lgdbm -lm -lcrypt
    perllibs=-lm -lcrypt
    libc=, so=so, useshrplib=false, libperl=libperl.a
    gnulibc_version=''
  Dynamic Linking:
    dlsrc=dl_dlopen.xs, dlext=so, d_dlsymun=undef, ccdlflags=' '
    cccdlflags='-DPIC -fPIC', lddlflags='-shared  -L/usr/local/lib -fstack-protector'


Characteristics of this binary (from libperl): 
  Compile-time options: MULTIPLICITY PERL_DONT_CREATE_GVSV
                        PERL_IMPLICIT_CONTEXT PERL_MALLOC_WRAP
                        PERL_PRESERVE_IVUV USE_64_BIT_ALL USE_64_BIT_INT
                        USE_ITHREADS USE_LARGE_FILES USE_PERLIO USE_PERL_ATOF
                        USE_REENTRANT_API
  Built under freebsd
  Compiled at Jan 12 2012 01:00:48
  %ENV:
    PERL5LIB=":/usr/home/cpan/pit/thr/conf/perl-5.14.0/.cpanplus/5.14.0/build/IO-Tty-1.10/blib/lib:/usr/home/cpan/pit/thr/conf/perl-5.14.0/.cpanplus/5.14.0/build/IO-Tty-1.10/blib/arch:/usr/home/cpan/pit/thr/conf/perl-5.14.0/.cpanplus/5.14.0/build/POE-Test-Loops-1.351/blib/lib:/usr/home/cpan/pit/thr/conf/perl-5.14.0/.cpanplus/5.14.0/build/POE-Test-Loops-1.351/blib/arch:/usr/home/cpan/pit/thr/conf/perl-5.14.0/.cpanplus/5.14.0/build/POE-1.352/blib/lib:/usr/home/cpan/pit/thr/conf/perl-5.14.0/.cpanplus/5.14.0/build/POE-1.352/blib/arch:/usr/home/cpan/pit/thr/conf/perl-5.14.0/.cpanplus/5.14.0/build/POE-Session-Cascading-1.04/blib/lib:/usr/home/cpan/pit/thr/conf/perl-5.14.0/.cpanplus/5.14.0/build/POE-Session-Cascading-1.04/blib/arch"
    PERL5_CPANPLUS_IS_RUNNING="97389"
    PERL5_CPANPLUS_IS_VERSION="0.9125"
    PERL5_MINISMOKEBOX="0.54"
    PERL5_YACSMOKE_BASE="/usr/home/cpan/pit/thr/conf/perl-5.14.0"
    PERL_EXTUTILS_AUTOINSTALL="--defaultdeps"
    PERL_MM_USE_DEFAULT="1"
  @INC:
    /usr/home/cpan/pit/thr/conf/perl-5.14.0/.cpanplus/5.14.0/build/IO-Tty-1.10/blib/lib
    /usr/home/cpan/pit/thr/conf/perl-5.14.0/.cpanplus/5.14.0/build/IO-Tty-1.10/blib/arch
    /usr/home/cpan/pit/thr/conf/perl-5.14.0/.cpanplus/5.14.0/build/POE-Test-Loops-1.351/blib/lib
    /usr/home/cpan/pit/thr/conf/perl-5.14.0/.cpanplus/5.14.0/build/POE-Test-Loops-1.351/blib/arch
    /usr/home/cpan/pit/thr/conf/perl-5.14.0/.cpanplus/5.14.0/build/POE-1.352/blib/lib
    /usr/home/cpan/pit/thr/conf/perl-5.14.0/.cpanplus/5.14.0/build/POE-1.352/blib/arch
    /usr/home/cpan/pit/thr/conf/perl-5.14.0/.cpanplus/5.14.0/build/POE-Session-Cascading-1.04/blib/lib
    /usr/home/cpan/pit/thr/conf/perl-5.14.0/.cpanplus/5.14.0/build/POE-Session-Cascading-1.04/blib/arch
    /usr/home/cpan/pit/thr/perl-5.14.0/lib/site_perl/5.14.0/amd64-freebsd-thread-multi
    /usr/home/cpan/pit/thr/perl-5.14.0/lib/site_perl/5.14.0
    /usr/home/cpan/pit/thr/perl-5.14.0/lib/5.14.0/amd64-freebsd-thread-multi
    /usr/home/cpan/pit/thr/perl-5.14.0/lib/5.14.0
    .