FFI-Platypus-Lang-Rust v0.17 Perl 5 v5.22.4 i686-linux-thread-multi-64int-ld

Status
Fail
From
Chris Williams (BINGOS)
Dist
FFI-Platypus-Lang-Rust v0.17
Platform
Perl 5 v5.22.4 i686-linux-thread-multi-64int-ld
Date
2023-08-27 12:54:02
ID
cc1fe1d4-44d8-11ee-98b0-b3c3213a625c
This distribution has been tested as part of the CPAN Testers
project, supporting the Perl programming language.  See
http://wiki.cpantesters.org/ for more information or email
questions to cpan-testers-discuss@perl.org


--

Dear PLICEASE,

This is a computer-generated error report created automatically by
CPANPLUS, version 0.9914. Testers personal comments may appear
at the end of this report.


Thank you for uploading your work to CPAN.  However, it appears that
there were some problems testing your distribution.

TEST RESULTS:

Below is the error stack from stage 'make test':

PERL_DL_NONLAZY=1 "/home/cpan/pit/rel-ld/perl-5.22.4/bin/perl" "-MExtUtils::Command::MM" "-MTest::Harness" "-e" "undef *Test::Harness::Switches; test_harness(0, 'blib/lib', 'blib/arch')" t/*.t
# 
# 
# 
# HARNESS_ACTIVE=1
# HARNESS_VERSION=3.44
# LANG=en_GB.UTF-8
# PERL5LIB=/home/cpan/pit/rel-ld/conf/perl-5.22.4/.cpanplus/5.22.4/build/flasKkj8hv/FFI-Platypus-Lang-Rust-0.17/blib/lib:/home/cpan/pit/rel-ld/conf/perl-5.22.4/.cpanplus/5.22.4/build/flasKkj8hv/FFI-Platypus-Lang-Rust-0.17/blib/arch:/home/cpan/pit/jail/huehtDyXpj/lib/perl5/5.22.4/i686-linux-thread-multi-64int-ld:/home/cpan/pit/jail/huehtDyXpj/lib/perl5/5.22.4:/home/cpan/pit/jail/huehtDyXpj/lib/perl5/i686-linux-thread-multi-64int-ld:/home/cpan/pit/jail/huehtDyXpj/lib/perl5:/home/cpan/pit/jail/huehtDyXpj/lib/perl5:/home/cpan/pit/rel-ld/conf/perl-5.22.4/.cpanplus/5.22.4/build/flasKkj8hv/FFI-Platypus-Lang-Rust-0.17/blib/lib:/home/cpan/pit/rel-ld/conf/perl-5.22.4/.cpanplus/5.22.4/build/flasKkj8hv/FFI-Platypus-Lang-Rust-0.17/blib/arch
# PERL5_CPANPLUS_IS_RUNNING=3046
# PERL5_CPANPLUS_IS_VERSION=0.9914
# PERL5_MINISMOKEBOX=0.68
# PERL5_YACSMOKE_BASE=/home/cpan/pit/rel-ld/conf/perl-5.22.4
# PERL_DL_NONLAZY=1
# PERL_EXTUTILS_AUTOINSTALL=--defaultdeps
# PERL_LOCAL_LIB_ROOT=/home/cpan/pit/jail/huehtDyXpj
# PERL_MB_OPT=--install_base "/home/cpan/pit/jail/huehtDyXpj"
# PERL_MM_OPT=INSTALL_BASE=/home/cpan/pit/jail/huehtDyXpj
# PERL_MM_USE_DEFAULT=1
# PERL_USE_UNSAFE_INC=0
# SHELL=/bin/bash
# 
# 
# 
# PERL5LIB path
# /home/cpan/pit/rel-ld/conf/perl-5.22.4/.cpanplus/5.22.4/build/flasKkj8hv/FFI-Platypus-Lang-Rust-0.17/blib/lib
# /home/cpan/pit/rel-ld/conf/perl-5.22.4/.cpanplus/5.22.4/build/flasKkj8hv/FFI-Platypus-Lang-Rust-0.17/blib/arch
# /home/cpan/pit/jail/huehtDyXpj/lib/perl5/5.22.4/i686-linux-thread-multi-64int-ld
# /home/cpan/pit/jail/huehtDyXpj/lib/perl5/5.22.4
# /home/cpan/pit/jail/huehtDyXpj/lib/perl5/i686-linux-thread-multi-64int-ld
# /home/cpan/pit/jail/huehtDyXpj/lib/perl5
# /home/cpan/pit/jail/huehtDyXpj/lib/perl5
# /home/cpan/pit/rel-ld/conf/perl-5.22.4/.cpanplus/5.22.4/build/flasKkj8hv/FFI-Platypus-Lang-Rust-0.17/blib/lib
# /home/cpan/pit/rel-ld/conf/perl-5.22.4/.cpanplus/5.22.4/build/flasKkj8hv/FFI-Platypus-Lang-Rust-0.17/blib/arch
# 
# 
# 
# perl                   5.022004 linux i686-linux-thread-multi-64int-ld
# Alien::Rust            0.03
# Capture::Tiny          0.48
# Env::ShellWords        0.02
# ExtUtils::MakeMaker    7.70
# FFI::Build::File::Base 2.08
# FFI::Build::MM         2.08
# FFI::CheckLib          0.31
# FFI::Platypus          2.08
# File::Which            1.27
# File::chdir            0.1011
# Path::Tiny             0.144
# Test2::V0              0.000155
# Test::Script           1.29
# 
# 
# 
t/00_diag.t ................. ok
t/02_types.t ................ ok
        # Failed test '/home/cpan/pit/jail/huehtDyXpj/lib/perl5/i686-linux-thread-multi-64int-ld/auto/share/dist/Alien-Rust/bin/rustc add.rs'
        # at t/example.t line 40.
        # +/home/cpan/pit/jail/huehtDyXpj/lib/perl5/i686-linux-thread-multi-64int-ld/auto/share/dist/Alien-Rust/bin/rustc add.rserror: rustup could not choose a version of rustc to run, because one wasn't specified explicitly, and no default is configured.
        # help: run 'rustup default stable' to download the latest stable release of Rust and set it as your default toolchain.
        # Failed test '/home/cpan/pit/jail/huehtDyXpj/lib/perl5/i686-linux-thread-multi-64int-ld/auto/share/dist/Alien-Rust/bin/rustc callback.rs'
        # at t/example.t line 40.
        # +/home/cpan/pit/jail/huehtDyXpj/lib/perl5/i686-linux-thread-multi-64int-ld/auto/share/dist/Alien-Rust/bin/rustc callback.rserror: rustup could not choose a version of rustc to run, because one wasn't specified explicitly, and no default is configured.
        # help: run 'rustup default stable' to download the latest stable release of Rust and set it as your default toolchain.
        # Failed test '/home/cpan/pit/jail/huehtDyXpj/lib/perl5/i686-linux-thread-multi-64int-ld/auto/share/dist/Alien-Rust/bin/rustc panic.rs'
        # at t/example.t line 40.
        # +/home/cpan/pit/jail/huehtDyXpj/lib/perl5/i686-linux-thread-multi-64int-ld/auto/share/dist/Alien-Rust/bin/rustc panic.rserror: rustup could not choose a version of rustc to run, because one wasn't specified explicitly, and no default is configured.
        # help: run 'rustup default stable' to download the latest stable release of Rust and set it as your default toolchain.
        # Failed test '/home/cpan/pit/jail/huehtDyXpj/lib/perl5/i686-linux-thread-multi-64int-ld/auto/share/dist/Alien-Rust/bin/rustc slice.rs'
        # at t/example.t line 40.
        # +/home/cpan/pit/jail/huehtDyXpj/lib/perl5/i686-linux-thread-multi-64int-ld/auto/share/dist/Alien-Rust/bin/rustc slice.rserror: rustup could not choose a version of rustc to run, because one wasn't specified explicitly, and no default is configured.
        # help: run 'rustup default stable' to download the latest stable release of Rust and set it as your default toolchain.
        # Failed test '/home/cpan/pit/jail/huehtDyXpj/lib/perl5/i686-linux-thread-multi-64int-ld/auto/share/dist/Alien-Rust/bin/rustc tuple.rs'
        # at t/example.t line 40.
        # +/home/cpan/pit/jail/huehtDyXpj/lib/perl5/i686-linux-thread-multi-64int-ld/auto/share/dist/Alien-Rust/bin/rustc tuple.rserror: rustup could not choose a version of rustc to run, because one wasn't specified explicitly, and no default is configured.
        # help: run 'rustup default stable' to download the latest stable release of Rust and set it as your default toolchain.
    # Failed test 'compile rust'
    # at t/example.t line 45.
            # Failed test 'Script add.pl runs'
            # at t/example.t line 60.
            # 255 - library not found: add at ./add.pl line 10.
        # Failed test 'add.pl'
        # at t/example.t line 65.
            # Failed test 'Script callback.pl runs'
            # at t/example.t line 60.
            # 255 - library not found: callback at ./callback.pl line 10.
        # Failed test 'callback.pl'
        # at t/example.t line 65.
            # Failed test 'Script panic.pl runs'
            # at t/example.t line 60.
            # 255 - library not found: panic at ./panic.pl line 10.
        # Failed test 'panic.pl'
        # at t/example.t line 65.
            # Failed test 'Script slice.pl runs'
            # at t/example.t line 60.
            # 255 - library not found: slice at ./slice.pl line 10.
        # Failed test 'slice.pl'
        # at t/example.t line 65.
            # Failed test 'Script tuple.pl runs'
            # at t/example.t line 60.
            # 255 - library not found: tuple at ./tuple.pl line 10.
        # Failed test 'tuple.pl'
        # at t/example.t line 65.
    # Failed test 'perl ffi scripts'
    # at t/example.t line 66.

# Failed test 'examples'
# at t/example.t line 69.
        # Failed test '/home/cpan/pit/jail/huehtDyXpj/lib/perl5/i686-linux-thread-multi-64int-ld/auto/share/dist/Alien-Rust/bin/rustc points.rs'
        # at t/example.t line 40.
        # +/home/cpan/pit/jail/huehtDyXpj/lib/perl5/i686-linux-thread-multi-64int-ld/auto/share/dist/Alien-Rust/bin/rustc points.rserror: rustup could not choose a version of rustc to run, because one wasn't specified explicitly, and no default is configured.
        # help: run 'rustup default stable' to download the latest stable release of Rust and set it as your default toolchain.
    # Failed test 'compile rust'
    # at t/example.t line 45.
            # Failed test 'Script points.pl runs'
            # at t/example.t line 60.
            # 255 - library not found: points at ./points.pl line 11.
        # Failed test 'points.pl'
        # at t/example.t line 65.
    # Failed test 'perl ffi scripts'
    # at t/example.t line 66.

# Failed test 'examples/old'
# at t/example.t line 69.
        # Failed test '/home/cpan/pit/jail/huehtDyXpj/lib/perl5/i686-linux-thread-multi-64int-ld/auto/share/dist/Alien-Rust/bin/rustc argument.rs'
        # at t/example.t line 40.
        # +/home/cpan/pit/jail/huehtDyXpj/lib/perl5/i686-linux-thread-multi-64int-ld/auto/share/dist/Alien-Rust/bin/rustc argument.rserror: rustup could not choose a version of rustc to run, because one wasn't specified explicitly, and no default is configured.
        # help: run 'rustup default stable' to download the latest stable release of Rust and set it as your default toolchain.
    # Failed test 'compile rust'
    # at t/example.t line 45.
            # Failed test 'Script argument.pl runs'
            # at t/example.t line 60.
            # 255 - library not found: argument at ./argument.pl line 10.
        # Failed test 'argument.pl'
        # at t/example.t line 65.
    # Failed test 'perl ffi scripts'
    # at t/example.t line 66.

# Failed test 'examples/string'
# at t/example.t line 69.
        # Failed test '/home/cpan/pit/jail/huehtDyXpj/lib/perl5/i686-linux-thread-multi-64int-ld/auto/share/dist/Alien-Rust/bin/rustc keep.rs'
        # at t/example.t line 40.
        # +/home/cpan/pit/jail/huehtDyXpj/lib/perl5/i686-linux-thread-multi-64int-ld/auto/share/dist/Alien-Rust/bin/rustc keep.rserror: rustup could not choose a version of rustc to run, because one wasn't specified explicitly, and no default is configured.
        # help: run 'rustup default stable' to download the latest stable release of Rust and set it as your default toolchain.
        # Failed test '/home/cpan/pit/jail/huehtDyXpj/lib/perl5/i686-linux-thread-multi-64int-ld/auto/share/dist/Alien-Rust/bin/rustc return.rs'
        # at t/example.t line 40.
        # +/home/cpan/pit/jail/huehtDyXpj/lib/perl5/i686-linux-thread-multi-64int-ld/auto/share/dist/Alien-Rust/bin/rustc return.rserror: rustup could not choose a version of rustc to run, because one wasn't specified explicitly, and no default is configured.
        # help: run 'rustup default stable' to download the latest stable release of Rust and set it as your default toolchain.
        # Failed test '/home/cpan/pit/jail/huehtDyXpj/lib/perl5/i686-linux-thread-multi-64int-ld/auto/share/dist/Alien-Rust/bin/rustc static.rs'
        # at t/example.t line 40.
        # +/home/cpan/pit/jail/huehtDyXpj/lib/perl5/i686-linux-thread-multi-64int-ld/auto/share/dist/Alien-Rust/bin/rustc static.rserror: rustup could not choose a version of rustc to run, because one wasn't specified explicitly, and no default is configured.
        # help: run 'rustup default stable' to download the latest stable release of Rust and set it as your default toolchain.
    # Failed test 'compile rust'
    # at t/example.t line 45.
            # Failed test 'Script keep.pl runs'
            # at t/example.t line 60.
            # 255 - library not found: keep at ./keep.pl line 10.
        # Failed test 'keep.pl'
        # at t/example.t line 65.
            # Failed test 'Script return.pl runs'
            # at t/example.t line 60.
            # 255 - library not found: return at ./return.pl line 10.
        # Failed test 'return.pl'
        # at t/example.t line 65.
            # Failed test 'Script static.pl runs'
            # at t/example.t line 60.
            # 255 - library not found: static at ./static.pl line 11.
        # Failed test 'static.pl'
        # at t/example.t line 65.
    # Failed test 'perl ffi scripts'
    # at t/example.t line 66.

# Failed test 'examples/string/return'
# at t/example.t line 69.
t/example.t ................. 
Dubious, test returned 4 (wstat 1024, 0x400)
Failed 4/4 subtests 
    # Failed test 'run> make'
    # at t/example__person.t line 14.
    # +-----+----+-------+
    # | GOT | OP | CHECK |
    # +-----+----+-------+
    # | 512 | eq | 0     |
    # +-----+----+-------+
    # Failed test 'run> make test'
    # at t/example__person.t line 14.
    # +-----+----+-------+
    # | GOT | OP | CHECK |
    # +-----+----+-------+
    # | 512 | eq | 0     |
    # +-----+----+-------+

# Failed test 'build and test'
# at t/example__person.t line 28.
t/example__person.t ......... 
Dubious, test returned 1 (wstat 256, 0x100)
Failed 1/1 subtests 
t/ffi_build_file_cargo.t .... ok
t/ffi_platypus_lang_rust.t .. ok

Test Summary Report
-------------------
t/example.t               (Wstat: 1024 (exited 4) Tests: 4 Failed: 4)
  Failed tests:  1-4
  Non-zero exit status: 4
t/example__person.t       (Wstat: 256 (exited 1) Tests: 1 Failed: 1)
  Failed test:  1
  Non-zero exit status: 1
Files=6, Tests=10,  3 wallclock secs ( 0.04 usr  0.01 sys +  2.14 cusr  0.34 csys =  2.53 CPU)
Result: FAIL
Failed 2/6 test programs. 5/10 subtests failed.
make: *** [Makefile:887: test_dynamic] Error 255


PREREQUISITES:

Here is a list of prerequisites you specified and versions we
managed to load:

	  Module Name                        Have     Want
	  Alien::Rust                        0.03     0.03
	  Capture::Tiny                      0.48        0
	  Env::ShellWords                    0.02        0
	  ExtUtils::MakeMaker                7.70        0
	  FFI::Build::File::Base             2.08     1.00
	  FFI::CheckLib                      0.31     0.11
	  FFI::Platypus                      2.08        0
	  File::Which                        1.27        0
	  File::chdir                      0.1011        0
	  Path::Tiny                        0.144        0
	  Test2::V0                      0.000155 0.000121
	  Test::Script                       1.29        0
	  base                            2.22_01        0

Perl module toolchain versions installed:
	Module Name                        Have
	CPANPLUS                         0.9914
	CPANPLUS::Dist::Build              0.90
	Cwd                                3.75
	ExtUtils::CBuilder             0.280236
	ExtUtils::Command                  7.70
	ExtUtils::Install                  2.22
	ExtUtils::MakeMaker                7.70
	ExtUtils::Manifest                 1.75
	ExtUtils::ParseXS                  3.44
	File::Spec                         3.75
	Module::Build                    0.4234
	Pod::Parser                        1.63
	Pod::Simple                        3.29
	Test2                          1.302195
	Test::Harness                      3.44
	Test::More                     1.302195
	version                          0.9929

******************************** NOTE ********************************
The comments above are created mechanically, possibly without manual
checking by the sender.  As there are many people performing automatic
tests on each upload to CPAN, it is likely that you will receive
identical messages about the same problem.

If you believe that the message is mistaken, please reply to the first
one with correction and/or additional informations, and do not take
it personally.  We appreciate your patience. :)
**********************************************************************

Additional comments:


This report was machine-generated by CPANPLUS::Dist::YACSmoke 1.08.
Powered by minismokebox version 0.68

CPANPLUS is prefering Build.PL

------------------------------
ENVIRONMENT AND OTHER CONTEXT
------------------------------

Environment variables:

    AUTOMATED_TESTING = 1
    LANG = en_GB.UTF-8
    LANGUAGE = en_GB:en
    NONINTERACTIVE_TESTING = 1
    PATH = /usr/local/bin:/usr/bin:/bin:/usr/local/games:/usr/games
    PERL5LIB = /home/cpan/pit/jail/huehtDyXpj/lib/perl5:/home/cpan/pit/rel-ld/conf/perl-5.22.4/.cpanplus/5.22.4/build/flasKkj8hv/FFI-Platypus-Lang-Rust-0.17/blib/lib:/home/cpan/pit/rel-ld/conf/perl-5.22.4/.cpanplus/5.22.4/build/flasKkj8hv/FFI-Platypus-Lang-Rust-0.17/blib/arch
    PERL5_CPANPLUS_IS_RUNNING = 3046
    PERL5_CPANPLUS_IS_VERSION = 0.9914
    PERL5_MINISMOKEBOX = 0.68
    PERL5_YACSMOKE_BASE = /home/cpan/pit/rel-ld/conf/perl-5.22.4
    PERL_EXTUTILS_AUTOINSTALL = --defaultdeps
    PERL_LOCAL_LIB_ROOT = /home/cpan/pit/jail/huehtDyXpj
    PERL_MB_OPT = --install_base "/home/cpan/pit/jail/huehtDyXpj"
    PERL_MM_OPT = INSTALL_BASE=/home/cpan/pit/jail/huehtDyXpj
    PERL_MM_USE_DEFAULT = 1
    SHELL = /bin/bash
    TERM = screen.xterm-256color

Perl special variables (and OS-specific diagnostics, for MSWin32):

    Perl: $^X = /home/cpan/pit/rel-ld/perl-5.22.4/bin/perl
    UID:  $<  = 1001
    EUID: $>  = 1001
    GID:  $(  = 1001 1001
    EGID: $)  = 1001 1001


-------------------------------


--

Summary of my perl5 (revision 5 version 22 subversion 4) configuration:
   
  Platform:
    osname=linux, osvers=5.10.0-12-686, archname=i686-linux-thread-multi-64int-ld
    uname='linux dagobah 5.10.0-12-686 #1 smp debian 5.10.103-1 (2022-03-07) i686 gnulinux '
    config_args='-des -Dprefix=/home/cpan/pit/rel-ld/perl-5.22.4 -Dusethreads -Duse64bitint -Duselongdouble'
    hint=recommended, useposix=true, d_sigaction=define
    useithreads=define, usemultiplicity=define
    use64bitint=define, use64bitall=undef, uselongdouble=define
    usemymalloc=n, bincompat5005=undef
  Compiler:
    cc='cc', ccflags ='-D_REENTRANT -D_GNU_SOURCE -fwrapv -fno-strict-aliasing -pipe -fstack-protector-strong -I/usr/local/include -D_LARGEFILE_SOURCE -D_FILE_OFFSET_BITS=64 -D_FORTIFY_SOURCE=2',
    optimize='-O2',
    cppflags='-D_REENTRANT -D_GNU_SOURCE -fwrapv -fno-strict-aliasing -pipe -fstack-protector-strong -I/usr/local/include'
    ccversion='', gccversion='10.2.1 20210110', gccosandvers=''
    intsize=4, longsize=4, ptrsize=4, doublesize=8, byteorder=12345678, doublekind=3
    d_longlong=define, longlongsize=8, d_longdbl=define, longdblsize=12, longdblkind=3
    ivtype='long long', ivsize=8, nvtype='long double', nvsize=12, Off_t='off_t', lseeksize=8
    alignbytes=4, prototype=define
  Linker and Libraries:
    ld='cc', ldflags =' -fstack-protector-strong -L/usr/local/lib'
    libpth=/usr/local/lib /usr/include/i386-linux-gnu /usr/lib /lib/i386-linux-gnu /lib/../lib /usr/lib/i386-linux-gnu /usr/lib/../lib /lib /lib64 /usr/lib64
    libs=-lpthread -lnsl -lgdbm -ldl -lm -lcrypt -lutil -lc
    perllibs=-lpthread -lnsl -ldl -lm -lcrypt -lutil -lc
    libc=libc-2.31.so, so=so, useshrplib=false, libperl=libperl.a
    gnulibc_version='2.31'
  Dynamic Linking:
    dlsrc=dl_dlopen.xs, dlext=so, d_dlsymun=undef, ccdlflags='-Wl,-E'
    cccdlflags='-fPIC', lddlflags='-shared -O2 -L/usr/local/lib -fstack-protector-strong'


Characteristics of this binary (from libperl): 
  Compile-time options: HAS_TIMES MULTIPLICITY PERLIO_LAYERS
                        PERL_DONT_CREATE_GVSV
                        PERL_HASH_FUNC_ONE_AT_A_TIME_HARD
                        PERL_IMPLICIT_CONTEXT PERL_MALLOC_WRAP
                        PERL_NEW_COPY_ON_WRITE PERL_PRESERVE_IVUV
                        USE_64_BIT_INT USE_ITHREADS USE_LARGE_FILES
                        USE_LOCALE USE_LOCALE_COLLATE USE_LOCALE_CTYPE
                        USE_LOCALE_NUMERIC USE_LOCALE_TIME USE_LONG_DOUBLE
                        USE_PERLIO USE_PERL_ATOF USE_REENTRANT_API
  Locally applied patches:
	Devel::PatchPerl 2.08
  Built under linux
  Compiled at Mar 20 2022 00:16:50
  %ENV:
    PERL5LIB="/home/cpan/pit/jail/huehtDyXpj/lib/perl5:/home/cpan/pit/rel-ld/conf/perl-5.22.4/.cpanplus/5.22.4/build/flasKkj8hv/FFI-Platypus-Lang-Rust-0.17/blib/lib:/home/cpan/pit/rel-ld/conf/perl-5.22.4/.cpanplus/5.22.4/build/flasKkj8hv/FFI-Platypus-Lang-Rust-0.17/blib/arch"
    PERL5_CPANPLUS_IS_RUNNING="3046"
    PERL5_CPANPLUS_IS_VERSION="0.9914"
    PERL5_MINISMOKEBOX="0.68"
    PERL5_YACSMOKE_BASE="/home/cpan/pit/rel-ld/conf/perl-5.22.4"
    PERL_EXTUTILS_AUTOINSTALL="--defaultdeps"
    PERL_LOCAL_LIB_ROOT="/home/cpan/pit/jail/huehtDyXpj"
    PERL_MB_OPT="--install_base "/home/cpan/pit/jail/huehtDyXpj""
    PERL_MM_OPT="INSTALL_BASE=/home/cpan/pit/jail/huehtDyXpj"
    PERL_MM_USE_DEFAULT="1"
  @INC:
    /home/cpan/pit/jail/huehtDyXpj/lib/perl5/5.22.4/i686-linux-thread-multi-64int-ld
    /home/cpan/pit/jail/huehtDyXpj/lib/perl5/5.22.4
    /home/cpan/pit/jail/huehtDyXpj/lib/perl5/i686-linux-thread-multi-64int-ld
    /home/cpan/pit/jail/huehtDyXpj/lib/perl5
    /home/cpan/pit/rel-ld/conf/perl-5.22.4/.cpanplus/5.22.4/build/flasKkj8hv/FFI-Platypus-Lang-Rust-0.17/blib/lib
    /home/cpan/pit/rel-ld/conf/perl-5.22.4/.cpanplus/5.22.4/build/flasKkj8hv/FFI-Platypus-Lang-Rust-0.17/blib/arch
    /home/cpan/pit/rel-ld/perl-5.22.4/lib/site_perl/5.22.4/i686-linux-thread-multi-64int-ld
    /home/cpan/pit/rel-ld/perl-5.22.4/lib/site_perl/5.22.4
    /home/cpan/pit/rel-ld/perl-5.22.4/lib/5.22.4/i686-linux-thread-multi-64int-ld
    /home/cpan/pit/rel-ld/perl-5.22.4/lib/5.22.4
    .