Back
From: metabase:user:320bfe00-2aae-11df-837a-5e0a49663a4f
Subject: FAIL Catalyst-Plugin-C3-0.03 v5.20.2 RC1 GNU/Linux
Date: 2015-02-01T13:54:10Z
This distribution has been tested as part of the CPAN Testers
project, supporting the Perl programming language. See
http://wiki.cpantesters.org/ for more information or email
questions to cpan-testers-discuss@perl.org
--
Dear Brandon L Black,
This is a computer-generated report for Catalyst-Plugin-C3-0.03
on perl 5.20.2, created by CPAN-Reporter-1.2011.
Thank you for uploading your work to CPAN. However, there was a problem
testing your distribution.
If you think this report is invalid, please consult the CPAN Testers Wiki
for suggestions on how to avoid getting FAIL reports for missing library
or binary dependencies, unsupported operating systems, and so on:
http://wiki.cpantesters.org/wiki/CPANAuthorNotes
Sections of this report:
* Tester comments
* Program output
* Prerequisites
* Environment and other context
------------------------------
TESTER COMMENTS
------------------------------
Additional comments from tester:
this report is from an automated smoke testing program
and was not reviewed by a human for accuracy
------------------------------
PROGRAM OUTPUT
------------------------------
Output from '/usr/bin/make test':
PERL_DL_NONLAZY=1 "/tmp/basesmoker-reloperl-S6j0/bin/perl" "-MExtUtils::Command::MM" "-MTest::Harness" "-e" "undef *Test::Harness::Switches; test_harness(0, 'inc', 'blib/lib', 'blib/arch')" t/01use.t t/02pod.t t/03podcoverage.t t/04kwalitee.t t/10basics.t
t/01use.t .......... ok
t/02pod.t .......... skipped: set TEST_POD to enable this test
t/03podcoverage.t .. skipped: set TEST_POD to enable this test
These tests should not be running unless AUTHOR_TESTING=1 and/or RELEASE_TESTING=1!
# Failed test 'meta_yml_conforms_to_known_spec'
# at t/04kwalitee.t line 3.
# Error: META.yml does not conform to any recognised META.yml Spec.
# Details:
# Expected a list structure (author) [Validation: 1.3]
# Expected a list structure (author) [Validation: 1.3]
# Remedy: Take a look at the META.yml Spec at http://module-build.sourceforge.net/META-spec-v1.4.html (for version 1.4) or http://search.cpan.org/perldoc?CPAN::Meta::Spec (for version 2), and change your META.yml accordingly.
# Failed test 'no_broken_auto_install'
# at t/04kwalitee.t line 3.
# Error: This distribution uses an old version of Module::Install. Versions of Module::Install prior to 0.89 do not detect correcty that CPAN/CPANPLUS shell is used.
# Details:
# This distribution uses obsolete Module::Install version 0.67
# Remedy: Upgrade the bundled version of Module::Install to at least 0.89, but preferably to the most current release. Alternatively, you can switch to another build system / installer that does not suffer from this problem. (ExtUtils::MakeMaker, Module::Build both of which have their own set of problems.)
# Looks like you failed 2 tests of 17.
t/04kwalitee.t .....
Dubious, test returned 2 (wstat 512, 0x200)
Failed 2/17 subtests
t/10basics.t ....... ok
Test Summary Report
-------------------
t/04kwalitee.t (Wstat: 512 Tests: 17 Failed: 2)
Failed tests: 3, 12
Non-zero exit status: 2
Files=5, Tests=25, 0 wallclock secs ( 0.02 usr 0.00 sys + 0.56 cusr 0.02 csys = 0.60 CPU)
Result: FAIL
Failed 1/5 test programs. 2/25 subtests failed.
Makefile:773: recipe for target 'test_dynamic' failed
make: *** [test_dynamic] Error 255
------------------------------
PREREQUISITES
------------------------------
Prerequisite modules loaded:
requires:
Module Need Have
------------------- ------ --------
Catalyst 5.7006 5.90082
Class::C3 0.19 0.27
NEXT 0.6 0.65
Test::More 0.47 1.001014
build_requires:
Module Need Have
------------------- ------ --------
ExtUtils::MakeMaker 0 7.04
------------------------------
ENVIRONMENT AND OTHER CONTEXT
------------------------------
Environment variables:
AUTOMATED_TESTING = 1
LANG = en_US.UTF-8
LANGUAGE = en_US:en
PATH = /home/sand/bin:/usr/local/bin:/usr/bin:/bin:/usr/games:/usr/local/perl/bin:/usr/X11/bin:/sbin:/usr/sbin
PERL = /tmp/basesmoker-reloperl-S6j0/bin/perl
PERL5LIB =
PERL5OPT =
PERL5_CPANPLUS_IS_RUNNING = 5833
PERL5_CPAN_IS_RUNNING = 5833
PERL_MM_USE_DEFAULT = 1
SHELL = /usr/bin/zsh
TERM = screen
Perl special variables (and OS-specific diagnostics, for MSWin32):
$^X = /tmp/basesmoker-reloperl-S6j0/bin/perl
$UID/$EUID = 1005 / 1005
$GID = 1005 1005
$EGID = 1005 1005
Perl module toolchain versions installed:
Module Have
------------------- --------
CPAN 2.05
CPAN::Meta 2.143240
Cwd 3.48_01
ExtUtils::CBuilder 0.280220
ExtUtils::Command 1.18
ExtUtils::Install 1.67
ExtUtils::MakeMaker 7.04
ExtUtils::Manifest 1.70
ExtUtils::ParseXS 3.24
File::Spec 3.48_01
JSON 2.90
JSON::PP 2.27203
Module::Build 0.4211
Module::Signature 0.73
Parse::CPAN::Meta 1.4414
Test::Harness 3.35
Test::More 1.001014
YAML 1.14
YAML::Syck 1.29
version 0.9912
--
Summary of my perl5 (revision 5 version 20 subversion 2) configuration:
Commit id: a920fedcd88708027dc9204b8d8abac1638789d4
Platform:
osname=linux, osvers=3.16.0-4-amd64, archname=x86_64-linux
uname='linux k83 3.16.0-4-amd64 #1 smp debian 3.16.7-ckt2-1 (2014-12-08) x86_64 gnulinux '
config_args='-Dprefix=/home/sand/src/perl/repoperls/installed-perls/perl/v5.20.2-RC1/165a -Dmyhostname=k83 -Dinstallusrbinperl=n -Uversiononly -Dusedevel -des -Ui_db -Uuseithreads -Uuselongdouble -DDEBUGGING=-g'
hint=recommended, useposix=true, d_sigaction=define
useithreads=undef, usemultiplicity=undef
use64bitint=define, use64bitall=define, uselongdouble=undef
usemymalloc=n, bincompat5005=undef
Compiler:
cc='cc', ccflags ='-fwrapv -fno-strict-aliasing -pipe -fstack-protector -I/usr/local/include -D_LARGEFILE_SOURCE -D_FILE_OFFSET_BITS=64',
optimize='-O2 -g',
cppflags='-fwrapv -fno-strict-aliasing -pipe -fstack-protector -I/usr/local/include'
ccversion='', gccversion='4.9.2', gccosandvers=''
intsize=4, longsize=8, ptrsize=8, doublesize=8, byteorder=12345678
d_longlong=define, longlongsize=8, d_longdbl=define, longdblsize=16
ivtype='long', ivsize=8, nvtype='double', nvsize=8, Off_t='off_t', lseeksize=8
alignbytes=8, prototype=define
Linker and Libraries:
ld='cc', ldflags =' -fstack-protector -L/usr/local/lib'
libpth=/usr/local/lib /usr/lib/gcc/x86_64-linux-gnu/4.9/include-fixed /usr/include/x86_64-linux-gnu /usr/lib /lib/x86_64-linux-gnu /lib/../lib /usr/lib/x86_64-linux-gnu /usr/lib/../lib /lib
libs=-lnsl -lgdbm -ldb -ldl -lm -lcrypt -lutil -lc -lgdbm_compat
perllibs=-lnsl -ldl -lm -lcrypt -lutil -lc
libc=libc-2.19.so, so=so, useshrplib=false, libperl=libperl.a
gnulibc_version='2.19'
Dynamic Linking:
dlsrc=dl_dlopen.xs, dlext=so, d_dlsymun=undef, ccdlflags='-Wl,-E'
cccdlflags='-fPIC', lddlflags='-shared -O2 -g -L/usr/local/lib -fstack-protector'
Characteristics of this binary (from libperl):
Compile-time options: HAS_TIMES PERLIO_LAYERS PERL_DONT_CREATE_GVSV
PERL_HASH_FUNC_ONE_AT_A_TIME_HARD PERL_MALLOC_WRAP
PERL_NEW_COPY_ON_WRITE PERL_PRESERVE_IVUV
PERL_USE_DEVEL USE_64_BIT_ALL USE_64_BIT_INT
USE_LARGE_FILES USE_LOCALE USE_LOCALE_COLLATE
USE_LOCALE_CTYPE USE_LOCALE_NUMERIC USE_PERLIO
USE_PERL_ATOF
Locally applied patches:
RC1
Built under linux
Compiled at Feb 1 2015 06:16:35
%ENV:
PERL="/tmp/basesmoker-reloperl-S6j0/bin/perl"
PERL5LIB=""
PERL5OPT=""
PERL5_CPANPLUS_IS_RUNNING="5833"
PERL5_CPAN_IS_RUNNING="5833"
PERL_MM_USE_DEFAULT="1"
@INC:
/home/sand/src/perl/repoperls/installed-perls/perl/v5.20.2-RC1/165a/lib/site_perl/5.20.2/x86_64-linux
/home/sand/src/perl/repoperls/installed-perls/perl/v5.20.2-RC1/165a/lib/site_perl/5.20.2
/home/sand/src/perl/repoperls/installed-perls/perl/v5.20.2-RC1/165a/lib/5.20.2/x86_64-linux
/home/sand/src/perl/repoperls/installed-perls/perl/v5.20.2-RC1/165a/lib/5.20.2
.