Report for Data-Babel-Client-0.02

Back
From: metabase:user:371ef122-1c75-11e0-a235-c71526ea3859
Subject: FAIL Data-Babel-Client-0.02 v5.10.1 GNU/Linux
Date: 2011-02-04T06:41:28Z

This distribution has been tested as part of the CPAN Testers
project, supporting the Perl programming language.  See
http://wiki.cpantesters.org/ for more information or email
questions to cpan-testers-discuss@perl.org


--
Dear Victor Cassen,

This is a computer-generated report for Data-Babel-Client-0.02
on perl 5.10.1, created by CPAN-Reporter-1.1803.

Thank you for uploading your work to CPAN.  However, there was a problem
testing your distribution.

If you think this report is invalid, please consult the CPAN Testers Wiki
for suggestions on how to avoid getting FAIL reports for missing library
or binary dependencies, unsupported operating systems, and so on:

http://wiki.cpantesters.org/wiki/CPANAuthorNotes

Sections of this report:

    * Tester comments
    * Program output
    * Prerequisites
    * Environment and other context

------------------------------
TESTER COMMENTS
------------------------------

Additional comments from tester:

this report is from an automated smoke testing program
and was not reviewed by a human for accuracy

------------------------------
PROGRAM OUTPUT
------------------------------

Output from './Build test':

# Testing Data::Babel::Client 0.02, Perl 5.010001, /home/j3nnn1/perl5/perlbrew/perls/perl-5.10.1/bin/perl
t/00-load.t ............... ok

#   Failed test 'found protein_uniprot_symbol'
#   at t/10-test_idtypes.t line 39.

#   Failed test 'found pathway_nature_name'
#   at t/10-test_idtypes.t line 39.

#   Failed test 'found pathway_reactome_id'
#   at t/10-test_idtypes.t line 39.

#   Failed test 'found pathway_reactome_title'
#   at t/10-test_idtypes.t line 39.

#   Failed test 'found protein_ncbi_genbank'
#   at t/10-test_idtypes.t line 39.

#   Failed test 'found pathway_nature_title'
#   at t/10-test_idtypes.t line 39.

#   Failed test 'found pathway_kegg_id'
#   at t/10-test_idtypes.t line 39.

#   Failed test 'found sequence_agilent'
#   at t/10-test_idtypes.t line 39.

#   Failed test 'found gene_rgd'
#   at t/10-test_idtypes.t line 39.

#   Failed test 'found transcript_ncbi_genbank'
#   at t/10-test_idtypes.t line 39.

#   Failed test 'found probe_agilent'
#   at t/10-test_idtypes.t line 39.

#   Failed test 'found transcript_ncbi_genbank_gi'
#   at t/10-test_idtypes.t line 39.

#   Failed test 'found gene_mgi'
#   at t/10-test_idtypes.t line 39.

#   Failed test 'found protein_ncbi_genbank_gi'
#   at t/10-test_idtypes.t line 39.

#   Failed test 'found protein_uniprot_description'
#   at t/10-test_idtypes.t line 39.

#   Failed test 'found pathway_kegg_title'
#   at t/10-test_idtypes.t line 39.

#   Failed test 'found publication_pubmed'
#   at t/10-test_idtypes.t line 39.

#   Failed test 'found pathway_biocarta_title'
#   at t/10-test_idtypes.t line 39.

#   Failed test 'found mutation_cosmic_mutated'
#   at t/10-test_idtypes.t line 39.

#   Failed test 'found chip_agilent'
#   at t/10-test_idtypes.t line 39.
# Looks like you failed 20 tests of 77.
t/10-test_idtypes.t ....... 
Dubious, test returned 20 (wstat 5120, 0x1400)
Failed 20/77 subtests 
t/11-test_translate.t ..... ok
t/12-test_missing_args.t .. ok
t/13-test_bad_args.t ...... ok
t/manifest.t .............. skipped: Author tests not required for installation
t/pod-coverage.t .......... skipped: Test::Pod::Coverage 1.08 required for testing POD coverage
t/pod.t ................... skipped: Test::Pod 1.22 required for testing POD

Test Summary Report
-------------------
t/10-test_idtypes.t     (Wstat: 5120 Tests: 77 Failed: 20)
  Failed tests:  2-3, 10-12, 15, 18-19, 26, 37-38, 45, 50
                53, 56-57, 60, 65, 68, 77
  Non-zero exit status: 20
Files=8, Tests=118, 18 wallclock secs ( 0.06 usr  0.03 sys +  1.16 cusr  0.27 csys =  1.52 CPU)
Result: FAIL
Failed 1/8 test programs. 20/118 subtests failed.

------------------------------
PREREQUISITES
------------------------------

Prerequisite modules loaded:

build_requires:

    Module                Need Have  
    --------------------- ---- ------
    Carp                  0    1.11  
    Class::AutoClass      1.54 1.54  
    Data::Dumper          0    2.128 
    HTTP::Request::Common 0    5.824 
    JSON                  0    2.50  
    LWP::UserAgent        0    5.835 
    Test::More            0    0.96  

configure_requires:

    Module                Need Have  
    --------------------- ---- ------
    Module::Build         0.36 0.3607


------------------------------
ENVIRONMENT AND OTHER CONTEXT
------------------------------

Environment variables:

    AUTOMATED_TESTING = 1
    LANG = en_US.utf8
    LC_ALL = en_US.UTF-8
    LC_CTYPE = en_US.UTF-8
    PATH = /home/j3nnn1/perl5/perlbrew/bin:/home/j3nnn1/perl5/perlbrew/perls/perl-5.10.1/bin:/bin:/usr/bin:/sbin:/usr/sbin:/usr/lib/perl5/site_perl/bin:/usr/bin/core_perl
    PATH_WITHOUT_PERLBREW = /bin:/usr/bin:/sbin:/usr/sbin:/usr/lib/perl5/site_perl/bin:/usr/bin/core_perl
    PERL5LIB = /home/j3nnn1/.cpan/build/Class-AutoClass-1.54-T_eQ0x/blib/arch:/home/j3nnn1/.cpan/build/Class-AutoClass-1.54-T_eQ0x/blib/lib:/home/j3nnn1/.cpan/build/Hash-AutoHash-Args-1.12-zke2i4/blib/arch:/home/j3nnn1/.cpan/build/Hash-AutoHash-Args-1.12-zke2i4/blib/lib:/home/j3nnn1/.cpan/build/Hash-AutoHash-1.12-XMgS1V/blib/arch:/home/j3nnn1/.cpan/build/Hash-AutoHash-1.12-XMgS1V/blib/lib:/home/j3nnn1/.cpan/build/Test-Deep-0.108-x4uUrS/blib/arch:/home/j3nnn1/.cpan/build/Test-Deep-0.108-x4uUrS/blib/lib:/home/j3nnn1/.cpan/build/Tie-Hash-MultiValue-1.02-lgTlMR/blib/arch:/home/j3nnn1/.cpan/build/Tie-Hash-MultiValue-1.02-lgTlMR/blib/lib:/home/j3nnn1/.cpan/build/IO-stringy-2.110-mRavDH/blib/arch:/home/j3nnn1/.cpan/build/IO-stringy-2.110-mRavDH/blib/lib
    PERL5OPT = 
    PERL5_CPANPLUS_IS_RUNNING = 16082
    PERL5_CPAN_IS_RUNNING = 16082
    PERL5_CPAN_IS_RUNNING_IN_RECURSION = 16957,16082
    PERLBREW_PATH = /home/j3nnn1/perl5/perlbrew/bin:/home/j3nnn1/perl5/perlbrew/perls/perl-5.10.1/bin
    PERLBREW_PERL = perl-5.10.1
    PERLBREW_ROOT = /home/j3nnn1/perl5/perlbrew
    PERLBREW_VERSION = 0.15
    PERL_CR_SMOKER_CURRENT = Data-Babel-Client-0.02
    PERL_EXTUTILS_AUTOINSTALL = --defaultdeps
    PERL_MM_USE_DEFAULT = 1
    SHELL = /bin/bash
    TERM = xterm

Perl special variables (and OS-specific diagnostics, for MSWin32):

    $^X = /home/j3nnn1/perl5/perlbrew/perls/perl-5.10.1/bin/perl
    $UID/$EUID = 1000 / 1000
    $GID = 100 7 90 92 100
    $EGID = 100 7 90 92 100

Perl module toolchain versions installed:

    Module              Have  
    ------------------- ------
    CPAN                1.9402
    Cwd                 3.33  
    ExtUtils::CBuilder  0.2802
    ExtUtils::Command   1.16  
    ExtUtils::Install   1.54  
    ExtUtils::MakeMaker 6.56  
    ExtUtils::Manifest  1.56  
    ExtUtils::ParseXS   2.2206
    File::Spec          3.33  
    Module::Build       0.3607
    Module::Signature   n/a   
    Test::Harness       3.22  
    Test::More          0.96  
    YAML                0.72  
    YAML::Syck          n/a   
    version             0.77  


--

Summary of my perl5 (revision 5 version 10 subversion 1) configuration:
   
  Platform:
    osname=linux, osvers=2.6.36-arch, archname=x86_64-linux
    uname='linux diotima 2.6.36-arch #1 smp preempt sun oct 31 09:29:11 cet 2010 x86_64 intel(r) pentium(r) dual cpu t3200 @ 2.00ghz genuineintel gnulinux '
    config_args='-de -Dprefix=/home/j3nnn1/perl5/perlbrew/perls/perl-5.10.1'
    hint=recommended, useposix=true, d_sigaction=define
    useithreads=undef, usemultiplicity=undef
    useperlio=define, d_sfio=undef, uselargefiles=define, usesocks=undef
    use64bitint=define, use64bitall=define, uselongdouble=undef
    usemymalloc=n, bincompat5005=undef
  Compiler:
    cc='cc', ccflags ='-fno-strict-aliasing -pipe -fstack-protector -I/usr/local/include -D_LARGEFILE_SOURCE -D_FILE_OFFSET_BITS=64',
    optimize='-O2',
    cppflags='-fno-strict-aliasing -pipe -fstack-protector -I/usr/local/include'
    ccversion='', gccversion='4.5.1', gccosandvers=''
    intsize=4, longsize=8, ptrsize=8, doublesize=8, byteorder=12345678
    d_longlong=define, longlongsize=8, d_longdbl=define, longdblsize=16
    ivtype='long', ivsize=8, nvtype='double', nvsize=8, Off_t='off_t', lseeksize=8
    alignbytes=8, prototype=define
  Linker and Libraries:
    ld='cc', ldflags =' -fstack-protector -L/usr/local/lib'
    libpth=/usr/local/lib /lib /usr/lib
    libs=-lnsl -lgdbm -ldb -ldl -lm -lcrypt -lutil -lc -lgdbm_compat
    perllibs=-lnsl -ldl -lm -lcrypt -lutil -lc
    libc=/lib/libc-2.12.1.so, so=so, useshrplib=false, libperl=libperl.a
    gnulibc_version='2.12.1'
  Dynamic Linking:
    dlsrc=dl_dlopen.xs, dlext=so, d_dlsymun=undef, ccdlflags='-Wl,-E'
    cccdlflags='-fPIC', lddlflags='-shared -O2 -L/usr/local/lib -fstack-protector'


Characteristics of this binary (from libperl): 
  Compile-time options: PERL_DONT_CREATE_GVSV PERL_MALLOC_WRAP USE_64_BIT_ALL
                        USE_64_BIT_INT USE_LARGE_FILES USE_PERLIO
  Built under linux
  Compiled at Jan  5 2011 20:48:08
  %ENV:
    PERL5LIB="/home/j3nnn1/.cpan/build/Class-AutoClass-1.54-T_eQ0x/blib/arch:/home/j3nnn1/.cpan/build/Class-AutoClass-1.54-T_eQ0x/blib/lib:/home/j3nnn1/.cpan/build/Hash-AutoHash-Args-1.12-zke2i4/blib/arch:/home/j3nnn1/.cpan/build/Hash-AutoHash-Args-1.12-zke2i4/blib/lib:/home/j3nnn1/.cpan/build/Hash-AutoHash-1.12-XMgS1V/blib/arch:/home/j3nnn1/.cpan/build/Hash-AutoHash-1.12-XMgS1V/blib/lib:/home/j3nnn1/.cpan/build/Test-Deep-0.108-x4uUrS/blib/arch:/home/j3nnn1/.cpan/build/Test-Deep-0.108-x4uUrS/blib/lib:/home/j3nnn1/.cpan/build/Tie-Hash-MultiValue-1.02-lgTlMR/blib/arch:/home/j3nnn1/.cpan/build/Tie-Hash-MultiValue-1.02-lgTlMR/blib/lib:/home/j3nnn1/.cpan/build/IO-stringy-2.110-mRavDH/blib/arch:/home/j3nnn1/.cpan/build/IO-stringy-2.110-mRavDH/blib/lib"
    PERL5OPT=""
    PERL5_CPANPLUS_IS_RUNNING="16082"
    PERL5_CPAN_IS_RUNNING="16082"
    PERL5_CPAN_IS_RUNNING_IN_RECURSION="16957,16082"
    PERLBREW_PATH="/home/j3nnn1/perl5/perlbrew/bin:/home/j3nnn1/perl5/perlbrew/perls/perl-5.10.1/bin"
    PERLBREW_PERL="perl-5.10.1"
    PERLBREW_ROOT="/home/j3nnn1/perl5/perlbrew"
    PERLBREW_VERSION="0.15"
    PERL_CR_SMOKER_CURRENT="Data-Babel-Client-0.02"
    PERL_EXTUTILS_AUTOINSTALL="--defaultdeps"
    PERL_MM_USE_DEFAULT="1"
  @INC:
    /home/j3nnn1/.cpan/build/Class-AutoClass-1.54-T_eQ0x/blib/arch
    /home/j3nnn1/.cpan/build/Class-AutoClass-1.54-T_eQ0x/blib/lib
    /home/j3nnn1/.cpan/build/Hash-AutoHash-Args-1.12-zke2i4/blib/arch
    /home/j3nnn1/.cpan/build/Hash-AutoHash-Args-1.12-zke2i4/blib/lib
    /home/j3nnn1/.cpan/build/Hash-AutoHash-1.12-XMgS1V/blib/arch
    /home/j3nnn1/.cpan/build/Hash-AutoHash-1.12-XMgS1V/blib/lib
    /home/j3nnn1/.cpan/build/Test-Deep-0.108-x4uUrS/blib/arch
    /home/j3nnn1/.cpan/build/Test-Deep-0.108-x4uUrS/blib/lib
    /home/j3nnn1/.cpan/build/Tie-Hash-MultiValue-1.02-lgTlMR/blib/arch
    /home/j3nnn1/.cpan/build/Tie-Hash-MultiValue-1.02-lgTlMR/blib/lib
    /home/j3nnn1/.cpan/build/IO-stringy-2.110-mRavDH/blib/arch
    /home/j3nnn1/.cpan/build/IO-stringy-2.110-mRavDH/blib/lib
    /home/j3nnn1/perl5/perlbrew/perls/perl-5.10.1/lib/5.10.1/x86_64-linux
    /home/j3nnn1/perl5/perlbrew/perls/perl-5.10.1/lib/5.10.1
    /home/j3nnn1/perl5/perlbrew/perls/perl-5.10.1/lib/site_perl/5.10.1/x86_64-linux
    /home/j3nnn1/perl5/perlbrew/perls/perl-5.10.1/lib/site_perl/5.10.1
    .