Back
From: metabase:user:320bfe00-2aae-11df-837a-5e0a49663a4f
Subject: FAIL Entities-0.5 v5.24.0 RC1 GNU/Linux
Date: 2016-04-17T06:37:02Z
This distribution has been tested as part of the CPAN Testers
project, supporting the Perl programming language. See
http://wiki.cpantesters.org/ for more information or email
questions to cpan-testers-discuss@perl.org
--
Dear Ido Perlmuter,
This is a computer-generated report for Entities-0.5
on perl 5.24.0, created by CPAN-Reporter-1.2017.
Thank you for uploading your work to CPAN. However, there was a problem
testing your distribution.
If you think this report is invalid, please consult the CPAN Testers Wiki
for suggestions on how to avoid getting FAIL reports for missing library
or binary dependencies, unsupported operating systems, and so on:
http://wiki.cpantesters.org/wiki/CPANAuthorNotes
Sections of this report:
* Tester comments
* Program output
* Prerequisites
* Environment and other context
------------------------------
TESTER COMMENTS
------------------------------
Additional comments from tester:
this report is from an automated smoke testing program
and was not reviewed by a human for accuracy
------------------------------
PROGRAM OUTPUT
------------------------------
Output from '/usr/bin/make test':
PERL_DL_NONLAZY=1 "/tmp/basesmoker-reloperl-6r1_/bin/perl" "-MExtUtils::Command::MM" "-MTest::Harness" "-e" "undef *Test::Harness::Switches; test_harness(0, 'blib/lib', 'blib/arch')" t/*.t
# Testing Entities 0.5, Perl 5.024000, /tmp/basesmoker-reloperl-6r1_/bin/perl
t/00-load.t ................ ok
t/01-memory.t .............. ok
MongoDB::SelectionError: No writable server available. MongoDB server status:
Topology type: Single; Member status:
localhost:27017 (type: Unknown, error: MongoDB::NetworkError: Could not connect to 'localhost:27017': Connection refused )
# Looks like you planned 62 tests but ran 3.
# Looks like your test exited with 111 just after 3.
t/02-mongodb.t .............
Dubious, test returned 111 (wstat 28416, 0x6f00)
Failed 59/62 subtests
t/release-dist-manifest.t .. skipped: these tests are for release candidate testing
t/release-pod-coverage.t ... skipped: these tests are for release candidate testing
t/release-pod-syntax.t ..... skipped: these tests are for release candidate testing
Test Summary Report
-------------------
t/02-mongodb.t (Wstat: 28416 Tests: 3 Failed: 0)
Non-zero exit status: 111
Parse errors: Bad plan. You planned 62 tests but ran 3.
Files=6, Tests=66, 3 wallclock secs ( 0.04 usr 0.04 sys + 3.39 cusr 0.41 csys = 3.88 CPU)
Result: FAIL
Failed 1/6 test programs. 0/66 subtests failed.
Makefile:921: recipe for target 'test_dynamic' failed
make: *** [test_dynamic] Error 255
------------------------------
PREREQUISITES
------------------------------
Prerequisite modules loaded:
requires:
Module Need Have
----------------------------- ---- --------
Abilities 0 0.5
Abilities::Features 0 0.5
Carp 0 1.40
DateTime 0 1.26
DateTime::Format::ISO8601 0 0.08
Digest::MD5 0 2.54
MongoDB 0 v1.2.3
Moo 0 2.001001
Moo::Role 0 2.001001
MooX::Types::MooseLike::Base 0 0.29
MooX::Types::MooseLike::Email 0 0.03
namespace::autoclean 0 0.28
Scalar::Util 0 1.45
strict 0 1.11
build_requires:
Module Need Have
----------------------------- ---- --------
Test::More 0 1.001014
warnings 0 1.36
configure_requires:
Module Need Have
----------------------------- ---- --------
ExtUtils::MakeMaker 6.30 7.10_01
------------------------------
ENVIRONMENT AND OTHER CONTEXT
------------------------------
Environment variables:
AUTOMATED_TESTING = 1
LANG = en_US.UTF-8
LANGUAGE = en_US:en
PATH = /usr/lib/ccache:/home/sand/bin:/usr/local/bin:/usr/bin:/bin:/usr/games:/usr/local/perl/bin:/usr/X11/bin:/sbin:/usr/sbin
PERL5LIB = /tmp/loop_over_bdir-23669-Q7m4b2/FusionInventory-Agent-2.3.17-0/blib/arch:/tmp/loop_over_bdir-23669-Q7m4b2/FusionInventory-Agent-2.3.17-0/blib/lib:/tmp/loop_over_bdir-23669-Q7m4b2/Alien-ActiveMQ-0.00005-0/blib/arch:/tmp/loop_over_bdir-23669-Q7m4b2/Alien-ActiveMQ-0.00005-0/blib/lib
PERL5OPT =
PERL5_CPANPLUS_IS_RUNNING = 2945
PERL5_CPAN_IS_RUNNING = 2945
PERL_CANARY_STABILITY_NOPROMPT = 1
PERL_MM_USE_DEFAULT = 1
SHELL = /usr/bin/zsh
TERM = screen
Perl special variables (and OS-specific diagnostics, for MSWin32):
$^X = /tmp/basesmoker-reloperl-6r1_/bin/perl
$UID/$EUID = 1005 / 1005
$GID = 1005 1005
$EGID = 1005 1005
Perl module toolchain versions installed:
Module Have
------------------- --------
CPAN 2.12
CPAN::Meta 2.150005
Cwd 3.63
ExtUtils::CBuilder 0.280225
ExtUtils::Command 7.10
ExtUtils::Install 2.04
ExtUtils::MakeMaker 7.10_01
ExtUtils::Manifest 1.70
ExtUtils::ParseXS 3.31
File::Spec 3.63
JSON 2.90
JSON::PP 2.27300
Module::Build 0.4216
Module::Signature 0.79
Parse::CPAN::Meta 1.4417
Test::Harness 3.36
Test::More 1.001014
YAML 1.15
YAML::Syck 1.29
version 0.9916
--
Summary of my perl5 (revision 5 version 24 subversion 0) configuration:
Commit id: b31d1ef1144adb563cad5228eb7a7a4866b19a50
Platform:
osname=linux, osvers=4.3.0-1-amd64, archname=x86_64-linux
uname='linux k83 4.3.0-1-amd64 #1 smp debian 4.3.3-7 (2016-01-19) x86_64 gnulinux '
config_args='-Dprefix=/home/sand/src/perl/repoperls/installed-perls/perl/v5.24.0-RC1/f991 -Dmyhostname=k83 -Dinstallusrbinperl=n -Uversiononly -Dusedevel -des -Ui_db -Dlibswanted=cl pthread socket inet nsl gdbm dbm malloc dl ld sun m crypt sec util c cposix posix ucb BSD gdbm_compat -Uuseithreads -Uuselongdouble'
hint=recommended, useposix=true, d_sigaction=define
useithreads=undef, usemultiplicity=undef
use64bitint=define, use64bitall=define, uselongdouble=undef
usemymalloc=n, bincompat5005=undef
Compiler:
cc='cc', ccflags ='-fwrapv -fno-strict-aliasing -pipe -fstack-protector-strong -I/usr/local/include -D_LARGEFILE_SOURCE -D_FILE_OFFSET_BITS=64 -D_FORTIFY_SOURCE=2',
optimize='-O2',
cppflags='-fwrapv -fno-strict-aliasing -pipe -fstack-protector-strong -I/usr/local/include'
ccversion='', gccversion='5.3.1 20160121', gccosandvers=''
intsize=4, longsize=8, ptrsize=8, doublesize=8, byteorder=12345678, doublekind=3
d_longlong=define, longlongsize=8, d_longdbl=define, longdblsize=16, longdblkind=3
ivtype='long', ivsize=8, nvtype='double', nvsize=8, Off_t='off_t', lseeksize=8
alignbytes=8, prototype=define
Linker and Libraries:
ld='cc', ldflags =' -fstack-protector-strong -L/usr/local/lib'
libpth=/usr/local/lib /usr/lib/gcc/x86_64-linux-gnu/5/include-fixed /usr/include/x86_64-linux-gnu /usr/lib /lib/x86_64-linux-gnu /lib/../lib /usr/lib/x86_64-linux-gnu /usr/lib/../lib /lib
libs=-lpthread -lnsl -lgdbm -ldl -lm -lcrypt -lutil -lc -lgdbm_compat
perllibs=-lpthread -lnsl -ldl -lm -lcrypt -lutil -lc
libc=libc-2.21.so, so=so, useshrplib=false, libperl=libperl.a
gnulibc_version='2.21'
Dynamic Linking:
dlsrc=dl_dlopen.xs, dlext=so, d_dlsymun=undef, ccdlflags='-Wl,-E'
cccdlflags='-fPIC', lddlflags='-shared -O2 -L/usr/local/lib -fstack-protector-strong'
Characteristics of this binary (from libperl):
Compile-time options: HAS_TIMES PERLIO_LAYERS PERL_COPY_ON_WRITE
PERL_DONT_CREATE_GVSV
PERL_HASH_FUNC_ONE_AT_A_TIME_HARD PERL_MALLOC_WRAP
PERL_PRESERVE_IVUV PERL_USE_DEVEL USE_64_BIT_ALL
USE_64_BIT_INT USE_LARGE_FILES USE_LOCALE
USE_LOCALE_COLLATE USE_LOCALE_CTYPE
USE_LOCALE_NUMERIC USE_LOCALE_TIME USE_PERLIO
USE_PERL_ATOF
Locally applied patches:
RC1
Built under linux
Compiled at Apr 15 2016 07:22:15
%ENV:
PERL5LIB="/tmp/loop_over_bdir-23669-Q7m4b2/FusionInventory-Agent-2.3.17-0/blib/arch:/tmp/loop_over_bdir-23669-Q7m4b2/FusionInventory-Agent-2.3.17-0/blib/lib:/tmp/loop_over_bdir-23669-Q7m4b2/Alien-ActiveMQ-0.00005-0/blib/arch:/tmp/loop_over_bdir-23669-Q7m4b2/Alien-ActiveMQ-0.00005-0/blib/lib"
PERL5OPT=""
PERL5_CPANPLUS_IS_RUNNING="2945"
PERL5_CPAN_IS_RUNNING="2945"
PERL_CANARY_STABILITY_NOPROMPT="1"
PERL_MM_USE_DEFAULT="1"
@INC:
/tmp/loop_over_bdir-23669-Q7m4b2/FusionInventory-Agent-2.3.17-0/blib/arch
/tmp/loop_over_bdir-23669-Q7m4b2/FusionInventory-Agent-2.3.17-0/blib/lib
/tmp/loop_over_bdir-23669-Q7m4b2/Alien-ActiveMQ-0.00005-0/blib/arch
/tmp/loop_over_bdir-23669-Q7m4b2/Alien-ActiveMQ-0.00005-0/blib/lib
/home/sand/src/perl/repoperls/installed-perls/perl/v5.24.0-RC1/f991/lib/site_perl/5.24.0/x86_64-linux
/home/sand/src/perl/repoperls/installed-perls/perl/v5.24.0-RC1/f991/lib/site_perl/5.24.0
/home/sand/src/perl/repoperls/installed-perls/perl/v5.24.0-RC1/f991/lib/5.24.0/x86_64-linux
/home/sand/src/perl/repoperls/installed-perls/perl/v5.24.0-RC1/f991/lib/5.24.0
.